[INFO] fetching crate pedant-mcp 0.15.1...
[INFO] checking pedant-mcp-0.15.1 against 3154cc1a3e6424e44f438a95007d043ed5ceaaf6 for pr-133502-30
[INFO] extracting crate pedant-mcp 0.15.1 into /workspace/builds/worker-1-tc2/source
[INFO] started tweaking crates.io crate pedant-mcp 0.15.1
[INFO] removed 0 missing tests
[INFO] finished tweaking crates.io crate pedant-mcp 0.15.1
[INFO] tweaked toml for crates.io crate pedant-mcp 0.15.1 written to /workspace/builds/worker-1-tc2/source/Cargo.toml
[INFO] validating manifest of crates.io crate pedant-mcp 0.15.1 on toolchain 3154cc1a3e6424e44f438a95007d043ed5ceaaf6
[INFO] running `Command { std: CARGO_HOME="/workspace/cargo-home" RUSTUP_HOME="/workspace/rustup-home" "/workspace/cargo-home/bin/cargo" "+3154cc1a3e6424e44f438a95007d043ed5ceaaf6" "metadata" "--manifest-path" "Cargo.toml" "--no-deps", kill_on_drop: false }`
[INFO] crate crates.io crate pedant-mcp 0.15.1 already has a lockfile, it will not be regenerated
[INFO] running `Command { std: CARGO_HOME="/workspace/cargo-home" RUSTUP_HOME="/workspace/rustup-home" "/workspace/cargo-home/bin/cargo" "+3154cc1a3e6424e44f438a95007d043ed5ceaaf6" "fetch" "--manifest-path" "Cargo.toml", kill_on_drop: false }`
[INFO] running `Command { std: "docker" "create" "-v" "/var/lib/crater-agent-workspace/builds/worker-1-tc2/source:/opt/rustwide/workdir:ro,Z" "-v" "/var/lib/crater-agent-workspace/builds/worker-1-tc2/target:/opt/rustwide/target:rw,Z" "-v" "/var/lib/crater-agent-workspace/cargo-home:/opt/rustwide/cargo-home:ro,Z" "-v" "/var/lib/crater-agent-workspace/rustup-home:/opt/rustwide/rustup-home:ro,Z" "-m" "1610612736" "--network" "none" "ghcr.io/rust-lang/crates-build-env/linux@sha256:77db811e55d90add9212f6832c23229e3de5f1c1f9905e8cb07319ea15df73ac" "sleep" "infinity", kill_on_drop: false }`
[INFO] [stdout] a5fafa0be536eabb9d05411bfd5311fd62ecc57955a2432406ccf142630b53fb
[INFO] running `Command { std: "docker" "start" "a5fafa0be536eabb9d05411bfd5311fd62ecc57955a2432406ccf142630b53fb", kill_on_drop: false }`
[INFO] running `Command { std: "docker" "inspect" "a5fafa0be536eabb9d05411bfd5311fd62ecc57955a2432406ccf142630b53fb", kill_on_drop: false }`
[INFO] running `Command { std: "docker" "exec" "-e" "SOURCE_DIR=/opt/rustwide/workdir" "-e" "CARGO_HOME=/opt/rustwide/cargo-home" "-e" "RUSTUP_HOME=/opt/rustwide/rustup-home" "-e" "CARGO_TARGET_DIR=/opt/rustwide/target" "-w" "/opt/rustwide/workdir" "--user" "0:0" "a5fafa0be536eabb9d05411bfd5311fd62ecc57955a2432406ccf142630b53fb" "/opt/rustwide/cargo-home/bin/cargo" "+3154cc1a3e6424e44f438a95007d043ed5ceaaf6" "metadata" "--no-deps" "--format-version=1", kill_on_drop: false }`
[INFO] running `Command { std: "docker" "inspect" "a5fafa0be536eabb9d05411bfd5311fd62ecc57955a2432406ccf142630b53fb", kill_on_drop: false }`
[INFO] running `Command { std: "docker" "exec" "-e" "SOURCE_DIR=/opt/rustwide/workdir" "-e" "CARGO_HOME=/opt/rustwide/cargo-home" "-e" "RUSTUP_HOME=/opt/rustwide/rustup-home" "-e" "CARGO_TARGET_DIR=/opt/rustwide/target" "-e" "CARGO_INCREMENTAL=0" "-e" "RUST_BACKTRACE=full" "-e" "RUSTFLAGS=--cap-lints=forbid" "-e" "RUSTDOCFLAGS=--cap-lints=forbid" "-w" "/opt/rustwide/workdir" "--user" "0:0" "a5fafa0be536eabb9d05411bfd5311fd62ecc57955a2432406ccf142630b53fb" "/opt/rustwide/cargo-home/bin/cargo" "+3154cc1a3e6424e44f438a95007d043ed5ceaaf6" "check" "--frozen" "--all" "--all-targets" "--message-format=json", kill_on_drop: false }`
[INFO] [stderr]    Compiling quote v1.0.46
[INFO] [stderr]    Compiling proc-macro2 v1.0.106
[INFO] [stderr]    Compiling tree-sitter-language v0.1.7
[INFO] [stderr]    Compiling serde_core v1.0.228
[INFO] [stderr]    Compiling serde_json v1.0.150
[INFO] [stderr]    Compiling hashbrown v0.17.1
[INFO] [stderr]    Compiling equivalent v1.0.2
[INFO] [stderr]    Compiling serde v1.0.228
[INFO] [stderr]    Compiling cc v1.2.67
[INFO] [stderr]    Compiling libc v0.2.186
[INFO] [stderr]    Compiling thiserror v2.0.18
[INFO] [stderr]     Checking futures-core v0.3.32
[INFO] [stderr]     Checking futures-sink v0.3.32
[INFO] [stderr]     Checking typenum v1.20.1
[INFO] [stderr]    Compiling num-traits v0.2.19
[INFO] [stderr]     Checking regex-syntax v0.8.11
[INFO] [stderr]     Checking bitflags v2.13.0
[INFO] [stderr]     Checking futures-task v0.3.32
[INFO] [stderr]     Checking rustc-hash v2.1.3
[INFO] [stderr]     Checking futures-channel v0.3.32
[INFO] [stderr]     Checking futures-io v0.3.32
[INFO] [stderr]    Compiling inotify-sys v0.1.8
[INFO] [stderr]    Compiling ref-cast v1.0.25
[INFO] [stderr]     Checking slab v0.4.12
[INFO] [stderr]     Checking unicode-ident v1.0.24
[INFO] [stderr]     Checking once_cell v1.21.4
[INFO] [stderr]     Checking const-oid v0.10.2
[INFO] [stderr]     Checking bytes v1.12.1
[INFO] [stderr]     Checking winnow v1.0.4
[INFO] [stderr]     Checking streaming-iterator v0.1.9
[INFO] [stderr]     Checking cpufeatures v0.3.0
[INFO] [stderr]     Checking tracing-core v0.1.36
[INFO] [stderr]     Checking dyn-clone v1.0.20
[INFO] [stderr]     Checking toml_writer v1.1.2+spec-1.1.0
[INFO] [stderr]     Checking log v0.4.33
[INFO] [stderr]     Checking same-file v1.0.6
[INFO] [stderr]    Compiling rmcp v2.2.0
[INFO] [stderr]     Checking walkdir v2.5.0
[INFO] [stderr]     Checking notify-types v2.1.0
[INFO] [stderr]    Compiling pastey v0.2.3
[INFO] [stderr]    Compiling getrandom v0.4.3
[INFO] [stderr]    Compiling rustix v1.1.4
[INFO] [stderr]     Checking syn v2.0.118
[INFO] [stderr]    Compiling indexmap v2.14.0
[INFO] [stderr]     Checking toml_parser v1.1.2+spec-1.1.0
[INFO] [stderr]     Checking semver v1.0.28
[INFO] [stderr]     Checking linux-raw-sys v0.12.1
[INFO] [stderr]     Checking fastrand v2.4.1
[INFO] [stderr]    Compiling tree-sitter-python v0.25.0
[INFO] [stderr]    Compiling tree-sitter-typescript v0.23.2
[INFO] [stderr]    Compiling tree-sitter-bash v0.25.1
[INFO] [stderr]    Compiling tree-sitter-go v0.25.0
[INFO] [stderr]    Compiling tree-sitter-javascript v0.25.0
[INFO] [stderr]     Checking mio v1.2.2
[INFO] [stderr]     Checking inotify v0.11.4
[INFO] [stderr]     Checking notify v8.2.0
[INFO] [stderr]     Checking hybrid-array v0.4.13
[INFO] [stderr]     Checking regex-automata v0.4.15
[INFO] [stderr]     Checking crypto-common v0.2.2
[INFO] [stderr]     Checking block-buffer v0.12.1
[INFO] [stderr]     Checking tempfile v3.27.0
[INFO] [stderr]     Checking serde_spanned v1.1.1
[INFO] [stderr]     Checking toml_datetime v1.1.1+spec-1.1.0
[INFO] [stderr]     Checking digest v0.11.3
[INFO] [stderr]     Checking toml v1.1.3+spec-1.1.0
[INFO] [stderr]     Checking sha2 v0.11.0
[INFO] [stderr]     Checking regex v1.13.0
[INFO] [stderr]    Compiling tree-sitter v0.26.11
[INFO] [stderr]    Compiling darling_core v0.23.0
[INFO] [stderr]    Compiling serde_derive_internals v0.29.1
[INFO] [stderr]    Compiling serde_derive v1.0.228
[INFO] [stderr]    Compiling thiserror-impl v2.0.18
[INFO] [stderr]    Compiling futures-macro v0.3.32
[INFO] [stderr]    Compiling ref-cast-impl v1.0.25
[INFO] [stderr]    Compiling tokio-macros v2.7.0
[INFO] [stderr]    Compiling tracing-attributes v0.1.31
[INFO] [stderr]    Compiling async-trait v0.1.89
[INFO] [stderr]    Compiling schemars_derive v1.2.1
[INFO] [stderr]     Checking tracing v0.1.44
[INFO] [stderr]     Checking futures-util v0.3.32
[INFO] [stderr]     Checking tokio v1.52.3
[INFO] [stderr]    Compiling darling_macro v0.23.0
[INFO] [stderr]    Compiling darling v0.23.0
[INFO] [stderr]    Compiling rmcp-macros v2.2.0
[INFO] [stderr]     Checking pedant-types v0.17.0
[INFO] [stderr]     Checking chrono v0.4.45
[INFO] [stderr]     Checking futures-executor v0.3.32
[INFO] [stderr]     Checking tokio-util v0.7.18
[INFO] [stderr]     Checking pedant-syntax v0.6.0
[INFO] [stderr]     Checking pedant-core v0.24.1
[INFO] [stderr]     Checking futures v0.3.32
[INFO] [stderr]     Checking schemars v1.2.1
[INFO] [stderr]     Checking pedant-lang v0.7.2
[INFO] [stderr]     Checking pedant-mcp v0.15.1 (/opt/rustwide/workdir)
[INFO] [stdout] error[E0432]: unresolved import `pedant_process_guard`
[INFO] [stdout]   --> tests/integration.rs:14:5
[INFO] [stdout]    |
[INFO] [stdout] 14 | use pedant_process_guard::run_fixture;
[INFO] [stdout]    |     ^^^^^^^^^^^^^^^^^^^^ use of unresolved module or unlinked crate `pedant_process_guard`
[INFO] [stdout]    |
[INFO] [stdout]    = help: if you wanted to use a crate named `pedant_process_guard`, use `cargo add pedant_process_guard` to add it to your `Cargo.toml`
[INFO] [stdout] 
[INFO] [stdout] 
[INFO] [stdout] error[E0432]: unresolved import `pedant_process_guard`
[INFO] [stdout]   --> tests/integration_support/process_guard.rs:30:5
[INFO] [stdout]    |
[INFO] [stdout] 30 | use pedant_process_guard::{
[INFO] [stdout]    |     ^^^^^^^^^^^^^^^^^^^^ use of unresolved module or unlinked crate `pedant_process_guard`
[INFO] [stdout]    |
[INFO] [stdout]    = help: if you wanted to use a crate named `pedant_process_guard`, use `cargo add pedant_process_guard` to add it to your `Cargo.toml`
[INFO] [stdout] 
[INFO] [stdout] 
[INFO] [stdout] error[E0432]: unresolved import `pedant_process_guard`
[INFO] [stdout]   --> tests/integration_support/guard_cases.rs:10:5
[INFO] [stdout]    |
[INFO] [stdout] 10 | use pedant_process_guard::{
[INFO] [stdout]    |     ^^^^^^^^^^^^^^^^^^^^ use of unresolved module or unlinked crate `pedant_process_guard`
[INFO] [stdout]    |
[INFO] [stdout]    = help: if you wanted to use a crate named `pedant_process_guard`, use `cargo add pedant_process_guard` to add it to your `Cargo.toml`
[INFO] [stdout] 
[INFO] [stdout] 
[INFO] [stdout] For more information about this error, try `rustc --explain E0432`.
[INFO] [stdout] 
[INFO] [stderr] error: could not compile `pedant-mcp` (test "integration") due to 3 previous errors
[INFO] running `Command { std: "docker" "inspect" "a5fafa0be536eabb9d05411bfd5311fd62ecc57955a2432406ccf142630b53fb", kill_on_drop: false }`
[INFO] running `Command { std: "docker" "rm" "-f" "a5fafa0be536eabb9d05411bfd5311fd62ecc57955a2432406ccf142630b53fb", kill_on_drop: false }`
[INFO] [stdout] a5fafa0be536eabb9d05411bfd5311fd62ecc57955a2432406ccf142630b53fb
