[INFO] fetching crate pdfrum 0.4.0...
[INFO] checking pdfrum-0.4.0 against 3154cc1a3e6424e44f438a95007d043ed5ceaaf6 for pr-133502-30
[INFO] extracting crate pdfrum 0.4.0 into /workspace/builds/worker-6-tc2/source
[INFO] started tweaking crates.io crate pdfrum 0.4.0
[INFO] removed 0 missing examples
[INFO] removed 0 missing tests
[INFO] finished tweaking crates.io crate pdfrum 0.4.0
[INFO] tweaked toml for crates.io crate pdfrum 0.4.0 written to /workspace/builds/worker-6-tc2/source/Cargo.toml
[INFO] validating manifest of crates.io crate pdfrum 0.4.0 on toolchain 3154cc1a3e6424e44f438a95007d043ed5ceaaf6
[INFO] running `Command { std: CARGO_HOME="/workspace/cargo-home" RUSTUP_HOME="/workspace/rustup-home" "/workspace/cargo-home/bin/cargo" "+3154cc1a3e6424e44f438a95007d043ed5ceaaf6" "metadata" "--manifest-path" "Cargo.toml" "--no-deps", kill_on_drop: false }`
[INFO] crate crates.io crate pdfrum 0.4.0 already has a lockfile, it will not be regenerated
[INFO] running `Command { std: CARGO_HOME="/workspace/cargo-home" RUSTUP_HOME="/workspace/rustup-home" "/workspace/cargo-home/bin/cargo" "+3154cc1a3e6424e44f438a95007d043ed5ceaaf6" "fetch" "--manifest-path" "Cargo.toml", kill_on_drop: false }`
[INFO] running `Command { std: "docker" "create" "-v" "/var/lib/crater-agent-workspace/builds/worker-6-tc2/source:/opt/rustwide/workdir:ro,Z" "-v" "/var/lib/crater-agent-workspace/builds/worker-6-tc2/target:/opt/rustwide/target:rw,Z" "-v" "/var/lib/crater-agent-workspace/cargo-home:/opt/rustwide/cargo-home:ro,Z" "-v" "/var/lib/crater-agent-workspace/rustup-home:/opt/rustwide/rustup-home:ro,Z" "-m" "1610612736" "--network" "none" "ghcr.io/rust-lang/crates-build-env/linux@sha256:77db811e55d90add9212f6832c23229e3de5f1c1f9905e8cb07319ea15df73ac" "sleep" "infinity", kill_on_drop: false }`
[INFO] [stdout] d3a9e61cbbeea418fdd7e43ca94f737857e151ad24c5965ab7cd582dfe2a9a7d
[INFO] running `Command { std: "docker" "start" "d3a9e61cbbeea418fdd7e43ca94f737857e151ad24c5965ab7cd582dfe2a9a7d", kill_on_drop: false }`
[INFO] running `Command { std: "docker" "inspect" "d3a9e61cbbeea418fdd7e43ca94f737857e151ad24c5965ab7cd582dfe2a9a7d", kill_on_drop: false }`
[INFO] running `Command { std: "docker" "exec" "-e" "SOURCE_DIR=/opt/rustwide/workdir" "-e" "CARGO_HOME=/opt/rustwide/cargo-home" "-e" "RUSTUP_HOME=/opt/rustwide/rustup-home" "-e" "CARGO_TARGET_DIR=/opt/rustwide/target" "-w" "/opt/rustwide/workdir" "--user" "0:0" "d3a9e61cbbeea418fdd7e43ca94f737857e151ad24c5965ab7cd582dfe2a9a7d" "/opt/rustwide/cargo-home/bin/cargo" "+3154cc1a3e6424e44f438a95007d043ed5ceaaf6" "metadata" "--no-deps" "--format-version=1", kill_on_drop: false }`
[INFO] running `Command { std: "docker" "inspect" "d3a9e61cbbeea418fdd7e43ca94f737857e151ad24c5965ab7cd582dfe2a9a7d", kill_on_drop: false }`
[INFO] running `Command { std: "docker" "exec" "-e" "SOURCE_DIR=/opt/rustwide/workdir" "-e" "CARGO_HOME=/opt/rustwide/cargo-home" "-e" "RUSTUP_HOME=/opt/rustwide/rustup-home" "-e" "CARGO_TARGET_DIR=/opt/rustwide/target" "-e" "CARGO_INCREMENTAL=0" "-e" "RUST_BACKTRACE=full" "-e" "RUSTFLAGS=--cap-lints=forbid" "-e" "RUSTDOCFLAGS=--cap-lints=forbid" "-w" "/opt/rustwide/workdir" "--user" "0:0" "d3a9e61cbbeea418fdd7e43ca94f737857e151ad24c5965ab7cd582dfe2a9a7d" "/opt/rustwide/cargo-home/bin/cargo" "+3154cc1a3e6424e44f438a95007d043ed5ceaaf6" "check" "--frozen" "--all" "--all-targets" "--message-format=json", kill_on_drop: false }`
[INFO] [stderr]    Compiling proc-macro2 v1.0.107
[INFO] [stderr]    Compiling quote v1.0.47
[INFO] [stderr]    Compiling unicode-ident v1.0.24
[INFO] [stderr]     Checking arrayvec v0.7.8
[INFO] [stderr]     Checking smallvec v1.16.1
[INFO] [stderr]    Compiling thiserror v2.0.20
[INFO] [stderr]     Checking simd-adler32 v0.3.10
[INFO] [stderr]    Compiling libc v0.2.189
[INFO] [stderr]    Compiling autocfg v1.5.1
[INFO] [stderr]     Checking log v0.4.34
[INFO] [stderr]     Checking miniz_oxide v0.9.1
[INFO] [stderr]     Checking ryu v1.0.23
[INFO] [stderr]     Checking polycool v0.4.0
[INFO] [stderr]     Checking bytes v1.12.1
[INFO] [stderr]     Checking typenum v1.20.1
[INFO] [stderr]     Checking tinyvec v1.12.0
[INFO] [stderr]     Checking kurbo v0.13.1
[INFO] [stderr]    Compiling num-traits v0.2.19
[INFO] [stderr]    Compiling slotmap v1.1.1
[INFO] [stderr]     Checking once_cell v1.21.4
[INFO] [stderr]     Checking fearless_simd v0.4.1
[INFO] [stderr]     Checking hayro-ccitt v0.3.0
[INFO] [stderr]    Compiling syn v3.0.4
[INFO] [stderr]    Compiling pdfrum-cmap v0.4.0
[INFO] [stderr]     Checking roxmltree v0.20.0
[INFO] [stderr]     Checking weezl v0.2.1
[INFO] [stderr]     Checking pdfrum-common v0.4.0
[INFO] [stderr]     Checking memmap2 v0.9.11
[INFO] [stderr]     Checking zune-core v0.5.3
[INFO] [stderr]     Checking pxfm v0.1.30
[INFO] [stderr]     Checking linebender_resource_handle v0.1.1
[INFO] [stderr]     Checking fontconfig-parser v0.5.8
[INFO] [stderr]     Checking zune-jpeg v0.5.15
[INFO] [stderr]     Checking const-oid v0.10.2
[INFO] [stderr]     Checking cpufeatures v0.3.1
[INFO] [stderr]    Compiling crc32fast v1.5.1
[INFO] [stderr]    Compiling crossbeam-utils v0.8.22
[INFO] [stderr]     Checking fontdb v0.24.0
[INFO] [stderr]     Checking float-cmp v0.9.0
[INFO] [stderr]    Compiling getrandom v0.4.3
[INFO] [stderr]     Checking strict-num v0.1.1
[INFO] [stderr]     Checking euclid v0.22.14
[INFO] [stderr]     Checking cpubits v0.1.1
[INFO] [stderr]    Compiling crossbeam-epoch v0.9.20
[INFO] [stderr]     Checking flate2 v1.1.10
[INFO] [stderr]     Checking hybrid-array v0.4.14
[INFO] [stderr]     Checking unicode-normalization v0.1.25
[INFO] [stderr]     Checking fdeflate v0.3.7
[INFO] [stderr]     Checking miniz_oxide v0.8.9
[INFO] [stderr]     Checking foldhash v0.2.0
[INFO] [stderr]     Checking zeroize v1.9.0
[INFO] [stderr]     Checking guillotiere v0.7.0
[INFO] [stderr]     Checking bitflags v2.13.1
[INFO] [stderr]     Checking crypto-common v0.2.2
[INFO] [stderr]     Checking block-buffer v0.12.1
[INFO] [stderr]     Checking block-padding v0.4.2
[INFO] [stderr]     Checking inout v0.2.2
[INFO] [stderr]     Checking unicode-bidi v0.3.18
[INFO] [stderr]    Compiling crossbeam-deque v0.8.7
[INFO] [stderr]     Checking png v0.18.1
[INFO] [stderr]     Checking hashbrown v0.17.1
[INFO] [stderr]     Checking siphasher v1.0.3
[INFO] [stderr]     Checking memchr v2.8.3
[INFO] [stderr]    Compiling pdfrum-text v0.4.0
[INFO] [stderr]     Checking digest v0.11.3
[INFO] [stderr]     Checking cipher v0.5.2
[INFO] [stderr]     Checking sha1 v0.11.0
[INFO] [stderr]     Checking md-5 v0.11.0
[INFO] [stderr]     Checking sha2 v0.11.0
[INFO] [stderr]     Checking rustc-hash v2.1.3
[INFO] [stderr]     Checking moxcms v0.9.1
[INFO] [stderr]    Compiling rayon-core v1.13.0
[INFO] [stderr]     Checking subsetter v0.2.6
[INFO] [stderr]     Checking roxmltree v0.21.1
[INFO] [stderr]     Checking cbc v0.2.1
[INFO] [stderr]     Checking aes v0.9.3
[INFO] [stderr]     Checking svgtypes v0.16.1
[INFO] [stderr]    Compiling bytemuck_derive v1.12.0
[INFO] [stderr]    Compiling thiserror-impl v2.0.20
[INFO] [stderr]     Checking simplecss v0.2.2
[INFO] [stderr]     Checking quick-error v2.0.1
[INFO] [stderr]     Checking pico-args v0.5.0
[INFO] [stderr]     Checking color_quant v1.1.0
[INFO] [stderr]     Checking imagesize v0.15.0
[INFO] [stderr]     Checking weezl v0.1.12
[INFO] [stderr]     Checking byteorder-lite v0.1.0
[INFO] [stderr]     Checking data-url v0.3.2
[INFO] [stderr]     Checking gif v0.14.2
[INFO] [stderr]     Checking image-webp v0.2.4
[INFO] [stderr]     Checking either v1.18.0
[INFO] [stderr]     Checking hayro-jpeg2000 v0.4.0
[INFO] [stderr]     Checking hayro-jbig2 v0.3.0
[INFO] [stderr]     Checking bytemuck v1.25.2
[INFO] [stderr]     Checking rayon v1.12.0
[INFO] [stderr]     Checking font-types v0.12.5
[INFO] [stderr]     Checking color v0.3.3
[INFO] [stderr]     Checking pdfrum-object v0.4.0
[INFO] [stderr]     Checking tiny-skia-path v0.12.0
[INFO] [stderr]     Checking read-fonts v0.44.0
[INFO] [stderr]     Checking peniko v0.6.1
[INFO] [stderr]     Checking pdfrum-filters v0.4.0
[INFO] [stderr]     Checking pdfrum-crypt v0.4.0
[INFO] [stderr]     Checking vello_common v0.2.0
[INFO] [stderr]     Checking rgb v0.8.53
[INFO] [stderr]     Checking tiny-skia v0.12.0
[INFO] [stderr]     Checking usvg v0.48.1
[INFO] [stderr]     Checking pdfrum-parser v0.4.0
[INFO] [stderr]     Checking vello_cpu v0.2.0
[INFO] [stderr]     Checking resvg v0.48.1
[INFO] [stderr]     Checking pdfrum-type1 v0.4.0
[INFO] [stderr]     Checking skrifa v0.47.0
[INFO] [stderr]     Checking pdfrum-font v0.4.0
[INFO] [stderr]     Checking pdfrum-page v0.4.0
[INFO] [stderr]     Checking pdfrum-render v0.4.0
[INFO] [stderr]     Checking pdfrum-doc v0.4.0
[INFO] [stderr]     Checking pdfrum-raster-vello-cpu v0.4.0
[INFO] [stderr]     Checking pdfrum-raster-agg v0.4.0
[INFO] [stderr]     Checking pdfrum-raster-tinyskia v0.4.0
[INFO] [stderr]     Checking pdfrum-form v0.4.0
[INFO] [stderr]     Checking pdfrum-edit v0.4.0
[INFO] [stderr]     Checking pdfrum v0.4.0 (/opt/rustwide/workdir)
[INFO] [stdout] error[E0432]: unresolved import `pdfrum_corpus`
[INFO] [stdout]   --> tests/pdfa_oracle.rs:41:5
[INFO] [stdout]    |
[INFO] [stdout] 41 | use pdfrum_corpus::CORPUS;
[INFO] [stdout]    |     ^^^^^^^^^^^^^ use of unresolved module or unlinked crate `pdfrum_corpus`
[INFO] [stdout]    |
[INFO] [stdout] help: there is a crate or module with a similar name
[INFO] [stdout]    |
[INFO] [stdout] 41 - use pdfrum_corpus::CORPUS;
[INFO] [stdout] 41 + use pdfrum_common::CORPUS;
[INFO] [stdout]    |
[INFO] [stdout] 
[INFO] [stdout] 
[INFO] [stdout] error[E0433]: cannot find module or crate `pdfrum_corpus` in this scope
[INFO] [stdout]    --> tests/pdfa_oracle.rs:184:38
[INFO] [stdout]     |
[INFO] [stdout] 184 |         let Ok(doc) = Document::open(pdfrum_corpus::path(stem)) else {
[INFO] [stdout]     |                                      ^^^^^^^^^^^^^ use of unresolved module or unlinked crate `pdfrum_corpus`
[INFO] [stdout]     |
[INFO] [stdout] help: there is a crate or module with a similar name
[INFO] [stdout]     |
[INFO] [stdout] 184 -         let Ok(doc) = Document::open(pdfrum_corpus::path(stem)) else {
[INFO] [stdout] 184 +         let Ok(doc) = Document::open(pdfrum_common::path(stem)) else {
[INFO] [stdout]     |
[INFO] [stdout] 
[INFO] [stdout] 
[INFO] [stdout] error[E0433]: cannot find module or crate `pdfrum_corpus` in this scope
[INFO] [stdout]    --> tests/pdfa_oracle.rs:231:38
[INFO] [stdout]     |
[INFO] [stdout] 231 |         let Ok(doc) = Document::open(pdfrum_corpus::path(stem)) else {
[INFO] [stdout]     |                                      ^^^^^^^^^^^^^ use of unresolved module or unlinked crate `pdfrum_corpus`
[INFO] [stdout]     |
[INFO] [stdout] help: there is a crate or module with a similar name
[INFO] [stdout]     |
[INFO] [stdout] 231 -         let Ok(doc) = Document::open(pdfrum_corpus::path(stem)) else {
[INFO] [stdout] 231 +         let Ok(doc) = Document::open(pdfrum_common::path(stem)) else {
[INFO] [stdout]     |
[INFO] [stdout] 
[INFO] [stdout] 
[INFO] [stdout] error[E0433]: cannot find module or crate `pdfrum_corpus` in this scope
[INFO] [stdout]    --> tests/pdfa_oracle.rs:281:20
[INFO] [stdout]     |
[INFO] [stdout] 281 |         let path = pdfrum_corpus::path(stem);
[INFO] [stdout]     |                    ^^^^^^^^^^^^^ use of unresolved module or unlinked crate `pdfrum_corpus`
[INFO] [stdout]     |
[INFO] [stdout] help: there is a crate or module with a similar name
[INFO] [stdout]     |
[INFO] [stdout] 281 -         let path = pdfrum_corpus::path(stem);
[INFO] [stdout] 281 +         let path = pdfrum_common::path(stem);
[INFO] [stdout]     |
[INFO] [stdout] 
[INFO] [stdout] 
[INFO] [stdout] Some errors have detailed explanations: E0432, E0433.
[INFO] [stdout] 
[INFO] [stdout] For more information about an error, try `rustc --explain E0432`.
[INFO] [stdout] 
[INFO] [stderr] error: could not compile `pdfrum` (test "pdfa_oracle") due to 4 previous errors
[INFO] [stderr] warning: build failed, waiting for other jobs to finish...
[INFO] running `Command { std: "docker" "inspect" "d3a9e61cbbeea418fdd7e43ca94f737857e151ad24c5965ab7cd582dfe2a9a7d", kill_on_drop: false }`
[INFO] running `Command { std: "docker" "rm" "-f" "d3a9e61cbbeea418fdd7e43ca94f737857e151ad24c5965ab7cd582dfe2a9a7d", kill_on_drop: false }`
[INFO] [stdout] d3a9e61cbbeea418fdd7e43ca94f737857e151ad24c5965ab7cd582dfe2a9a7d
