[INFO] fetching crate pdfrum-page 0.4.0...
[INFO] checking pdfrum-page-0.4.0 against 3154cc1a3e6424e44f438a95007d043ed5ceaaf6+rustflags=-Znext-solver=coherence for pr-133502-30
[INFO] extracting crate pdfrum-page 0.4.0 into /workspace/builds/worker-0-tc1/source
[INFO] started tweaking crates.io crate pdfrum-page 0.4.0
[INFO] removed 0 missing tests
[INFO] finished tweaking crates.io crate pdfrum-page 0.4.0
[INFO] tweaked toml for crates.io crate pdfrum-page 0.4.0 written to /workspace/builds/worker-0-tc1/source/Cargo.toml
[INFO] validating manifest of crates.io crate pdfrum-page 0.4.0 on toolchain 3154cc1a3e6424e44f438a95007d043ed5ceaaf6
[INFO] running `Command { std: CARGO_HOME="/workspace/cargo-home" RUSTUP_HOME="/workspace/rustup-home" "/workspace/cargo-home/bin/cargo" "+3154cc1a3e6424e44f438a95007d043ed5ceaaf6" "metadata" "--manifest-path" "Cargo.toml" "--no-deps", kill_on_drop: false }`
[INFO] crate crates.io crate pdfrum-page 0.4.0 already has a lockfile, it will not be regenerated
[INFO] running `Command { std: CARGO_HOME="/workspace/cargo-home" RUSTUP_HOME="/workspace/rustup-home" "/workspace/cargo-home/bin/cargo" "+3154cc1a3e6424e44f438a95007d043ed5ceaaf6" "fetch" "--manifest-path" "Cargo.toml", kill_on_drop: false }`
[INFO] [stderr]     Updating crates.io index
[INFO] [stderr]  Downloading crates ...
[INFO] [stderr]   Downloaded smallvec v1.16.1
[INFO] [stderr]   Downloaded pdfrum-common v0.4.0
[INFO] [stderr]   Downloaded zune-core v0.5.3
[INFO] [stderr]   Downloaded pdfrum-object v0.4.0
[INFO] [stderr]   Downloaded pdfrum-parser v0.4.0
[INFO] [stderr]   Downloaded is-terminal v0.4.17
[INFO] [stderr]   Downloaded hayro-ccitt v0.3.0
[INFO] [stderr]   Downloaded block-padding v0.4.2
[INFO] [stderr]   Downloaded polycool v0.4.0
[INFO] [stderr]   Downloaded md-5 v0.11.0
[INFO] [stderr]   Downloaded cbc v0.2.1
[INFO] [stderr]   Downloaded criterion-plot v0.5.0
[INFO] [stderr]   Downloaded either v1.18.0
[INFO] [stderr]   Downloaded font-types v0.12.5
[INFO] [stderr]   Downloaded tinyvec v1.12.0
[INFO] [stderr]   Downloaded pdfrum-filters v0.4.0
[INFO] [stderr]   Downloaded hybrid-array v0.4.14
[INFO] [stderr]   Downloaded pdfrum-type1 v0.4.0
[INFO] [stderr]   Downloaded pdfrum-crypt v0.4.0
[INFO] [stderr]   Downloaded hayro-jbig2 v0.3.0
[INFO] [stderr]   Downloaded weezl v0.2.1
[INFO] [stderr]   Downloaded hayro-jpeg2000 v0.4.0
[INFO] [stderr]   Downloaded euclid v0.22.14
[INFO] [stderr]   Downloaded itertools v0.10.5
[INFO] [stderr]   Downloaded aes v0.9.3
[INFO] [stderr]   Downloaded criterion v0.5.1
[INFO] [stderr]   Downloaded aho-corasick v1.1.5
[INFO] [stderr]   Downloaded moxcms v0.9.1
[INFO] [stderr]   Downloaded kurbo v0.13.1
[INFO] [stderr]   Downloaded fearless_simd v0.4.1
[INFO] [stderr]   Downloaded skrifa v0.47.0
[INFO] [stderr]   Downloaded read-fonts v0.44.0
[INFO] [stderr]   Downloaded regex-automata v0.4.18
[INFO] [stderr]   Downloaded pdfrum-font v0.4.0
[INFO] [stderr]   Downloaded pdfrum-cmap v0.4.0
[INFO] [stderr]   Downloaded pxfm v0.1.30
[INFO] running `Command { std: "docker" "create" "-v" "/var/lib/crater-agent-workspace/builds/worker-0-tc1/source:/opt/rustwide/workdir:ro,Z" "-v" "/var/lib/crater-agent-workspace/builds/worker-0-tc1/target:/opt/rustwide/target:rw,Z" "-v" "/var/lib/crater-agent-workspace/cargo-home:/opt/rustwide/cargo-home:ro,Z" "-v" "/var/lib/crater-agent-workspace/rustup-home:/opt/rustwide/rustup-home:ro,Z" "-m" "1610612736" "--network" "none" "ghcr.io/rust-lang/crates-build-env/linux@sha256:77db811e55d90add9212f6832c23229e3de5f1c1f9905e8cb07319ea15df73ac" "sleep" "infinity", kill_on_drop: false }`
[INFO] [stdout] e26564810b3385370730b679f75c805623a4e74aa82fe522a2b83fea74d5df2f
[INFO] running `Command { std: "docker" "start" "e26564810b3385370730b679f75c805623a4e74aa82fe522a2b83fea74d5df2f", kill_on_drop: false }`
[INFO] running `Command { std: "docker" "inspect" "e26564810b3385370730b679f75c805623a4e74aa82fe522a2b83fea74d5df2f", kill_on_drop: false }`
[INFO] running `Command { std: "docker" "exec" "-e" "SOURCE_DIR=/opt/rustwide/workdir" "-e" "CARGO_HOME=/opt/rustwide/cargo-home" "-e" "RUSTUP_HOME=/opt/rustwide/rustup-home" "-e" "CARGO_TARGET_DIR=/opt/rustwide/target" "-w" "/opt/rustwide/workdir" "--user" "0:0" "e26564810b3385370730b679f75c805623a4e74aa82fe522a2b83fea74d5df2f" "/opt/rustwide/cargo-home/bin/cargo" "+3154cc1a3e6424e44f438a95007d043ed5ceaaf6" "metadata" "--no-deps" "--format-version=1", kill_on_drop: false }`
[INFO] running `Command { std: "docker" "inspect" "e26564810b3385370730b679f75c805623a4e74aa82fe522a2b83fea74d5df2f", kill_on_drop: false }`
[INFO] running `Command { std: "docker" "exec" "-e" "SOURCE_DIR=/opt/rustwide/workdir" "-e" "CARGO_HOME=/opt/rustwide/cargo-home" "-e" "RUSTUP_HOME=/opt/rustwide/rustup-home" "-e" "CARGO_TARGET_DIR=/opt/rustwide/target" "-e" "CARGO_INCREMENTAL=0" "-e" "RUST_BACKTRACE=full" "-e" "RUSTFLAGS=--cap-lints=forbid -Znext-solver=coherence" "-e" "RUSTDOCFLAGS=--cap-lints=forbid" "-w" "/opt/rustwide/workdir" "--user" "0:0" "e26564810b3385370730b679f75c805623a4e74aa82fe522a2b83fea74d5df2f" "/opt/rustwide/cargo-home/bin/cargo" "+3154cc1a3e6424e44f438a95007d043ed5ceaaf6" "check" "--frozen" "--all" "--all-targets" "--message-format=json", kill_on_drop: false }`
[INFO] [stderr]    Compiling proc-macro2 v1.0.107
[INFO] [stderr]    Compiling quote v1.0.47
[INFO] [stderr]     Checking typenum v1.20.1
[INFO] [stderr]     Checking arrayvec v0.7.8
[INFO] [stderr]     Checking smallvec v1.16.1
[INFO] [stderr]    Compiling thiserror v2.0.20
[INFO] [stderr]    Compiling libc v0.2.189
[INFO] [stderr]     Checking bytes v1.12.1
[INFO] [stderr]    Compiling serde_core v1.0.229
[INFO] [stderr]    Compiling zerocopy v0.8.56
[INFO] [stderr]     Checking const-oid v0.10.2
[INFO] [stderr]    Compiling num-traits v0.2.19
[INFO] [stderr]    Compiling zmij v1.0.23
[INFO] [stderr]     Checking cpufeatures v0.3.1
[INFO] [stderr]    Compiling serde v1.0.229
[INFO] [stderr]     Checking tinyvec_macros v0.1.1
[INFO] [stderr]     Checking weezl v0.2.1
[INFO] [stderr]    Compiling serde_json v1.0.151
[INFO] [stderr]     Checking polycool v0.4.0
[INFO] [stderr]    Compiling pdfrum-cmap v0.4.0
[INFO] [stderr]     Checking tinyvec v1.12.0
[INFO] [stderr]     Checking regex-syntax v0.8.11
[INFO] [stderr]     Checking either v1.18.0
[INFO] [stderr]     Checking cpubits v0.1.1
[INFO] [stderr]     Checking memchr v2.8.3
[INFO] [stderr]     Checking kurbo v0.13.1
[INFO] [stderr]     Checking clap_builder v4.6.7
[INFO] [stderr]     Checking zeroize v1.9.0
[INFO] [stderr]     Checking pxfm v0.1.30
[INFO] [stderr]     Checking itertools v0.10.5
[INFO] [stderr]     Checking zune-core v0.5.3
[INFO] [stderr]     Checking zune-jpeg v0.5.15
[INFO] [stderr]    Compiling syn v3.0.4
[INFO] [stderr]    Compiling syn v2.0.119
[INFO] [stderr]     Checking unicode-normalization v0.1.25
[INFO] [stderr]     Checking hybrid-array v0.4.14
[INFO] [stderr]     Checking pdfrum-common v0.4.0
[INFO] [stderr]     Checking crypto-common v0.2.2
[INFO] [stderr]     Checking block-buffer v0.12.1
[INFO] [stderr]     Checking block-padding v0.4.2
[INFO] [stderr]     Checking inout v0.2.2
[INFO] [stderr]     Checking getrandom v0.4.3
[INFO] [stderr]     Checking is-terminal v0.4.17
[INFO] [stderr]     Checking regex-automata v0.4.18
[INFO] [stderr]     Checking criterion-plot v0.5.0
[INFO] [stderr]     Checking digest v0.11.3
[INFO] [stderr]     Checking cipher v0.5.2
[INFO] [stderr]     Checking regex v1.13.1
[INFO] [stderr]     Checking aes v0.9.3
[INFO] [stderr]     Checking cbc v0.2.1
[INFO] [stderr]     Checking md-5 v0.11.0
[INFO] [stderr]     Checking sha1 v0.11.0
[INFO] [stderr]     Checking sha2 v0.11.0
[INFO] [stderr]     Checking clap v4.6.7
[INFO] [stderr]     Checking moxcms v0.9.1
[INFO] [stderr]    Compiling thiserror-impl v2.0.20
[INFO] [stderr]    Compiling bytemuck_derive v1.12.0
[INFO] [stderr]    Compiling serde_derive v1.0.229
[INFO] [stderr]     Checking bytemuck v1.25.2
[INFO] [stderr]     Checking font-types v0.12.5
[INFO] [stderr]    Compiling zerocopy-derive v0.8.56
[INFO] [stderr]     Checking read-fonts v0.44.0
[INFO] [stderr]     Checking pdfrum-object v0.4.0
[INFO] [stderr]     Checking pdfrum-filters v0.4.0
[INFO] [stderr]     Checking pdfrum-crypt v0.4.0
[INFO] [stderr]     Checking pdfrum-parser v0.4.0
[INFO] [stderr]     Checking tinytemplate v1.2.1
[INFO] [stderr]     Checking half v2.7.1
[INFO] [stderr]     Checking ciborium-ll v0.2.2
[INFO] [stderr]     Checking ciborium v0.2.2
[INFO] [stderr]     Checking pdfrum-type1 v0.4.0
[INFO] [stderr]     Checking skrifa v0.47.0
[INFO] [stderr]     Checking criterion v0.5.1
[INFO] [stderr]     Checking pdfrum-font v0.4.0
[INFO] [stderr]     Checking pdfrum-page v0.4.0 (/opt/rustwide/workdir)
[INFO] [stdout] error[E0432]: unresolved import `pdfrum`
[INFO] [stdout]   --> benches/build.rs:11:5
[INFO] [stdout]    |
[INFO] [stdout] 11 | use pdfrum::Document;
[INFO] [stdout]    |     ^^^^^^ use of unresolved module or unlinked crate `pdfrum`
[INFO] [stdout]    |
[INFO] [stdout]    = help: if you wanted to use a crate named `pdfrum`, use `cargo add pdfrum` to add it to your `Cargo.toml`
[INFO] [stdout] 
[INFO] [stdout] 
[INFO] [stdout] error[E0432]: unresolved import `pdfrum_corpus`
[INFO] [stdout]   --> benches/build.rs:12:5
[INFO] [stdout]    |
[INFO] [stdout] 12 | use pdfrum_corpus::{CORPUS, bytes};
[INFO] [stdout]    |     ^^^^^^^^^^^^^ use of unresolved module or unlinked crate `pdfrum_corpus`
[INFO] [stdout]    |
[INFO] [stdout] help: there is a crate or module with a similar name
[INFO] [stdout]    |
[INFO] [stdout] 12 - use pdfrum_corpus::{CORPUS, bytes};
[INFO] [stdout] 12 + use pdfrum_common::{CORPUS, bytes};
[INFO] [stdout]    |
[INFO] [stdout] 
[INFO] [stdout] 
[INFO] [stdout] error[E0432]: unresolved imports `pdfrum_page::decode_jbig2`, `pdfrum_page::decode_jpx`
[INFO] [stdout]   --> tests/never_panics.rs:15:56
[INFO] [stdout]    |
[INFO] [stdout] 15 |     BuildContext, Resources, build_page, decode_image, decode_jbig2, decode_jpx, parse_content,
[INFO] [stdout]    |                                                        ^^^^^^^^^^^^  ^^^^^^^^^^ no `decode_jpx` in the root
[INFO] [stdout]    |                                                        |
[INFO] [stdout]    |                                                        no `decode_jbig2` in the root
[INFO] [stdout]    |
[INFO] [stdout] note: found an item that was configured out
[INFO] [stdout]   --> src/lib.rs:74:16
[INFO] [stdout]    |
[INFO] [stdout] 73 | #[cfg(feature = "jbig2")]
[INFO] [stdout]    |       ----------------- the item is gated behind the `jbig2` feature
[INFO] [stdout] 74 | pub use image::decode_jbig2;
[INFO] [stdout]    |                ^^^^^^^^^^^^
[INFO] [stdout] note: found an item that was configured out
[INFO] [stdout]   --> src/lib.rs:81:27
[INFO] [stdout]    |
[INFO] [stdout] 80 | #[cfg(feature = "jpeg2000")]
[INFO] [stdout]    |       -------------------- the item is gated behind the `jpeg2000` feature
[INFO] [stdout] 81 | pub use image::{JpxImage, decode_jpx};
[INFO] [stdout]    |                           ^^^^^^^^^^
[INFO] [stdout] help: a similar name exists in the module
[INFO] [stdout]    |
[INFO] [stdout] 15 -     BuildContext, Resources, build_page, decode_image, decode_jbig2, decode_jpx, parse_content,
[INFO] [stdout] 15 +     BuildContext, Resources, build_page, decode_image, decode_image, decode_jpx, parse_content,
[INFO] [stdout]    |
[INFO] [stdout] 
[INFO] [stdout] 
[INFO] [stdout] For more information about this error, try `rustc --explain E0432`.
[INFO] [stdout] 
[INFO] [stderr] error: could not compile `pdfrum-page` (bench "build") due to 2 previous errors
[INFO] [stderr] warning: build failed, waiting for other jobs to finish...
[INFO] [stdout] For more information about this error, try `rustc --explain E0432`.
[INFO] [stdout] 
[INFO] [stderr] error: could not compile `pdfrum-page` (test "never_panics") due to 1 previous error
[INFO] running `Command { std: "docker" "inspect" "e26564810b3385370730b679f75c805623a4e74aa82fe522a2b83fea74d5df2f", kill_on_drop: false }`
[INFO] running `Command { std: "docker" "rm" "-f" "e26564810b3385370730b679f75c805623a4e74aa82fe522a2b83fea74d5df2f", kill_on_drop: false }`
[INFO] [stdout] e26564810b3385370730b679f75c805623a4e74aa82fe522a2b83fea74d5df2f
