[INFO] fetching crate pdfrum-markdown 0.4.0...
[INFO] checking pdfrum-markdown-0.4.0 against 3154cc1a3e6424e44f438a95007d043ed5ceaaf6+rustflags=-Znext-solver=coherence for pr-133502-30
[INFO] extracting crate pdfrum-markdown 0.4.0 into /workspace/builds/worker-4-tc1/source
[INFO] started tweaking crates.io crate pdfrum-markdown 0.4.0
[INFO] removed 0 missing tests
[INFO] finished tweaking crates.io crate pdfrum-markdown 0.4.0
[INFO] tweaked toml for crates.io crate pdfrum-markdown 0.4.0 written to /workspace/builds/worker-4-tc1/source/Cargo.toml
[INFO] validating manifest of crates.io crate pdfrum-markdown 0.4.0 on toolchain 3154cc1a3e6424e44f438a95007d043ed5ceaaf6
[INFO] running `Command { std: CARGO_HOME="/workspace/cargo-home" RUSTUP_HOME="/workspace/rustup-home" "/workspace/cargo-home/bin/cargo" "+3154cc1a3e6424e44f438a95007d043ed5ceaaf6" "metadata" "--manifest-path" "Cargo.toml" "--no-deps", kill_on_drop: false }`
[INFO] crate crates.io crate pdfrum-markdown 0.4.0 already has a lockfile, it will not be regenerated
[INFO] running `Command { std: CARGO_HOME="/workspace/cargo-home" RUSTUP_HOME="/workspace/rustup-home" "/workspace/cargo-home/bin/cargo" "+3154cc1a3e6424e44f438a95007d043ed5ceaaf6" "fetch" "--manifest-path" "Cargo.toml", kill_on_drop: false }`
[INFO] [stderr]     Updating crates.io index
[INFO] [stderr]  Downloading crates ...
[INFO] [stderr]   Downloaded font-types v0.12.5
[INFO] [stderr]   Downloaded pdfrum-common v0.4.0
[INFO] [stderr]   Downloaded pdfrum-filters v0.4.0
[INFO] [stderr]   Downloaded pdfrum-object v0.4.0
[INFO] [stderr]   Downloaded pdfrum-type1 v0.4.0
[INFO] [stderr]   Downloaded weezl v0.2.1
[INFO] [stderr]   Downloaded syn v3.0.4
[INFO] [stderr]   Downloaded pdfrum-text v0.4.0
[INFO] [stderr]   Downloaded moxcms v0.9.1
[INFO] [stderr]   Downloaded pdfrum-doc v0.4.0
[INFO] [stderr]   Downloaded skrifa v0.47.0
[INFO] [stderr]   Downloaded pdfrum-page v0.4.0
[INFO] [stderr]   Downloaded read-fonts v0.44.0
[INFO] [stderr]   Downloaded pdfrum-cmap v0.4.0
[INFO] [stderr]   Downloaded pdfrum-font v0.4.0
[INFO] running `Command { std: "docker" "create" "-v" "/var/lib/crater-agent-workspace/builds/worker-4-tc1/source:/opt/rustwide/workdir:ro,Z" "-v" "/var/lib/crater-agent-workspace/builds/worker-4-tc1/target:/opt/rustwide/target:rw,Z" "-v" "/var/lib/crater-agent-workspace/cargo-home:/opt/rustwide/cargo-home:ro,Z" "-v" "/var/lib/crater-agent-workspace/rustup-home:/opt/rustwide/rustup-home:ro,Z" "-m" "1610612736" "--network" "none" "ghcr.io/rust-lang/crates-build-env/linux@sha256:77db811e55d90add9212f6832c23229e3de5f1c1f9905e8cb07319ea15df73ac" "sleep" "infinity", kill_on_drop: false }`
[INFO] [stdout] 795788d778ecae0f64ed65984495687c9b4c7b1a94c630f81e1e0666e38d21ac
[INFO] running `Command { std: "docker" "start" "795788d778ecae0f64ed65984495687c9b4c7b1a94c630f81e1e0666e38d21ac", kill_on_drop: false }`
[INFO] running `Command { std: "docker" "inspect" "795788d778ecae0f64ed65984495687c9b4c7b1a94c630f81e1e0666e38d21ac", kill_on_drop: false }`
[INFO] running `Command { std: "docker" "exec" "-e" "SOURCE_DIR=/opt/rustwide/workdir" "-e" "CARGO_HOME=/opt/rustwide/cargo-home" "-e" "RUSTUP_HOME=/opt/rustwide/rustup-home" "-e" "CARGO_TARGET_DIR=/opt/rustwide/target" "-w" "/opt/rustwide/workdir" "--user" "0:0" "795788d778ecae0f64ed65984495687c9b4c7b1a94c630f81e1e0666e38d21ac" "/opt/rustwide/cargo-home/bin/cargo" "+3154cc1a3e6424e44f438a95007d043ed5ceaaf6" "metadata" "--no-deps" "--format-version=1", kill_on_drop: false }`
[INFO] running `Command { std: "docker" "inspect" "795788d778ecae0f64ed65984495687c9b4c7b1a94c630f81e1e0666e38d21ac", kill_on_drop: false }`
[INFO] running `Command { std: "docker" "exec" "-e" "SOURCE_DIR=/opt/rustwide/workdir" "-e" "CARGO_HOME=/opt/rustwide/cargo-home" "-e" "RUSTUP_HOME=/opt/rustwide/rustup-home" "-e" "CARGO_TARGET_DIR=/opt/rustwide/target" "-e" "CARGO_INCREMENTAL=0" "-e" "RUST_BACKTRACE=full" "-e" "RUSTFLAGS=--cap-lints=forbid -Znext-solver=coherence" "-e" "RUSTDOCFLAGS=--cap-lints=forbid" "-w" "/opt/rustwide/workdir" "--user" "0:0" "795788d778ecae0f64ed65984495687c9b4c7b1a94c630f81e1e0666e38d21ac" "/opt/rustwide/cargo-home/bin/cargo" "+3154cc1a3e6424e44f438a95007d043ed5ceaaf6" "check" "--frozen" "--all" "--all-targets" "--message-format=json", kill_on_drop: false }`
[INFO] [stderr]    Compiling proc-macro2 v1.0.107
[INFO] [stderr]    Compiling quote v1.0.47
[INFO] [stderr]     Checking arrayvec v0.7.8
[INFO] [stderr]    Compiling thiserror v2.0.20
[INFO] [stderr]     Checking smallvec v1.16.1
[INFO] [stderr]     Checking once_cell v1.21.4
[INFO] [stderr]     Checking bytes v1.12.1
[INFO] [stderr]     Checking ryu v1.0.23
[INFO] [stderr]    Compiling pdfrum-cmap v0.4.0
[INFO] [stderr]     Checking weezl v0.2.1
[INFO] [stderr]     Checking pxfm v0.1.30
[INFO] [stderr]     Checking zune-core v0.5.3
[INFO] [stderr]    Compiling pdfrum-text v0.4.0
[INFO] [stderr]    Compiling num-traits v0.2.19
[INFO] [stderr]     Checking miniz_oxide v0.9.1
[INFO] [stderr]     Checking unicode-bidi v0.3.18
[INFO] [stderr]     Checking zune-jpeg v0.5.15
[INFO] [stderr]     Checking polycool v0.4.0
[INFO] [stderr]     Checking kurbo v0.13.1
[INFO] [stderr]    Compiling syn v3.0.4
[INFO] [stderr]     Checking pdfrum-common v0.4.0
[INFO] [stderr]     Checking moxcms v0.9.1
[INFO] [stderr]    Compiling thiserror-impl v2.0.20
[INFO] [stderr]    Compiling bytemuck_derive v1.12.0
[INFO] [stderr]     Checking pdfrum-object v0.4.0
[INFO] [stderr]     Checking bytemuck v1.25.2
[INFO] [stderr]     Checking pdfrum-filters v0.4.0
[INFO] [stderr]     Checking font-types v0.12.5
[INFO] [stderr]     Checking read-fonts v0.44.0
[INFO] [stderr]     Checking pdfrum-type1 v0.4.0
[INFO] [stderr]     Checking skrifa v0.47.0
[INFO] [stderr]     Checking pdfrum-font v0.4.0
[INFO] [stderr]     Checking pdfrum-page v0.4.0
[INFO] [stderr]     Checking pdfrum-doc v0.4.0
[INFO] [stderr]     Checking pdfrum-markdown v0.4.0 (/opt/rustwide/workdir)
[INFO] [stdout] error[E0432]: unresolved import `pdfrum`
[INFO] [stdout]   --> tests/corpus.rs:19:5
[INFO] [stdout]    |
[INFO] [stdout] 19 | use pdfrum::Document;
[INFO] [stdout]    |     ^^^^^^ use of unresolved module or unlinked crate `pdfrum`
[INFO] [stdout]    |
[INFO] [stdout]    = help: if you wanted to use a crate named `pdfrum`, use `cargo add pdfrum` to add it to your `Cargo.toml`
[INFO] [stdout] 
[INFO] [stdout] 
[INFO] [stdout] error[E0433]: cannot find module or crate `pdfrum` in this scope
[INFO] [stdout]    --> tests/corpus.rs:148:43
[INFO] [stdout]     |
[INFO] [stdout] 148 |     let graphs: Vec<_> = pages.iter().map(pdfrum::Page::objects).collect();
[INFO] [stdout]     |                                           ^^^^^^ use of unresolved module or unlinked crate `pdfrum`
[INFO] [stdout]     |
[INFO] [stdout]     = help: if you wanted to use a crate named `pdfrum`, use `cargo add pdfrum` to add it to your `Cargo.toml`
[INFO] [stdout] help: consider importing this struct
[INFO] [stdout]     |
[INFO] [stdout]  18 + use pdfrum_page::Page;
[INFO] [stdout]     |
[INFO] [stdout] help: if you import `Page`, refer to it directly
[INFO] [stdout]     |
[INFO] [stdout] 148 -     let graphs: Vec<_> = pages.iter().map(pdfrum::Page::objects).collect();
[INFO] [stdout] 148 +     let graphs: Vec<_> = pages.iter().map(Page::objects).collect();
[INFO] [stdout]     |
[INFO] [stdout] 
[INFO] [stdout] 
[INFO] [stdout] error[E0433]: cannot find module or crate `pdfrum` in this scope
[INFO] [stdout]    --> tests/corpus.rs:149:42
[INFO] [stdout]     |
[INFO] [stdout] 149 |     let trees: Vec<_> = pages.iter().map(pdfrum::Page::structure).collect();
[INFO] [stdout]     |                                          ^^^^^^ use of unresolved module or unlinked crate `pdfrum`
[INFO] [stdout]     |
[INFO] [stdout]     = help: if you wanted to use a crate named `pdfrum`, use `cargo add pdfrum` to add it to your `Cargo.toml`
[INFO] [stdout] help: consider importing this struct
[INFO] [stdout]     |
[INFO] [stdout]  18 + use pdfrum_page::Page;
[INFO] [stdout]     |
[INFO] [stdout] help: if you import `Page`, refer to it directly
[INFO] [stdout]     |
[INFO] [stdout] 149 -     let trees: Vec<_> = pages.iter().map(pdfrum::Page::structure).collect();
[INFO] [stdout] 149 +     let trees: Vec<_> = pages.iter().map(Page::structure).collect();
[INFO] [stdout]     |
[INFO] [stdout] 
[INFO] [stdout] 
[INFO] [stdout] Some errors have detailed explanations: E0432, E0433.
[INFO] [stdout] 
[INFO] [stdout] For more information about an error, try `rustc --explain E0432`.
[INFO] [stdout] 
[INFO] [stderr] error: could not compile `pdfrum-markdown` (test "corpus") due to 3 previous errors
[INFO] running `Command { std: "docker" "inspect" "795788d778ecae0f64ed65984495687c9b4c7b1a94c630f81e1e0666e38d21ac", kill_on_drop: false }`
[INFO] running `Command { std: "docker" "rm" "-f" "795788d778ecae0f64ed65984495687c9b4c7b1a94c630f81e1e0666e38d21ac", kill_on_drop: false }`
[INFO] [stdout] 795788d778ecae0f64ed65984495687c9b4c7b1a94c630f81e1e0666e38d21ac
