[INFO] fetching crate pdfrum-edit 0.4.0...
[INFO] checking pdfrum-edit-0.4.0 against 3154cc1a3e6424e44f438a95007d043ed5ceaaf6+rustflags=-Znext-solver=coherence for pr-133502-30
[INFO] extracting crate pdfrum-edit 0.4.0 into /workspace/builds/worker-1-tc1/source
[INFO] started tweaking crates.io crate pdfrum-edit 0.4.0
[INFO] removed 0 missing tests
[INFO] finished tweaking crates.io crate pdfrum-edit 0.4.0
[INFO] tweaked toml for crates.io crate pdfrum-edit 0.4.0 written to /workspace/builds/worker-1-tc1/source/Cargo.toml
[INFO] validating manifest of crates.io crate pdfrum-edit 0.4.0 on toolchain 3154cc1a3e6424e44f438a95007d043ed5ceaaf6
[INFO] running `Command { std: CARGO_HOME="/workspace/cargo-home" RUSTUP_HOME="/workspace/rustup-home" "/workspace/cargo-home/bin/cargo" "+3154cc1a3e6424e44f438a95007d043ed5ceaaf6" "metadata" "--manifest-path" "Cargo.toml" "--no-deps", kill_on_drop: false }`
[INFO] crate crates.io crate pdfrum-edit 0.4.0 already has a lockfile, it will not be regenerated
[INFO] running `Command { std: CARGO_HOME="/workspace/cargo-home" RUSTUP_HOME="/workspace/rustup-home" "/workspace/cargo-home/bin/cargo" "+3154cc1a3e6424e44f438a95007d043ed5ceaaf6" "fetch" "--manifest-path" "Cargo.toml", kill_on_drop: false }`
[INFO] [stderr]     Updating crates.io index
[INFO] [stderr]  Downloading crates ...
[INFO] [stderr]   Downloaded xmlwriter v0.1.0
[INFO] [stderr]   Downloaded usvg v0.48.1
[INFO] [stderr]   Downloaded unicode-vo v0.1.0
[INFO] [stderr]   Downloaded tiny-skia-path v0.12.0
[INFO] [stderr]   Downloaded unicode-script v0.5.8
[INFO] [stderr]   Downloaded pico-args v0.5.0
[INFO] [stderr]   Downloaded linebender_resource_handle v0.1.1
[INFO] [stderr]   Downloaded is-terminal v0.4.17
[INFO] [stderr]   Downloaded strict-num v0.1.1
[INFO] [stderr]   Downloaded cpubits v0.1.1
[INFO] [stderr]   Downloaded inout v0.2.2
[INFO] [stderr]   Downloaded block-padding v0.4.2
[INFO] [stderr]   Downloaded font-types v0.12.5
[INFO] [stderr]   Downloaded data-url v0.3.2
[INFO] [stderr]   Downloaded peniko v0.6.1
[INFO] [stderr]   Downloaded cbc v0.2.1
[INFO] [stderr]   Downloaded criterion-plot v0.5.0
[INFO] [stderr]   Downloaded polycool v0.4.0
[INFO] [stderr]   Downloaded simplecss v0.2.2
[INFO] [stderr]   Downloaded zune-core v0.5.3
[INFO] [stderr]   Downloaded font-types v0.11.3
[INFO] [stderr]   Downloaded imagesize v0.15.0
[INFO] [stderr]   Downloaded pdfrum-common v0.4.0
[INFO] [stderr]   Downloaded cipher v0.5.2
[INFO] [stderr]   Downloaded pdfrum-object v0.4.0
[INFO] [stderr]   Downloaded pdfrum-filters v0.4.0
[INFO] [stderr]   Downloaded pdfrum-type1 v0.4.0
[INFO] [stderr]   Downloaded svgtypes v0.16.1
[INFO] [stderr]   Downloaded roxmltree v0.21.1
[INFO] [stderr]   Downloaded weezl v0.2.1
[INFO] [stderr]   Downloaded pdfrum-crypt v0.4.0
[INFO] [stderr]   Downloaded subsetter v0.2.6
[INFO] [stderr]   Downloaded pdfrum-parser v0.4.0
[INFO] [stderr]   Downloaded euclid v0.22.14
[INFO] [stderr]   Downloaded color v0.3.3
[INFO] [stderr]   Downloaded criterion v0.5.1
[INFO] [stderr]   Downloaded aes v0.9.3
[INFO] [stderr]   Downloaded fontdb v0.24.0
[INFO] [stderr]   Downloaded kurbo v0.13.1
[INFO] [stderr]   Downloaded moxcms v0.9.1
[INFO] [stderr]   Downloaded write-fonts v0.48.1
[INFO] [stderr]   Downloaded skrifa v0.44.0
[INFO] [stderr]   Downloaded harfrust v0.12.0
[INFO] [stderr]   Downloaded skrifa v0.42.1
[INFO] [stderr]   Downloaded skrifa v0.47.0
[INFO] [stderr]   Downloaded pdfrum-doc v0.4.0
[INFO] [stderr]   Downloaded pdfrum-page v0.4.0
[INFO] [stderr]   Downloaded read-fonts v0.39.2
[INFO] [stderr]   Downloaded pdfrum-cmap v0.4.0
[INFO] [stderr]   Downloaded read-fonts v0.41.0
[INFO] [stderr]   Downloaded read-fonts v0.44.0
[INFO] [stderr]   Downloaded pdfrum-font v0.4.0
[INFO] [stderr]   Downloaded pxfm v0.1.30
[INFO] running `Command { std: "docker" "create" "-v" "/var/lib/crater-agent-workspace/builds/worker-1-tc1/source:/opt/rustwide/workdir:ro,Z" "-v" "/var/lib/crater-agent-workspace/builds/worker-1-tc1/target:/opt/rustwide/target:rw,Z" "-v" "/var/lib/crater-agent-workspace/cargo-home:/opt/rustwide/cargo-home:ro,Z" "-v" "/var/lib/crater-agent-workspace/rustup-home:/opt/rustwide/rustup-home:ro,Z" "-m" "1610612736" "--network" "none" "ghcr.io/rust-lang/crates-build-env/linux@sha256:77db811e55d90add9212f6832c23229e3de5f1c1f9905e8cb07319ea15df73ac" "sleep" "infinity", kill_on_drop: false }`
[INFO] [stdout] 29b19c16820d199e0b71f05d6e41a9bda304b3d9b60c7689e109f92b36971d87
[INFO] running `Command { std: "docker" "start" "29b19c16820d199e0b71f05d6e41a9bda304b3d9b60c7689e109f92b36971d87", kill_on_drop: false }`
[INFO] running `Command { std: "docker" "inspect" "29b19c16820d199e0b71f05d6e41a9bda304b3d9b60c7689e109f92b36971d87", kill_on_drop: false }`
[INFO] running `Command { std: "docker" "exec" "-e" "SOURCE_DIR=/opt/rustwide/workdir" "-e" "CARGO_HOME=/opt/rustwide/cargo-home" "-e" "RUSTUP_HOME=/opt/rustwide/rustup-home" "-e" "CARGO_TARGET_DIR=/opt/rustwide/target" "-w" "/opt/rustwide/workdir" "--user" "0:0" "29b19c16820d199e0b71f05d6e41a9bda304b3d9b60c7689e109f92b36971d87" "/opt/rustwide/cargo-home/bin/cargo" "+3154cc1a3e6424e44f438a95007d043ed5ceaaf6" "metadata" "--no-deps" "--format-version=1", kill_on_drop: false }`
[INFO] running `Command { std: "docker" "inspect" "29b19c16820d199e0b71f05d6e41a9bda304b3d9b60c7689e109f92b36971d87", kill_on_drop: false }`
[INFO] running `Command { std: "docker" "exec" "-e" "SOURCE_DIR=/opt/rustwide/workdir" "-e" "CARGO_HOME=/opt/rustwide/cargo-home" "-e" "RUSTUP_HOME=/opt/rustwide/rustup-home" "-e" "CARGO_TARGET_DIR=/opt/rustwide/target" "-e" "CARGO_INCREMENTAL=0" "-e" "RUST_BACKTRACE=full" "-e" "RUSTFLAGS=--cap-lints=forbid -Znext-solver=coherence" "-e" "RUSTDOCFLAGS=--cap-lints=forbid" "-w" "/opt/rustwide/workdir" "--user" "0:0" "29b19c16820d199e0b71f05d6e41a9bda304b3d9b60c7689e109f92b36971d87" "/opt/rustwide/cargo-home/bin/cargo" "+3154cc1a3e6424e44f438a95007d043ed5ceaaf6" "check" "--frozen" "--all" "--all-targets" "--message-format=json", kill_on_drop: false }`
[INFO] [stderr]    Compiling proc-macro2 v1.0.107
[INFO] [stderr]    Compiling unicode-ident v1.0.24
[INFO] [stderr]     Checking typenum v1.20.1
[INFO] [stderr]     Checking arrayvec v0.7.8
[INFO] [stderr]     Checking smallvec v1.16.1
[INFO] [stderr]    Compiling thiserror v2.0.20
[INFO] [stderr]     Checking simd-adler32 v0.3.10
[INFO] [stderr]     Checking bytes v1.12.1
[INFO] [stderr]     Checking ryu v1.0.23
[INFO] [stderr]     Checking miniz_oxide v0.9.1
[INFO] [stderr]     Checking once_cell v1.21.4
[INFO] [stderr]    Compiling libc v0.2.189
[INFO] [stderr]     Checking polycool v0.4.0
[INFO] [stderr]    Compiling autocfg v1.5.1
[INFO] [stderr]     Checking kurbo v0.13.1
[INFO] [stderr]     Checking const-oid v0.10.2
[INFO] [stderr]    Compiling serde_core v1.0.229
[INFO] [stderr]     Checking weezl v0.2.1
[INFO] [stderr]    Compiling pdfrum-cmap v0.4.0
[INFO] [stderr]    Compiling num-traits v0.2.19
[INFO] [stderr]    Compiling zerocopy v0.8.56
[INFO] [stderr]    Compiling quote v1.0.47
[INFO] [stderr]    Compiling syn v3.0.4
[INFO] [stderr]    Compiling syn v2.0.119
[INFO] [stderr]     Checking hybrid-array v0.4.14
[INFO] [stderr]    Compiling getrandom v0.4.3
[INFO] [stderr]     Checking pdfrum-common v0.4.0
[INFO] [stderr]    Compiling serde v1.0.229
[INFO] [stderr]    Compiling zmij v1.0.23
[INFO] [stderr]     Checking tinyvec_macros v0.1.1
[INFO] [stderr]     Checking tinyvec v1.12.0
[INFO] [stderr]     Checking zune-core v0.5.3
[INFO] [stderr]     Checking pxfm v0.1.30
[INFO] [stderr]    Compiling serde_json v1.0.151
[INFO] [stderr]     Checking crypto-common v0.2.2
[INFO] [stderr]     Checking block-padding v0.4.2
[INFO] [stderr]     Checking block-buffer v0.12.1
[INFO] [stderr]     Checking inout v0.2.2
[INFO] [stderr]     Checking cpubits v0.1.1
[INFO] [stderr]    Compiling crc32fast v1.5.1
[INFO] [stderr]     Checking unicode-normalization v0.1.25
[INFO] [stderr]     Checking zune-jpeg v0.5.15
[INFO] [stderr]     Checking ciborium-io v0.2.2
[INFO] [stderr]     Checking either v1.18.0
[INFO] [stderr]     Checking regex-syntax v0.8.11
[INFO] [stderr]     Checking digest v0.11.3
[INFO] [stderr]     Checking cipher v0.5.2
[INFO] [stderr]     Checking md-5 v0.11.0
[INFO] [stderr]     Checking sha2 v0.11.0
[INFO] [stderr]     Checking sha1 v0.11.0
[INFO] [stderr]     Checking cbc v0.2.1
[INFO] [stderr]     Checking aes v0.9.3
[INFO] [stderr]     Checking anstyle v1.0.14
[INFO] [stderr]     Checking memchr v2.8.3
[INFO] [stderr]     Checking itoa v1.0.18
[INFO] [stderr]     Checking zeroize v1.9.0
[INFO] [stderr]     Checking clap_lex v1.1.0
[INFO] [stderr]     Checking itertools v0.10.5
[INFO] [stderr]     Checking regex-automata v0.4.18
[INFO] [stderr]     Checking clap_builder v4.6.7
[INFO] [stderr]     Checking cast v0.3.0
[INFO] [stderr]     Checking moxcms v0.9.1
[INFO] [stderr]     Checking unicode-bidi v0.3.18
[INFO] [stderr]    Compiling thiserror-impl v2.0.20
[INFO] [stderr]    Compiling bytemuck_derive v1.12.0
[INFO] [stderr]    Compiling serde_derive v1.0.229
[INFO] [stderr]     Checking rustc-hash v2.1.3
[INFO] [stderr]     Checking same-file v1.0.6
[INFO] [stderr]     Checking color v0.3.3
[INFO] [stderr]     Checking linebender_resource_handle v0.1.1
[INFO] [stderr]     Checking regex v1.13.1
[INFO] [stderr]     Checking clap v4.6.7
[INFO] [stderr]     Checking walkdir v2.5.0
[INFO] [stderr]     Checking pdfrum-object v0.4.0
[INFO] [stderr]     Checking subsetter v0.2.6
[INFO] [stderr]     Checking criterion-plot v0.5.0
[INFO] [stderr]     Checking bytemuck v1.25.2
[INFO] [stderr]     Checking peniko v0.6.1
[INFO] [stderr]     Checking pdfrum-filters v0.4.0
[INFO] [stderr]     Checking font-types v0.12.5
[INFO] [stderr]     Checking pdfrum-crypt v0.4.0
[INFO] [stderr]     Checking flate2 v1.1.10
[INFO] [stderr]    Compiling zerocopy-derive v0.8.56
[INFO] [stderr]     Checking is-terminal v0.4.17
[INFO] [stderr]     Checking miniz_oxide v0.8.9
[INFO] [stderr]     Checking fdeflate v0.3.7
[INFO] [stderr]     Checking bitflags v2.13.1
[INFO] [stderr]     Checking pdfrum-parser v0.4.0
[INFO] [stderr]     Checking anes v0.1.6
[INFO] [stderr]     Checking read-fonts v0.44.0
[INFO] [stderr]     Checking oorandom v11.1.5
[INFO] [stderr]     Checking png v0.18.1
[INFO] [stderr]     Checking tinytemplate v1.2.1
[INFO] [stderr]     Checking half v2.7.1
[INFO] [stderr]     Checking ciborium-ll v0.2.2
[INFO] [stderr]     Checking ciborium v0.2.2
[INFO] [stderr]     Checking criterion v0.5.1
[INFO] [stderr]     Checking skrifa v0.47.0
[INFO] [stderr]     Checking pdfrum-type1 v0.4.0
[INFO] [stderr]     Checking pdfrum-font v0.4.0
[INFO] [stderr]     Checking pdfrum-page v0.4.0
[INFO] [stderr]     Checking pdfrum-doc v0.4.0
[INFO] [stderr]     Checking pdfrum-edit v0.4.0 (/opt/rustwide/workdir)
[INFO] [stdout] error[E0432]: unresolved import `pdfrum`
[INFO] [stdout]   --> tests/annot_link_remote.rs:10:5
[INFO] [stdout]    |
[INFO] [stdout] 10 | use pdfrum::{AnnotGoToView, Document, LinkSpec, Name, Rect, SaveOptions, Subtype};
[INFO] [stdout]    |     ^^^^^^ use of unresolved module or unlinked crate `pdfrum`
[INFO] [stdout]    |
[INFO] [stdout]    = help: if you wanted to use a crate named `pdfrum`, use `cargo add pdfrum` to add it to your `Cargo.toml`
[INFO] [stdout] 
[INFO] [stdout] 
[INFO] [stdout] error[E0433]: cannot find module or crate `pdfrum` in this scope
[INFO] [stdout]   --> tests/annot_link_remote.rs:20:23
[INFO] [stdout]    |
[INFO] [stdout] 20 | fn save_reopen(edit: &pdfrum::DocEdit<'_>) -> Document {
[INFO] [stdout]    |                       ^^^^^^ use of unresolved module or unlinked crate `pdfrum`
[INFO] [stdout]    |
[INFO] [stdout]    = help: if you wanted to use a crate named `pdfrum`, use `cargo add pdfrum` to add it to your `Cargo.toml`
[INFO] [stdout] 
[INFO] [stdout] 
[INFO] [stdout] Some errors have detailed explanations: E0432, E0433.
[INFO] [stdout] 
[INFO] [stdout] For more information about an error, try `rustc --explain E0432`.
[INFO] [stdout] 
[INFO] [stderr] error: could not compile `pdfrum-edit` (test "annot_link_remote") due to 2 previous errors
[INFO] [stderr] warning: build failed, waiting for other jobs to finish...
[INFO] [stdout] error[E0432]: unresolved import `pdfrum`
[INFO] [stdout]   --> benches/save.rs:10:5
[INFO] [stdout]    |
[INFO] [stdout] 10 | use pdfrum::{Document, SaveOptions};
[INFO] [stdout]    |     ^^^^^^ use of unresolved module or unlinked crate `pdfrum`
[INFO] [stdout]    |
[INFO] [stdout]    = help: if you wanted to use a crate named `pdfrum`, use `cargo add pdfrum` to add it to your `Cargo.toml`
[INFO] [stdout] 
[INFO] [stdout] 
[INFO] [stdout] error[E0432]: unresolved import `pdfrum_corpus`
[INFO] [stdout]   --> benches/save.rs:11:5
[INFO] [stdout]    |
[INFO] [stdout] 11 | use pdfrum_corpus::{CORPUS, bytes};
[INFO] [stdout]    |     ^^^^^^^^^^^^^ use of unresolved module or unlinked crate `pdfrum_corpus`
[INFO] [stdout]    |
[INFO] [stdout] help: there is a crate or module with a similar name
[INFO] [stdout]    |
[INFO] [stdout] 11 - use pdfrum_corpus::{CORPUS, bytes};
[INFO] [stdout] 11 + use pdfrum_common::{CORPUS, bytes};
[INFO] [stdout]    |
[INFO] [stdout] 
[INFO] [stdout] 
[INFO] [stdout] error[E0432]: unresolved import `pdfrum`
[INFO] [stdout]   --> tests/annot_link_actions.rs:10:5
[INFO] [stdout]    |
[INFO] [stdout] 10 | use pdfrum::{
[INFO] [stdout]    |     ^^^^^^ use of unresolved module or unlinked crate `pdfrum`
[INFO] [stdout]    |
[INFO] [stdout]    = help: if you wanted to use a crate named `pdfrum`, use `cargo add pdfrum` to add it to your `Cargo.toml`
[INFO] [stdout] 
[INFO] [stdout] 
[INFO] [stdout] error[E0432]: unresolved import `pdfrum`
[INFO] [stdout]    --> tests/annot_link_actions.rs:278:9
[INFO] [stdout]     |
[INFO] [stdout] 278 |     use pdfrum::Resolve;
[INFO] [stdout]     |         ^^^^^^ use of unresolved module or unlinked crate `pdfrum`
[INFO] [stdout]     |
[INFO] [stdout]     = help: if you wanted to use a crate named `pdfrum`, use `cargo add pdfrum` to add it to your `Cargo.toml`
[INFO] [stdout] 
[INFO] [stdout] 
[INFO] [stdout] error[E0432]: unresolved import `pdfrum`
[INFO] [stdout]    --> tests/annot_link_actions.rs:387:9
[INFO] [stdout]     |
[INFO] [stdout] 387 |     use pdfrum::Resolve;
[INFO] [stdout]     |         ^^^^^^ use of unresolved module or unlinked crate `pdfrum`
[INFO] [stdout]     |
[INFO] [stdout]     = help: if you wanted to use a crate named `pdfrum`, use `cargo add pdfrum` to add it to your `Cargo.toml`
[INFO] [stdout] 
[INFO] [stdout] 
[INFO] [stdout] For more information about this error, try `rustc --explain E0432`.
[INFO] [stdout] 
[INFO] [stderr] error: could not compile `pdfrum-edit` (bench "save") due to 2 previous errors
[INFO] [stdout] error[E0432]: unresolved import `pdfrum`
[INFO] [stdout]   --> tests/canvas_paint.rs:22:9
[INFO] [stdout]    |
[INFO] [stdout] 22 |     use pdfrum::{RenderOptions, VelloCpuBackend};
[INFO] [stdout]    |         ^^^^^^ use of unresolved module or unlinked crate `pdfrum`
[INFO] [stdout]    |
[INFO] [stdout]    = help: if you wanted to use a crate named `pdfrum`, use `cargo add pdfrum` to add it to your `Cargo.toml`
[INFO] [stdout] 
[INFO] [stdout] 
[INFO] [stdout] error[E0432]: unresolved import `pdfrum`
[INFO] [stdout]  --> tests/annot_ap.rs:8:5
[INFO] [stdout]   |
[INFO] [stdout] 8 | use pdfrum::{
[INFO] [stdout]   |     ^^^^^^ use of unresolved module or unlinked crate `pdfrum`
[INFO] [stdout]   |
[INFO] [stdout]   = help: if you wanted to use a crate named `pdfrum`, use `cargo add pdfrum` to add it to your `Cargo.toml`
[INFO] [stdout] 
[INFO] [stdout] 
[INFO] [stdout] For more information about this error, try `rustc --explain E0432`.
[INFO] [stdout] 
[INFO] [stderr] error: could not compile `pdfrum-edit` (test "annot_ap") due to 1 previous error
[INFO] [stdout] error[E0433]: cannot find module or crate `pdfrum` in this scope
[INFO] [stdout]   --> tests/canvas_paint.rs:30:15
[INFO] [stdout]    |
[INFO] [stdout] 30 |     let doc = pdfrum::Document::from_bytes(out.clone()).expect("the file reopens");
[INFO] [stdout]    |               ^^^^^^ use of unresolved module or unlinked crate `pdfrum`
[INFO] [stdout]    |
[INFO] [stdout]    = help: if you wanted to use a crate named `pdfrum`, use `cargo add pdfrum` to add it to your `Cargo.toml`
[INFO] [stdout] help: consider importing this struct
[INFO] [stdout]    |
[INFO] [stdout]  9 + use pdfrum_parser::Document;
[INFO] [stdout]    |
[INFO] [stdout] help: if you import `Document`, refer to it directly
[INFO] [stdout]    |
[INFO] [stdout] 30 -     let doc = pdfrum::Document::from_bytes(out.clone()).expect("the file reopens");
[INFO] [stdout] 30 +     let doc = Document::from_bytes(out.clone()).expect("the file reopens");
[INFO] [stdout]    |
[INFO] [stdout] 
[INFO] [stdout] 
[INFO] [stdout] error[E0433]: cannot find module or crate `pdfrum` in this scope
[INFO] [stdout]   --> tests/annot_link_actions.rs:31:23
[INFO] [stdout]    |
[INFO] [stdout] 31 | fn save_reopen(edit: &pdfrum::DocEdit<'_>) -> Document {
[INFO] [stdout]    |                       ^^^^^^ use of unresolved module or unlinked crate `pdfrum`
[INFO] [stdout]    |
[INFO] [stdout]    = help: if you wanted to use a crate named `pdfrum`, use `cargo add pdfrum` to add it to your `Cargo.toml`
[INFO] [stdout] 
[INFO] [stdout] 
[INFO] [stdout] Some errors have detailed explanations: E0432, E0433.
[INFO] [stdout] 
[INFO] [stdout] For more information about an error, try `rustc --explain E0432`.
[INFO] [stdout] 
[INFO] [stderr] error: could not compile `pdfrum-edit` (test "annot_link_actions") due to 4 previous errors
[INFO] [stdout] error[E0433]: cannot find module or crate `pdfrum` in this scope
[INFO] [stdout]   --> tests/canvas_paint.rs:21:7
[INFO] [stdout]    |
[INFO] [stdout] 21 | ) -> (pdfrum::Pixmap, Vec<u8>) {
[INFO] [stdout]    |       ^^^^^^ use of unresolved module or unlinked crate `pdfrum`
[INFO] [stdout]    |
[INFO] [stdout]    = help: if you wanted to use a crate named `pdfrum`, use `cargo add pdfrum` to add it to your `Cargo.toml`
[INFO] [stdout] 
[INFO] [stdout] 
[INFO] [stdout] error[E0433]: cannot find module or crate `pdfrum` in this scope
[INFO] [stdout]   --> tests/canvas_paint.rs:41:17
[INFO] [stdout]    |
[INFO] [stdout] 41 | fn rgb(pixmap: &pdfrum::Pixmap, x: u32, y: u32) -> [u8; 3] {
[INFO] [stdout]    |                 ^^^^^^ use of unresolved module or unlinked crate `pdfrum`
[INFO] [stdout]    |
[INFO] [stdout]    = help: if you wanted to use a crate named `pdfrum`, use `cargo add pdfrum` to add it to your `Cargo.toml`
[INFO] [stdout] 
[INFO] [stdout] 
[INFO] [stdout] Some errors have detailed explanations: E0432, E0433.
[INFO] [stdout] 
[INFO] [stdout] For more information about an error, try `rustc --explain E0432`.
[INFO] [stdout] 
[INFO] [stderr] error: could not compile `pdfrum-edit` (test "canvas_paint") due to 4 previous errors
[INFO] running `Command { std: "docker" "inspect" "29b19c16820d199e0b71f05d6e41a9bda304b3d9b60c7689e109f92b36971d87", kill_on_drop: false }`
[INFO] running `Command { std: "docker" "rm" "-f" "29b19c16820d199e0b71f05d6e41a9bda304b3d9b60c7689e109f92b36971d87", kill_on_drop: false }`
[INFO] [stdout] 29b19c16820d199e0b71f05d6e41a9bda304b3d9b60c7689e109f92b36971d87
