[INFO] fetching crate pdfboss-write 2.13.1...
[INFO] checking pdfboss-write-2.13.1 against 3154cc1a3e6424e44f438a95007d043ed5ceaaf6+rustflags=-Znext-solver=coherence for pr-133502-30
[INFO] extracting crate pdfboss-write 2.13.1 into /workspace/builds/worker-5-tc1/source
[INFO] started tweaking crates.io crate pdfboss-write 2.13.1
[INFO] removed 0 missing tests
[INFO] finished tweaking crates.io crate pdfboss-write 2.13.1
[INFO] tweaked toml for crates.io crate pdfboss-write 2.13.1 written to /workspace/builds/worker-5-tc1/source/Cargo.toml
[INFO] validating manifest of crates.io crate pdfboss-write 2.13.1 on toolchain 3154cc1a3e6424e44f438a95007d043ed5ceaaf6
[INFO] running `Command { std: CARGO_HOME="/workspace/cargo-home" RUSTUP_HOME="/workspace/rustup-home" "/workspace/cargo-home/bin/cargo" "+3154cc1a3e6424e44f438a95007d043ed5ceaaf6" "metadata" "--manifest-path" "Cargo.toml" "--no-deps", kill_on_drop: false }`
[INFO] crate crates.io crate pdfboss-write 2.13.1 already has a lockfile, it will not be regenerated
[INFO] running `Command { std: CARGO_HOME="/workspace/cargo-home" RUSTUP_HOME="/workspace/rustup-home" "/workspace/cargo-home/bin/cargo" "+3154cc1a3e6424e44f438a95007d043ed5ceaaf6" "fetch" "--manifest-path" "Cargo.toml", kill_on_drop: false }`
[INFO] [stderr]     Updating crates.io index
[INFO] [stderr]  Downloading crates ...
[INFO] [stderr]   Downloaded fdeflate v0.3.7
[INFO] [stderr]   Downloaded png v0.18.1
[INFO] [stderr]   Downloaded pdfboss-icc v2.13.1
[INFO] [stderr]   Downloaded unicode-bidi v0.3.18
[INFO] [stderr]   Downloaded pdfboss-encoding v2.13.1
[INFO] [stderr]   Downloaded pdfboss-text v2.13.1
[INFO] [stderr]   Downloaded pdfboss-output v2.13.1
[INFO] [stderr]   Downloaded pdfboss-jpx v2.13.1
[INFO] [stderr]   Downloaded jpeg-decoder v0.3.2
[INFO] [stderr]   Downloaded pdfboss-core v2.13.1
[INFO] [stderr]   Downloaded pdfboss-render v2.13.1
[INFO] running `Command { std: "docker" "create" "-v" "/var/lib/crater-agent-workspace/builds/worker-5-tc1/source:/opt/rustwide/workdir:ro,Z" "-v" "/var/lib/crater-agent-workspace/builds/worker-5-tc1/target:/opt/rustwide/target:rw,Z" "-v" "/var/lib/crater-agent-workspace/cargo-home:/opt/rustwide/cargo-home:ro,Z" "-v" "/var/lib/crater-agent-workspace/rustup-home:/opt/rustwide/rustup-home:ro,Z" "-m" "1610612736" "--network" "none" "ghcr.io/rust-lang/crates-build-env/linux@sha256:77db811e55d90add9212f6832c23229e3de5f1c1f9905e8cb07319ea15df73ac" "sleep" "infinity", kill_on_drop: false }`
[INFO] [stdout] 253f0ecded682e3b7145f9aab312263051fbb1e12840243316c90dbf800be9cb
[INFO] running `Command { std: "docker" "start" "253f0ecded682e3b7145f9aab312263051fbb1e12840243316c90dbf800be9cb", kill_on_drop: false }`
[INFO] running `Command { std: "docker" "inspect" "253f0ecded682e3b7145f9aab312263051fbb1e12840243316c90dbf800be9cb", kill_on_drop: false }`
[INFO] running `Command { std: "docker" "exec" "-e" "SOURCE_DIR=/opt/rustwide/workdir" "-e" "CARGO_HOME=/opt/rustwide/cargo-home" "-e" "RUSTUP_HOME=/opt/rustwide/rustup-home" "-e" "CARGO_TARGET_DIR=/opt/rustwide/target" "-w" "/opt/rustwide/workdir" "--user" "0:0" "253f0ecded682e3b7145f9aab312263051fbb1e12840243316c90dbf800be9cb" "/opt/rustwide/cargo-home/bin/cargo" "+3154cc1a3e6424e44f438a95007d043ed5ceaaf6" "metadata" "--no-deps" "--format-version=1", kill_on_drop: false }`
[INFO] running `Command { std: "docker" "inspect" "253f0ecded682e3b7145f9aab312263051fbb1e12840243316c90dbf800be9cb", kill_on_drop: false }`
[INFO] running `Command { std: "docker" "exec" "-e" "SOURCE_DIR=/opt/rustwide/workdir" "-e" "CARGO_HOME=/opt/rustwide/cargo-home" "-e" "RUSTUP_HOME=/opt/rustwide/rustup-home" "-e" "CARGO_TARGET_DIR=/opt/rustwide/target" "-e" "CARGO_INCREMENTAL=0" "-e" "RUST_BACKTRACE=full" "-e" "RUSTFLAGS=--cap-lints=forbid -Znext-solver=coherence" "-e" "RUSTDOCFLAGS=--cap-lints=forbid" "-w" "/opt/rustwide/workdir" "--user" "0:0" "253f0ecded682e3b7145f9aab312263051fbb1e12840243316c90dbf800be9cb" "/opt/rustwide/cargo-home/bin/cargo" "+3154cc1a3e6424e44f438a95007d043ed5ceaaf6" "check" "--frozen" "--all" "--all-targets" "--message-format=json", kill_on_drop: false }`
[INFO] [stderr]    Compiling proc-macro2 v1.0.107
[INFO] [stderr]    Compiling quote v1.0.47
[INFO] [stderr]    Compiling unicode-ident v1.0.26
[INFO] [stderr]     Checking simd-adler32 v0.3.10
[INFO] [stderr]     Checking cfg-if v1.0.5
[INFO] [stderr]    Compiling crc32fast v1.5.2
[INFO] [stderr]    Compiling libc v0.2.189
[INFO] [stderr]    Compiling crossbeam-utils v0.8.23
[INFO] [stderr]    Compiling thiserror v2.0.21
[INFO] [stderr]    Compiling getrandom v0.4.3
[INFO] [stderr]     Checking miniz_oxide v0.9.1
[INFO] [stderr]    Compiling crossbeam-epoch v0.9.21
[INFO] [stderr]     Checking zlib-rs v0.6.8
[INFO] [stderr]    Compiling crossbeam-deque v0.8.8
[INFO] [stderr]     Checking memchr v2.8.3
[INFO] [stderr]    Compiling rayon-core v1.13.0
[INFO] [stderr]     Checking pdfboss-encoding v2.13.1
[INFO] [stderr]    Compiling serde_core v1.0.229
[INFO] [stderr]     Checking fdeflate v0.3.7
[INFO] [stderr]     Checking miniz_oxide v0.8.9
[INFO] [stderr]     Checking bitflags v2.13.2
[INFO] [stderr]     Checking either v1.18.0
[INFO] [stderr]    Compiling syn v3.0.6
[INFO] [stderr]    Compiling serde v1.0.229
[INFO] [stderr]     Checking pdfboss-icc v2.13.1
[INFO] [stderr]     Checking unicode-bidi v0.3.18
[INFO] [stderr]     Checking pdfboss-jpx v2.13.1
[INFO] [stderr]     Checking flate2 v1.1.10
[INFO] [stderr]     Checking rayon v1.12.0
[INFO] [stderr]     Checking png v0.18.1
[INFO] [stderr]    Compiling thiserror-impl v2.0.21
[INFO] [stderr]    Compiling serde_derive v1.0.229
[INFO] [stderr]     Checking jpeg-decoder v0.3.2
[INFO] [stderr]     Checking pdfboss-core v2.13.1
[INFO] [stderr]     Checking pdfboss-text v2.13.1
[INFO] [stderr]     Checking pdfboss-render v2.13.1
[INFO] [stderr]     Checking pdfboss-write v2.13.1 (/opt/rustwide/workdir)
[INFO] [stderr]     Checking pdfboss-output v2.13.1
[INFO] [stdout] error[E0433]: cannot find module or crate `pdfboss_testkit` in this scope
[INFO] [stdout]    --> tests/update_append.rs:244:23
[INFO] [stdout]     |
[INFO] [stdout] 244 |     let mut builder = pdfboss_testkit::PdfBuilder::new().trailer_extra("/Encrypt null");
[INFO] [stdout]     |                       ^^^^^^^^^^^^^^^ use of unresolved module or unlinked crate `pdfboss_testkit`
[INFO] [stdout]     |
[INFO] [stdout] help: there is a crate or module with a similar name
[INFO] [stdout]     |
[INFO] [stdout] 244 -     let mut builder = pdfboss_testkit::PdfBuilder::new().trailer_extra("/Encrypt null");
[INFO] [stdout] 244 +     let mut builder = pdfboss_text::PdfBuilder::new().trailer_extra("/Encrypt null");
[INFO] [stdout]     |
[INFO] [stdout] 
[INFO] [stdout] 
[INFO] [stdout] error[E0432]: unresolved import `pdfboss_testkit`
[INFO] [stdout]   --> tests/encrypt.rs:15:5
[INFO] [stdout]    |
[INFO] [stdout] 15 | use pdfboss_testkit::PdfBuilder;
[INFO] [stdout]    |     ^^^^^^^^^^^^^^^ use of unresolved module or unlinked crate `pdfboss_testkit`
[INFO] [stdout]    |
[INFO] [stdout] help: there is a crate or module with a similar name
[INFO] [stdout]    |
[INFO] [stdout] 15 - use pdfboss_testkit::PdfBuilder;
[INFO] [stdout] 15 + use pdfboss_text::PdfBuilder;
[INFO] [stdout]    |
[INFO] [stdout] 
[INFO] [stdout] 
[INFO] [stdout] error[E0432]: unresolved import `pdfboss_testkit`
[INFO] [stdout]  --> tests/importer.rs:6:5
[INFO] [stdout]   |
[INFO] [stdout] 6 | use pdfboss_testkit::{encrypted_rc4_doc, multi_page_doc, simple_doc, PdfBuilder};
[INFO] [stdout]   |     ^^^^^^^^^^^^^^^ use of unresolved module or unlinked crate `pdfboss_testkit`
[INFO] [stdout]   |
[INFO] [stdout] help: there is a crate or module with a similar name
[INFO] [stdout]   |
[INFO] [stdout] 6 - use pdfboss_testkit::{encrypted_rc4_doc, multi_page_doc, simple_doc, PdfBuilder};
[INFO] [stdout] 6 + use pdfboss_text::{encrypted_rc4_doc, multi_page_doc, simple_doc, PdfBuilder};
[INFO] [stdout]   |
[INFO] [stdout] 
[INFO] [stdout] 
[INFO] [stdout] error[E0433]: cannot find module or crate `pdfboss_testkit` in this scope
[INFO] [stdout]    --> tests/update_append.rs:969:17
[INFO] [stdout]     |
[INFO] [stdout] 969 |     let mut b = pdfboss_testkit::PdfBuilder::new();
[INFO] [stdout]     |                 ^^^^^^^^^^^^^^^ use of unresolved module or unlinked crate `pdfboss_testkit`
[INFO] [stdout]     |
[INFO] [stdout] help: there is a crate or module with a similar name
[INFO] [stdout]     |
[INFO] [stdout] 969 -     let mut b = pdfboss_testkit::PdfBuilder::new();
[INFO] [stdout] 969 +     let mut b = pdfboss_text::PdfBuilder::new();
[INFO] [stdout]     |
[INFO] [stdout] 
[INFO] [stdout] 
[INFO] [stdout] error[E0433]: cannot find module or crate `pdfboss_testkit` in this scope
[INFO] [stdout]    --> tests/update_append.rs:233:17
[INFO] [stdout]     |
[INFO] [stdout] 233 |     let bytes = pdfboss_testkit::encrypted_rc4_doc("secret");
[INFO] [stdout]     |                 ^^^^^^^^^^^^^^^ use of unresolved module or unlinked crate `pdfboss_testkit`
[INFO] [stdout]     |
[INFO] [stdout] help: there is a crate or module with a similar name
[INFO] [stdout]     |
[INFO] [stdout] 233 -     let bytes = pdfboss_testkit::encrypted_rc4_doc("secret");
[INFO] [stdout] 233 +     let bytes = pdfboss_text::encrypted_rc4_doc("secret");
[INFO] [stdout]     |
[INFO] [stdout] 
[INFO] [stdout] 
[INFO] [stdout] error[E0433]: cannot find module or crate `pdfboss_testkit` in this scope
[INFO] [stdout]    --> tests/update_append.rs:262:17
[INFO] [stdout]     |
[INFO] [stdout] 262 |     let bytes = pdfboss_testkit::hybrid_doc();
[INFO] [stdout]     |                 ^^^^^^^^^^^^^^^ use of unresolved module or unlinked crate `pdfboss_testkit`
[INFO] [stdout]     |
[INFO] [stdout] help: there is a crate or module with a similar name
[INFO] [stdout]     |
[INFO] [stdout] 262 -     let bytes = pdfboss_testkit::hybrid_doc();
[INFO] [stdout] 262 +     let bytes = pdfboss_text::hybrid_doc();
[INFO] [stdout]     |
[INFO] [stdout] 
[INFO] [stdout] 
[INFO] [stdout] For more information about this error, try `rustc --explain E0432`.
[INFO] [stdout] 
[INFO] [stderr] error: could not compile `pdfboss-write` (test "importer") due to 1 previous error
[INFO] [stderr] warning: build failed, waiting for other jobs to finish...
[INFO] [stdout] error[E0432]: unresolved import `pdfboss_testkit`
[INFO] [stdout]    --> src/assemble.rs:338:9
[INFO] [stdout]     |
[INFO] [stdout] 338 |     use pdfboss_testkit::{encrypted_rc4_doc, multi_page_doc, PdfBuilder};
[INFO] [stdout]     |         ^^^^^^^^^^^^^^^ use of unresolved module or unlinked crate `pdfboss_testkit`
[INFO] [stdout]     |
[INFO] [stdout] help: there is a crate or module with a similar name
[INFO] [stdout]     |
[INFO] [stdout] 338 -     use pdfboss_testkit::{encrypted_rc4_doc, multi_page_doc, PdfBuilder};
[INFO] [stdout] 338 +     use pdfboss_text::{encrypted_rc4_doc, multi_page_doc, PdfBuilder};
[INFO] [stdout]     |
[INFO] [stdout] 
[INFO] [stdout] 
[INFO] [stdout] For more information about this error, try `rustc --explain E0433`.
[INFO] [stdout] 
[INFO] [stdout] For more information about this error, try `rustc --explain E0432`.
[INFO] [stdout] 
[INFO] [stderr] error: could not compile `pdfboss-write` (test "update_append") due to 4 previous errors
[INFO] [stderr] error: could not compile `pdfboss-write` (test "encrypt") due to 1 previous error
[INFO] [stdout] For more information about this error, try `rustc --explain E0432`.
[INFO] [stdout] 
[INFO] [stderr] error: could not compile `pdfboss-write` (lib test) due to 1 previous error
[INFO] running `Command { std: "docker" "inspect" "253f0ecded682e3b7145f9aab312263051fbb1e12840243316c90dbf800be9cb", kill_on_drop: false }`
[INFO] running `Command { std: "docker" "rm" "-f" "253f0ecded682e3b7145f9aab312263051fbb1e12840243316c90dbf800be9cb", kill_on_drop: false }`
[INFO] [stdout] 253f0ecded682e3b7145f9aab312263051fbb1e12840243316c90dbf800be9cb
