[INFO] fetching crate pdfboss-output 2.13.1...
[INFO] checking pdfboss-output-2.13.1 against 3154cc1a3e6424e44f438a95007d043ed5ceaaf6 for pr-133502-30
[INFO] extracting crate pdfboss-output 2.13.1 into /workspace/builds/worker-7-tc2/source
[INFO] started tweaking crates.io crate pdfboss-output 2.13.1
[INFO] finished tweaking crates.io crate pdfboss-output 2.13.1
[INFO] tweaked toml for crates.io crate pdfboss-output 2.13.1 written to /workspace/builds/worker-7-tc2/source/Cargo.toml
[INFO] validating manifest of crates.io crate pdfboss-output 2.13.1 on toolchain 3154cc1a3e6424e44f438a95007d043ed5ceaaf6
[INFO] running `Command { std: CARGO_HOME="/workspace/cargo-home" RUSTUP_HOME="/workspace/rustup-home" "/workspace/cargo-home/bin/cargo" "+3154cc1a3e6424e44f438a95007d043ed5ceaaf6" "metadata" "--manifest-path" "Cargo.toml" "--no-deps", kill_on_drop: false }`
[INFO] crate crates.io crate pdfboss-output 2.13.1 already has a lockfile, it will not be regenerated
[INFO] running `Command { std: CARGO_HOME="/workspace/cargo-home" RUSTUP_HOME="/workspace/rustup-home" "/workspace/cargo-home/bin/cargo" "+3154cc1a3e6424e44f438a95007d043ed5ceaaf6" "fetch" "--manifest-path" "Cargo.toml", kill_on_drop: false }`
[INFO] running `Command { std: "docker" "create" "-v" "/var/lib/crater-agent-workspace/builds/worker-7-tc2/source:/opt/rustwide/workdir:ro,Z" "-v" "/var/lib/crater-agent-workspace/builds/worker-7-tc2/target:/opt/rustwide/target:rw,Z" "-v" "/var/lib/crater-agent-workspace/cargo-home:/opt/rustwide/cargo-home:ro,Z" "-v" "/var/lib/crater-agent-workspace/rustup-home:/opt/rustwide/rustup-home:ro,Z" "-m" "1610612736" "--network" "none" "ghcr.io/rust-lang/crates-build-env/linux@sha256:77db811e55d90add9212f6832c23229e3de5f1c1f9905e8cb07319ea15df73ac" "sleep" "infinity", kill_on_drop: false }`
[INFO] [stdout] 8a017a8add3451eff99aa3aad7e1aa41929f3183bec33088eb1ddd129d3b829b
[INFO] running `Command { std: "docker" "start" "8a017a8add3451eff99aa3aad7e1aa41929f3183bec33088eb1ddd129d3b829b", kill_on_drop: false }`
[INFO] running `Command { std: "docker" "inspect" "8a017a8add3451eff99aa3aad7e1aa41929f3183bec33088eb1ddd129d3b829b", kill_on_drop: false }`
[INFO] running `Command { std: "docker" "exec" "-e" "SOURCE_DIR=/opt/rustwide/workdir" "-e" "CARGO_HOME=/opt/rustwide/cargo-home" "-e" "RUSTUP_HOME=/opt/rustwide/rustup-home" "-e" "CARGO_TARGET_DIR=/opt/rustwide/target" "-w" "/opt/rustwide/workdir" "--user" "0:0" "8a017a8add3451eff99aa3aad7e1aa41929f3183bec33088eb1ddd129d3b829b" "/opt/rustwide/cargo-home/bin/cargo" "+3154cc1a3e6424e44f438a95007d043ed5ceaaf6" "metadata" "--no-deps" "--format-version=1", kill_on_drop: false }`
[INFO] running `Command { std: "docker" "inspect" "8a017a8add3451eff99aa3aad7e1aa41929f3183bec33088eb1ddd129d3b829b", kill_on_drop: false }`
[INFO] running `Command { std: "docker" "exec" "-e" "SOURCE_DIR=/opt/rustwide/workdir" "-e" "CARGO_HOME=/opt/rustwide/cargo-home" "-e" "RUSTUP_HOME=/opt/rustwide/rustup-home" "-e" "CARGO_TARGET_DIR=/opt/rustwide/target" "-e" "CARGO_INCREMENTAL=0" "-e" "RUST_BACKTRACE=full" "-e" "RUSTFLAGS=--cap-lints=forbid" "-e" "RUSTDOCFLAGS=--cap-lints=forbid" "-w" "/opt/rustwide/workdir" "--user" "0:0" "8a017a8add3451eff99aa3aad7e1aa41929f3183bec33088eb1ddd129d3b829b" "/opt/rustwide/cargo-home/bin/cargo" "+3154cc1a3e6424e44f438a95007d043ed5ceaaf6" "check" "--frozen" "--all" "--all-targets" "--message-format=json", kill_on_drop: false }`
[INFO] [stderr]    Compiling proc-macro2 v1.0.107
[INFO] [stderr]    Compiling unicode-ident v1.0.26
[INFO] [stderr]    Compiling quote v1.0.47
[INFO] [stderr]    Compiling libc v0.2.189
[INFO] [stderr]     Checking cfg-if v1.0.5
[INFO] [stderr]    Compiling serde_core v1.0.229
[INFO] [stderr]    Compiling serde v1.0.229
[INFO] [stderr]     Checking memchr v2.8.3
[INFO] [stderr]    Compiling zerocopy v0.8.57
[INFO] [stderr]    Compiling shlex v2.0.1
[INFO] [stderr]    Compiling thiserror v2.0.21
[INFO] [stderr]    Compiling find-msvc-tools v0.1.12
[INFO] [stderr]    Compiling getrandom v0.4.3
[INFO] [stderr]    Compiling zmij v1.0.23
[INFO] [stderr]    Compiling cc v1.4.6
[INFO] [stderr]     Checking zlib-rs v0.6.8
[INFO] [stderr]    Compiling serde_json v1.0.151
[INFO] [stderr]    Compiling num-traits v0.2.19
[INFO] [stderr]     Checking either v1.18.0
[INFO] [stderr]     Checking clap_lex v1.1.1
[INFO] [stderr]     Checking regex-syntax v0.8.11
[INFO] [stderr]     Checking ciborium-io v0.2.2
[INFO] [stderr]     Checking clap_builder v4.6.7
[INFO] [stderr]     Checking itertools v0.13.0
[INFO] [stderr]    Compiling syn v3.0.6
[INFO] [stderr]    Compiling syn v2.0.119
[INFO] [stderr]     Checking flate2 v1.1.10
[INFO] [stderr]     Checking regex-automata v0.4.18
[INFO] [stderr]    Compiling alloca v0.4.0
[INFO] [stderr]     Checking pdfboss-encoding v2.13.1
[INFO] [stderr]     Checking same-file v1.0.6
[INFO] [stderr]     Checking cast v0.3.0
[INFO] [stderr]     Checking walkdir v2.5.0
[INFO] [stderr]     Checking clap v4.6.7
[INFO] [stderr]     Checking page_size v0.6.0
[INFO] [stderr]     Checking oorandom v11.1.5
[INFO] [stderr]     Checking anes v0.1.6
[INFO] [stderr]     Checking unicode-bidi v0.3.18
[INFO] [stderr]     Checking criterion-plot v0.8.2
[INFO] [stderr]     Checking regex v1.13.1
[INFO] [stderr]    Compiling serde_derive v1.0.229
[INFO] [stderr]    Compiling thiserror-impl v2.0.21
[INFO] [stderr]     Checking pdfboss-core v2.13.1
[INFO] [stderr]    Compiling zerocopy-derive v0.8.57
[INFO] [stderr]     Checking tinytemplate v1.2.1
[INFO] [stderr]     Checking pdfboss-text v2.13.1
[INFO] [stderr]     Checking pdfboss-output v2.13.1 (/opt/rustwide/workdir)
[INFO] [stderr]     Checking half v2.7.1
[INFO] [stderr]     Checking ciborium-ll v0.2.2
[INFO] [stderr]     Checking ciborium v0.2.2
[INFO] [stderr]     Checking criterion v0.8.2
[INFO] [stdout] error[E0432]: unresolved import `pdfboss_testkit`
[INFO] [stdout]   --> benches/extract.rs:10:5
[INFO] [stdout]    |
[INFO] [stdout] 10 | use pdfboss_testkit::doc_with_graphics;
[INFO] [stdout]    |     ^^^^^^^^^^^^^^^ use of unresolved module or unlinked crate `pdfboss_testkit`
[INFO] [stdout]    |
[INFO] [stdout] help: there is a crate or module with a similar name
[INFO] [stdout]    |
[INFO] [stdout] 10 - use pdfboss_testkit::doc_with_graphics;
[INFO] [stdout] 10 + use pdfboss_text::doc_with_graphics;
[INFO] [stdout]    |
[INFO] [stdout] 
[INFO] [stdout] 
[INFO] [stdout] error[E0432]: unresolved import `pdfboss_testkit`
[INFO] [stdout]     --> src/structure.rs:6049:9
[INFO] [stdout]      |
[INFO] [stdout] 6049 |     use pdfboss_testkit::doc_with_graphics;
[INFO] [stdout]      |         ^^^^^^^^^^^^^^^ use of unresolved module or unlinked crate `pdfboss_testkit`
[INFO] [stdout]      |
[INFO] [stdout] help: there is a crate or module with a similar name
[INFO] [stdout]      |
[INFO] [stdout] 6049 -     use pdfboss_testkit::doc_with_graphics;
[INFO] [stdout] 6049 +     use pdfboss_text::doc_with_graphics;
[INFO] [stdout]      |
[INFO] [stdout] 
[INFO] [stdout] 
[INFO] [stdout] error[E0432]: unresolved import `pdfboss_testkit`
[INFO] [stdout]    --> src/lib.rs:422:9
[INFO] [stdout]     |
[INFO] [stdout] 422 |     use pdfboss_testkit::{
[INFO] [stdout]     |         ^^^^^^^^^^^^^^^ use of unresolved module or unlinked crate `pdfboss_testkit`
[INFO] [stdout]     |
[INFO] [stdout] help: there is a crate or module with a similar name
[INFO] [stdout]     |
[INFO] [stdout] 422 -     use pdfboss_testkit::{
[INFO] [stdout] 422 +     use pdfboss_text::{
[INFO] [stdout]     |
[INFO] [stdout] 
[INFO] [stdout] 
[INFO] [stdout] For more information about this error, try `rustc --explain E0432`.
[INFO] [stdout] 
[INFO] [stderr] error: could not compile `pdfboss-output` (bench "extract") due to 1 previous error
[INFO] [stderr] warning: build failed, waiting for other jobs to finish...
[INFO] [stdout] For more information about this error, try `rustc --explain E0432`.
[INFO] [stdout] 
[INFO] [stderr] error: could not compile `pdfboss-output` (lib test) due to 2 previous errors
[INFO] running `Command { std: "docker" "inspect" "8a017a8add3451eff99aa3aad7e1aa41929f3183bec33088eb1ddd129d3b829b", kill_on_drop: false }`
[INFO] running `Command { std: "docker" "rm" "-f" "8a017a8add3451eff99aa3aad7e1aa41929f3183bec33088eb1ddd129d3b829b", kill_on_drop: false }`
[INFO] [stdout] 8a017a8add3451eff99aa3aad7e1aa41929f3183bec33088eb1ddd129d3b829b
