[INFO] fetching crate pdf_signer 0.3.2...
[INFO] checking pdf_signer-0.3.2 against 3154cc1a3e6424e44f438a95007d043ed5ceaaf6+rustflags=-Znext-solver=coherence for pr-133502-30
[INFO] extracting crate pdf_signer 0.3.2 into /workspace/builds/worker-3-tc1/source
[INFO] started tweaking crates.io crate pdf_signer 0.3.2
[INFO] removed 0 missing examples
[INFO] removed 0 missing tests
[INFO] finished tweaking crates.io crate pdf_signer 0.3.2
[INFO] tweaked toml for crates.io crate pdf_signer 0.3.2 written to /workspace/builds/worker-3-tc1/source/Cargo.toml
[INFO] validating manifest of crates.io crate pdf_signer 0.3.2 on toolchain 3154cc1a3e6424e44f438a95007d043ed5ceaaf6
[INFO] running `Command { std: CARGO_HOME="/workspace/cargo-home" RUSTUP_HOME="/workspace/rustup-home" "/workspace/cargo-home/bin/cargo" "+3154cc1a3e6424e44f438a95007d043ed5ceaaf6" "metadata" "--manifest-path" "Cargo.toml" "--no-deps", kill_on_drop: false }`
[INFO] crate crates.io crate pdf_signer 0.3.2 already has a lockfile, it will not be regenerated
[INFO] running `Command { std: CARGO_HOME="/workspace/cargo-home" RUSTUP_HOME="/workspace/rustup-home" "/workspace/cargo-home/bin/cargo" "+3154cc1a3e6424e44f438a95007d043ed5ceaaf6" "fetch" "--manifest-path" "Cargo.toml", kill_on_drop: false }`
[INFO] [stderr]     Blocking waiting for file lock on package cache
[INFO] [stderr]     Updating crates.io index
[INFO] [stderr]     Blocking waiting for file lock on package cache
[INFO] [stderr]  Downloading crates ...
[INFO] [stderr]   Downloaded flagset v0.4.7
[INFO] [stderr]   Downloaded x509-ocsp v0.2.1
[INFO] [stderr]   Downloaded tls_codec_derive v0.4.2
[INFO] [stderr]   Downloaded tls_codec v0.4.2
[INFO] [stderr]   Downloaded x509-cert v0.2.5
[INFO] [stderr]   Downloaded ecb v0.1.2
[INFO] [stderr]   Downloaded asn1-rs-derive v0.6.0
[INFO] [stderr]   Downloaded rc2 v0.8.1
[INFO] [stderr]   Downloaded oid-registry v0.8.1
[INFO] [stderr]   Downloaded nom_locate v5.0.0
[INFO] [stderr]   Downloaded crossbeam-deque v0.8.6
[INFO] [stderr]   Downloaded time-macros v0.2.29
[INFO] [stderr]   Downloaded des v0.8.1
[INFO] [stderr]   Downloaded crossbeam-epoch v0.9.18
[INFO] [stderr]   Downloaded p12-keystore v0.1.5
[INFO] [stderr]   Downloaded clap_derive v4.6.1
[INFO] [stderr]   Downloaded pkcs5 v0.7.1
[INFO] [stderr]   Downloaded jiff-tzdb v0.1.6
[INFO] [stderr]   Downloaded clap v4.6.1
[INFO] [stderr]   Downloaded pkcs12 v0.1.0
[INFO] [stderr]   Downloaded jiff-static v0.2.28
[INFO] [stderr]   Downloaded x509-parser v0.17.0
[INFO] [stderr]   Downloaded der-parser v10.0.0
[INFO] [stderr]   Downloaded asn1-rs v0.7.2
[INFO] [stderr]   Downloaded p384 v0.13.1
[INFO] [stderr]   Downloaded cms v0.2.3
[INFO] [stderr]   Downloaded clap_builder v4.6.0
[INFO] [stderr]   Downloaded time v0.3.49
[INFO] [stderr]   Downloaded jiff v0.2.28
[INFO] [stderr]   Downloaded lopdf v0.36.0
[INFO] running `Command { std: "docker" "create" "-v" "/var/lib/crater-agent-workspace/builds/worker-3-tc1/source:/opt/rustwide/workdir:ro,Z" "-v" "/var/lib/crater-agent-workspace/builds/worker-3-tc1/target:/opt/rustwide/target:rw,Z" "-v" "/var/lib/crater-agent-workspace/cargo-home:/opt/rustwide/cargo-home:ro,Z" "-v" "/var/lib/crater-agent-workspace/rustup-home:/opt/rustwide/rustup-home:ro,Z" "-m" "1610612736" "--network" "none" "ghcr.io/rust-lang/crates-build-env/linux@sha256:77db811e55d90add9212f6832c23229e3de5f1c1f9905e8cb07319ea15df73ac" "sleep" "infinity", kill_on_drop: false }`
[INFO] [stdout] 985feedc9a942cda06aba2f254a0715945e2130be28aaa5384f9c0eeb37ca846
[INFO] running `Command { std: "docker" "start" "985feedc9a942cda06aba2f254a0715945e2130be28aaa5384f9c0eeb37ca846", kill_on_drop: false }`
[INFO] running `Command { std: "docker" "inspect" "985feedc9a942cda06aba2f254a0715945e2130be28aaa5384f9c0eeb37ca846", kill_on_drop: false }`
[INFO] running `Command { std: "docker" "exec" "-e" "SOURCE_DIR=/opt/rustwide/workdir" "-e" "CARGO_HOME=/opt/rustwide/cargo-home" "-e" "RUSTUP_HOME=/opt/rustwide/rustup-home" "-e" "CARGO_TARGET_DIR=/opt/rustwide/target" "-w" "/opt/rustwide/workdir" "--user" "0:0" "985feedc9a942cda06aba2f254a0715945e2130be28aaa5384f9c0eeb37ca846" "/opt/rustwide/cargo-home/bin/cargo" "+3154cc1a3e6424e44f438a95007d043ed5ceaaf6" "metadata" "--no-deps" "--format-version=1", kill_on_drop: false }`
[INFO] running `Command { std: "docker" "inspect" "985feedc9a942cda06aba2f254a0715945e2130be28aaa5384f9c0eeb37ca846", kill_on_drop: false }`
[INFO] running `Command { std: "docker" "exec" "-e" "SOURCE_DIR=/opt/rustwide/workdir" "-e" "CARGO_HOME=/opt/rustwide/cargo-home" "-e" "RUSTUP_HOME=/opt/rustwide/rustup-home" "-e" "CARGO_TARGET_DIR=/opt/rustwide/target" "-e" "CARGO_INCREMENTAL=0" "-e" "RUST_BACKTRACE=full" "-e" "RUSTFLAGS=--cap-lints=forbid -Znext-solver=coherence" "-e" "RUSTDOCFLAGS=--cap-lints=forbid" "-w" "/opt/rustwide/workdir" "--user" "0:0" "985feedc9a942cda06aba2f254a0715945e2130be28aaa5384f9c0eeb37ca846" "/opt/rustwide/cargo-home/bin/cargo" "+3154cc1a3e6424e44f438a95007d043ed5ceaaf6" "check" "--frozen" "--all" "--all-targets" "--message-format=json", kill_on_drop: false }`
[INFO] [stderr]    Compiling libc v0.2.186
[INFO] [stderr]     Checking zeroize v1.9.0
[INFO] [stderr]     Checking typenum v1.20.1
[INFO] [stderr]    Compiling proc-macro2 v1.0.106
[INFO] [stderr]    Compiling quote v1.0.45
[INFO] [stderr]     Checking const-oid v0.9.6
[INFO] [stderr]     Checking subtle v2.6.1
[INFO] [stderr]     Checking base64ct v1.8.3
[INFO] [stderr]     Checking flagset v0.4.7
[INFO] [stderr]    Compiling zerocopy v0.8.52
[INFO] [stderr]     Checking memchr v2.8.2
[INFO] [stderr]    Compiling num-traits v0.2.19
[INFO] [stderr]    Compiling time-core v0.1.9
[INFO] [stderr]    Compiling num-conv v0.2.2
[INFO] [stderr]     Checking spin v0.9.8
[INFO] [stderr]     Checking deranged v0.5.8
[INFO] [stderr]    Compiling getrandom v0.3.4
[INFO] [stderr]     Checking lazy_static v1.5.0
[INFO] [stderr]    Compiling num-bigint-dig v0.8.6
[INFO] [stderr]     Checking smallvec v1.15.2
[INFO] [stderr]     Checking pem-rfc7468 v0.7.0
[INFO] [stderr]    Compiling crc32fast v1.5.0
[INFO] [stderr]     Checking simd-adler32 v0.3.9
[INFO] [stderr]     Checking crossbeam-epoch v0.9.18
[INFO] [stderr]     Checking keccak v0.1.6
[INFO] [stderr]    Compiling oid-registry v0.8.1
[INFO] [stderr]     Checking adler2 v2.0.1
[INFO] [stderr]    Compiling time-macros v0.2.29
[INFO] [stderr]     Checking miniz_oxide v0.8.9
[INFO] [stderr]     Checking crossbeam-deque v0.8.6
[INFO] [stderr]    Compiling curve25519-dalek v4.1.3
[INFO] [stderr]     Checking unicode-normalization v0.1.25
[INFO] [stderr]     Checking bytecount v0.6.9
[INFO] [stderr]     Checking iana-time-zone v0.1.65
[INFO] [stderr]     Checking hashbrown v0.17.1
[INFO] [stderr]     Checking unicode-bidi v0.3.18
[INFO] [stderr]     Checking generic-array v0.14.7
[INFO] [stderr]     Checking rayon-core v1.13.0
[INFO] [stderr]    Compiling syn v2.0.117
[INFO] [stderr]     Checking nom v7.1.3
[INFO] [stderr]     Checking nom v8.0.0
[INFO] [stderr]     Checking block-buffer v0.10.4
[INFO] [stderr]     Checking block-padding v0.3.3
[INFO] [stderr]     Checking flate2 v1.1.9
[INFO] [stderr]     Checking unicode-properties v0.1.4
[INFO] [stderr]     Checking inout v0.1.4
[INFO] [stderr]     Checking bitflags v2.13.0
[INFO] [stderr]     Checking either v1.16.0
[INFO] [stderr]     Checking fdeflate v0.3.7
[INFO] [stderr]     Checking encoding_rs v0.8.35
[INFO] [stderr]     Checking stringprep v0.1.5
[INFO] [stderr]     Checking jiff v0.2.28
[INFO] [stderr]     Checking hex v0.4.3
[INFO] [stderr]     Checking getrandom v0.2.17
[INFO] [stderr]     Checking num-integer v0.1.46
[INFO] [stderr]     Checking chrono v0.4.45
[INFO] [stderr]     Checking indexmap v2.14.0
[INFO] [stderr]     Checking rand_core v0.6.4
[INFO] [stderr]     Checking rayon v1.12.0
[INFO] [stderr]     Checking num-iter v0.1.45
[INFO] [stderr]     Checking rand_core v0.9.5
[INFO] [stderr]     Checking num-bigint v0.4.6
[INFO] [stderr]     Checking log v0.4.32
[INFO] [stderr]     Checking crypto-common v0.1.7
[INFO] [stderr]     Checking ff v0.13.1
[INFO] [stderr]     Checking crypto-bigint v0.5.5
[INFO] [stderr]     Checking weezl v0.1.12
[INFO] [stderr]     Checking group v0.13.0
[INFO] [stderr]     Checking cipher v0.4.4
[INFO] [stderr]     Checking digest v0.10.7
[INFO] [stderr]     Checking rangemap v1.7.1
[INFO] [stderr]     Checking png v0.18.1
[INFO] [stderr]     Checking time v0.3.49
[INFO] [stderr]     Checking cbc v0.1.2
[INFO] [stderr]     Checking aes v0.8.4
[INFO] [stderr]     Checking salsa20 v0.10.2
[INFO] [stderr]     Checking signature v2.2.0
[INFO] [stderr]     Checking hmac v0.12.1
[INFO] [stderr]     Checking sha2 v0.10.9
[INFO] [stderr]     Checking sha1 v0.10.6
[INFO] [stderr]     Checking sha3 v0.10.9
[INFO] [stderr]     Checking hkdf v0.12.4
[INFO] [stderr]     Checking rfc6979 v0.4.0
[INFO] [stderr]     Checking pbkdf2 v0.12.2
[INFO] [stderr]     Checking md-5 v0.10.6
[INFO] [stderr]     Checking ecb v0.1.2
[INFO] [stderr]     Checking scrypt v0.11.0
[INFO] [stderr]     Checking rc2 v0.8.1
[INFO] [stderr]     Checking des v0.8.1
[INFO] [stderr]     Checking ttf-parser v0.25.1
[INFO] [stderr]     Checking rusticata-macros v4.1.0
[INFO] [stderr]    Compiling synstructure v0.13.2
[INFO] [stderr]    Compiling der_derive v0.7.3
[INFO] [stderr]    Compiling thiserror-impl v2.0.18
[INFO] [stderr]    Compiling asn1-rs-impl v0.2.0
[INFO] [stderr]    Compiling displaydoc v0.2.6
[INFO] [stderr]    Compiling curve25519-dalek-derive v0.1.1
[INFO] [stderr]     Checking nom_locate v5.0.0
[INFO] [stderr]    Compiling asn1-rs-derive v0.6.0
[INFO] [stderr]     Checking ppv-lite86 v0.2.21
[INFO] [stderr]     Checking der v0.7.10
[INFO] [stderr]     Checking rand_chacha v0.3.1
[INFO] [stderr]     Checking rand_chacha v0.9.0
[INFO] [stderr]     Checking thiserror v2.0.18
[INFO] [stderr]     Checking rand v0.8.6
[INFO] [stderr]     Checking asn1-rs v0.7.2
[INFO] [stderr]     Checking rand v0.9.4
[INFO] [stderr]     Checking lopdf v0.36.0
[INFO] [stderr]     Checking spki v0.7.3
[INFO] [stderr]     Checking pkcs8 v0.10.2
[INFO] [stderr]     Checking x509-cert v0.2.5
[INFO] [stderr]     Checking pkcs5 v0.7.1
[INFO] [stderr]     Checking sec1 v0.7.3
[INFO] [stderr]     Checking pkcs1 v0.7.5
[INFO] [stderr]     Checking ed25519 v2.2.3
[INFO] [stderr]     Checking ed25519-dalek v2.2.0
[INFO] [stderr]     Checking elliptic-curve v0.13.8
[INFO] [stderr]     Checking der-parser v10.0.0
[INFO] [stderr]     Checking ecdsa v0.16.9
[INFO] [stderr]     Checking primeorder v0.13.6
[INFO] [stderr]     Checking p384 v0.13.1
[INFO] [stderr]     Checking p256 v0.13.2
[INFO] [stderr]     Checking x509-ocsp v0.2.1
[INFO] [stderr]     Checking rsa v0.9.10
[INFO] [stderr]     Checking x509-parser v0.17.0
[INFO] [stderr]     Checking cms v0.2.3
[INFO] [stderr]     Checking pkcs12 v0.1.0
[INFO] [stderr]     Checking p12-keystore v0.1.5
[INFO] [stderr]     Checking pdf_signer v0.3.2 (/opt/rustwide/workdir)
[INFO] [stdout] error[E0432]: unresolved import `pdf_signer::testkit`
[INFO] [stdout]   --> tests/roundtrip.rs:1:17
[INFO] [stdout]    |
[INFO] [stdout]  1 | use pdf_signer::testkit::{
[INFO] [stdout]    |                 ^^^^^^^ could not find `testkit` in `pdf_signer`
[INFO] [stdout]    |
[INFO] [stdout] note: found an item that was configured out
[INFO] [stdout]   --> src/lib.rs:35:9
[INFO] [stdout]    |
[INFO] [stdout] 34 | #[cfg(any(test, feature = "testkit"))]
[INFO] [stdout]    |          --------------------------- the item is gated here
[INFO] [stdout] 35 | pub mod testkit;
[INFO] [stdout]    |         ^^^^^^^
[INFO] [stdout] 
[INFO] [stdout] 
[INFO] [stdout] error[E0432]: unresolved import `pdf_signer::testkit`
[INFO] [stdout]   --> tests/roundtrip.rs:49:21
[INFO] [stdout]    |
[INFO] [stdout] 49 |     use pdf_signer::testkit::pdf_with_byterange_decoy;
[INFO] [stdout]    |                     ^^^^^^^ could not find `testkit` in `pdf_signer`
[INFO] [stdout]    |
[INFO] [stdout] note: found an item that was configured out
[INFO] [stdout]   --> src/lib.rs:35:9
[INFO] [stdout]    |
[INFO] [stdout] 34 | #[cfg(any(test, feature = "testkit"))]
[INFO] [stdout]    |          --------------------------- the item is gated here
[INFO] [stdout] 35 | pub mod testkit;
[INFO] [stdout]    |         ^^^^^^^
[INFO] [stdout] 
[INFO] [stdout] 
[INFO] [stdout] error[E0432]: unresolved import `pdf_signer::testkit`
[INFO] [stdout]    --> tests/roundtrip.rs:388:22
[INFO] [stdout]     |
[INFO] [stdout] 388 |     use pdf_signer::{testkit::cross_signed_scenario, verify_certificate_chain};
[INFO] [stdout]     |                      ^^^^^^^ could not find `testkit` in `pdf_signer`
[INFO] [stdout]     |
[INFO] [stdout] note: found an item that was configured out
[INFO] [stdout]    --> src/lib.rs:35:9
[INFO] [stdout]     |
[INFO] [stdout]  34 | #[cfg(any(test, feature = "testkit"))]
[INFO] [stdout]     |          --------------------------- the item is gated here
[INFO] [stdout]  35 | pub mod testkit;
[INFO] [stdout]     |         ^^^^^^^
[INFO] [stdout] 
[INFO] [stdout] 
[INFO] [stdout] error[E0432]: unresolved import `pdf_signer::testkit`
[INFO] [stdout]    --> tests/roundtrip.rs:409:22
[INFO] [stdout]     |
[INFO] [stdout] 409 |     use pdf_signer::{testkit::revocation_scenario, verify_certificate_chain};
[INFO] [stdout]     |                      ^^^^^^^ could not find `testkit` in `pdf_signer`
[INFO] [stdout]     |
[INFO] [stdout] note: found an item that was configured out
[INFO] [stdout]    --> src/lib.rs:35:9
[INFO] [stdout]     |
[INFO] [stdout]  34 | #[cfg(any(test, feature = "testkit"))]
[INFO] [stdout]     |          --------------------------- the item is gated here
[INFO] [stdout]  35 | pub mod testkit;
[INFO] [stdout]     |         ^^^^^^^
[INFO] [stdout] 
[INFO] [stdout] 
[INFO] [stdout] error[E0432]: unresolved import `pdf_signer::testkit`
[INFO] [stdout]     --> tests/roundtrip.rs:1059:21
[INFO] [stdout]      |
[INFO] [stdout] 1059 |     use pdf_signer::testkit::revocation_scenario;
[INFO] [stdout]      |                     ^^^^^^^ could not find `testkit` in `pdf_signer`
[INFO] [stdout]      |
[INFO] [stdout] note: found an item that was configured out
[INFO] [stdout]     --> src/lib.rs:35:9
[INFO] [stdout]      |
[INFO] [stdout]   34 | #[cfg(any(test, feature = "testkit"))]
[INFO] [stdout]      |          --------------------------- the item is gated here
[INFO] [stdout]   35 | pub mod testkit;
[INFO] [stdout]      |         ^^^^^^^
[INFO] [stdout] 
[INFO] [stdout] 
[INFO] [stdout] error[E0277]: a value of type `Vec<Vec<u8>>` cannot be built from an iterator over elements of type `&Vec<u8>`
[INFO] [stdout]    --> tests/roundtrip.rs:403:57
[INFO] [stdout]     |
[INFO] [stdout] 403 |     let reversed: Vec<Vec<u8>> = pool.into_iter().rev().collect();
[INFO] [stdout]     |                                                         ^^^^^^^ value of type `Vec<Vec<u8>>` cannot be built from `std::iter::Iterator<Item=&Vec<u8>>`
[INFO] [stdout]     |
[INFO] [stdout] help: the trait `FromIterator<&Vec<_>>` is not implemented for `Vec<Vec<u8>>`
[INFO] [stdout]       but trait `FromIterator<Vec<_>>` is implemented for it
[INFO] [stdout]    --> /rustc/3154cc1a3e6424e44f438a95007d043ed5ceaaf6/library/alloc/src/vec/mod.rs:4024:0
[INFO] [stdout]     = help: for that trait implementation, expected `Vec<u8>`, found `&Vec<u8>`
[INFO] [stdout] note: the method call chain might not have had the expected associated types
[INFO] [stdout]    --> tests/roundtrip.rs:403:39
[INFO] [stdout]     |
[INFO] [stdout] 403 |     let reversed: Vec<Vec<u8>> = pool.into_iter().rev().collect();
[INFO] [stdout]     |                                  ---- ^^^^^^^^^^^ ----- `Iterator::Item` remains `&Vec<u8>` here
[INFO] [stdout]     |                                  |    |
[INFO] [stdout]     |                                  |    `Iterator::Item` is `&Vec<u8>` here
[INFO] [stdout]     |                                  this expression has type `[Vec<u8>]`
[INFO] [stdout] note: required by a bound in `collect`
[INFO] [stdout]    --> /rustc/3154cc1a3e6424e44f438a95007d043ed5ceaaf6/library/core/src/iter/traits/iterator.rs:2087:4
[INFO] [stdout] 
[INFO] [stdout] 
[INFO] [stdout] Some errors have detailed explanations: E0277, E0432.
[INFO] [stdout] 
[INFO] [stdout] For more information about an error, try `rustc --explain E0277`.
[INFO] [stdout] 
[INFO] [stderr] error: could not compile `pdf_signer` (test "roundtrip") due to 6 previous errors
[INFO] [stderr] warning: build failed, waiting for other jobs to finish...
[INFO] running `Command { std: "docker" "inspect" "985feedc9a942cda06aba2f254a0715945e2130be28aaa5384f9c0eeb37ca846", kill_on_drop: false }`
[INFO] running `Command { std: "docker" "rm" "-f" "985feedc9a942cda06aba2f254a0715945e2130be28aaa5384f9c0eeb37ca846", kill_on_drop: false }`
[INFO] [stdout] 985feedc9a942cda06aba2f254a0715945e2130be28aaa5384f9c0eeb37ca846
