[INFO] fetching crate paladin-battalion 0.10.1...
[INFO] checking paladin-battalion-0.10.1 against 3154cc1a3e6424e44f438a95007d043ed5ceaaf6 for pr-133502-30
[INFO] extracting crate paladin-battalion 0.10.1 into /workspace/builds/worker-1-tc2/source
[INFO] started tweaking crates.io crate paladin-battalion 0.10.1
[INFO] removed 0 missing tests
[INFO] finished tweaking crates.io crate paladin-battalion 0.10.1
[INFO] tweaked toml for crates.io crate paladin-battalion 0.10.1 written to /workspace/builds/worker-1-tc2/source/Cargo.toml
[INFO] validating manifest of crates.io crate paladin-battalion 0.10.1 on toolchain 3154cc1a3e6424e44f438a95007d043ed5ceaaf6
[INFO] running `Command { std: CARGO_HOME="/workspace/cargo-home" RUSTUP_HOME="/workspace/rustup-home" "/workspace/cargo-home/bin/cargo" "+3154cc1a3e6424e44f438a95007d043ed5ceaaf6" "metadata" "--manifest-path" "Cargo.toml" "--no-deps", kill_on_drop: false }`
[INFO] crate crates.io crate paladin-battalion 0.10.1 already has a lockfile, it will not be regenerated
[INFO] running `Command { std: CARGO_HOME="/workspace/cargo-home" RUSTUP_HOME="/workspace/rustup-home" "/workspace/cargo-home/bin/cargo" "+3154cc1a3e6424e44f438a95007d043ed5ceaaf6" "fetch" "--manifest-path" "Cargo.toml", kill_on_drop: false }`
[INFO] running `Command { std: "docker" "create" "-v" "/var/lib/crater-agent-workspace/builds/worker-1-tc2/source:/opt/rustwide/workdir:ro,Z" "-v" "/var/lib/crater-agent-workspace/builds/worker-1-tc2/target:/opt/rustwide/target:rw,Z" "-v" "/var/lib/crater-agent-workspace/cargo-home:/opt/rustwide/cargo-home:ro,Z" "-v" "/var/lib/crater-agent-workspace/rustup-home:/opt/rustwide/rustup-home:ro,Z" "-m" "1610612736" "--network" "none" "ghcr.io/rust-lang/crates-build-env/linux@sha256:77db811e55d90add9212f6832c23229e3de5f1c1f9905e8cb07319ea15df73ac" "sleep" "infinity", kill_on_drop: false }`
[INFO] [stdout] b3c9cba3520929ef1f3adf170567ac1d562a5be309e38d61de5c6012c81ba9d6
[INFO] running `Command { std: "docker" "start" "b3c9cba3520929ef1f3adf170567ac1d562a5be309e38d61de5c6012c81ba9d6", kill_on_drop: false }`
[INFO] running `Command { std: "docker" "inspect" "b3c9cba3520929ef1f3adf170567ac1d562a5be309e38d61de5c6012c81ba9d6", kill_on_drop: false }`
[INFO] running `Command { std: "docker" "exec" "-e" "SOURCE_DIR=/opt/rustwide/workdir" "-e" "CARGO_HOME=/opt/rustwide/cargo-home" "-e" "RUSTUP_HOME=/opt/rustwide/rustup-home" "-e" "CARGO_TARGET_DIR=/opt/rustwide/target" "-w" "/opt/rustwide/workdir" "--user" "0:0" "b3c9cba3520929ef1f3adf170567ac1d562a5be309e38d61de5c6012c81ba9d6" "/opt/rustwide/cargo-home/bin/cargo" "+3154cc1a3e6424e44f438a95007d043ed5ceaaf6" "metadata" "--no-deps" "--format-version=1", kill_on_drop: false }`
[INFO] running `Command { std: "docker" "inspect" "b3c9cba3520929ef1f3adf170567ac1d562a5be309e38d61de5c6012c81ba9d6", kill_on_drop: false }`
[INFO] running `Command { std: "docker" "exec" "-e" "SOURCE_DIR=/opt/rustwide/workdir" "-e" "CARGO_HOME=/opt/rustwide/cargo-home" "-e" "RUSTUP_HOME=/opt/rustwide/rustup-home" "-e" "CARGO_TARGET_DIR=/opt/rustwide/target" "-e" "CARGO_INCREMENTAL=0" "-e" "RUST_BACKTRACE=full" "-e" "RUSTFLAGS=--cap-lints=forbid" "-e" "RUSTDOCFLAGS=--cap-lints=forbid" "-w" "/opt/rustwide/workdir" "--user" "0:0" "b3c9cba3520929ef1f3adf170567ac1d562a5be309e38d61de5c6012c81ba9d6" "/opt/rustwide/cargo-home/bin/cargo" "+3154cc1a3e6424e44f438a95007d043ed5ceaaf6" "check" "--frozen" "--all" "--all-targets" "--message-format=json", kill_on_drop: false }`
[INFO] [stderr]     Checking memchr v2.8.1
[INFO] [stderr]     Checking smallvec v1.15.1
[INFO] [stderr]    Compiling zerocopy v0.8.49
[INFO] [stderr]     Checking typenum v1.20.0
[INFO] [stderr]    Compiling serde_json v1.0.150
[INFO] [stderr]     Checking futures-channel v0.3.32
[INFO] [stderr]    Compiling displaydoc v0.2.6
[INFO] [stderr]    Compiling zerocopy-derive v0.8.49
[INFO] [stderr]    Compiling cc v1.2.62
[INFO] [stderr]    Compiling unicase v2.9.0
[INFO] [stderr]     Checking percent-encoding v2.3.2
[INFO] [stderr]     Checking getrandom v0.4.2
[INFO] [stderr]     Checking crossbeam-epoch v0.9.20
[INFO] [stderr]     Checking getrandom v0.2.17
[INFO] [stderr]     Checking either v1.16.0
[INFO] [stderr]     Checking fixedbitset v0.4.2
[INFO] [stderr]     Checking form_urlencoded v1.2.2
[INFO] [stderr]    Compiling mime_guess v2.0.5
[INFO] [stderr]     Checking uuid v1.23.1
[INFO] [stderr]     Checking chrono v0.4.44
[INFO] [stderr]     Checking rand_core v0.6.4
[INFO] [stderr]     Checking petgraph v0.6.5
[INFO] [stderr]     Checking murmur3 v0.5.2
[INFO] [stderr]     Checking parking_lot_core v0.9.12
[INFO] [stderr]     Checking log v0.4.30
[INFO] [stderr]     Checking clap v4.6.1
[INFO] [stderr]     Checking crossbeam-deque v0.8.6
[INFO] [stderr]     Checking is-terminal v0.4.17
[INFO] [stderr]     Checking itertools v0.10.5
[INFO] [stderr]     Checking parking_lot v0.12.5
[INFO] [stderr]     Checking rayon-core v1.13.0
[INFO] [stderr]     Checking tinystr v0.8.3
[INFO] [stderr]     Checking zerotrie v0.2.4
[INFO] [stderr]     Checking icu_collections v2.2.0
[INFO] [stderr]     Checking tokio v1.52.3
[INFO] [stderr]     Checking icu_locale_core v2.2.0
[INFO] [stderr]     Checking aho-corasick v1.1.4
[INFO] [stderr]     Checking futures-util v0.3.32
[INFO] [stderr]     Checking rayon v1.12.0
[INFO] [stderr]    Compiling blake3 v1.8.5
[INFO] [stderr]     Checking icu_provider v2.2.0
[INFO] [stderr]     Checking schemars v1.2.1
[INFO] [stderr]     Checking tinytemplate v1.2.1
[INFO] [stderr]     Checking generic-array v0.14.7
[INFO] [stderr]     Checking icu_properties v2.2.0
[INFO] [stderr]     Checking icu_normalizer v2.2.0
[INFO] [stderr]     Checking regex-automata v0.4.14
[INFO] [stderr]     Checking crypto-common v0.1.7
[INFO] [stderr]     Checking block-buffer v0.10.4
[INFO] [stderr]     Checking digest v0.10.7
[INFO] [stderr]     Checking criterion-plot v0.5.0
[INFO] [stderr]     Checking sha2 v0.10.9
[INFO] [stderr]     Checking idna_adapter v1.2.2
[INFO] [stderr]     Checking idna v1.1.0
[INFO] [stderr]     Checking url v2.5.8
[INFO] [stderr]     Checking regex v1.12.3
[INFO] [stderr]     Checking futures-executor v0.3.32
[INFO] [stderr]     Checking futures v0.3.32
[INFO] [stderr]     Checking paladin-ai-core v0.10.1
[INFO] [stderr]     Checking tokio-util v0.7.18
[INFO] [stderr]     Checking half v2.7.1
[INFO] [stderr]     Checking ppv-lite86 v0.2.21
[INFO] [stderr]     Checking rand_chacha v0.3.1
[INFO] [stderr]     Checking ciborium-ll v0.2.2
[INFO] [stderr]     Checking ciborium v0.2.2
[INFO] [stderr]     Checking rand v0.8.6
[INFO] [stderr]     Checking criterion v0.5.1
[INFO] [stderr]     Checking paladin-ports v0.10.1
[INFO] [stderr]     Checking paladin-battalion v0.10.1 (/opt/rustwide/workdir)
[INFO] [stdout] error[E0433]: cannot find module or crate `paladin_llm` in this scope
[INFO] [stdout]     --> src/commander.rs:1815:9
[INFO] [stdout]      |
[INFO] [stdout] 1815 |     use paladin_llm::mock::MockLlmAdapter;
[INFO] [stdout]      |         ^^^^^^^^^^^ use of unresolved module or unlinked crate `paladin_llm`
[INFO] [stdout]      |
[INFO] [stdout]      = help: if you wanted to use a crate named `paladin_llm`, use `cargo add paladin_llm` to add it to your `Cargo.toml`
[INFO] [stdout] 
[INFO] [stdout] 
[INFO] [stdout] error[E0433]: cannot find module or crate `paladin_storage` in this scope
[INFO] [stdout]    --> src/engine/bridges.rs:377:9
[INFO] [stdout]     |
[INFO] [stdout] 377 |     use paladin_storage::waypoint::in_memory::InMemoryWaypointStore;
[INFO] [stdout]     |         ^^^^^^^^^^^^^^^ use of unresolved module or unlinked crate `paladin_storage`
[INFO] [stdout]     |
[INFO] [stdout] help: there is a crate or module with a similar name
[INFO] [stdout]     |
[INFO] [stdout] 377 -     use paladin_storage::waypoint::in_memory::InMemoryWaypointStore;
[INFO] [stdout] 377 +     use paladin_core::waypoint::in_memory::InMemoryWaypointStore;
[INFO] [stdout]     |
[INFO] [stdout] 
[INFO] [stdout] 
[INFO] [stdout] error[E0433]: cannot find module or crate `paladin_storage` in this scope
[INFO] [stdout]   --> src/engine/test_support.rs:29:5
[INFO] [stdout]    |
[INFO] [stdout] 29 | use paladin_storage::waypoint::in_memory::InMemoryWaypointStore;
[INFO] [stdout]    |     ^^^^^^^^^^^^^^^ use of unresolved module or unlinked crate `paladin_storage`
[INFO] [stdout]    |
[INFO] [stdout] help: there is a crate or module with a similar name
[INFO] [stdout]    |
[INFO] [stdout] 29 - use paladin_storage::waypoint::in_memory::InMemoryWaypointStore;
[INFO] [stdout] 29 + use paladin_core::waypoint::in_memory::InMemoryWaypointStore;
[INFO] [stdout]    |
[INFO] [stdout] 
[INFO] [stdout] 
[INFO] [stdout] error[E0433]: cannot find module or crate `paladin_storage` in this scope
[INFO] [stdout]     --> src/engine/mod.rs:2921:9
[INFO] [stdout]      |
[INFO] [stdout] 2921 |     use paladin_storage::waypoint::in_memory::InMemoryWaypointStore;
[INFO] [stdout]      |         ^^^^^^^^^^^^^^^ use of unresolved module or unlinked crate `paladin_storage`
[INFO] [stdout]      |
[INFO] [stdout] help: there is a crate or module with a similar name
[INFO] [stdout]      |
[INFO] [stdout] 2921 -     use paladin_storage::waypoint::in_memory::InMemoryWaypointStore;
[INFO] [stdout] 2921 +     use paladin_core::waypoint::in_memory::InMemoryWaypointStore;
[INFO] [stdout]      |
[INFO] [stdout] 
[INFO] [stdout] 
[INFO] [stdout] error[E0433]: cannot find module or crate `paladin_llm` in this scope
[INFO] [stdout]    --> src/llm_decision.rs:325:9
[INFO] [stdout]     |
[INFO] [stdout] 325 |     use paladin_llm::mock::MockLlmAdapter;
[INFO] [stdout]     |         ^^^^^^^^^^^ use of unresolved module or unlinked crate `paladin_llm`
[INFO] [stdout]     |
[INFO] [stdout]     = help: if you wanted to use a crate named `paladin_llm`, use `cargo add paladin_llm` to add it to your `Cargo.toml`
[INFO] [stdout] 
[INFO] [stdout] 
[INFO] [stdout] error[E0433]: cannot find module or crate `paladin_llm` in this scope
[INFO] [stdout]      --> src/engine/mod.rs:10772:26
[INFO] [stdout]       |
[INFO] [stdout] 10772 |                 Arc::new(paladin_llm::redaction::redact_secret_patterns),
[INFO] [stdout]       |                          ^^^^^^^^^^^ use of unresolved module or unlinked crate `paladin_llm`
[INFO] [stdout]       |
[INFO] [stdout]       = help: if you wanted to use a crate named `paladin_llm`, use `cargo add paladin_llm` to add it to your `Cargo.toml`
[INFO] [stdout] 
[INFO] [stdout] 
[INFO] [stdout] error[E0308]: mismatched types
[INFO] [stdout]     --> src/engine/mod.rs:5247:59
[INFO] [stdout]      |
[INFO] [stdout] 5247 |         .with_interceptors(vec![Arc::new(SkipEverything), never_called]);
[INFO] [stdout]      |                                                           ^^^^^^^^^^^^ expected `Arc<SkipEverything>`, found `Arc<OrderRecordingInterceptor>`
[INFO] [stdout]      |
[INFO] [stdout]      = note: expected struct `Arc<SkipEverything>`
[INFO] [stdout]                 found struct `Arc<OrderRecordingInterceptor>`
[INFO] [stdout] 
[INFO] [stdout] 
[INFO] [stdout] Some errors have detailed explanations: E0308, E0433.
[INFO] [stdout] 
[INFO] [stdout] For more information about an error, try `rustc --explain E0308`.
[INFO] [stdout] 
[INFO] [stderr] error: could not compile `paladin-battalion` (lib test) due to 7 previous errors
[INFO] running `Command { std: "docker" "inspect" "b3c9cba3520929ef1f3adf170567ac1d562a5be309e38d61de5c6012c81ba9d6", kill_on_drop: false }`
[INFO] running `Command { std: "docker" "rm" "-f" "b3c9cba3520929ef1f3adf170567ac1d562a5be309e38d61de5c6012c81ba9d6", kill_on_drop: false }`
[INFO] [stdout] b3c9cba3520929ef1f3adf170567ac1d562a5be309e38d61de5c6012c81ba9d6
