[INFO] fetching crate pagumie 0.1.0...
[INFO] checking pagumie-0.1.0 against 3154cc1a3e6424e44f438a95007d043ed5ceaaf6 for pr-133502-30
[INFO] extracting crate pagumie 0.1.0 into /workspace/builds/worker-5-tc2/source
[INFO] started tweaking crates.io crate pagumie 0.1.0
[INFO] removed 0 missing tests
[INFO] finished tweaking crates.io crate pagumie 0.1.0
[INFO] tweaked toml for crates.io crate pagumie 0.1.0 written to /workspace/builds/worker-5-tc2/source/Cargo.toml
[INFO] validating manifest of crates.io crate pagumie 0.1.0 on toolchain 3154cc1a3e6424e44f438a95007d043ed5ceaaf6
[INFO] running `Command { std: CARGO_HOME="/workspace/cargo-home" RUSTUP_HOME="/workspace/rustup-home" "/workspace/cargo-home/bin/cargo" "+3154cc1a3e6424e44f438a95007d043ed5ceaaf6" "metadata" "--manifest-path" "Cargo.toml" "--no-deps", kill_on_drop: false }`
[INFO] crate crates.io crate pagumie 0.1.0 already has a lockfile, it will not be regenerated
[INFO] running `Command { std: CARGO_HOME="/workspace/cargo-home" RUSTUP_HOME="/workspace/rustup-home" "/workspace/cargo-home/bin/cargo" "+3154cc1a3e6424e44f438a95007d043ed5ceaaf6" "fetch" "--manifest-path" "Cargo.toml", kill_on_drop: false }`
[INFO] running `Command { std: "docker" "create" "-v" "/var/lib/crater-agent-workspace/builds/worker-5-tc2/source:/opt/rustwide/workdir:ro,Z" "-v" "/var/lib/crater-agent-workspace/builds/worker-5-tc2/target:/opt/rustwide/target:rw,Z" "-v" "/var/lib/crater-agent-workspace/cargo-home:/opt/rustwide/cargo-home:ro,Z" "-v" "/var/lib/crater-agent-workspace/rustup-home:/opt/rustwide/rustup-home:ro,Z" "-m" "1610612736" "--network" "none" "ghcr.io/rust-lang/crates-build-env/linux@sha256:77db811e55d90add9212f6832c23229e3de5f1c1f9905e8cb07319ea15df73ac" "sleep" "infinity", kill_on_drop: false }`
[INFO] [stdout] 84577e000954326c572fa99b1d1fd9d1b0430ebc41937fcf800f72679ff63195
[INFO] running `Command { std: "docker" "start" "84577e000954326c572fa99b1d1fd9d1b0430ebc41937fcf800f72679ff63195", kill_on_drop: false }`
[INFO] running `Command { std: "docker" "inspect" "84577e000954326c572fa99b1d1fd9d1b0430ebc41937fcf800f72679ff63195", kill_on_drop: false }`
[INFO] running `Command { std: "docker" "exec" "-e" "SOURCE_DIR=/opt/rustwide/workdir" "-e" "CARGO_HOME=/opt/rustwide/cargo-home" "-e" "RUSTUP_HOME=/opt/rustwide/rustup-home" "-e" "CARGO_TARGET_DIR=/opt/rustwide/target" "-w" "/opt/rustwide/workdir" "--user" "0:0" "84577e000954326c572fa99b1d1fd9d1b0430ebc41937fcf800f72679ff63195" "/opt/rustwide/cargo-home/bin/cargo" "+3154cc1a3e6424e44f438a95007d043ed5ceaaf6" "metadata" "--no-deps" "--format-version=1", kill_on_drop: false }`
[INFO] running `Command { std: "docker" "inspect" "84577e000954326c572fa99b1d1fd9d1b0430ebc41937fcf800f72679ff63195", kill_on_drop: false }`
[INFO] running `Command { std: "docker" "exec" "-e" "SOURCE_DIR=/opt/rustwide/workdir" "-e" "CARGO_HOME=/opt/rustwide/cargo-home" "-e" "RUSTUP_HOME=/opt/rustwide/rustup-home" "-e" "CARGO_TARGET_DIR=/opt/rustwide/target" "-e" "CARGO_INCREMENTAL=0" "-e" "RUST_BACKTRACE=full" "-e" "RUSTFLAGS=--cap-lints=forbid" "-e" "RUSTDOCFLAGS=--cap-lints=forbid" "-w" "/opt/rustwide/workdir" "--user" "0:0" "84577e000954326c572fa99b1d1fd9d1b0430ebc41937fcf800f72679ff63195" "/opt/rustwide/cargo-home/bin/cargo" "+3154cc1a3e6424e44f438a95007d043ed5ceaaf6" "check" "--frozen" "--all" "--all-targets" "--message-format=json", kill_on_drop: false }`
[INFO] [stderr]    Compiling zerocopy v0.8.56
[INFO] [stderr]     Checking bitflags v2.13.1
[INFO] [stderr]    Compiling num-traits v0.2.19
[INFO] [stderr]     Checking either v1.18.0
[INFO] [stderr]    Compiling syn v2.0.119
[INFO] [stderr]    Compiling syn v3.0.5
[INFO] [stderr]     Checking fastrand v2.5.0
[INFO] [stderr]     Checking ciborium-io v0.2.2
[INFO] [stderr]     Checking regex-automata v0.4.18
[INFO] [stderr]     Checking cast v0.3.0
[INFO] [stderr]     Checking quick-error v1.2.3
[INFO] [stderr]     Checking getrandom v0.3.4
[INFO] [stderr]     Checking getrandom v0.4.3
[INFO] [stderr]     Checking wait-timeout v0.2.1
[INFO] [stderr]     Checking serde_json v1.0.151
[INFO] [stderr]     Checking clap_builder v4.6.6
[INFO] [stderr]     Checking bit-vec v0.8.0
[INFO] [stderr]     Checking is-terminal v0.4.17
[INFO] [stderr]     Checking anes v0.1.6
[INFO] [stderr]     Checking unarray v0.1.4
[INFO] [stderr]     Checking oorandom v11.1.5
[INFO] [stderr]     Checking pagumie v0.1.0 (/opt/rustwide/workdir)
[INFO] [stderr]     Checking rustix v1.1.4
[INFO] [stderr]     Checking rand_core v0.9.5
[INFO] [stderr]     Checking itertools v0.10.5
[INFO] [stderr]     Checking bit-set v0.8.0
[INFO] [stderr]     Checking rand_xorshift v0.4.0
[INFO] [stderr]     Checking rand v0.9.5
[INFO] [stderr]     Checking regex v1.13.1
[INFO] [stderr]     Checking clap v4.6.6
[INFO] [stderr]     Checking tempfile v3.27.0
[INFO] [stderr]     Checking rusty-fork v0.3.1
[INFO] [stderr]     Checking criterion-plot v0.5.0
[INFO] [stderr]    Compiling serde_derive v1.0.229
[INFO] [stderr]    Compiling zerocopy-derive v0.8.56
[INFO] [stderr]     Checking serde v1.0.229
[INFO] [stderr]     Checking tinytemplate v1.2.1
[INFO] [stderr]     Checking half v2.7.1
[INFO] [stderr]     Checking ppv-lite86 v0.2.21
[INFO] [stderr]     Checking ciborium-ll v0.2.2
[INFO] [stderr]     Checking ciborium v0.2.2
[INFO] [stderr]     Checking rand_chacha v0.9.0
[INFO] [stderr]     Checking proptest v1.11.0
[INFO] [stderr]     Checking criterion v0.5.1
[INFO] [stdout] error[E0433]: cannot find module or crate `ethiopic_calendar` in this scope
[INFO] [stdout]   --> benches/conversions.rs:15:5
[INFO] [stdout]    |
[INFO] [stdout] 15 | use ethiopic_calendar::bahire_hasab::{BahireHasab, MovableFeast};
[INFO] [stdout]    |     ^^^^^^^^^^^^^^^^^ use of unresolved module or unlinked crate `ethiopic_calendar`
[INFO] [stdout]    |
[INFO] [stdout]    = help: if you wanted to use a crate named `ethiopic_calendar`, use `cargo add ethiopic_calendar` to add it to your `Cargo.toml`
[INFO] [stdout] 
[INFO] [stdout] 
[INFO] [stdout] error[E0433]: cannot find module or crate `ethiopic_calendar` in this scope
[INFO] [stdout]   --> benches/conversions.rs:16:5
[INFO] [stdout]    |
[INFO] [stdout] 16 | use ethiopic_calendar::format::{format_date, Locale};
[INFO] [stdout]    |     ^^^^^^^^^^^^^^^^^ use of unresolved module or unlinked crate `ethiopic_calendar`
[INFO] [stdout]    |
[INFO] [stdout]    = help: if you wanted to use a crate named `ethiopic_calendar`, use `cargo add ethiopic_calendar` to add it to your `Cargo.toml`
[INFO] [stdout] 
[INFO] [stdout] 
[INFO] [stdout] error[E0432]: unresolved import `ethiopic_calendar`
[INFO] [stdout]   --> benches/conversions.rs:17:5
[INFO] [stdout]    |
[INFO] [stdout] 17 | use ethiopic_calendar::{EthiopianDate, GregorianDate, JulianDate, RataDie};
[INFO] [stdout]    |     ^^^^^^^^^^^^^^^^^ use of unresolved module or unlinked crate `ethiopic_calendar`
[INFO] [stdout]    |
[INFO] [stdout]    = help: if you wanted to use a crate named `ethiopic_calendar`, use `cargo add ethiopic_calendar` to add it to your `Cargo.toml`
[INFO] [stdout] 
[INFO] [stdout] 
[INFO] [stdout] error[E0433]: cannot find module or crate `ethiopic_calendar` in this scope
[INFO] [stdout]   --> tests/vectors.rs:13:5
[INFO] [stdout]    |
[INFO] [stdout] 13 | use ethiopic_calendar::bahire_hasab::{BahireHasab, Evangelist, MovableFeast};
[INFO] [stdout]    |     ^^^^^^^^^^^^^^^^^ use of unresolved module or unlinked crate `ethiopic_calendar`
[INFO] [stdout]    |
[INFO] [stdout]    = help: if you wanted to use a crate named `ethiopic_calendar`, use `cargo add ethiopic_calendar` to add it to your `Cargo.toml`
[INFO] [stdout] 
[INFO] [stdout] 
[INFO] [stdout] Some errors have detailed explanations: E0432, E0433.
[INFO] [stdout] 
[INFO] [stdout] For more information about an error, try `rustc --explain E0432`.
[INFO] [stdout] 
[INFO] [stderr] error: could not compile `pagumie` (bench "conversions") due to 3 previous errors
[INFO] [stderr] warning: build failed, waiting for other jobs to finish...
[INFO] [stdout] error[E0432]: unresolved import `ethiopic_calendar`
[INFO] [stdout]   --> tests/vectors.rs:14:5
[INFO] [stdout]    |
[INFO] [stdout] 14 | use ethiopic_calendar::{EthiopianDate, GregorianDate, JulianDate, RataDie, Weekday};
[INFO] [stdout]    |     ^^^^^^^^^^^^^^^^^ use of unresolved module or unlinked crate `ethiopic_calendar`
[INFO] [stdout]    |
[INFO] [stdout]    = help: if you wanted to use a crate named `ethiopic_calendar`, use `cargo add ethiopic_calendar` to add it to your `Cargo.toml`
[INFO] [stdout] 
[INFO] [stdout] 
[INFO] [stdout] Some errors have detailed explanations: E0432, E0433.
[INFO] [stdout] 
[INFO] [stdout] For more information about an error, try `rustc --explain E0432`.
[INFO] [stdout] 
[INFO] [stderr] error: could not compile `pagumie` (test "vectors") due to 2 previous errors
[INFO] [stdout] error[E0433]: cannot find module or crate `ethiopic_calendar` in this scope
[INFO] [stdout]   --> tests/proptests.rs:11:5
[INFO] [stdout]    |
[INFO] [stdout] 11 | use ethiopic_calendar::bahire_hasab::{BahireHasab, MovableFeast};
[INFO] [stdout]    |     ^^^^^^^^^^^^^^^^^ use of unresolved module or unlinked crate `ethiopic_calendar`
[INFO] [stdout]    |
[INFO] [stdout]    = help: if you wanted to use a crate named `ethiopic_calendar`, use `cargo add ethiopic_calendar` to add it to your `Cargo.toml`
[INFO] [stdout] 
[INFO] [stdout] 
[INFO] [stdout] error[E0433]: cannot find module or crate `ethiopic_calendar` in this scope
[INFO] [stdout]   --> tests/proptests.rs:12:5
[INFO] [stdout]    |
[INFO] [stdout] 12 | use ethiopic_calendar::clock::{DayStart, EthiopianDateTime, EthiopianTime, Period};
[INFO] [stdout]    |     ^^^^^^^^^^^^^^^^^ use of unresolved module or unlinked crate `ethiopic_calendar`
[INFO] [stdout]    |
[INFO] [stdout]    = help: if you wanted to use a crate named `ethiopic_calendar`, use `cargo add ethiopic_calendar` to add it to your `Cargo.toml`
[INFO] [stdout] 
[INFO] [stdout] 
[INFO] [stdout] error[E0433]: cannot find module or crate `ethiopic_calendar` in this scope
[INFO] [stdout]   --> tests/proptests.rs:13:5
[INFO] [stdout]    |
[INFO] [stdout] 13 | use ethiopic_calendar::ethiopic::{days_in_month, days_in_year};
[INFO] [stdout]    |     ^^^^^^^^^^^^^^^^^ use of unresolved module or unlinked crate `ethiopic_calendar`
[INFO] [stdout]    |
[INFO] [stdout]    = help: if you wanted to use a crate named `ethiopic_calendar`, use `cargo add ethiopic_calendar` to add it to your `Cargo.toml`
[INFO] [stdout] 
[INFO] [stdout] 
[INFO] [stdout] error[E0433]: cannot find module or crate `ethiopic_calendar` in this scope
[INFO] [stdout]    --> tests/proptests.rs:251:13
[INFO] [stdout]     |
[INFO] [stdout] 251 |         use ethiopic_calendar::format::{format_date, Locale};
[INFO] [stdout]     |             ^^^^^^^^^^^^^^^^^ use of unresolved module or unlinked crate `ethiopic_calendar`
[INFO] [stdout]     |
[INFO] [stdout]     = help: if you wanted to use a crate named `ethiopic_calendar`, use `cargo add ethiopic_calendar` to add it to your `Cargo.toml`
[INFO] [stdout] 
[INFO] [stdout] 
[INFO] [stdout] error[E0432]: unresolved import `ethiopic_calendar`
[INFO] [stdout]   --> tests/proptests.rs:14:5
[INFO] [stdout]    |
[INFO] [stdout] 14 | use ethiopic_calendar::{EthiopianDate, GregorianDate, JulianDate, RataDie, Weekday};
[INFO] [stdout]    |     ^^^^^^^^^^^^^^^^^ use of unresolved module or unlinked crate `ethiopic_calendar`
[INFO] [stdout]    |
[INFO] [stdout]    = help: if you wanted to use a crate named `ethiopic_calendar`, use `cargo add ethiopic_calendar` to add it to your `Cargo.toml`
[INFO] [stdout] 
[INFO] [stdout] 
[INFO] [stdout] error[E0433]: cannot find module or crate `ethiopic_calendar` in this scope
[INFO] [stdout]    --> tests/proptests.rs:133:40
[INFO] [stdout]     |
[INFO] [stdout] 133 |         prop_assert_eq!(g.day() == 12, ethiopic_calendar::gregorian::is_leap_year(g.year() + 1));
[INFO] [stdout]     |                                        ^^^^^^^^^^^^^^^^^ use of unresolved module or unlinked crate `ethiopic_calendar`
[INFO] [stdout]     |
[INFO] [stdout]     = help: if you wanted to use a crate named `ethiopic_calendar`, use `cargo add ethiopic_calendar` to add it to your `Cargo.toml`
[INFO] [stdout] help: consider importing this module
[INFO] [stdout]     |
[INFO] [stdout]   9 + use pagumie::gregorian;
[INFO] [stdout]     |
[INFO] [stdout] help: if you import `gregorian`, refer to it directly
[INFO] [stdout]     |
[INFO] [stdout] 133 -         prop_assert_eq!(g.day() == 12, ethiopic_calendar::gregorian::is_leap_year(g.year() + 1));
[INFO] [stdout] 133 +         prop_assert_eq!(g.day() == 12, gregorian::is_leap_year(g.year() + 1));
[INFO] [stdout]     |
[INFO] [stdout] 
[INFO] [stdout] 
[INFO] [stdout] error[E0433]: cannot find module or crate `ethiopic_calendar` in this scope
[INFO] [stdout]    --> tests/proptests.rs:196:22
[INFO] [stdout]     |
[INFO] [stdout] 196 |         let offset = ethiopic_calendar::clock::EAT_UTC_OFFSET_SECONDS;
[INFO] [stdout]     |                      ^^^^^^^^^^^^^^^^^ use of unresolved module or unlinked crate `ethiopic_calendar`
[INFO] [stdout]     |
[INFO] [stdout]     = help: if you wanted to use a crate named `ethiopic_calendar`, use `cargo add ethiopic_calendar` to add it to your `Cargo.toml`
[INFO] [stdout] help: consider importing this module
[INFO] [stdout]     |
[INFO] [stdout]   9 + use pagumie::clock;
[INFO] [stdout]     |
[INFO] [stdout] help: if you import `clock`, refer to it directly
[INFO] [stdout]     |
[INFO] [stdout] 196 -         let offset = ethiopic_calendar::clock::EAT_UTC_OFFSET_SECONDS;
[INFO] [stdout] 196 +         let offset = clock::EAT_UTC_OFFSET_SECONDS;
[INFO] [stdout]     |
[INFO] [stdout] 
[INFO] [stdout] 
[INFO] [stdout] Some errors have detailed explanations: E0432, E0433.
[INFO] [stdout] 
[INFO] [stdout] For more information about an error, try `rustc --explain E0432`.
[INFO] [stdout] 
[INFO] [stderr] error: could not compile `pagumie` (test "proptests") due to 7 previous errors
[INFO] running `Command { std: "docker" "inspect" "84577e000954326c572fa99b1d1fd9d1b0430ebc41937fcf800f72679ff63195", kill_on_drop: false }`
[INFO] running `Command { std: "docker" "rm" "-f" "84577e000954326c572fa99b1d1fd9d1b0430ebc41937fcf800f72679ff63195", kill_on_drop: false }`
[INFO] [stdout] 84577e000954326c572fa99b1d1fd9d1b0430ebc41937fcf800f72679ff63195
