[INFO] fetching crate pacman-bintrans 0.5.0...
[INFO] checking pacman-bintrans-0.5.0 against 3154cc1a3e6424e44f438a95007d043ed5ceaaf6 for pr-133502-30
[INFO] extracting crate pacman-bintrans 0.5.0 into /workspace/builds/worker-5-tc2/source
[INFO] started tweaking crates.io crate pacman-bintrans 0.5.0
[INFO] finished tweaking crates.io crate pacman-bintrans 0.5.0
[INFO] tweaked toml for crates.io crate pacman-bintrans 0.5.0 written to /workspace/builds/worker-5-tc2/source/Cargo.toml
[INFO] validating manifest of crates.io crate pacman-bintrans 0.5.0 on toolchain 3154cc1a3e6424e44f438a95007d043ed5ceaaf6
[INFO] running `Command { std: CARGO_HOME="/workspace/cargo-home" RUSTUP_HOME="/workspace/rustup-home" "/workspace/cargo-home/bin/cargo" "+3154cc1a3e6424e44f438a95007d043ed5ceaaf6" "metadata" "--manifest-path" "Cargo.toml" "--no-deps", kill_on_drop: false }`
[INFO] crate crates.io crate pacman-bintrans 0.5.0 already has a lockfile, it will not be regenerated
[INFO] running `Command { std: CARGO_HOME="/workspace/cargo-home" RUSTUP_HOME="/workspace/rustup-home" "/workspace/cargo-home/bin/cargo" "+3154cc1a3e6424e44f438a95007d043ed5ceaaf6" "fetch" "--manifest-path" "Cargo.toml", kill_on_drop: false }`
[INFO] running `Command { std: "docker" "create" "-v" "/var/lib/crater-agent-workspace/builds/worker-5-tc2/source:/opt/rustwide/workdir:ro,Z" "-v" "/var/lib/crater-agent-workspace/builds/worker-5-tc2/target:/opt/rustwide/target:rw,Z" "-v" "/var/lib/crater-agent-workspace/cargo-home:/opt/rustwide/cargo-home:ro,Z" "-v" "/var/lib/crater-agent-workspace/rustup-home:/opt/rustwide/rustup-home:ro,Z" "-m" "1610612736" "--network" "none" "ghcr.io/rust-lang/crates-build-env/linux@sha256:77db811e55d90add9212f6832c23229e3de5f1c1f9905e8cb07319ea15df73ac" "sleep" "infinity", kill_on_drop: false }`
[INFO] [stdout] ea58d7fcedfdfc13880dc2a37f19b00e3e4f05a004e44d691a666aee15bc78df
[INFO] running `Command { std: "docker" "start" "ea58d7fcedfdfc13880dc2a37f19b00e3e4f05a004e44d691a666aee15bc78df", kill_on_drop: false }`
[INFO] running `Command { std: "docker" "inspect" "ea58d7fcedfdfc13880dc2a37f19b00e3e4f05a004e44d691a666aee15bc78df", kill_on_drop: false }`
[INFO] running `Command { std: "docker" "exec" "-e" "SOURCE_DIR=/opt/rustwide/workdir" "-e" "CARGO_HOME=/opt/rustwide/cargo-home" "-e" "RUSTUP_HOME=/opt/rustwide/rustup-home" "-e" "CARGO_TARGET_DIR=/opt/rustwide/target" "-w" "/opt/rustwide/workdir" "--user" "0:0" "ea58d7fcedfdfc13880dc2a37f19b00e3e4f05a004e44d691a666aee15bc78df" "/opt/rustwide/cargo-home/bin/cargo" "+3154cc1a3e6424e44f438a95007d043ed5ceaaf6" "metadata" "--no-deps" "--format-version=1", kill_on_drop: false }`
[INFO] running `Command { std: "docker" "inspect" "ea58d7fcedfdfc13880dc2a37f19b00e3e4f05a004e44d691a666aee15bc78df", kill_on_drop: false }`
[INFO] running `Command { std: "docker" "exec" "-e" "SOURCE_DIR=/opt/rustwide/workdir" "-e" "CARGO_HOME=/opt/rustwide/cargo-home" "-e" "RUSTUP_HOME=/opt/rustwide/rustup-home" "-e" "CARGO_TARGET_DIR=/opt/rustwide/target" "-e" "CARGO_INCREMENTAL=0" "-e" "RUST_BACKTRACE=full" "-e" "RUSTFLAGS=--cap-lints=forbid" "-e" "RUSTDOCFLAGS=--cap-lints=forbid" "-w" "/opt/rustwide/workdir" "--user" "0:0" "ea58d7fcedfdfc13880dc2a37f19b00e3e4f05a004e44d691a666aee15bc78df" "/opt/rustwide/cargo-home/bin/cargo" "+3154cc1a3e6424e44f438a95007d043ed5ceaaf6" "check" "--frozen" "--all" "--all-targets" "--message-format=json", kill_on_drop: false }`
[INFO] [stderr]    Compiling libc v0.2.155
[INFO] [stderr]     Checking bytes v1.6.1
[INFO] [stderr]     Checking indexmap v2.2.6
[INFO] [stderr]    Compiling typenum v1.17.0
[INFO] [stderr]    Compiling version_check v0.9.4
[INFO] [stderr]    Compiling serde v1.0.204
[INFO] [stderr]     Checking bitflags v2.6.0
[INFO] [stderr]     Checking tracing-core v0.1.32
[INFO] [stderr]    Compiling quote v1.0.36
[INFO] [stderr]     Checking futures-channel v0.3.30
[INFO] [stderr]     Checking tower-service v0.3.2
[INFO] [stderr]     Checking regex-syntax v0.8.4
[INFO] [stderr]    Compiling rustix v0.38.34
[INFO] [stderr]     Checking tower-layer v0.3.2
[INFO] [stderr]     Checking smallvec v1.13.2
[INFO] [stderr]    Compiling thiserror v1.0.63
[INFO] [stderr]     Checking anstyle-parse v0.2.4
[INFO] [stderr]    Compiling num-traits v0.2.19
[INFO] [stderr]    Compiling zstd-safe v7.2.0
[INFO] [stderr]     Checking colorchoice v1.0.1
[INFO] [stderr]    Compiling serde_json v1.0.120
[INFO] [stderr]     Checking is_terminal_polyfill v1.70.0
[INFO] [stderr]     Checking anstyle v1.0.7
[INFO] [stderr]     Checking linux-raw-sys v0.4.14
[INFO] [stderr]     Checking anstyle-query v1.1.0
[INFO] [stderr]    Compiling anyhow v1.0.86
[INFO] [stderr]     Checking cpufeatures v0.2.12
[INFO] [stderr]     Checking fixedbitset v0.4.2
[INFO] [stderr]     Checking rustls-pki-types v1.7.0
[INFO] [stderr]    Compiling syn v2.0.72
[INFO] [stderr]     Checking winnow v0.6.15
[INFO] [stderr]     Checking adler v1.0.2
[INFO] [stderr]     Checking either v1.13.0
[INFO] [stderr]     Checking anstream v0.6.14
[INFO] [stderr]     Checking http v1.1.0
[INFO] [stderr]    Compiling generic-array v0.14.7
[INFO] [stderr]     Checking http v0.2.12
[INFO] [stderr]     Checking miniz_oxide v0.7.4
[INFO] [stderr]     Checking tracing v0.1.40
[INFO] [stderr]     Checking rustls-pemfile v2.1.2
[INFO] [stderr]     Checking iana-time-zone v0.1.60
[INFO] [stderr]     Checking clap_lex v0.7.1
[INFO] [stderr]     Checking home v0.5.9
[INFO] [stderr]     Checking sync_wrapper v1.0.1
[INFO] [stderr]     Checking number_prefix v0.4.0
[INFO] [stderr]     Checking colored v2.1.0
[INFO] [stderr]     Checking fastrand v2.1.0
[INFO] [stderr]     Checking clap_builder v4.5.10
[INFO] [stderr]     Checking flate2 v1.0.30
[INFO] [stderr]     Checking petgraph v0.6.5
[INFO] [stderr]     Checking http-body v0.4.6
[INFO] [stderr]     Checking http-body v1.0.1
[INFO] [stderr]     Checking regex-automata v0.4.7
[INFO] [stderr]     Checking signal-hook-registry v1.4.2
[INFO] [stderr]     Checking socket2 v0.5.7
[INFO] [stderr]     Checking mio v1.0.1
[INFO] [stderr]     Checking dirs-sys-next v0.1.2
[INFO] [stderr]     Checking rtoolbox v0.0.2
[INFO] [stderr]     Checking console v0.15.8
[INFO] [stderr]     Checking filetime v0.2.23
[INFO] [stderr]     Checking getrandom v0.2.15
[INFO] [stderr]     Checking rpassword v7.3.1
[INFO] [stderr]     Checking dirs-next v2.0.0
[INFO] [stderr]    Compiling jobserver v0.1.32
[INFO] [stderr]    Compiling cc v1.1.6
[INFO] [stderr]     Checking xattr v1.3.1
[INFO] [stderr]     Checking tempfile v3.10.1
[INFO] [stderr]     Checking crypto-common v0.1.6
[INFO] [stderr]     Checking block-buffer v0.10.4
[INFO] [stderr]     Checking inout v0.1.3
[INFO] [stderr]     Checking tar v0.4.41
[INFO] [stderr]     Checking cipher v0.4.4
[INFO] [stderr]     Checking digest v0.10.7
[INFO] [stderr]     Checking salsa20 v0.10.2
[INFO] [stderr]     Checking hmac v0.12.1
[INFO] [stderr]     Checking sha2 v0.10.8
[INFO] [stderr]     Checking pbkdf2 v0.12.2
[INFO] [stderr]     Checking scrypt v0.11.0
[INFO] [stderr]     Checking tree_magic_mini v3.1.5
[INFO] [stderr]     Checking minisign v0.7.6
[INFO] [stderr]    Compiling openssl-sys v0.9.103
[INFO] [stderr]    Compiling zstd-sys v2.0.12+zstd.1.5.6
[INFO] [stderr]    Compiling lzma-sys v0.1.20
[INFO] [stderr]    Compiling bzip2-sys v0.1.11+1.0.8
[INFO] [stderr]     Checking bzip2 v0.4.4
[INFO] [stderr]    Compiling openssl v0.10.66
[INFO] [stderr]    Compiling native-tls v0.2.12
[INFO] [stderr]     Checking regex v1.10.5
[INFO] [stderr]     Checking xz2 v0.1.7
[INFO] [stderr]     Checking zstd v0.13.2
[INFO] [stderr]     Checking xz v0.1.0
[INFO] [stderr]     Checking indicatif v0.16.2
[INFO] [stderr]     Checking env_filter v0.1.1
[INFO] [stderr]     Checking env_logger v0.11.4
[INFO] [stderr]    Compiling tokio-macros v2.4.0
[INFO] [stderr]    Compiling futures-macro v0.3.30
[INFO] [stderr]    Compiling serde_derive v1.0.204
[INFO] [stderr]    Compiling openssl-macros v0.1.1
[INFO] [stderr]    Compiling pin-project-internal v1.1.5
[INFO] [stderr]    Compiling thiserror-impl v1.0.63
[INFO] [stderr]    Compiling clap_derive v4.5.8
[INFO] [stderr]     Checking tokio v1.39.1
[INFO] [stderr]     Checking futures-util v0.3.30
[INFO] [stderr]     Checking pin-project v1.1.5
[INFO] [stderr]     Checking clap v4.5.10
[INFO] [stderr]     Checking tokio-util v0.7.11
[INFO] [stderr]     Checking tokio-native-tls v0.3.1
[INFO] [stderr]     Checking tower v0.4.13
[INFO] [stderr]     Checking http-body-util v0.1.2
[INFO] [stderr]     Checking tokio-socks v0.5.1
[INFO] [stderr]     Checking h2 v0.4.5
[INFO] [stderr]     Checking h2 v0.3.26
[INFO] [stderr]     Checking serde_urlencoded v0.7.1
[INFO] [stderr]     Checking toml_datetime v0.6.6
[INFO] [stderr]     Checking serde_spanned v0.6.6
[INFO] [stderr]     Checking chrono v0.4.38
[INFO] [stderr]     Checking toml_edit v0.22.16
[INFO] [stderr]     Checking hyper v0.14.30
[INFO] [stderr]     Checking hyper v1.4.1
[INFO] [stderr]     Checking hyper-util v0.1.6
[INFO] [stderr]     Checking toml v0.8.15
[INFO] [stderr]     Checking hyper-tls v0.6.0
[INFO] [stderr]     Checking reqwest v0.12.5
[INFO] [stderr]     Checking hyper-tls v0.5.0
[INFO] [stderr]     Checking pacman-bintrans-common v0.5.0
[INFO] [stderr]     Checking reqwest v0.11.27
[INFO] [stderr]     Checking rebuilderd-common v0.20.0
[INFO] [stdout] error[E0277]: the trait bound `for<'de> !: Deserialize<'de>` is not satisfied
[INFO] [stdout]    --> /opt/rustwide/cargo-home/registry/src/index.crates.io-1949cf8c6b5b557f/rebuilderd-common-0.20.0/src/api.rs:212:9
[INFO] [stdout]     |
[INFO] [stdout] 212 | /         self.post(Cow::Borrowed("api/v0/queue/push"))
[INFO] [stdout] 213 | |             .json(push)
[INFO] [stdout] 214 | |             .send()
[INFO] [stdout] 215 | |             .await?
[INFO] [stdout] 216 | |             .error_for_status()?
[INFO] [stdout] 217 | |             .json()
[INFO] [stdout]     | |___________________^ the trait `for<'de> Deserialize<'de>` is not implemented for `!`
[INFO] [stdout]     |
[INFO] [stdout]     = note: for local types consider adding `#[derive(serde::Deserialize)]` to your `!` type
[INFO] [stdout]     = note: for types from other crates check whether the crate offers a `serde` feature flag
[INFO] [stdout]     = help: the following other types implement trait `Deserialize<'de>`:
[INFO] [stdout]               &'a Path
[INFO] [stdout]               &'a [u8]
[INFO] [stdout]               &'a str
[INFO] [stdout]               ()
[INFO] [stdout]               (T,)
[INFO] [stdout]               (T0, T1)
[INFO] [stdout]               (T0, T1, T2)
[INFO] [stdout]               (T0, T1, T2, T3)
[INFO] [stdout]             and 206 others
[INFO] [stdout]     = note: this error might have been caused by changes to Rust's type-inference algorithm (see issue #148922 <https://github.com/rust-lang/rust/issues/148922> for more information)
[INFO] [stdout]     = help: you might have intended to use the type `()` here instead
[INFO] [stdout]     = note: required for `!` to implement `DeserializeOwned`
[INFO] [stdout] note: required by a bound in `reqwest::Response::json`
[INFO] [stdout]    --> /opt/rustwide/cargo-home/registry/src/index.crates.io-1949cf8c6b5b557f/reqwest-0.11.27/src/async_impl/response.rs:237:26
[INFO] [stdout]     |
[INFO] [stdout]  32 | impl Response {
[INFO] [stdout] ...
[INFO] [stdout] 237 |     pub async fn json<T: DeserializeOwned>(self) -> crate::Result<T> {
[INFO] [stdout]     |                          ^^^^^^^^^^^^^^^^ required by this bound in `Response::json`
[INFO] [stdout] 
[INFO] [stdout] 
[INFO] [stdout] error[E0277]: the trait bound `for<'de> !: Deserialize<'de>` is not satisfied
[INFO] [stdout]    --> /opt/rustwide/cargo-home/registry/src/index.crates.io-1949cf8c6b5b557f/rebuilderd-common-0.20.0/src/api.rs:234:9
[INFO] [stdout]     |
[INFO] [stdout] 234 | /         self.post(Cow::Borrowed("api/v0/queue/drop"))
[INFO] [stdout] 235 | |             .json(query)
[INFO] [stdout] 236 | |             .send()
[INFO] [stdout] 237 | |             .await?
[INFO] [stdout] 238 | |             .error_for_status()?
[INFO] [stdout] 239 | |             .json()
[INFO] [stdout]     | |___________________^ the trait `for<'de> Deserialize<'de>` is not implemented for `!`
[INFO] [stdout]     |
[INFO] [stdout]     = note: for local types consider adding `#[derive(serde::Deserialize)]` to your `!` type
[INFO] [stdout]     = note: for types from other crates check whether the crate offers a `serde` feature flag
[INFO] [stdout]     = help: the following other types implement trait `Deserialize<'de>`:
[INFO] [stdout]               &'a Path
[INFO] [stdout]               &'a [u8]
[INFO] [stdout]               &'a str
[INFO] [stdout]               ()
[INFO] [stdout]               (T,)
[INFO] [stdout]               (T0, T1)
[INFO] [stdout]               (T0, T1, T2)
[INFO] [stdout]               (T0, T1, T2, T3)
[INFO] [stdout]             and 206 others
[INFO] [stdout]     = note: this error might have been caused by changes to Rust's type-inference algorithm (see issue #148922 <https://github.com/rust-lang/rust/issues/148922> for more information)
[INFO] [stdout]     = help: you might have intended to use the type `()` here instead
[INFO] [stdout]     = note: required for `!` to implement `DeserializeOwned`
[INFO] [stdout] note: required by a bound in `reqwest::Response::json`
[INFO] [stdout]    --> /opt/rustwide/cargo-home/registry/src/index.crates.io-1949cf8c6b5b557f/reqwest-0.11.27/src/async_impl/response.rs:237:26
[INFO] [stdout]     |
[INFO] [stdout]  32 | impl Response {
[INFO] [stdout] ...
[INFO] [stdout] 237 |     pub async fn json<T: DeserializeOwned>(self) -> crate::Result<T> {
[INFO] [stdout]     |                          ^^^^^^^^^^^^^^^^ required by this bound in `Response::json`
[INFO] [stdout] 
[INFO] [stdout] 
[INFO] [stdout] error[E0277]: the trait bound `for<'de> !: Deserialize<'de>` is not satisfied
[INFO] [stdout]    --> /opt/rustwide/cargo-home/registry/src/index.crates.io-1949cf8c6b5b557f/rebuilderd-common-0.20.0/src/api.rs:245:9
[INFO] [stdout]     |
[INFO] [stdout] 245 | /         self.post(Cow::Borrowed("api/v0/pkg/requeue"))
[INFO] [stdout] 246 | |             .json(requeue)
[INFO] [stdout] 247 | |             .send()
[INFO] [stdout] 248 | |             .await?
[INFO] [stdout] 249 | |             .error_for_status()?
[INFO] [stdout] 250 | |             .json()
[INFO] [stdout]     | |___________________^ the trait `for<'de> Deserialize<'de>` is not implemented for `!`
[INFO] [stdout]     |
[INFO] [stdout]     = note: for local types consider adding `#[derive(serde::Deserialize)]` to your `!` type
[INFO] [stdout]     = note: for types from other crates check whether the crate offers a `serde` feature flag
[INFO] [stdout]     = help: the following other types implement trait `Deserialize<'de>`:
[INFO] [stdout]               &'a Path
[INFO] [stdout]               &'a [u8]
[INFO] [stdout]               &'a str
[INFO] [stdout]               ()
[INFO] [stdout]               (T,)
[INFO] [stdout]               (T0, T1)
[INFO] [stdout]               (T0, T1, T2)
[INFO] [stdout]               (T0, T1, T2, T3)
[INFO] [stdout]             and 206 others
[INFO] [stdout]     = note: this error might have been caused by changes to Rust's type-inference algorithm (see issue #148922 <https://github.com/rust-lang/rust/issues/148922> for more information)
[INFO] [stdout]     = help: you might have intended to use the type `()` here instead
[INFO] [stdout]     = note: required for `!` to implement `DeserializeOwned`
[INFO] [stdout] note: required by a bound in `reqwest::Response::json`
[INFO] [stdout]    --> /opt/rustwide/cargo-home/registry/src/index.crates.io-1949cf8c6b5b557f/reqwest-0.11.27/src/async_impl/response.rs:237:26
[INFO] [stdout]     |
[INFO] [stdout]  32 | impl Response {
[INFO] [stdout] ...
[INFO] [stdout] 237 |     pub async fn json<T: DeserializeOwned>(self) -> crate::Result<T> {
[INFO] [stdout]     |                          ^^^^^^^^^^^^^^^^ required by this bound in `Response::json`
[INFO] [stdout] 
[INFO] [stdout] 
[INFO] [stdout] For more information about this error, try `rustc --explain E0277`.
[INFO] [stdout] 
[INFO] [stderr] error: could not compile `rebuilderd-common` (lib) due to 3 previous errors
[INFO] running `Command { std: "docker" "inspect" "ea58d7fcedfdfc13880dc2a37f19b00e3e4f05a004e44d691a666aee15bc78df", kill_on_drop: false }`
[INFO] running `Command { std: "docker" "rm" "-f" "ea58d7fcedfdfc13880dc2a37f19b00e3e4f05a004e44d691a666aee15bc78df", kill_on_drop: false }`
[INFO] [stdout] ea58d7fcedfdfc13880dc2a37f19b00e3e4f05a004e44d691a666aee15bc78df
