[INFO] fetching crate p3-stir 0.8.0...
[INFO] checking p3-stir-0.8.0 against 3154cc1a3e6424e44f438a95007d043ed5ceaaf6+rustflags=-Znext-solver=coherence for pr-133502-30
[INFO] extracting crate p3-stir 0.8.0 into /workspace/builds/worker-1-tc1/source
[INFO] started tweaking crates.io crate p3-stir 0.8.0
[INFO] removed 0 missing tests
[INFO] finished tweaking crates.io crate p3-stir 0.8.0
[INFO] tweaked toml for crates.io crate p3-stir 0.8.0 written to /workspace/builds/worker-1-tc1/source/Cargo.toml
[INFO] validating manifest of crates.io crate p3-stir 0.8.0 on toolchain 3154cc1a3e6424e44f438a95007d043ed5ceaaf6
[INFO] running `Command { std: CARGO_HOME="/workspace/cargo-home" RUSTUP_HOME="/workspace/rustup-home" "/workspace/cargo-home/bin/cargo" "+3154cc1a3e6424e44f438a95007d043ed5ceaaf6" "metadata" "--manifest-path" "Cargo.toml" "--no-deps", kill_on_drop: false }`
[INFO] crate crates.io crate p3-stir 0.8.0 already has a lockfile, it will not be regenerated
[INFO] running `Command { std: CARGO_HOME="/workspace/cargo-home" RUSTUP_HOME="/workspace/rustup-home" "/workspace/cargo-home/bin/cargo" "+3154cc1a3e6424e44f438a95007d043ed5ceaaf6" "fetch" "--manifest-path" "Cargo.toml", kill_on_drop: false }`
[INFO] [stderr] warning: `package.homepage` is redundant with `package.repository`
[INFO] [stderr]    --> Cargo.toml:128:12
[INFO] [stderr]     |
[INFO] [stderr] 128 | homepage = "https://github.com/Plonky3/Plonky3"
[INFO] [stderr]     |            ^^^^^^^^^^^^^^^^^^^^^^^^^^^^^^^^^^^^
[INFO] [stderr] ...
[INFO] [stderr] 133 | repository = "https://github.com/Plonky3/Plonky3"
[INFO] [stderr]     |              ------------------------------------
[INFO] [stderr]     |
[INFO] [stderr]     = note: `cargo::redundant_homepage` is set to `warn` by default
[INFO] [stderr] help: consider removing `package.homepage`
[INFO] [stderr] warning: `p3-stir` (manifest) generated 1 warning
[INFO] [stderr]     Updating crates.io index
[INFO] [stderr]  Downloading crates ...
[INFO] [stderr]   Downloaded p3-util v0.8.0
[INFO] [stderr]   Downloaded spin v0.12.3
[INFO] [stderr]   Downloaded p3-symmetric v0.8.0
[INFO] [stderr]   Downloaded p3-maybe-rayon v0.8.0
[INFO] [stderr]   Downloaded p3-keccak v0.8.0
[INFO] [stderr]   Downloaded p3-commit v0.8.0
[INFO] [stderr]   Downloaded p3-dft v0.8.0
[INFO] [stderr]   Downloaded p3-air v0.8.0
[INFO] [stderr]   Downloaded p3-matrix v0.8.0
[INFO] [stderr]   Downloaded p3-field v0.8.0
[INFO] [stderr]   Downloaded p3-security v0.8.0
[INFO] [stderr]   Downloaded p3-challenger v0.8.0
[INFO] running `Command { std: "docker" "create" "-v" "/var/lib/crater-agent-workspace/builds/worker-1-tc1/source:/opt/rustwide/workdir:ro,Z" "-v" "/var/lib/crater-agent-workspace/builds/worker-1-tc1/target:/opt/rustwide/target:rw,Z" "-v" "/var/lib/crater-agent-workspace/cargo-home:/opt/rustwide/cargo-home:ro,Z" "-v" "/var/lib/crater-agent-workspace/rustup-home:/opt/rustwide/rustup-home:ro,Z" "-m" "1610612736" "--network" "none" "ghcr.io/rust-lang/crates-build-env/linux@sha256:77db811e55d90add9212f6832c23229e3de5f1c1f9905e8cb07319ea15df73ac" "sleep" "infinity", kill_on_drop: false }`
[INFO] [stdout] a5f24c105167c43138e99b1349b6f168f44e23bb797d0a73d0a92acf07e48a02
[INFO] running `Command { std: "docker" "start" "a5f24c105167c43138e99b1349b6f168f44e23bb797d0a73d0a92acf07e48a02", kill_on_drop: false }`
[INFO] running `Command { std: "docker" "inspect" "a5f24c105167c43138e99b1349b6f168f44e23bb797d0a73d0a92acf07e48a02", kill_on_drop: false }`
[INFO] running `Command { std: "docker" "exec" "-e" "SOURCE_DIR=/opt/rustwide/workdir" "-e" "CARGO_HOME=/opt/rustwide/cargo-home" "-e" "RUSTUP_HOME=/opt/rustwide/rustup-home" "-e" "CARGO_TARGET_DIR=/opt/rustwide/target" "-w" "/opt/rustwide/workdir" "--user" "0:0" "a5f24c105167c43138e99b1349b6f168f44e23bb797d0a73d0a92acf07e48a02" "/opt/rustwide/cargo-home/bin/cargo" "+3154cc1a3e6424e44f438a95007d043ed5ceaaf6" "metadata" "--no-deps" "--format-version=1", kill_on_drop: false }`
[INFO] running `Command { std: "docker" "inspect" "a5f24c105167c43138e99b1349b6f168f44e23bb797d0a73d0a92acf07e48a02", kill_on_drop: false }`
[INFO] running `Command { std: "docker" "exec" "-e" "SOURCE_DIR=/opt/rustwide/workdir" "-e" "CARGO_HOME=/opt/rustwide/cargo-home" "-e" "RUSTUP_HOME=/opt/rustwide/rustup-home" "-e" "CARGO_TARGET_DIR=/opt/rustwide/target" "-e" "CARGO_INCREMENTAL=0" "-e" "RUST_BACKTRACE=full" "-e" "RUSTFLAGS=--cap-lints=forbid -Znext-solver=coherence" "-e" "RUSTDOCFLAGS=--cap-lints=forbid" "-w" "/opt/rustwide/workdir" "--user" "0:0" "a5f24c105167c43138e99b1349b6f168f44e23bb797d0a73d0a92acf07e48a02" "/opt/rustwide/cargo-home/bin/cargo" "+3154cc1a3e6424e44f438a95007d043ed5ceaaf6" "check" "--frozen" "--all" "--all-targets" "--message-format=json", kill_on_drop: false }`
[INFO] [stderr] warning: `package.homepage` is redundant with `package.repository`
[INFO] [stderr]    --> Cargo.toml:128:12
[INFO] [stderr]     |
[INFO] [stderr] 128 | homepage = "https://github.com/Plonky3/Plonky3"
[INFO] [stderr]     |            ^^^^^^^^^^^^^^^^^^^^^^^^^^^^^^^^^^^^
[INFO] [stderr] ...
[INFO] [stderr] 133 | repository = "https://github.com/Plonky3/Plonky3"
[INFO] [stderr]     |              ------------------------------------
[INFO] [stderr]     |
[INFO] [stderr]     = note: `cargo::redundant_homepage` is set to `warn` by default
[INFO] [stderr] help: consider removing `package.homepage`
[INFO] [stderr] warning: `p3-stir` (manifest) generated 1 warning
[INFO] [stderr]     Checking either v1.18.0
[INFO] [stderr]     Checking tracing-core v0.1.36
[INFO] [stderr]     Checking p3-maybe-rayon v0.8.0
[INFO] [stderr]    Compiling thiserror v2.0.20
[INFO] [stderr]    Compiling zerocopy v0.8.57
[INFO] [stderr]    Compiling syn v2.0.119
[INFO] [stderr]    Compiling syn v3.0.6
[INFO] [stderr]    Compiling num-traits v0.2.19
[INFO] [stderr]     Checking rand v0.10.3
[INFO] [stderr]    Compiling crunchy v0.2.4
[INFO] [stderr]     Checking getrandom v0.3.4
[INFO] [stderr]    Compiling find-msvc-tools v0.1.13
[INFO] [stderr]    Compiling crossbeam-deque v0.8.8
[INFO] [stderr]    Compiling tiny-keccak v2.0.2
[INFO] [stderr]     Checking spin v0.12.3
[INFO] [stderr]     Checking memchr v2.8.3
[INFO] [stderr]     Checking clap_lex v1.1.1
[INFO] [stderr]     Checking regex-automata v0.4.18
[INFO] [stderr]     Checking page_size v0.6.0
[INFO] [stderr]     Checking rand_core v0.9.5
[INFO] [stderr]    Compiling cc v1.4.7
[INFO] [stderr]     Checking rand_xorshift v0.4.0
[INFO] [stderr]     Checking itertools v0.15.0
[INFO] [stderr]     Checking clap_builder v4.6.7
[INFO] [stderr]     Checking itertools v0.13.0
[INFO] [stderr]     Checking rand v0.9.5
[INFO] [stderr]     Checking unarray v0.1.4
[INFO] [stderr]     Checking rayon-core v1.13.0
[INFO] [stderr]     Checking serde_json v1.0.151
[INFO] [stderr]     Checking rayon v1.12.0
[INFO] [stderr]     Checking num-integer v0.1.47
[INFO] [stderr]     Checking plotters v0.3.7
[INFO] [stderr]     Checking num-bigint v0.5.1
[INFO] [stderr]    Compiling alloca v0.4.0
[INFO] [stderr]     Checking criterion-plot v0.8.2
[INFO] [stderr]     Checking regex v1.13.1
[INFO] [stderr]     Checking clap v4.6.7
[INFO] [stderr]    Compiling serde_derive v1.0.229
[INFO] [stderr]    Compiling thiserror-impl v2.0.20
[INFO] [stderr]     Checking cobs v0.3.0
[INFO] [stderr]    Compiling tracing-attributes v0.1.31
[INFO] [stderr]    Compiling zerocopy-derive v0.8.57
[INFO] [stderr]     Checking serde v1.0.229
[INFO] [stderr]     Checking p3-util v0.8.0
[INFO] [stderr]     Checking tinytemplate v1.2.1
[INFO] [stderr]     Checking postcard v1.1.3
[INFO] [stderr]     Checking tracing v0.1.44
[INFO] [stderr]     Checking p3-field v0.8.0
[INFO] [stderr]     Checking p3-matrix v0.8.0
[INFO] [stderr]     Checking p3-symmetric v0.8.0
[INFO] [stderr]     Checking p3-keccak v0.8.0
[INFO] [stderr]     Checking p3-challenger v0.8.0
[INFO] [stderr]     Checking p3-dft v0.8.0
[INFO] [stderr]     Checking p3-air v0.8.0
[INFO] [stderr]     Checking p3-commit v0.8.0
[INFO] [stderr]     Checking p3-security v0.8.0
[INFO] [stderr]     Checking p3-stir v0.8.0 (/opt/rustwide/workdir)
[INFO] [stderr]     Checking half v2.7.1
[INFO] [stderr]     Checking ppv-lite86 v0.2.21
[INFO] [stderr]     Checking rand_chacha v0.9.0
[INFO] [stderr]     Checking ciborium-ll v0.2.2
[INFO] [stderr]     Checking ciborium v0.2.2
[INFO] [stderr]     Checking proptest v1.11.0
[INFO] [stderr]     Checking criterion v0.8.2
[INFO] [stdout] error[E0432]: unresolved import `p3_baby_bear`
[INFO] [stdout]  --> tests/utils.rs:3:5
[INFO] [stdout]   |
[INFO] [stdout] 3 | use p3_baby_bear::BabyBear;
[INFO] [stdout]   |     ^^^^^^^^^^^^ use of unresolved module or unlinked crate `p3_baby_bear`
[INFO] [stdout]   |
[INFO] [stdout]   = help: if you wanted to use a crate named `p3_baby_bear`, use `cargo add p3_baby_bear` to add it to your `Cargo.toml`
[INFO] [stdout] 
[INFO] [stdout] 
[INFO] [stdout] error[E0432]: unresolved import `p3_merkle_tree`
[INFO] [stdout]   --> tests/stir.rs:19:5
[INFO] [stdout]    |
[INFO] [stdout] 19 | use p3_merkle_tree::MerkleTreeMmcs;
[INFO] [stdout]    |     ^^^^^^^^^^^^^^ use of unresolved module or unlinked crate `p3_merkle_tree`
[INFO] [stdout]    |
[INFO] [stdout]    = help: if you wanted to use a crate named `p3_merkle_tree`, use `cargo add p3_merkle_tree` to add it to your `Cargo.toml`
[INFO] [stdout] 
[INFO] [stdout] 
[INFO] [stdout] error[E0432]: unresolved import `p3_commit::testing`
[INFO] [stdout]     --> tests/stir.rs:2144:24
[INFO] [stdout]      |
[INFO] [stdout] 2144 |         use p3_commit::testing::assert_pcs_opening_contract;
[INFO] [stdout]      |                        ^^^^^^^ could not find `testing` in `p3_commit`
[INFO] [stdout]      |
[INFO] [stdout] note: found an item that was configured out
[INFO] [stdout]     --> /opt/rustwide/cargo-home/registry/src/index.crates.io-1949cf8c6b5b557f/p3-commit-0.8.0/src/lib.rs:14:9
[INFO] [stdout]      |
[INFO] [stdout]   13 | #[cfg(any(test, feature = "test-utils"))]
[INFO] [stdout]      |          ------------------------------ the item is gated here
[INFO] [stdout]   14 | pub mod testing;
[INFO] [stdout]      |         ^^^^^^^
[INFO] [stdout] 
[INFO] [stdout] 
[INFO] [stdout] error[E0432]: unresolved import `p3_baby_bear`
[INFO] [stdout]    --> tests/stir.rs:103:9
[INFO] [stdout]     |
[INFO] [stdout] 103 |     use p3_baby_bear::{BabyBear, Poseidon2BabyBear};
[INFO] [stdout]     |         ^^^^^^^^^^^^ use of unresolved module or unlinked crate `p3_baby_bear`
[INFO] [stdout]     |
[INFO] [stdout]     = help: if you wanted to use a crate named `p3_baby_bear`, use `cargo add p3_baby_bear` to add it to your `Cargo.toml`
[INFO] [stdout] 
[INFO] [stdout] 
[INFO] [stdout] error[E0432]: unresolved import `p3_koala_bear`
[INFO] [stdout]     --> tests/stir.rs:1323:9
[INFO] [stdout]      |
[INFO] [stdout] 1323 |     use p3_koala_bear::{KoalaBear, Poseidon2KoalaBear};
[INFO] [stdout]      |         ^^^^^^^^^^^^^ use of unresolved module or unlinked crate `p3_koala_bear`
[INFO] [stdout]      |
[INFO] [stdout]      = help: if you wanted to use a crate named `p3_koala_bear`, use `cargo add p3_koala_bear` to add it to your `Cargo.toml`
[INFO] [stdout] 
[INFO] [stdout] 
[INFO] [stdout] error[E0432]: unresolved import `p3_goldilocks`
[INFO] [stdout]     --> tests/stir.rs:1384:9
[INFO] [stdout]      |
[INFO] [stdout] 1384 |     use p3_goldilocks::{Goldilocks, Poseidon2Goldilocks};
[INFO] [stdout]      |         ^^^^^^^^^^^^^ use of unresolved module or unlinked crate `p3_goldilocks`
[INFO] [stdout]      |
[INFO] [stdout]      = help: if you wanted to use a crate named `p3_goldilocks`, use `cargo add p3_goldilocks` to add it to your `Cargo.toml`
[INFO] [stdout] 
[INFO] [stdout] 
[INFO] [stdout] error[E0432]: unresolved import `p3_baby_bear`
[INFO] [stdout]     --> tests/stir.rs:1439:9
[INFO] [stdout]      |
[INFO] [stdout] 1439 |     use p3_baby_bear::{BabyBear, Poseidon2BabyBear};
[INFO] [stdout]      |         ^^^^^^^^^^^^ use of unresolved module or unlinked crate `p3_baby_bear`
[INFO] [stdout]      |
[INFO] [stdout]      = help: if you wanted to use a crate named `p3_baby_bear`, use `cargo add p3_baby_bear` to add it to your `Cargo.toml`
[INFO] [stdout] 
[INFO] [stdout] 
[INFO] [stdout] error[E0432]: unresolved import `p3_fri`
[INFO] [stdout]     --> tests/stir.rs:1440:9
[INFO] [stdout]      |
[INFO] [stdout] 1440 |     use p3_fri::{FriParameters, TwoAdicFriPcs};
[INFO] [stdout]      |         ^^^^^^ use of unresolved module or unlinked crate `p3_fri`
[INFO] [stdout]      |
[INFO] [stdout]      = help: if you wanted to use a crate named `p3_fri`, use `cargo add p3_fri` to add it to your `Cargo.toml`
[INFO] [stdout] 
[INFO] [stdout] 
[INFO] [stdout] error[E0432]: unresolved import `p3_keccak`
[INFO] [stdout]     --> tests/stir.rs:1441:9
[INFO] [stdout]      |
[INFO] [stdout] 1441 |     use p3_keccak::Keccak256Hash;
[INFO] [stdout]      |         ^^^^^^^^^ use of unresolved module or unlinked crate `p3_keccak`
[INFO] [stdout]      |
[INFO] [stdout]      = help: if you wanted to use a crate named `p3_keccak`, use `cargo add p3_keccak` to add it to your `Cargo.toml`
[INFO] [stdout] 
[INFO] [stdout] 
[INFO] [stdout] error[E0432]: unresolved import `p3_baby_bear`
[INFO] [stdout]     --> tests/stir.rs:3866:9
[INFO] [stdout]      |
[INFO] [stdout] 3866 |     use p3_baby_bear::{BabyBear, Poseidon2BabyBear};
[INFO] [stdout]      |         ^^^^^^^^^^^^ use of unresolved module or unlinked crate `p3_baby_bear`
[INFO] [stdout]      |
[INFO] [stdout]      = help: if you wanted to use a crate named `p3_baby_bear`, use `cargo add p3_baby_bear` to add it to your `Cargo.toml`
[INFO] [stdout] 
[INFO] [stdout] 
[INFO] [stdout] error[E0432]: unresolved import `p3_air`
[INFO] [stdout]     --> tests/stir.rs:4712:9
[INFO] [stdout]      |
[INFO] [stdout] 4712 |     use p3_air::{Air, AirBuilder, BaseAir, WindowAccess};
[INFO] [stdout]      |         ^^^^^^ use of unresolved module or unlinked crate `p3_air`
[INFO] [stdout]      |
[INFO] [stdout] help: there is a crate or module with a similar name
[INFO] [stdout]      |
[INFO] [stdout] 4712 -     use p3_air::{Air, AirBuilder, BaseAir, WindowAccess};
[INFO] [stdout] 4712 +     use p3_stir::{Air, AirBuilder, BaseAir, WindowAccess};
[INFO] [stdout]      |
[INFO] [stdout] 
[INFO] [stdout] 
[INFO] [stdout] error[E0432]: unresolved import `p3_baby_bear`
[INFO] [stdout]     --> tests/stir.rs:4713:9
[INFO] [stdout]      |
[INFO] [stdout] 4713 |     use p3_baby_bear::{BabyBear, Poseidon2BabyBear};
[INFO] [stdout]      |         ^^^^^^^^^^^^ use of unresolved module or unlinked crate `p3_baby_bear`
[INFO] [stdout]      |
[INFO] [stdout]      = help: if you wanted to use a crate named `p3_baby_bear`, use `cargo add p3_baby_bear` to add it to your `Cargo.toml`
[INFO] [stdout] 
[INFO] [stdout] 
[INFO] [stdout] error[E0432]: unresolved import `p3_uni_stark`
[INFO] [stdout]     --> tests/stir.rs:4715:9
[INFO] [stdout]      |
[INFO] [stdout] 4715 |     use p3_uni_stark::{StarkConfig, prove, verify};
[INFO] [stdout]      |         ^^^^^^^^^^^^ use of unresolved module or unlinked crate `p3_uni_stark`
[INFO] [stdout]      |
[INFO] [stdout]      = help: if you wanted to use a crate named `p3_uni_stark`, use `cargo add p3_uni_stark` to add it to your `Cargo.toml`
[INFO] [stdout] 
[INFO] [stdout] 
[INFO] [stdout] error[E0432]: unresolved import `p3_koala_bear`
[INFO] [stdout]   --> benches/stir.rs:26:5
[INFO] [stdout]    |
[INFO] [stdout] 26 | use p3_koala_bear::{KoalaBear, Poseidon2KoalaBear};
[INFO] [stdout]    |     ^^^^^^^^^^^^^ use of unresolved module or unlinked crate `p3_koala_bear`
[INFO] [stdout]    |
[INFO] [stdout]    = help: if you wanted to use a crate named `p3_koala_bear`, use `cargo add p3_koala_bear` to add it to your `Cargo.toml`
[INFO] [stdout] 
[INFO] [stdout] 
[INFO] [stdout] error[E0432]: unresolved import `p3_merkle_tree`
[INFO] [stdout]   --> benches/stir.rs:28:5
[INFO] [stdout]    |
[INFO] [stdout] 28 | use p3_merkle_tree::MerkleTreeMmcs;
[INFO] [stdout]    |     ^^^^^^^^^^^^^^ use of unresolved module or unlinked crate `p3_merkle_tree`
[INFO] [stdout]    |
[INFO] [stdout]    = help: if you wanted to use a crate named `p3_merkle_tree`, use `cargo add p3_merkle_tree` to add it to your `Cargo.toml`
[INFO] [stdout] 
[INFO] [stdout] 
[INFO] [stdout] error[E0432]: unresolved import `p3_koala_bear`
[INFO] [stdout]   --> benches/stir_pcs.rs:12:5
[INFO] [stdout]    |
[INFO] [stdout] 12 | use p3_koala_bear::{KoalaBear, Poseidon2KoalaBear};
[INFO] [stdout]    |     ^^^^^^^^^^^^^ use of unresolved module or unlinked crate `p3_koala_bear`
[INFO] [stdout]    |
[INFO] [stdout]    = help: if you wanted to use a crate named `p3_koala_bear`, use `cargo add p3_koala_bear` to add it to your `Cargo.toml`
[INFO] [stdout] 
[INFO] [stdout] 
[INFO] [stdout] error[E0432]: unresolved import `p3_merkle_tree`
[INFO] [stdout]   --> benches/stir_pcs.rs:14:5
[INFO] [stdout]    |
[INFO] [stdout] 14 | use p3_merkle_tree::MerkleTreeMmcs;
[INFO] [stdout]    |     ^^^^^^^^^^^^^^ use of unresolved module or unlinked crate `p3_merkle_tree`
[INFO] [stdout]    |
[INFO] [stdout]    = help: if you wanted to use a crate named `p3_merkle_tree`, use `cargo add p3_merkle_tree` to add it to your `Cargo.toml`
[INFO] [stdout] 
[INFO] [stdout] 
[INFO] [stdout] error[E0432]: unresolved import `p3_challenger::testing`
[INFO] [stdout]    --> src/batch_transcript.rs:202:24
[INFO] [stdout]     |
[INFO] [stdout] 202 |     use p3_challenger::testing::{assert_seeds_pairwise_distinct, pow_difficulties, seed_digest};
[INFO] [stdout]     |                        ^^^^^^^ could not find `testing` in `p3_challenger`
[INFO] [stdout]     |
[INFO] [stdout] note: found an item that was configured out
[INFO] [stdout]    --> /opt/rustwide/cargo-home/registry/src/index.crates.io-1949cf8c6b5b557f/p3-challenger-0.8.0/src/lib.rs:21:9
[INFO] [stdout]     |
[INFO] [stdout]  20 | #[cfg(any(test, feature = "test-utils"))]
[INFO] [stdout]     |          ------------------------------ the item is gated here
[INFO] [stdout]  21 | pub mod testing;
[INFO] [stdout]     |         ^^^^^^^
[INFO] [stdout] 
[INFO] [stdout] 
[INFO] [stdout] error[E0432]: unresolved import `p3_challenger::testing`
[INFO] [stdout]   --> src/pcs/tests.rs:4:20
[INFO] [stdout]    |
[INFO] [stdout]  4 | use p3_challenger::testing::seed_digest;
[INFO] [stdout]    |                    ^^^^^^^ could not find `testing` in `p3_challenger`
[INFO] [stdout]    |
[INFO] [stdout] note: found an item that was configured out
[INFO] [stdout]   --> /opt/rustwide/cargo-home/registry/src/index.crates.io-1949cf8c6b5b557f/p3-challenger-0.8.0/src/lib.rs:21:9
[INFO] [stdout]    |
[INFO] [stdout] 20 | #[cfg(any(test, feature = "test-utils"))]
[INFO] [stdout]    |          ------------------------------ the item is gated here
[INFO] [stdout] 21 | pub mod testing;
[INFO] [stdout]    |         ^^^^^^^
[INFO] [stdout] 
[INFO] [stdout] 
[INFO] [stdout] error[E0432]: unresolved import `p3_challenger::testing`
[INFO] [stdout]     --> src/pcs_transcript.rs:1058:24
[INFO] [stdout]      |
[INFO] [stdout] 1058 |     use p3_challenger::testing::{SeedDigest, assert_seeds_pairwise_distinct, seed_digest};
[INFO] [stdout]      |                        ^^^^^^^ could not find `testing` in `p3_challenger`
[INFO] [stdout]      |
[INFO] [stdout] note: found an item that was configured out
[INFO] [stdout]     --> /opt/rustwide/cargo-home/registry/src/index.crates.io-1949cf8c6b5b557f/p3-challenger-0.8.0/src/lib.rs:21:9
[INFO] [stdout]      |
[INFO] [stdout]   20 | #[cfg(any(test, feature = "test-utils"))]
[INFO] [stdout]      |          ------------------------------ the item is gated here
[INFO] [stdout]   21 | pub mod testing;
[INFO] [stdout]      |         ^^^^^^^
[INFO] [stdout] 
[INFO] [stdout] 
[INFO] [stdout] error[E0432]: unresolved import `p3_challenger::testing`
[INFO] [stdout]     --> src/transcript.rs:1455:24
[INFO] [stdout]      |
[INFO] [stdout] 1455 |     use p3_challenger::testing::pow_difficulties;
[INFO] [stdout]      |                        ^^^^^^^ could not find `testing` in `p3_challenger`
[INFO] [stdout]      |
[INFO] [stdout] note: found an item that was configured out
[INFO] [stdout]     --> /opt/rustwide/cargo-home/registry/src/index.crates.io-1949cf8c6b5b557f/p3-challenger-0.8.0/src/lib.rs:21:9
[INFO] [stdout]      |
[INFO] [stdout]   20 | #[cfg(any(test, feature = "test-utils"))]
[INFO] [stdout]      |          ------------------------------ the item is gated here
[INFO] [stdout]   21 | pub mod testing;
[INFO] [stdout]      |         ^^^^^^^
[INFO] [stdout] 
[INFO] [stdout] 
[INFO] [stdout] error[E0432]: unresolved import `p3_baby_bear`
[INFO] [stdout]    --> src/batch_transcript.rs:201:9
[INFO] [stdout]     |
[INFO] [stdout] 201 |     use p3_baby_bear::{BabyBear, Poseidon2BabyBear};
[INFO] [stdout]     |         ^^^^^^^^^^^^ use of unresolved module or unlinked crate `p3_baby_bear`
[INFO] [stdout]     |
[INFO] [stdout]     = help: if you wanted to use a crate named `p3_baby_bear`, use `cargo add p3_baby_bear` to add it to your `Cargo.toml`
[INFO] [stdout] 
[INFO] [stdout] 
[INFO] [stdout] error[E0432]: unresolved import `p3_baby_bear`
[INFO] [stdout]     --> src/config.rs:1343:9
[INFO] [stdout]      |
[INFO] [stdout] 1343 |     use p3_baby_bear::{BabyBear, Poseidon2BabyBear};
[INFO] [stdout]      |         ^^^^^^^^^^^^ use of unresolved module or unlinked crate `p3_baby_bear`
[INFO] [stdout]      |
[INFO] [stdout]      = help: if you wanted to use a crate named `p3_baby_bear`, use `cargo add p3_baby_bear` to add it to your `Cargo.toml`
[INFO] [stdout] 
[INFO] [stdout] 
[INFO] [stdout] error[E0432]: unresolved import `p3_goldilocks`
[INFO] [stdout]     --> src/config.rs:1348:9
[INFO] [stdout]      |
[INFO] [stdout] 1348 |     use p3_goldilocks::{Goldilocks, Poseidon2Goldilocks};
[INFO] [stdout]      |         ^^^^^^^^^^^^^ use of unresolved module or unlinked crate `p3_goldilocks`
[INFO] [stdout]      |
[INFO] [stdout]      = help: if you wanted to use a crate named `p3_goldilocks`, use `cargo add p3_goldilocks` to add it to your `Cargo.toml`
[INFO] [stdout] 
[INFO] [stdout] 
[INFO] [stdout] error[E0432]: unresolved import `p3_merkle_tree`
[INFO] [stdout]     --> src/config.rs:1349:9
[INFO] [stdout]      |
[INFO] [stdout] 1349 |     use p3_merkle_tree::MerkleTreeMmcs;
[INFO] [stdout]      |         ^^^^^^^^^^^^^^ use of unresolved module or unlinked crate `p3_merkle_tree`
[INFO] [stdout]      |
[INFO] [stdout]      = help: if you wanted to use a crate named `p3_merkle_tree`, use `cargo add p3_merkle_tree` to add it to your `Cargo.toml`
[INFO] [stdout] 
[INFO] [stdout] 
[INFO] [stdout] error[E0432]: unresolved import `p3_baby_bear`
[INFO] [stdout]  --> src/pcs/tests.rs:3:5
[INFO] [stdout]   |
[INFO] [stdout] 3 | use p3_baby_bear::{BabyBear, Poseidon2BabyBear};
[INFO] [stdout]   |     ^^^^^^^^^^^^ use of unresolved module or unlinked crate `p3_baby_bear`
[INFO] [stdout]   |
[INFO] [stdout]   = help: if you wanted to use a crate named `p3_baby_bear`, use `cargo add p3_baby_bear` to add it to your `Cargo.toml`
[INFO] [stdout] 
[INFO] [stdout] 
[INFO] [stdout] error[E0432]: unresolved import `p3_keccak`
[INFO] [stdout]   --> src/pcs/tests.rs:10:5
[INFO] [stdout]    |
[INFO] [stdout] 10 | use p3_keccak::Keccak256Hash;
[INFO] [stdout]    |     ^^^^^^^^^ use of unresolved module or unlinked crate `p3_keccak`
[INFO] [stdout]    |
[INFO] [stdout]    = help: if you wanted to use a crate named `p3_keccak`, use `cargo add p3_keccak` to add it to your `Cargo.toml`
[INFO] [stdout] 
[INFO] [stdout] 
[INFO] [stdout] error[E0432]: unresolved import `p3_merkle_tree`
[INFO] [stdout]   --> src/pcs/tests.rs:11:5
[INFO] [stdout]    |
[INFO] [stdout] 11 | use p3_merkle_tree::MerkleTreeMmcs;
[INFO] [stdout]    |     ^^^^^^^^^^^^^^ use of unresolved module or unlinked crate `p3_merkle_tree`
[INFO] [stdout]    |
[INFO] [stdout]    = help: if you wanted to use a crate named `p3_merkle_tree`, use `cargo add p3_merkle_tree` to add it to your `Cargo.toml`
[INFO] [stdout] 
[INFO] [stdout] 
[INFO] [stdout] error[E0432]: unresolved import `p3_baby_bear`
[INFO] [stdout]     --> src/pcs_transcript.rs:1057:9
[INFO] [stdout]      |
[INFO] [stdout] 1057 |     use p3_baby_bear::{BabyBear, Poseidon2BabyBear};
[INFO] [stdout]      |         ^^^^^^^^^^^^ use of unresolved module or unlinked crate `p3_baby_bear`
[INFO] [stdout]      |
[INFO] [stdout]      = help: if you wanted to use a crate named `p3_baby_bear`, use `cargo add p3_baby_bear` to add it to your `Cargo.toml`
[INFO] [stdout] 
[INFO] [stdout] 
[INFO] [stdout] error[E0432]: unresolved import `p3_baby_bear`
[INFO] [stdout]     --> src/transcript.rs:1454:9
[INFO] [stdout]      |
[INFO] [stdout] 1454 |     use p3_baby_bear::{BabyBear, Poseidon2BabyBear};
[INFO] [stdout]      |         ^^^^^^^^^^^^ use of unresolved module or unlinked crate `p3_baby_bear`
[INFO] [stdout]      |
[INFO] [stdout]      = help: if you wanted to use a crate named `p3_baby_bear`, use `cargo add p3_baby_bear` to add it to your `Cargo.toml`
[INFO] [stdout] 
[INFO] [stdout] 
[INFO] [stdout] error[E0432]: unresolved import `p3_keccak`
[INFO] [stdout]     --> src/transcript.rs:1460:9
[INFO] [stdout]      |
[INFO] [stdout] 1460 |     use p3_keccak::Keccak256Hash;
[INFO] [stdout]      |         ^^^^^^^^^ use of unresolved module or unlinked crate `p3_keccak`
[INFO] [stdout]      |
[INFO] [stdout]      = help: if you wanted to use a crate named `p3_keccak`, use `cargo add p3_keccak` to add it to your `Cargo.toml`
[INFO] [stdout] 
[INFO] [stdout] 
[INFO] [stdout] error[E0432]: unresolved import `p3_merkle_tree`
[INFO] [stdout]     --> src/transcript.rs:1461:9
[INFO] [stdout]      |
[INFO] [stdout] 1461 |     use p3_merkle_tree::MerkleTreeMmcs;
[INFO] [stdout]      |         ^^^^^^^^^^^^^^ use of unresolved module or unlinked crate `p3_merkle_tree`
[INFO] [stdout]      |
[INFO] [stdout]      = help: if you wanted to use a crate named `p3_merkle_tree`, use `cargo add p3_merkle_tree` to add it to your `Cargo.toml`
[INFO] [stdout] 
[INFO] [stdout] 
[INFO] [stdout] error[E0432]: unresolved import `p3_baby_bear`
[INFO] [stdout]    --> src/utils.rs:774:9
[INFO] [stdout]     |
[INFO] [stdout] 774 |     use p3_baby_bear::BabyBear;
[INFO] [stdout]     |         ^^^^^^^^^^^^ use of unresolved module or unlinked crate `p3_baby_bear`
[INFO] [stdout]     |
[INFO] [stdout]     = help: if you wanted to use a crate named `p3_baby_bear`, use `cargo add p3_baby_bear` to add it to your `Cargo.toml`
[INFO] [stdout] 
[INFO] [stdout] 
[INFO] [stdout] error[E0432]: unresolved import `p3_baby_bear`
[INFO] [stdout]    --> src/verifier.rs:305:9
[INFO] [stdout]     |
[INFO] [stdout] 305 |     use p3_baby_bear::BabyBear as F;
[INFO] [stdout]     |         ^^^^^^^^^^^^ use of unresolved module or unlinked crate `p3_baby_bear`
[INFO] [stdout]     |
[INFO] [stdout]     = help: if you wanted to use a crate named `p3_baby_bear`, use `cargo add p3_baby_bear` to add it to your `Cargo.toml`
[INFO] [stdout] 
[INFO] [stdout] 
[INFO] [stdout] error[E0432]: unresolved import `p3_baby_bear`
[INFO] [stdout]     --> src/config.rs:1650:13
[INFO] [stdout]      |
[INFO] [stdout] 1650 |         use p3_baby_bear::{BabyBear, Poseidon2BabyBear};
[INFO] [stdout]      |             ^^^^^^^^^^^^ use of unresolved module or unlinked crate `p3_baby_bear`
[INFO] [stdout]      |
[INFO] [stdout]      = help: if you wanted to use a crate named `p3_baby_bear`, use `cargo add p3_baby_bear` to add it to your `Cargo.toml`
[INFO] [stdout] 
[INFO] [stdout] 
[INFO] [stdout] error[E0432]: unresolved import `p3_merkle_tree`
[INFO] [stdout]     --> src/config.rs:1655:13
[INFO] [stdout]      |
[INFO] [stdout] 1655 |         use p3_merkle_tree::MerkleTreeMmcs;
[INFO] [stdout]      |             ^^^^^^^^^^^^^^ use of unresolved module or unlinked crate `p3_merkle_tree`
[INFO] [stdout]      |
[INFO] [stdout]      = help: if you wanted to use a crate named `p3_merkle_tree`, use `cargo add p3_merkle_tree` to add it to your `Cargo.toml`
[INFO] [stdout] 
[INFO] [stdout] 
[INFO] [stdout] error[E0432]: unresolved import `p3_baby_bear`
[INFO] [stdout]     --> src/config.rs:1744:13
[INFO] [stdout]      |
[INFO] [stdout] 1744 |         use p3_baby_bear::{BabyBear, Poseidon2BabyBear};
[INFO] [stdout]      |             ^^^^^^^^^^^^ use of unresolved module or unlinked crate `p3_baby_bear`
[INFO] [stdout]      |
[INFO] [stdout]      = help: if you wanted to use a crate named `p3_baby_bear`, use `cargo add p3_baby_bear` to add it to your `Cargo.toml`
[INFO] [stdout] 
[INFO] [stdout] 
[INFO] [stdout] error[E0432]: unresolved import `p3_merkle_tree`
[INFO] [stdout]     --> src/config.rs:1749:13
[INFO] [stdout]      |
[INFO] [stdout] 1749 |         use p3_merkle_tree::MerkleTreeMmcs;
[INFO] [stdout]      |             ^^^^^^^^^^^^^^ use of unresolved module or unlinked crate `p3_merkle_tree`
[INFO] [stdout]      |
[INFO] [stdout]      = help: if you wanted to use a crate named `p3_merkle_tree`, use `cargo add p3_merkle_tree` to add it to your `Cargo.toml`
[INFO] [stdout] 
[INFO] [stdout] 
[INFO] [stdout] error[E0432]: unresolved import `p3_baby_bear`
[INFO] [stdout]     --> src/config.rs:1869:13
[INFO] [stdout]      |
[INFO] [stdout] 1869 |         use p3_baby_bear::{BabyBear, Poseidon2BabyBear};
[INFO] [stdout]      |             ^^^^^^^^^^^^ use of unresolved module or unlinked crate `p3_baby_bear`
[INFO] [stdout]      |
[INFO] [stdout]      = help: if you wanted to use a crate named `p3_baby_bear`, use `cargo add p3_baby_bear` to add it to your `Cargo.toml`
[INFO] [stdout] 
[INFO] [stdout] 
[INFO] [stdout] error[E0432]: unresolved import `p3_merkle_tree`
[INFO] [stdout]     --> src/config.rs:1874:13
[INFO] [stdout]      |
[INFO] [stdout] 1874 |         use p3_merkle_tree::MerkleTreeMmcs;
[INFO] [stdout]      |             ^^^^^^^^^^^^^^ use of unresolved module or unlinked crate `p3_merkle_tree`
[INFO] [stdout]      |
[INFO] [stdout]      = help: if you wanted to use a crate named `p3_merkle_tree`, use `cargo add p3_merkle_tree` to add it to your `Cargo.toml`
[INFO] [stdout] 
[INFO] [stdout] 
[INFO] [stdout] error[E0432]: unresolved import `p3_baby_bear`
[INFO] [stdout]     --> src/config.rs:1934:13
[INFO] [stdout]      |
[INFO] [stdout] 1934 |         use p3_baby_bear::{BabyBear, Poseidon2BabyBear};
[INFO] [stdout]      |             ^^^^^^^^^^^^ use of unresolved module or unlinked crate `p3_baby_bear`
[INFO] [stdout]      |
[INFO] [stdout]      = help: if you wanted to use a crate named `p3_baby_bear`, use `cargo add p3_baby_bear` to add it to your `Cargo.toml`
[INFO] [stdout] 
[INFO] [stdout] 
[INFO] [stdout] error[E0432]: unresolved import `p3_merkle_tree`
[INFO] [stdout]     --> src/config.rs:1939:13
[INFO] [stdout]      |
[INFO] [stdout] 1939 |         use p3_merkle_tree::MerkleTreeMmcs;
[INFO] [stdout]      |             ^^^^^^^^^^^^^^ use of unresolved module or unlinked crate `p3_merkle_tree`
[INFO] [stdout]      |
[INFO] [stdout]      = help: if you wanted to use a crate named `p3_merkle_tree`, use `cargo add p3_merkle_tree` to add it to your `Cargo.toml`
[INFO] [stdout] 
[INFO] [stdout] 
[INFO] [stdout] error[E0432]: unresolved import `p3_merkle_tree`
[INFO] [stdout]     --> src/config.rs:2112:13
[INFO] [stdout]      |
[INFO] [stdout] 2112 |         use p3_merkle_tree::MerkleTreeMmcs;
[INFO] [stdout]      |             ^^^^^^^^^^^^^^ use of unresolved module or unlinked crate `p3_merkle_tree`
[INFO] [stdout]      |
[INFO] [stdout]      = help: if you wanted to use a crate named `p3_merkle_tree`, use `cargo add p3_merkle_tree` to add it to your `Cargo.toml`
[INFO] [stdout] 
[INFO] [stdout] 
[INFO] [stdout] error[E0432]: unresolved import `p3_merkle_tree`
[INFO] [stdout]     --> src/config.rs:2160:13
[INFO] [stdout]      |
[INFO] [stdout] 2160 |         use p3_merkle_tree::MerkleTreeMmcs;
[INFO] [stdout]      |             ^^^^^^^^^^^^^^ use of unresolved module or unlinked crate `p3_merkle_tree`
[INFO] [stdout]      |
[INFO] [stdout]      = help: if you wanted to use a crate named `p3_merkle_tree`, use `cargo add p3_merkle_tree` to add it to your `Cargo.toml`
[INFO] [stdout] 
[INFO] [stdout] 
[INFO] [stdout] error[E0432]: unresolved import `p3_baby_bear`
[INFO] [stdout]     --> src/config.rs:2203:13
[INFO] [stdout]      |
[INFO] [stdout] 2203 |         use p3_baby_bear::{BabyBear, Poseidon2BabyBear};
[INFO] [stdout]      |             ^^^^^^^^^^^^ use of unresolved module or unlinked crate `p3_baby_bear`
[INFO] [stdout]      |
[INFO] [stdout]      = help: if you wanted to use a crate named `p3_baby_bear`, use `cargo add p3_baby_bear` to add it to your `Cargo.toml`
[INFO] [stdout] 
[INFO] [stdout] 
[INFO] [stdout] error[E0432]: unresolved import `p3_merkle_tree`
[INFO] [stdout]     --> src/config.rs:2208:13
[INFO] [stdout]      |
[INFO] [stdout] 2208 |         use p3_merkle_tree::MerkleTreeMmcs;
[INFO] [stdout]      |             ^^^^^^^^^^^^^^ use of unresolved module or unlinked crate `p3_merkle_tree`
[INFO] [stdout]      |
[INFO] [stdout]      = help: if you wanted to use a crate named `p3_merkle_tree`, use `cargo add p3_merkle_tree` to add it to your `Cargo.toml`
[INFO] [stdout] 
[INFO] [stdout] 
[INFO] [stdout] error[E0432]: unresolved import `p3_baby_bear`
[INFO] [stdout]     --> src/config.rs:2356:13
[INFO] [stdout]      |
[INFO] [stdout] 2356 |         use p3_baby_bear::{BabyBear, Poseidon2BabyBear};
[INFO] [stdout]      |             ^^^^^^^^^^^^ use of unresolved module or unlinked crate `p3_baby_bear`
[INFO] [stdout]      |
[INFO] [stdout]      = help: if you wanted to use a crate named `p3_baby_bear`, use `cargo add p3_baby_bear` to add it to your `Cargo.toml`
[INFO] [stdout] 
[INFO] [stdout] 
[INFO] [stdout] error[E0432]: unresolved import `p3_merkle_tree`
[INFO] [stdout]     --> src/config.rs:2361:13
[INFO] [stdout]      |
[INFO] [stdout] 2361 |         use p3_merkle_tree::MerkleTreeMmcs;
[INFO] [stdout]      |             ^^^^^^^^^^^^^^ use of unresolved module or unlinked crate `p3_merkle_tree`
[INFO] [stdout]      |
[INFO] [stdout]      = help: if you wanted to use a crate named `p3_merkle_tree`, use `cargo add p3_merkle_tree` to add it to your `Cargo.toml`
[INFO] [stdout] 
[INFO] [stdout] 
[INFO] [stdout] For more information about this error, try `rustc --explain E0432`.
[INFO] [stdout] 
[INFO] [stderr] error: could not compile `p3-stir` (test "stir") due to 12 previous errors
[INFO] [stderr] warning: build failed, waiting for other jobs to finish...
[INFO] [stdout] warning: unused import: `p3_field::PrimeCharacteristicRing`
[INFO] [stdout]    --> src/verifier.rs:306:9
[INFO] [stdout]     |
[INFO] [stdout] 306 |     use p3_field::PrimeCharacteristicRing;
[INFO] [stdout]     |         ^^^^^^^^^^^^^^^^^^^^^^^^^^^^^^^^^
[INFO] [stdout]     |
[INFO] [stdout]     = note: `#[warn(unused_imports)]` (part of `#[warn(unused)]`) on by default
[INFO] [stdout] 
[INFO] [stdout] 
[INFO] [stdout] For more information about this error, try `rustc --explain E0432`.
[INFO] [stdout] 
[INFO] [stderr] error: could not compile `p3-stir` (bench "stir_pcs") due to 2 previous errors
[INFO] [stdout] For more information about this error, try `rustc --explain E0432`.
[INFO] [stdout] 
[INFO] [stderr] error: could not compile `p3-stir` (bench "stir") due to 2 previous errors
[INFO] [stdout] For more information about this error, try `rustc --explain E0432`.
[INFO] [stdout] 
[INFO] [stderr] error: could not compile `p3-stir` (test "utils") due to 1 previous error
[INFO] [stdout] For more information about this error, try `rustc --explain E0432`.
[INFO] [stdout] 
[INFO] [stderr] error: could not compile `p3-stir` (lib test) due to 31 previous errors; 1 warning emitted
[INFO] running `Command { std: "docker" "inspect" "a5f24c105167c43138e99b1349b6f168f44e23bb797d0a73d0a92acf07e48a02", kill_on_drop: false }`
[INFO] running `Command { std: "docker" "rm" "-f" "a5f24c105167c43138e99b1349b6f168f44e23bb797d0a73d0a92acf07e48a02", kill_on_drop: false }`
[INFO] [stdout] a5f24c105167c43138e99b1349b6f168f44e23bb797d0a73d0a92acf07e48a02
