[INFO] fetching crate p3-binary-pcs 0.8.0...
[INFO] checking p3-binary-pcs-0.8.0 against 3154cc1a3e6424e44f438a95007d043ed5ceaaf6 for pr-133502-30
[INFO] extracting crate p3-binary-pcs 0.8.0 into /workspace/builds/worker-3-tc2/source
[INFO] started tweaking crates.io crate p3-binary-pcs 0.8.0
[INFO] removed 0 missing examples
[INFO] removed 0 missing tests
[INFO] finished tweaking crates.io crate p3-binary-pcs 0.8.0
[INFO] tweaked toml for crates.io crate p3-binary-pcs 0.8.0 written to /workspace/builds/worker-3-tc2/source/Cargo.toml
[INFO] validating manifest of crates.io crate p3-binary-pcs 0.8.0 on toolchain 3154cc1a3e6424e44f438a95007d043ed5ceaaf6
[INFO] running `Command { std: CARGO_HOME="/workspace/cargo-home" RUSTUP_HOME="/workspace/rustup-home" "/workspace/cargo-home/bin/cargo" "+3154cc1a3e6424e44f438a95007d043ed5ceaaf6" "metadata" "--manifest-path" "Cargo.toml" "--no-deps", kill_on_drop: false }`
[INFO] crate crates.io crate p3-binary-pcs 0.8.0 already has a lockfile, it will not be regenerated
[INFO] running `Command { std: CARGO_HOME="/workspace/cargo-home" RUSTUP_HOME="/workspace/rustup-home" "/workspace/cargo-home/bin/cargo" "+3154cc1a3e6424e44f438a95007d043ed5ceaaf6" "fetch" "--manifest-path" "Cargo.toml", kill_on_drop: false }`
[INFO] [stderr] warning: `package.homepage` is redundant with `package.repository`
[INFO] [stderr]    --> Cargo.toml:136:12
[INFO] [stderr]     |
[INFO] [stderr] 136 | homepage = "https://github.com/Plonky3/Plonky3"
[INFO] [stderr]     |            ^^^^^^^^^^^^^^^^^^^^^^^^^^^^^^^^^^^^
[INFO] [stderr] ...
[INFO] [stderr] 141 | repository = "https://github.com/Plonky3/Plonky3"
[INFO] [stderr]     |              ------------------------------------
[INFO] [stderr]     |
[INFO] [stderr]     = note: `cargo::redundant_homepage` is set to `warn` by default
[INFO] [stderr] help: consider removing `package.homepage`
[INFO] [stderr] warning: `p3-binary-pcs` (manifest) generated 1 warning
[INFO] running `Command { std: "docker" "create" "-v" "/var/lib/crater-agent-workspace/builds/worker-3-tc2/source:/opt/rustwide/workdir:ro,Z" "-v" "/var/lib/crater-agent-workspace/builds/worker-3-tc2/target:/opt/rustwide/target:rw,Z" "-v" "/var/lib/crater-agent-workspace/cargo-home:/opt/rustwide/cargo-home:ro,Z" "-v" "/var/lib/crater-agent-workspace/rustup-home:/opt/rustwide/rustup-home:ro,Z" "-m" "1610612736" "--network" "none" "ghcr.io/rust-lang/crates-build-env/linux@sha256:77db811e55d90add9212f6832c23229e3de5f1c1f9905e8cb07319ea15df73ac" "sleep" "infinity", kill_on_drop: false }`
[INFO] [stdout] f37bfee8a3b908c246c2b7d5b30db211ec64dca8b557e71a034e15ea92a0855e
[INFO] running `Command { std: "docker" "start" "f37bfee8a3b908c246c2b7d5b30db211ec64dca8b557e71a034e15ea92a0855e", kill_on_drop: false }`
[INFO] running `Command { std: "docker" "inspect" "f37bfee8a3b908c246c2b7d5b30db211ec64dca8b557e71a034e15ea92a0855e", kill_on_drop: false }`
[INFO] running `Command { std: "docker" "exec" "-e" "SOURCE_DIR=/opt/rustwide/workdir" "-e" "CARGO_HOME=/opt/rustwide/cargo-home" "-e" "RUSTUP_HOME=/opt/rustwide/rustup-home" "-e" "CARGO_TARGET_DIR=/opt/rustwide/target" "-w" "/opt/rustwide/workdir" "--user" "0:0" "f37bfee8a3b908c246c2b7d5b30db211ec64dca8b557e71a034e15ea92a0855e" "/opt/rustwide/cargo-home/bin/cargo" "+3154cc1a3e6424e44f438a95007d043ed5ceaaf6" "metadata" "--no-deps" "--format-version=1", kill_on_drop: false }`
[INFO] running `Command { std: "docker" "inspect" "f37bfee8a3b908c246c2b7d5b30db211ec64dca8b557e71a034e15ea92a0855e", kill_on_drop: false }`
[INFO] running `Command { std: "docker" "exec" "-e" "SOURCE_DIR=/opt/rustwide/workdir" "-e" "CARGO_HOME=/opt/rustwide/cargo-home" "-e" "RUSTUP_HOME=/opt/rustwide/rustup-home" "-e" "CARGO_TARGET_DIR=/opt/rustwide/target" "-e" "CARGO_INCREMENTAL=0" "-e" "RUST_BACKTRACE=full" "-e" "RUSTFLAGS=--cap-lints=forbid" "-e" "RUSTDOCFLAGS=--cap-lints=forbid" "-w" "/opt/rustwide/workdir" "--user" "0:0" "f37bfee8a3b908c246c2b7d5b30db211ec64dca8b557e71a034e15ea92a0855e" "/opt/rustwide/cargo-home/bin/cargo" "+3154cc1a3e6424e44f438a95007d043ed5ceaaf6" "check" "--frozen" "--all" "--all-targets" "--message-format=json", kill_on_drop: false }`
[INFO] [stderr] warning: `package.homepage` is redundant with `package.repository`
[INFO] [stderr]    --> Cargo.toml:136:12
[INFO] [stderr]     |
[INFO] [stderr] 136 | homepage = "https://github.com/Plonky3/Plonky3"
[INFO] [stderr]     |            ^^^^^^^^^^^^^^^^^^^^^^^^^^^^^^^^^^^^
[INFO] [stderr] ...
[INFO] [stderr] 141 | repository = "https://github.com/Plonky3/Plonky3"
[INFO] [stderr]     |              ------------------------------------
[INFO] [stderr]     |
[INFO] [stderr]     = note: `cargo::redundant_homepage` is set to `warn` by default
[INFO] [stderr] help: consider removing `package.homepage`
[INFO] [stderr] warning: `p3-binary-pcs` (manifest) generated 1 warning
[INFO] [stderr]     Checking cpufeatures v0.3.1
[INFO] [stderr]     Checking p3-maybe-rayon v0.8.0
[INFO] [stderr]     Checking tracing-core v0.1.36
[INFO] [stderr]    Compiling crunchy v0.2.4
[INFO] [stderr]    Compiling num-traits v0.2.19
[INFO] [stderr]     Checking itertools v0.15.0
[INFO] [stderr]    Compiling thiserror v2.0.20
[INFO] [stderr]    Compiling tiny-keccak v2.0.2
[INFO] [stderr]     Checking spin v0.12.3
[INFO] [stderr]    Compiling syn v2.0.119
[INFO] [stderr]    Compiling syn v3.0.6
[INFO] [stderr]     Checking getrandom v0.3.4
[INFO] [stderr]    Compiling find-msvc-tools v0.1.13
[INFO] [stderr]     Checking clap_lex v1.1.1
[INFO] [stderr]     Checking chacha20 v0.10.2
[INFO] [stderr]    Compiling cc v1.4.7
[INFO] [stderr]     Checking clap_builder v4.6.7
[INFO] [stderr]     Checking rand_core v0.9.5
[INFO] [stderr]     Checking rand v0.10.3
[INFO] [stderr]     Checking rand_xorshift v0.4.0
[INFO] [stderr]     Checking rand v0.9.5
[INFO] [stderr]     Checking num-integer v0.1.47
[INFO] [stderr]     Checking plotters v0.3.7
[INFO] [stderr]    Compiling alloca v0.4.0
[INFO] [stderr]     Checking num-bigint v0.5.1
[INFO] [stderr]     Checking clap v4.6.7
[INFO] [stderr]    Compiling serde_derive v1.0.229
[INFO] [stderr]    Compiling thiserror-impl v2.0.20
[INFO] [stderr]     Checking cobs v0.3.0
[INFO] [stderr]     Checking serde v1.0.229
[INFO] [stderr]    Compiling tracing-attributes v0.1.31
[INFO] [stderr]    Compiling zerocopy-derive v0.8.57
[INFO] [stderr]     Checking p3-util v0.8.0
[INFO] [stderr]     Checking tinytemplate v1.2.1
[INFO] [stderr]     Checking postcard v1.1.3
[INFO] [stderr]     Checking zerocopy v0.8.57
[INFO] [stderr]     Checking tracing v0.1.44
[INFO] [stderr]     Checking p3-field v0.8.0
[INFO] [stderr]     Checking p3-matrix v0.8.0
[INFO] [stderr]     Checking p3-symmetric v0.8.0
[INFO] [stderr]     Checking p3-keccak v0.8.0
[INFO] [stderr]     Checking p3-challenger v0.8.0
[INFO] [stderr]     Checking p3-dft v0.8.0
[INFO] [stderr]     Checking p3-air v0.8.0
[INFO] [stderr]     Checking p3-multilinear-util v0.8.0
[INFO] [stderr]     Checking p3-binary-field v0.8.0
[INFO] [stderr]     Checking p3-commit v0.8.0
[INFO] [stderr]     Checking p3-zk-codes v0.8.0
[INFO] [stderr]     Checking p3-merkle-tree v0.8.0
[INFO] [stderr]     Checking p3-security v0.8.0
[INFO] [stderr]     Checking half v2.7.1
[INFO] [stderr]     Checking ppv-lite86 v0.2.21
[INFO] [stderr]     Checking ciborium-ll v0.2.2
[INFO] [stderr]     Checking ciborium v0.2.2
[INFO] [stderr]     Checking rand_chacha v0.9.0
[INFO] [stderr]     Checking proptest v1.11.0
[INFO] [stderr]     Checking criterion v0.8.2
[INFO] [stderr]     Checking p3-sumcheck v0.8.0
[INFO] [stderr]     Checking p3-binary-dft v0.8.0
[INFO] [stderr]     Checking p3-whir v0.8.0
[INFO] [stderr]     Checking p3-binary-pcs v0.8.0 (/opt/rustwide/workdir)
[INFO] [stdout] error[E0432]: unresolved import `p3_challenger::testing`
[INFO] [stdout]    --> src/boolean_trace_transcript.rs:216:24
[INFO] [stdout]     |
[INFO] [stdout] 216 |     use p3_challenger::testing::{SeedDigest, assert_seeds_pairwise_distinct, seed_digest};
[INFO] [stdout]     |                        ^^^^^^^ could not find `testing` in `p3_challenger`
[INFO] [stdout]     |
[INFO] [stdout] note: found an item that was configured out
[INFO] [stdout]    --> /opt/rustwide/cargo-home/registry/src/index.crates.io-1949cf8c6b5b557f/p3-challenger-0.8.0/src/lib.rs:21:9
[INFO] [stdout]     |
[INFO] [stdout]  20 | #[cfg(any(test, feature = "test-utils"))]
[INFO] [stdout]     |          ------------------------------ the item is gated here
[INFO] [stdout]  21 | pub mod testing;
[INFO] [stdout]     |         ^^^^^^^
[INFO] [stdout] 
[INFO] [stdout] 
[INFO] [stdout] error[E0432]: unresolved import `p3_keccak`
[INFO] [stdout]   --> src/test_util.rs:14:5
[INFO] [stdout]    |
[INFO] [stdout] 14 | use p3_keccak::Keccak256Hash;
[INFO] [stdout]    |     ^^^^^^^^^ use of unresolved module or unlinked crate `p3_keccak`
[INFO] [stdout]    |
[INFO] [stdout]    = help: if you wanted to use a crate named `p3_keccak`, use `cargo add p3_keccak` to add it to your `Cargo.toml`
[INFO] [stdout] 
[INFO] [stdout] 
[INFO] [stdout] error[E0432]: unresolved import `p3_merkle_tree`
[INFO] [stdout]   --> src/test_util.rs:15:5
[INFO] [stdout]    |
[INFO] [stdout] 15 | use p3_merkle_tree::MerkleTreeMmcs;
[INFO] [stdout]    |     ^^^^^^^^^^^^^^ use of unresolved module or unlinked crate `p3_merkle_tree`
[INFO] [stdout]    |
[INFO] [stdout]    = help: if you wanted to use a crate named `p3_merkle_tree`, use `cargo add p3_merkle_tree` to add it to your `Cargo.toml`
[INFO] [stdout] 
[INFO] [stdout] 
[INFO] [stdout] error[E0432]: unresolved import `p3_symmetric`
[INFO] [stdout]   --> src/test_util.rs:18:5
[INFO] [stdout]    |
[INFO] [stdout] 18 | use p3_symmetric::{CompressionFunctionFromHasher, SerializingHasher};
[INFO] [stdout]    |     ^^^^^^^^^^^^ use of unresolved module or unlinked crate `p3_symmetric`
[INFO] [stdout]    |
[INFO] [stdout]    = help: if you wanted to use a crate named `p3_symmetric`, use `cargo add p3_symmetric` to add it to your `Cargo.toml`
[INFO] [stdout] 
[INFO] [stdout] 
[INFO] [stdout] error[E0432]: unresolved import `p3_challenger::testing`
[INFO] [stdout]    --> src/transcript.rs:489:24
[INFO] [stdout]     |
[INFO] [stdout] 489 |     use p3_challenger::testing::{assert_seeds_pairwise_distinct, pow_difficulties, seed_digest};
[INFO] [stdout]     |                        ^^^^^^^ could not find `testing` in `p3_challenger`
[INFO] [stdout]     |
[INFO] [stdout] note: found an item that was configured out
[INFO] [stdout]    --> /opt/rustwide/cargo-home/registry/src/index.crates.io-1949cf8c6b5b557f/p3-challenger-0.8.0/src/lib.rs:21:9
[INFO] [stdout]     |
[INFO] [stdout]  20 | #[cfg(any(test, feature = "test-utils"))]
[INFO] [stdout]     |          ------------------------------ the item is gated here
[INFO] [stdout]  21 | pub mod testing;
[INFO] [stdout]     |         ^^^^^^^
[INFO] [stdout] 
[INFO] [stdout] 
[INFO] [stdout] error[E0432]: unresolved import `p3_keccak`
[INFO] [stdout]  --> src/boolean_trace/tests.rs:6:5
[INFO] [stdout]   |
[INFO] [stdout] 6 | use p3_keccak::Keccak256Hash;
[INFO] [stdout]   |     ^^^^^^^^^ use of unresolved module or unlinked crate `p3_keccak`
[INFO] [stdout]   |
[INFO] [stdout]   = help: if you wanted to use a crate named `p3_keccak`, use `cargo add p3_keccak` to add it to your `Cargo.toml`
[INFO] [stdout] 
[INFO] [stdout] 
[INFO] [stdout] error[E0432]: unresolved import `p3_symmetric`
[INFO] [stdout]   --> src/boolean_trace/tests.rs:11:5
[INFO] [stdout]    |
[INFO] [stdout] 11 | use p3_symmetric::CryptographicHasher;
[INFO] [stdout]    |     ^^^^^^^^^^^^ use of unresolved module or unlinked crate `p3_symmetric`
[INFO] [stdout]    |
[INFO] [stdout]    = help: if you wanted to use a crate named `p3_symmetric`, use `cargo add p3_symmetric` to add it to your `Cargo.toml`
[INFO] [stdout] 
[INFO] [stdout] 
[INFO] [stdout] error[E0432]: unresolved import `p3_symmetric`
[INFO] [stdout]   --> src/security_tests.rs:18:5
[INFO] [stdout]    |
[INFO] [stdout] 18 | use p3_symmetric::MerkleCap;
[INFO] [stdout]    |     ^^^^^^^^^^^^ use of unresolved module or unlinked crate `p3_symmetric`
[INFO] [stdout]    |
[INFO] [stdout]    = help: if you wanted to use a crate named `p3_symmetric`, use `cargo add p3_symmetric` to add it to your `Cargo.toml`
[INFO] [stdout] 
[INFO] [stdout] 
[INFO] [stdout] error[E0432]: unresolved import `p3_symmetric`
[INFO] [stdout]    --> src/verifier.rs:376:9
[INFO] [stdout]     |
[INFO] [stdout] 376 |     use p3_symmetric::MerkleCap;
[INFO] [stdout]     |         ^^^^^^^^^^^^ use of unresolved module or unlinked crate `p3_symmetric`
[INFO] [stdout]     |
[INFO] [stdout]     = help: if you wanted to use a crate named `p3_symmetric`, use `cargo add p3_symmetric` to add it to your `Cargo.toml`
[INFO] [stdout] 
[INFO] [stdout] 
[INFO] [stdout] error[E0432]: unresolved import `p3_keccak`
[INFO] [stdout]    --> src/whir/profile.rs:181:9
[INFO] [stdout]     |
[INFO] [stdout] 181 |     use p3_keccak::Keccak256Hash;
[INFO] [stdout]     |         ^^^^^^^^^ use of unresolved module or unlinked crate `p3_keccak`
[INFO] [stdout]     |
[INFO] [stdout]     = help: if you wanted to use a crate named `p3_keccak`, use `cargo add p3_keccak` to add it to your `Cargo.toml`
[INFO] [stdout] 
[INFO] [stdout] 
[INFO] [stdout] error[E0433]: cannot find module or crate `p3_symmetric` in this scope
[INFO] [stdout]    --> src/transcript.rs:679:21
[INFO] [stdout]     |
[INFO] [stdout] 679 |                     p3_symmetric::MerkleCap::<BinaryField128, [u8; 32]>::new(vec![[0u8; 32]]),
[INFO] [stdout]     |                     ^^^^^^^^^^^^ use of unresolved module or unlinked crate `p3_symmetric`
[INFO] [stdout]     |
[INFO] [stdout]     = help: if you wanted to use a crate named `p3_symmetric`, use `cargo add p3_symmetric` to add it to your `Cargo.toml`
[INFO] [stdout] 
[INFO] [stdout] 
[INFO] [stdout] error[E0432]: unresolved import `p3_keccak`
[INFO] [stdout]   --> examples/peak_heap.rs:36:5
[INFO] [stdout]    |
[INFO] [stdout] 36 | use p3_keccak::Keccak256Hash;
[INFO] [stdout]    |     ^^^^^^^^^ use of unresolved module or unlinked crate `p3_keccak`
[INFO] [stdout]    |
[INFO] [stdout]    = help: if you wanted to use a crate named `p3_keccak`, use `cargo add p3_keccak` to add it to your `Cargo.toml`
[INFO] [stdout] 
[INFO] [stdout] 
[INFO] [stdout] error[E0432]: unresolved import `p3_merkle_tree`
[INFO] [stdout]   --> examples/peak_heap.rs:38:5
[INFO] [stdout]    |
[INFO] [stdout] 38 | use p3_merkle_tree::MerkleTreeMmcs;
[INFO] [stdout]    |     ^^^^^^^^^^^^^^ use of unresolved module or unlinked crate `p3_merkle_tree`
[INFO] [stdout]    |
[INFO] [stdout]    = help: if you wanted to use a crate named `p3_merkle_tree`, use `cargo add p3_merkle_tree` to add it to your `Cargo.toml`
[INFO] [stdout] 
[INFO] [stdout] 
[INFO] [stdout] error[E0432]: unresolved import `p3_symmetric`
[INFO] [stdout]   --> examples/peak_heap.rs:42:5
[INFO] [stdout]    |
[INFO] [stdout] 42 | use p3_symmetric::{CompressionFunctionFromHasher, SerializingHasher};
[INFO] [stdout]    |     ^^^^^^^^^^^^ use of unresolved module or unlinked crate `p3_symmetric`
[INFO] [stdout]    |
[INFO] [stdout]    = help: if you wanted to use a crate named `p3_symmetric`, use `cargo add p3_symmetric` to add it to your `Cargo.toml`
[INFO] [stdout] 
[INFO] [stdout] 
[INFO] [stdout] error[E0432]: unresolved import `p3_keccak`
[INFO] [stdout]   --> tests/committed_zerocheck.rs:28:5
[INFO] [stdout]    |
[INFO] [stdout] 28 | use p3_keccak::Keccak256Hash;
[INFO] [stdout]    |     ^^^^^^^^^ use of unresolved module or unlinked crate `p3_keccak`
[INFO] [stdout]    |
[INFO] [stdout]    = help: if you wanted to use a crate named `p3_keccak`, use `cargo add p3_keccak` to add it to your `Cargo.toml`
[INFO] [stdout] 
[INFO] [stdout] 
[INFO] [stdout] error[E0432]: unresolved import `p3_merkle_tree`
[INFO] [stdout]   --> tests/committed_zerocheck.rs:30:5
[INFO] [stdout]    |
[INFO] [stdout] 30 | use p3_merkle_tree::MerkleTreeMmcs;
[INFO] [stdout]    |     ^^^^^^^^^^^^^^ use of unresolved module or unlinked crate `p3_merkle_tree`
[INFO] [stdout]    |
[INFO] [stdout]    = help: if you wanted to use a crate named `p3_merkle_tree`, use `cargo add p3_merkle_tree` to add it to your `Cargo.toml`
[INFO] [stdout] 
[INFO] [stdout] 
[INFO] [stdout] error[E0432]: unresolved import `p3_symmetric`
[INFO] [stdout]   --> tests/committed_zerocheck.rs:36:5
[INFO] [stdout]    |
[INFO] [stdout] 36 | use p3_symmetric::{CompressionFunctionFromHasher, SerializingHasher};
[INFO] [stdout]    |     ^^^^^^^^^^^^ use of unresolved module or unlinked crate `p3_symmetric`
[INFO] [stdout]    |
[INFO] [stdout]    = help: if you wanted to use a crate named `p3_symmetric`, use `cargo add p3_symmetric` to add it to your `Cargo.toml`
[INFO] [stdout] 
[INFO] [stdout] 
[INFO] [stdout] error[E0432]: unresolved import `p3_keccak`
[INFO] [stdout]  --> tests/whir.rs:8:5
[INFO] [stdout]   |
[INFO] [stdout] 8 | use p3_keccak::Keccak256Hash;
[INFO] [stdout]   |     ^^^^^^^^^ use of unresolved module or unlinked crate `p3_keccak`
[INFO] [stdout]   |
[INFO] [stdout]   = help: if you wanted to use a crate named `p3_keccak`, use `cargo add p3_keccak` to add it to your `Cargo.toml`
[INFO] [stdout] 
[INFO] [stdout] 
[INFO] [stdout] error[E0432]: unresolved import `p3_merkle_tree`
[INFO] [stdout]  --> tests/whir.rs:9:5
[INFO] [stdout]   |
[INFO] [stdout] 9 | use p3_merkle_tree::MerkleTreeMmcs;
[INFO] [stdout]   |     ^^^^^^^^^^^^^^ use of unresolved module or unlinked crate `p3_merkle_tree`
[INFO] [stdout]   |
[INFO] [stdout]   = help: if you wanted to use a crate named `p3_merkle_tree`, use `cargo add p3_merkle_tree` to add it to your `Cargo.toml`
[INFO] [stdout] 
[INFO] [stdout] 
[INFO] [stdout] error[E0432]: unresolved import `p3_symmetric`
[INFO] [stdout]   --> tests/whir.rs:12:5
[INFO] [stdout]    |
[INFO] [stdout] 12 | use p3_symmetric::{CompressionFunctionFromHasher, SerializingHasher};
[INFO] [stdout]    |     ^^^^^^^^^^^^ use of unresolved module or unlinked crate `p3_symmetric`
[INFO] [stdout]    |
[INFO] [stdout]    = help: if you wanted to use a crate named `p3_symmetric`, use `cargo add p3_symmetric` to add it to your `Cargo.toml`
[INFO] [stdout] 
[INFO] [stdout] 
[INFO] [stdout] error[E0432]: unresolved import `p3_keccak`
[INFO] [stdout]    --> tests/whir.rs:219:9
[INFO] [stdout]     |
[INFO] [stdout] 219 |     use p3_keccak::Keccak256Hash;
[INFO] [stdout]     |         ^^^^^^^^^ use of unresolved module or unlinked crate `p3_keccak`
[INFO] [stdout]     |
[INFO] [stdout]     = help: if you wanted to use a crate named `p3_keccak`, use `cargo add p3_keccak` to add it to your `Cargo.toml`
[INFO] [stdout] 
[INFO] [stdout] 
[INFO] [stdout] error[E0432]: unresolved import `p3_merkle_tree`
[INFO] [stdout]    --> tests/whir.rs:220:9
[INFO] [stdout]     |
[INFO] [stdout] 220 |     use p3_merkle_tree::MerkleTreeMmcs;
[INFO] [stdout]     |         ^^^^^^^^^^^^^^ use of unresolved module or unlinked crate `p3_merkle_tree`
[INFO] [stdout]     |
[INFO] [stdout]     = help: if you wanted to use a crate named `p3_merkle_tree`, use `cargo add p3_merkle_tree` to add it to your `Cargo.toml`
[INFO] [stdout] 
[INFO] [stdout] 
[INFO] [stdout] error[E0432]: unresolved import `p3_keccak`
[INFO] [stdout]   --> tests/whir_boolean.rs:24:5
[INFO] [stdout]    |
[INFO] [stdout] 24 | use p3_keccak::Keccak256Hash;
[INFO] [stdout]    |     ^^^^^^^^^ use of unresolved module or unlinked crate `p3_keccak`
[INFO] [stdout]    |
[INFO] [stdout]    = help: if you wanted to use a crate named `p3_keccak`, use `cargo add p3_keccak` to add it to your `Cargo.toml`
[INFO] [stdout] 
[INFO] [stdout] 
[INFO] [stdout] error[E0432]: unresolved import `p3_merkle_tree`
[INFO] [stdout]   --> tests/whir_boolean.rs:26:5
[INFO] [stdout]    |
[INFO] [stdout] 26 | use p3_merkle_tree::MerkleTreeMmcs;
[INFO] [stdout]    |     ^^^^^^^^^^^^^^ use of unresolved module or unlinked crate `p3_merkle_tree`
[INFO] [stdout]    |
[INFO] [stdout]    = help: if you wanted to use a crate named `p3_merkle_tree`, use `cargo add p3_merkle_tree` to add it to your `Cargo.toml`
[INFO] [stdout] 
[INFO] [stdout] 
[INFO] [stdout] error[E0432]: unresolved import `p3_symmetric`
[INFO] [stdout]   --> tests/whir_boolean.rs:34:5
[INFO] [stdout]    |
[INFO] [stdout] 34 | use p3_symmetric::{CompressionFunctionFromHasher, SerializingHasher};
[INFO] [stdout]    |     ^^^^^^^^^^^^ use of unresolved module or unlinked crate `p3_symmetric`
[INFO] [stdout]    |
[INFO] [stdout]    = help: if you wanted to use a crate named `p3_symmetric`, use `cargo add p3_symmetric` to add it to your `Cargo.toml`
[INFO] [stdout] 
[INFO] [stdout] 
[INFO] [stdout] error[E0432]: unresolved import `p3_keccak`
[INFO] [stdout]   --> benches/boolean.rs:21:5
[INFO] [stdout]    |
[INFO] [stdout] 21 | use p3_keccak::Keccak256Hash;
[INFO] [stdout]    |     ^^^^^^^^^ use of unresolved module or unlinked crate `p3_keccak`
[INFO] [stdout]    |
[INFO] [stdout]    = help: if you wanted to use a crate named `p3_keccak`, use `cargo add p3_keccak` to add it to your `Cargo.toml`
[INFO] [stdout] 
[INFO] [stdout] 
[INFO] [stdout] error[E0432]: unresolved import `p3_merkle_tree`
[INFO] [stdout]   --> benches/boolean.rs:23:5
[INFO] [stdout]    |
[INFO] [stdout] 23 | use p3_merkle_tree::MerkleTreeMmcs;
[INFO] [stdout]    |     ^^^^^^^^^^^^^^ use of unresolved module or unlinked crate `p3_merkle_tree`
[INFO] [stdout]    |
[INFO] [stdout]    = help: if you wanted to use a crate named `p3_merkle_tree`, use `cargo add p3_merkle_tree` to add it to your `Cargo.toml`
[INFO] [stdout] 
[INFO] [stdout] 
[INFO] [stdout] error[E0432]: unresolved import `p3_symmetric`
[INFO] [stdout]   --> benches/boolean.rs:27:5
[INFO] [stdout]    |
[INFO] [stdout] 27 | use p3_symmetric::{CompressionFunctionFromHasher, SerializingHasher};
[INFO] [stdout]    |     ^^^^^^^^^^^^ use of unresolved module or unlinked crate `p3_symmetric`
[INFO] [stdout]    |
[INFO] [stdout]    = help: if you wanted to use a crate named `p3_symmetric`, use `cargo add p3_symmetric` to add it to your `Cargo.toml`
[INFO] [stdout] 
[INFO] [stdout] 
[INFO] [stdout] error[E0432]: unresolved import `p3_keccak`
[INFO] [stdout]   --> tests/end_to_end.rs:27:5
[INFO] [stdout]    |
[INFO] [stdout] 27 | use p3_keccak::Keccak256Hash;
[INFO] [stdout]    |     ^^^^^^^^^ use of unresolved module or unlinked crate `p3_keccak`
[INFO] [stdout]    |
[INFO] [stdout]    = help: if you wanted to use a crate named `p3_keccak`, use `cargo add p3_keccak` to add it to your `Cargo.toml`
[INFO] [stdout] 
[INFO] [stdout] 
[INFO] [stdout] error[E0432]: unresolved import `p3_merkle_tree`
[INFO] [stdout]   --> tests/end_to_end.rs:28:5
[INFO] [stdout]    |
[INFO] [stdout] 28 | use p3_merkle_tree::MerkleTreeMmcs;
[INFO] [stdout]    |     ^^^^^^^^^^^^^^ use of unresolved module or unlinked crate `p3_merkle_tree`
[INFO] [stdout]    |
[INFO] [stdout]    = help: if you wanted to use a crate named `p3_merkle_tree`, use `cargo add p3_merkle_tree` to add it to your `Cargo.toml`
[INFO] [stdout] 
[INFO] [stdout] 
[INFO] [stdout] error[E0432]: unresolved import `p3_symmetric`
[INFO] [stdout]   --> tests/end_to_end.rs:35:5
[INFO] [stdout]    |
[INFO] [stdout] 35 | use p3_symmetric::{CompressionFunctionFromHasher, SerializingHasher};
[INFO] [stdout]    |     ^^^^^^^^^^^^ use of unresolved module or unlinked crate `p3_symmetric`
[INFO] [stdout]    |
[INFO] [stdout]    = help: if you wanted to use a crate named `p3_symmetric`, use `cargo add p3_symmetric` to add it to your `Cargo.toml`
[INFO] [stdout] 
[INFO] [stdout] 
[INFO] [stdout] error[E0432]: unresolved import `p3_keccak`
[INFO] [stdout]   --> tests/jagged.rs:10:5
[INFO] [stdout]    |
[INFO] [stdout] 10 | use p3_keccak::Keccak256Hash;
[INFO] [stdout]    |     ^^^^^^^^^ use of unresolved module or unlinked crate `p3_keccak`
[INFO] [stdout]    |
[INFO] [stdout]    = help: if you wanted to use a crate named `p3_keccak`, use `cargo add p3_keccak` to add it to your `Cargo.toml`
[INFO] [stdout] 
[INFO] [stdout] 
[INFO] [stdout] error[E0432]: unresolved import `p3_merkle_tree`
[INFO] [stdout]   --> tests/jagged.rs:12:5
[INFO] [stdout]    |
[INFO] [stdout] 12 | use p3_merkle_tree::MerkleTreeMmcs;
[INFO] [stdout]    |     ^^^^^^^^^^^^^^ use of unresolved module or unlinked crate `p3_merkle_tree`
[INFO] [stdout]    |
[INFO] [stdout]    = help: if you wanted to use a crate named `p3_merkle_tree`, use `cargo add p3_merkle_tree` to add it to your `Cargo.toml`
[INFO] [stdout] 
[INFO] [stdout] 
[INFO] [stdout] error[E0432]: unresolved import `p3_symmetric`
[INFO] [stdout]   --> tests/jagged.rs:19:5
[INFO] [stdout]    |
[INFO] [stdout] 19 | use p3_symmetric::{CompressionFunctionFromHasher, SerializingHasher};
[INFO] [stdout]    |     ^^^^^^^^^^^^ use of unresolved module or unlinked crate `p3_symmetric`
[INFO] [stdout]    |
[INFO] [stdout]    = help: if you wanted to use a crate named `p3_symmetric`, use `cargo add p3_symmetric` to add it to your `Cargo.toml`
[INFO] [stdout] 
[INFO] [stdout] 
[INFO] [stdout] error[E0432]: unresolved import `p3_keccak`
[INFO] [stdout]   --> benches/pcs.rs:24:5
[INFO] [stdout]    |
[INFO] [stdout] 24 | use p3_keccak::Keccak256Hash;
[INFO] [stdout]    |     ^^^^^^^^^ use of unresolved module or unlinked crate `p3_keccak`
[INFO] [stdout]    |
[INFO] [stdout]    = help: if you wanted to use a crate named `p3_keccak`, use `cargo add p3_keccak` to add it to your `Cargo.toml`
[INFO] [stdout] 
[INFO] [stdout] 
[INFO] [stdout] error[E0432]: unresolved import `p3_merkle_tree`
[INFO] [stdout]   --> benches/pcs.rs:25:5
[INFO] [stdout]    |
[INFO] [stdout] 25 | use p3_merkle_tree::MerkleTreeMmcs;
[INFO] [stdout]    |     ^^^^^^^^^^^^^^ use of unresolved module or unlinked crate `p3_merkle_tree`
[INFO] [stdout]    |
[INFO] [stdout]    = help: if you wanted to use a crate named `p3_merkle_tree`, use `cargo add p3_merkle_tree` to add it to your `Cargo.toml`
[INFO] [stdout] 
[INFO] [stdout] 
[INFO] [stdout] error[E0432]: unresolved import `p3_symmetric`
[INFO] [stdout]   --> benches/pcs.rs:28:5
[INFO] [stdout]    |
[INFO] [stdout] 28 | use p3_symmetric::{CompressionFunctionFromHasher, SerializingHasher};
[INFO] [stdout]    |     ^^^^^^^^^^^^ use of unresolved module or unlinked crate `p3_symmetric`
[INFO] [stdout]    |
[INFO] [stdout]    = help: if you wanted to use a crate named `p3_symmetric`, use `cargo add p3_symmetric` to add it to your `Cargo.toml`
[INFO] [stdout] 
[INFO] [stdout] 
[INFO] [stdout] error[E0432]: unresolved import `p3_keccak`
[INFO] [stdout]  --> benches/whir.rs:8:5
[INFO] [stdout]   |
[INFO] [stdout] 8 | use p3_keccak::Keccak256Hash;
[INFO] [stdout]   |     ^^^^^^^^^ use of unresolved module or unlinked crate `p3_keccak`
[INFO] [stdout]   |
[INFO] [stdout]   = help: if you wanted to use a crate named `p3_keccak`, use `cargo add p3_keccak` to add it to your `Cargo.toml`
[INFO] [stdout] 
[INFO] [stdout] 
[INFO] [stdout] error[E0432]: unresolved import `p3_merkle_tree`
[INFO] [stdout]  --> benches/whir.rs:9:5
[INFO] [stdout]   |
[INFO] [stdout] 9 | use p3_merkle_tree::MerkleTreeMmcs;
[INFO] [stdout]   |     ^^^^^^^^^^^^^^ use of unresolved module or unlinked crate `p3_merkle_tree`
[INFO] [stdout]   |
[INFO] [stdout]   = help: if you wanted to use a crate named `p3_merkle_tree`, use `cargo add p3_merkle_tree` to add it to your `Cargo.toml`
[INFO] [stdout] 
[INFO] [stdout] 
[INFO] [stdout] error[E0432]: unresolved import `p3_symmetric`
[INFO] [stdout]   --> benches/whir.rs:12:5
[INFO] [stdout]    |
[INFO] [stdout] 12 | use p3_symmetric::{CompressionFunctionFromHasher, SerializingHasher};
[INFO] [stdout]    |     ^^^^^^^^^^^^ use of unresolved module or unlinked crate `p3_symmetric`
[INFO] [stdout]    |
[INFO] [stdout]    = help: if you wanted to use a crate named `p3_symmetric`, use `cargo add p3_symmetric` to add it to your `Cargo.toml`
[INFO] [stdout] 
[INFO] [stdout] 
[INFO] [stdout] For more information about this error, try `rustc --explain E0432`.
[INFO] [stdout] 
[INFO] [stderr] error: could not compile `p3-binary-pcs` (example "peak_heap") due to 3 previous errors
[INFO] [stderr] warning: build failed, waiting for other jobs to finish...
[INFO] [stdout] error[E0432]: unresolved import `p3_keccak`
[INFO] [stdout]   --> tests/boolean.rs:18:5
[INFO] [stdout]    |
[INFO] [stdout] 18 | use p3_keccak::Keccak256Hash;
[INFO] [stdout]    |     ^^^^^^^^^ use of unresolved module or unlinked crate `p3_keccak`
[INFO] [stdout]    |
[INFO] [stdout]    = help: if you wanted to use a crate named `p3_keccak`, use `cargo add p3_keccak` to add it to your `Cargo.toml`
[INFO] [stdout] 
[INFO] [stdout] 
[INFO] [stdout] error[E0432]: unresolved import `p3_merkle_tree`
[INFO] [stdout]   --> tests/boolean.rs:19:5
[INFO] [stdout]    |
[INFO] [stdout] 19 | use p3_merkle_tree::MerkleTreeMmcs;
[INFO] [stdout]    |     ^^^^^^^^^^^^^^ use of unresolved module or unlinked crate `p3_merkle_tree`
[INFO] [stdout]    |
[INFO] [stdout]    = help: if you wanted to use a crate named `p3_merkle_tree`, use `cargo add p3_merkle_tree` to add it to your `Cargo.toml`
[INFO] [stdout] 
[INFO] [stdout] 
[INFO] [stdout] error[E0432]: unresolved import `p3_symmetric`
[INFO] [stdout]   --> tests/boolean.rs:22:5
[INFO] [stdout]    |
[INFO] [stdout] 22 | use p3_symmetric::{CompressionFunctionFromHasher, SerializingHasher};
[INFO] [stdout]    |     ^^^^^^^^^^^^ use of unresolved module or unlinked crate `p3_symmetric`
[INFO] [stdout]    |
[INFO] [stdout]    = help: if you wanted to use a crate named `p3_symmetric`, use `cargo add p3_symmetric` to add it to your `Cargo.toml`
[INFO] [stdout] 
[INFO] [stdout] 
[INFO] [stdout] For more information about this error, try `rustc --explain E0432`.
[INFO] [stdout] 
[INFO] [stdout] For more information about this error, try `rustc --explain E0432`.
[INFO] [stdout] 
[INFO] [stderr] error: could not compile `p3-binary-pcs` (bench "boolean") due to 3 previous errors
[INFO] [stderr] error: could not compile `p3-binary-pcs` (test "committed_zerocheck") due to 3 previous errors
[INFO] [stdout] For more information about this error, try `rustc --explain E0432`.
[INFO] [stdout] 
[INFO] [stderr] error: could not compile `p3-binary-pcs` (test "jagged") due to 3 previous errors
[INFO] [stdout] For more information about this error, try `rustc --explain E0432`.
[INFO] [stdout] 
[INFO] [stdout] For more information about this error, try `rustc --explain E0432`.
[INFO] [stdout] 
[INFO] [stderr] error: could not compile `p3-binary-pcs` (bench "pcs") due to 3 previous errors
[INFO] [stdout] For more information about this error, try `rustc --explain E0432`.
[INFO] [stdout] 
[INFO] [stderr] error: could not compile `p3-binary-pcs` (test "whir") due to 5 previous errors
[INFO] [stderr] error: could not compile `p3-binary-pcs` (bench "whir") due to 3 previous errors
[INFO] [stdout] For more information about this error, try `rustc --explain E0432`.
[INFO] [stdout] 
[INFO] [stderr] error: could not compile `p3-binary-pcs` (test "boolean") due to 3 previous errors
[INFO] [stdout] For more information about this error, try `rustc --explain E0432`.
[INFO] [stdout] 
[INFO] [stderr] error: could not compile `p3-binary-pcs` (test "whir_boolean") due to 3 previous errors
[INFO] [stdout] For more information about this error, try `rustc --explain E0432`.
[INFO] [stdout] 
[INFO] [stderr] error: could not compile `p3-binary-pcs` (test "end_to_end") due to 3 previous errors
[INFO] [stdout] Some errors have detailed explanations: E0432, E0433.
[INFO] [stdout] 
[INFO] [stdout] For more information about an error, try `rustc --explain E0432`.
[INFO] [stdout] 
[INFO] [stderr] error: could not compile `p3-binary-pcs` (lib test) due to 11 previous errors
[INFO] running `Command { std: "docker" "inspect" "f37bfee8a3b908c246c2b7d5b30db211ec64dca8b557e71a034e15ea92a0855e", kill_on_drop: false }`
[INFO] running `Command { std: "docker" "rm" "-f" "f37bfee8a3b908c246c2b7d5b30db211ec64dca8b557e71a034e15ea92a0855e", kill_on_drop: false }`
[INFO] [stdout] f37bfee8a3b908c246c2b7d5b30db211ec64dca8b557e71a034e15ea92a0855e
