[INFO] fetching crate p3-binary-dft 0.8.0...
[INFO] checking p3-binary-dft-0.8.0 against 3154cc1a3e6424e44f438a95007d043ed5ceaaf6 for pr-133502-30
[INFO] extracting crate p3-binary-dft 0.8.0 into /workspace/builds/worker-4-tc2/source
[INFO] started tweaking crates.io crate p3-binary-dft 0.8.0
[INFO] removed 0 missing tests
[INFO] finished tweaking crates.io crate p3-binary-dft 0.8.0
[INFO] tweaked toml for crates.io crate p3-binary-dft 0.8.0 written to /workspace/builds/worker-4-tc2/source/Cargo.toml
[INFO] validating manifest of crates.io crate p3-binary-dft 0.8.0 on toolchain 3154cc1a3e6424e44f438a95007d043ed5ceaaf6
[INFO] running `Command { std: CARGO_HOME="/workspace/cargo-home" RUSTUP_HOME="/workspace/rustup-home" "/workspace/cargo-home/bin/cargo" "+3154cc1a3e6424e44f438a95007d043ed5ceaaf6" "metadata" "--manifest-path" "Cargo.toml" "--no-deps", kill_on_drop: false }`
[INFO] crate crates.io crate p3-binary-dft 0.8.0 already has a lockfile, it will not be regenerated
[INFO] running `Command { std: CARGO_HOME="/workspace/cargo-home" RUSTUP_HOME="/workspace/rustup-home" "/workspace/cargo-home/bin/cargo" "+3154cc1a3e6424e44f438a95007d043ed5ceaaf6" "fetch" "--manifest-path" "Cargo.toml", kill_on_drop: false }`
[INFO] [stderr] warning: `package.homepage` is redundant with `package.repository`
[INFO] [stderr]   --> Cargo.toml:80:12
[INFO] [stderr]    |
[INFO] [stderr] 80 | homepage = "https://github.com/Plonky3/Plonky3"
[INFO] [stderr]    |            ^^^^^^^^^^^^^^^^^^^^^^^^^^^^^^^^^^^^
[INFO] [stderr] ...
[INFO] [stderr] 85 | repository = "https://github.com/Plonky3/Plonky3"
[INFO] [stderr]    |              ------------------------------------
[INFO] [stderr]    |
[INFO] [stderr]    = note: `cargo::redundant_homepage` is set to `warn` by default
[INFO] [stderr] help: consider removing `package.homepage`
[INFO] [stderr] warning: `p3-binary-dft` (manifest) generated 1 warning
[INFO] running `Command { std: "docker" "create" "-v" "/var/lib/crater-agent-workspace/builds/worker-4-tc2/source:/opt/rustwide/workdir:ro,Z" "-v" "/var/lib/crater-agent-workspace/builds/worker-4-tc2/target:/opt/rustwide/target:rw,Z" "-v" "/var/lib/crater-agent-workspace/cargo-home:/opt/rustwide/cargo-home:ro,Z" "-v" "/var/lib/crater-agent-workspace/rustup-home:/opt/rustwide/rustup-home:ro,Z" "-m" "1610612736" "--network" "none" "ghcr.io/rust-lang/crates-build-env/linux@sha256:77db811e55d90add9212f6832c23229e3de5f1c1f9905e8cb07319ea15df73ac" "sleep" "infinity", kill_on_drop: false }`
[INFO] [stdout] 1429951ef38ce31dbf16f48c68c360a8f3da635ca33fbcdce3ae08c6f39dfc4e
[INFO] running `Command { std: "docker" "start" "1429951ef38ce31dbf16f48c68c360a8f3da635ca33fbcdce3ae08c6f39dfc4e", kill_on_drop: false }`
[INFO] running `Command { std: "docker" "inspect" "1429951ef38ce31dbf16f48c68c360a8f3da635ca33fbcdce3ae08c6f39dfc4e", kill_on_drop: false }`
[INFO] running `Command { std: "docker" "exec" "-e" "SOURCE_DIR=/opt/rustwide/workdir" "-e" "CARGO_HOME=/opt/rustwide/cargo-home" "-e" "RUSTUP_HOME=/opt/rustwide/rustup-home" "-e" "CARGO_TARGET_DIR=/opt/rustwide/target" "-w" "/opt/rustwide/workdir" "--user" "0:0" "1429951ef38ce31dbf16f48c68c360a8f3da635ca33fbcdce3ae08c6f39dfc4e" "/opt/rustwide/cargo-home/bin/cargo" "+3154cc1a3e6424e44f438a95007d043ed5ceaaf6" "metadata" "--no-deps" "--format-version=1", kill_on_drop: false }`
[INFO] running `Command { std: "docker" "inspect" "1429951ef38ce31dbf16f48c68c360a8f3da635ca33fbcdce3ae08c6f39dfc4e", kill_on_drop: false }`
[INFO] running `Command { std: "docker" "exec" "-e" "SOURCE_DIR=/opt/rustwide/workdir" "-e" "CARGO_HOME=/opt/rustwide/cargo-home" "-e" "RUSTUP_HOME=/opt/rustwide/rustup-home" "-e" "CARGO_TARGET_DIR=/opt/rustwide/target" "-e" "CARGO_INCREMENTAL=0" "-e" "RUST_BACKTRACE=full" "-e" "RUSTFLAGS=--cap-lints=forbid" "-e" "RUSTDOCFLAGS=--cap-lints=forbid" "-w" "/opt/rustwide/workdir" "--user" "0:0" "1429951ef38ce31dbf16f48c68c360a8f3da635ca33fbcdce3ae08c6f39dfc4e" "/opt/rustwide/cargo-home/bin/cargo" "+3154cc1a3e6424e44f438a95007d043ed5ceaaf6" "check" "--frozen" "--all" "--all-targets" "--message-format=json", kill_on_drop: false }`
[INFO] [stderr] warning: `package.homepage` is redundant with `package.repository`
[INFO] [stderr]   --> Cargo.toml:80:12
[INFO] [stderr]    |
[INFO] [stderr] 80 | homepage = "https://github.com/Plonky3/Plonky3"
[INFO] [stderr]    |            ^^^^^^^^^^^^^^^^^^^^^^^^^^^^^^^^^^^^
[INFO] [stderr] ...
[INFO] [stderr] 85 | repository = "https://github.com/Plonky3/Plonky3"
[INFO] [stderr]    |              ------------------------------------
[INFO] [stderr]    |
[INFO] [stderr]    = note: `cargo::redundant_homepage` is set to `warn` by default
[INFO] [stderr] help: consider removing `package.homepage`
[INFO] [stderr] warning: `p3-binary-dft` (manifest) generated 1 warning
[INFO] [stderr]     Checking p3-maybe-rayon v0.8.0
[INFO] [stderr]    Compiling zerocopy v0.8.57
[INFO] [stderr]    Compiling thiserror v2.0.20
[INFO] [stderr]     Checking itertools v0.15.0
[INFO] [stderr]     Checking rand v0.10.3
[INFO] [stderr]    Compiling tiny-keccak v2.0.2
[INFO] [stderr]    Compiling syn v2.0.119
[INFO] [stderr]     Checking getrandom v0.3.4
[INFO] [stderr]     Checking num-integer v0.1.47
[INFO] [stderr]    Compiling thiserror-impl v2.0.20
[INFO] [stderr]    Compiling alloca v0.4.0
[INFO] [stderr]     Checking spin v0.12.3
[INFO] [stderr]     Checking plotters-backend v0.3.7
[INFO] [stderr]     Checking clap_builder v4.6.7
[INFO] [stderr]     Checking serde_json v1.0.151
[INFO] [stderr]     Checking regex-automata v0.4.18
[INFO] [stderr]     Checking p3-util v0.8.0
[INFO] [stderr]     Checking rand_core v0.9.5
[INFO] [stderr]     Checking plotters-svg v0.3.7
[INFO] [stderr]     Checking itertools v0.13.0
[INFO] [stderr]     Checking page_size v0.6.0
[INFO] [stderr]     Checking unarray v0.1.4
[INFO] [stderr]     Checking plotters v0.3.7
[INFO] [stderr]     Checking num-bigint v0.5.1
[INFO] [stderr]     Checking rand_xorshift v0.4.0
[INFO] [stderr]     Checking rand v0.9.5
[INFO] [stderr]     Checking tinytemplate v1.2.1
[INFO] [stderr]     Checking regex v1.13.1
[INFO] [stderr]     Checking clap v4.6.7
[INFO] [stderr]     Checking criterion-plot v0.8.2
[INFO] [stderr]    Compiling tracing-attributes v0.1.31
[INFO] [stderr]    Compiling zerocopy-derive v0.8.57
[INFO] [stderr]     Checking tracing v0.1.44
[INFO] [stderr]     Checking p3-field v0.8.0
[INFO] [stderr]     Checking p3-symmetric v0.8.0
[INFO] [stderr]     Checking p3-matrix v0.8.0
[INFO] [stderr]     Checking p3-keccak v0.8.0
[INFO] [stderr]     Checking p3-challenger v0.8.0
[INFO] [stderr]     Checking p3-dft v0.8.0
[INFO] [stderr]     Checking p3-binary-field v0.8.0
[INFO] [stderr]     Checking p3-commit v0.8.0
[INFO] [stderr]     Checking half v2.7.1
[INFO] [stderr]     Checking ppv-lite86 v0.2.21
[INFO] [stderr]     Checking ciborium-ll v0.2.2
[INFO] [stderr]     Checking ciborium v0.2.2
[INFO] [stderr]     Checking rand_chacha v0.9.0
[INFO] [stderr]     Checking proptest v1.11.0
[INFO] [stderr]     Checking criterion v0.8.2
[INFO] [stderr]     Checking p3-binary-dft v0.8.0 (/opt/rustwide/workdir)
[INFO] [stdout] error[E0432]: unresolved import `p3_baby_bear`
[INFO] [stdout]  --> benches/ntt.rs:9:5
[INFO] [stdout]   |
[INFO] [stdout] 9 | use p3_baby_bear::BabyBear;
[INFO] [stdout]   |     ^^^^^^^^^^^^ use of unresolved module or unlinked crate `p3_baby_bear`
[INFO] [stdout]   |
[INFO] [stdout]   = help: if you wanted to use a crate named `p3_baby_bear`, use `cargo add p3_baby_bear` to add it to your `Cargo.toml`
[INFO] [stdout] 
[INFO] [stdout] 
[INFO] [stdout] error[E0432]: unresolved import `p3_dft`
[INFO] [stdout]   --> benches/ntt.rs:18:5
[INFO] [stdout]    |
[INFO] [stdout] 18 | use p3_dft::Radix2DFTSmallBatch;
[INFO] [stdout]    |     ^^^^^^ use of unresolved module or unlinked crate `p3_dft`
[INFO] [stdout]    |
[INFO] [stdout]    = help: if you wanted to use a crate named `p3_dft`, use `cargo add p3_dft` to add it to your `Cargo.toml`
[INFO] [stdout] 
[INFO] [stdout] 
[INFO] [stdout] error[E0432]: unresolved import `p3_keccak`
[INFO] [stdout]    --> benches/ntt.rs:430:9
[INFO] [stdout]     |
[INFO] [stdout] 430 |     use p3_keccak::Keccak256Hash;
[INFO] [stdout]     |         ^^^^^^^^^ use of unresolved module or unlinked crate `p3_keccak`
[INFO] [stdout]     |
[INFO] [stdout]     = help: if you wanted to use a crate named `p3_keccak`, use `cargo add p3_keccak` to add it to your `Cargo.toml`
[INFO] [stdout] 
[INFO] [stdout] 
[INFO] [stdout] error[E0433]: cannot find module or crate `p3_multilinear_util` in this scope
[INFO] [stdout]    --> benches/ntt.rs:432:9
[INFO] [stdout]     |
[INFO] [stdout] 432 |     use p3_multilinear_util::poly::Poly;
[INFO] [stdout]     |         ^^^^^^^^^^^^^^^^^^^ use of unresolved module or unlinked crate `p3_multilinear_util`
[INFO] [stdout]     |
[INFO] [stdout]     = help: if you wanted to use a crate named `p3_multilinear_util`, use `cargo add p3_multilinear_util` to add it to your `Cargo.toml`
[INFO] [stdout] 
[INFO] [stdout] 
[INFO] [stdout] error[E0433]: cannot find module or crate `p3_sumcheck` in this scope
[INFO] [stdout]    --> benches/ntt.rs:433:9
[INFO] [stdout]     |
[INFO] [stdout] 433 |     use p3_sumcheck::commit::{commit_base, write_stacked_message};
[INFO] [stdout]     |         ^^^^^^^^^^^ use of unresolved module or unlinked crate `p3_sumcheck`
[INFO] [stdout]     |
[INFO] [stdout]     = help: if you wanted to use a crate named `p3_sumcheck`, use `cargo add p3_sumcheck` to add it to your `Cargo.toml`
[INFO] [stdout] 
[INFO] [stdout] 
[INFO] [stdout] error[E0433]: cannot find module or crate `p3_sumcheck` in this scope
[INFO] [stdout]    --> benches/ntt.rs:434:9
[INFO] [stdout]     |
[INFO] [stdout] 434 |     use p3_sumcheck::strategy::VariableOrder;
[INFO] [stdout]     |         ^^^^^^^^^^^ use of unresolved module or unlinked crate `p3_sumcheck`
[INFO] [stdout]     |
[INFO] [stdout]     = help: if you wanted to use a crate named `p3_sumcheck`, use `cargo add p3_sumcheck` to add it to your `Cargo.toml`
[INFO] [stdout] 
[INFO] [stdout] 
[INFO] [stdout] error[E0432]: unresolved import `p3_merkle_tree`
[INFO] [stdout]    --> benches/ntt.rs:431:9
[INFO] [stdout]     |
[INFO] [stdout] 431 |     use p3_merkle_tree::MerkleTreeMmcs;
[INFO] [stdout]     |         ^^^^^^^^^^^^^^ use of unresolved module or unlinked crate `p3_merkle_tree`
[INFO] [stdout]     |
[INFO] [stdout]     = help: if you wanted to use a crate named `p3_merkle_tree`, use `cargo add p3_merkle_tree` to add it to your `Cargo.toml`
[INFO] [stdout] 
[INFO] [stdout] 
[INFO] [stdout] error[E0432]: unresolved import `p3_symmetric`
[INFO] [stdout]    --> benches/ntt.rs:435:9
[INFO] [stdout]     |
[INFO] [stdout] 435 |     use p3_symmetric::{CompressionFunctionFromHasher, SerializingHasher};
[INFO] [stdout]     |         ^^^^^^^^^^^^ use of unresolved module or unlinked crate `p3_symmetric`
[INFO] [stdout]     |
[INFO] [stdout]     = help: if you wanted to use a crate named `p3_symmetric`, use `cargo add p3_symmetric` to add it to your `Cargo.toml`
[INFO] [stdout] 
[INFO] [stdout] 
[INFO] [stdout] error[E0432]: unresolved import `p3_keccak`
[INFO] [stdout]  --> tests/commit.rs:7:5
[INFO] [stdout]   |
[INFO] [stdout] 7 | use p3_keccak::Keccak256Hash;
[INFO] [stdout]   |     ^^^^^^^^^ use of unresolved module or unlinked crate `p3_keccak`
[INFO] [stdout]   |
[INFO] [stdout]   = help: if you wanted to use a crate named `p3_keccak`, use `cargo add p3_keccak` to add it to your `Cargo.toml`
[INFO] [stdout] 
[INFO] [stdout] 
[INFO] [stdout] error[E0433]: cannot find module or crate `p3_multilinear_util` in this scope
[INFO] [stdout]   --> tests/commit.rs:11:5
[INFO] [stdout]    |
[INFO] [stdout] 11 | use p3_multilinear_util::poly::Poly;
[INFO] [stdout]    |     ^^^^^^^^^^^^^^^^^^^ use of unresolved module or unlinked crate `p3_multilinear_util`
[INFO] [stdout]    |
[INFO] [stdout]    = help: if you wanted to use a crate named `p3_multilinear_util`, use `cargo add p3_multilinear_util` to add it to your `Cargo.toml`
[INFO] [stdout] 
[INFO] [stdout] 
[INFO] [stdout] error[E0433]: cannot find module or crate `p3_sumcheck` in this scope
[INFO] [stdout]   --> tests/commit.rs:12:5
[INFO] [stdout]    |
[INFO] [stdout] 12 | use p3_sumcheck::commit::{commit_base, write_stacked_message};
[INFO] [stdout]    |     ^^^^^^^^^^^ use of unresolved module or unlinked crate `p3_sumcheck`
[INFO] [stdout]    |
[INFO] [stdout]    = help: if you wanted to use a crate named `p3_sumcheck`, use `cargo add p3_sumcheck` to add it to your `Cargo.toml`
[INFO] [stdout] 
[INFO] [stdout] 
[INFO] [stdout] error[E0433]: cannot find module or crate `p3_sumcheck` in this scope
[INFO] [stdout]   --> tests/commit.rs:13:5
[INFO] [stdout]    |
[INFO] [stdout] 13 | use p3_sumcheck::layout::{Layout, PrefixProver, SuffixProver, Table};
[INFO] [stdout]    |     ^^^^^^^^^^^ use of unresolved module or unlinked crate `p3_sumcheck`
[INFO] [stdout]    |
[INFO] [stdout]    = help: if you wanted to use a crate named `p3_sumcheck`, use `cargo add p3_sumcheck` to add it to your `Cargo.toml`
[INFO] [stdout] 
[INFO] [stdout] 
[INFO] [stdout] error[E0433]: cannot find module or crate `p3_sumcheck` in this scope
[INFO] [stdout]   --> tests/commit.rs:14:5
[INFO] [stdout]    |
[INFO] [stdout] 14 | use p3_sumcheck::strategy::VariableOrder;
[INFO] [stdout]    |     ^^^^^^^^^^^ use of unresolved module or unlinked crate `p3_sumcheck`
[INFO] [stdout]    |
[INFO] [stdout]    = help: if you wanted to use a crate named `p3_sumcheck`, use `cargo add p3_sumcheck` to add it to your `Cargo.toml`
[INFO] [stdout] 
[INFO] [stdout] 
[INFO] [stdout] error[E0432]: unresolved import `p3_merkle_tree`
[INFO] [stdout]   --> tests/commit.rs:10:5
[INFO] [stdout]    |
[INFO] [stdout] 10 | use p3_merkle_tree::MerkleTreeMmcs;
[INFO] [stdout]    |     ^^^^^^^^^^^^^^ use of unresolved module or unlinked crate `p3_merkle_tree`
[INFO] [stdout]    |
[INFO] [stdout]    = help: if you wanted to use a crate named `p3_merkle_tree`, use `cargo add p3_merkle_tree` to add it to your `Cargo.toml`
[INFO] [stdout] 
[INFO] [stdout] 
[INFO] [stdout] error[E0432]: unresolved import `p3_symmetric`
[INFO] [stdout]   --> tests/commit.rs:15:5
[INFO] [stdout]    |
[INFO] [stdout] 15 | use p3_symmetric::{CompressionFunctionFromHasher, SerializingHasher};
[INFO] [stdout]    |     ^^^^^^^^^^^^ use of unresolved module or unlinked crate `p3_symmetric`
[INFO] [stdout]    |
[INFO] [stdout]    = help: if you wanted to use a crate named `p3_symmetric`, use `cargo add p3_symmetric` to add it to your `Cargo.toml`
[INFO] [stdout] 
[INFO] [stdout] 
[INFO] [stdout] Some errors have detailed explanations: E0432, E0433.
[INFO] [stdout] 
[INFO] [stdout] For more information about an error, try `rustc --explain E0432`.
[INFO] [stdout] 
[INFO] [stderr] error: could not compile `p3-binary-dft` (test "commit") due to 7 previous errors
[INFO] [stderr] warning: build failed, waiting for other jobs to finish...
[INFO] [stdout] Some errors have detailed explanations: E0432, E0433.
[INFO] [stdout] 
[INFO] [stdout] For more information about an error, try `rustc --explain E0432`.
[INFO] [stdout] 
[INFO] [stderr] error: could not compile `p3-binary-dft` (bench "ntt") due to 8 previous errors
[INFO] running `Command { std: "docker" "inspect" "1429951ef38ce31dbf16f48c68c360a8f3da635ca33fbcdce3ae08c6f39dfc4e", kill_on_drop: false }`
[INFO] running `Command { std: "docker" "rm" "-f" "1429951ef38ce31dbf16f48c68c360a8f3da635ca33fbcdce3ae08c6f39dfc4e", kill_on_drop: false }`
[INFO] [stdout] 1429951ef38ce31dbf16f48c68c360a8f3da635ca33fbcdce3ae08c6f39dfc4e
