[INFO] fetching crate oxvif-cli 0.17.0...
[INFO] checking oxvif-cli-0.17.0 against 3154cc1a3e6424e44f438a95007d043ed5ceaaf6+rustflags=-Znext-solver=coherence for pr-133502-30
[INFO] extracting crate oxvif-cli 0.17.0 into /workspace/builds/worker-0-tc1/source
[INFO] started tweaking crates.io crate oxvif-cli 0.17.0
[INFO] removed 0 missing tests
[INFO] finished tweaking crates.io crate oxvif-cli 0.17.0
[INFO] tweaked toml for crates.io crate oxvif-cli 0.17.0 written to /workspace/builds/worker-0-tc1/source/Cargo.toml
[INFO] validating manifest of crates.io crate oxvif-cli 0.17.0 on toolchain 3154cc1a3e6424e44f438a95007d043ed5ceaaf6
[INFO] running `Command { std: CARGO_HOME="/workspace/cargo-home" RUSTUP_HOME="/workspace/rustup-home" "/workspace/cargo-home/bin/cargo" "+3154cc1a3e6424e44f438a95007d043ed5ceaaf6" "metadata" "--manifest-path" "Cargo.toml" "--no-deps", kill_on_drop: false }`
[INFO] crate crates.io crate oxvif-cli 0.17.0 already has a lockfile, it will not be regenerated
[INFO] running `Command { std: CARGO_HOME="/workspace/cargo-home" RUSTUP_HOME="/workspace/rustup-home" "/workspace/cargo-home/bin/cargo" "+3154cc1a3e6424e44f438a95007d043ed5ceaaf6" "fetch" "--manifest-path" "Cargo.toml", kill_on_drop: false }`
[INFO] [stderr]     Updating crates.io index
[INFO] [stderr]  Downloading crates ...
[INFO] [stderr]   Downloaded rtoolbox v0.0.6
[INFO] [stderr]   Downloaded digest_auth v0.3.1
[INFO] [stderr]   Downloaded if-addrs v0.15.0
[INFO] [stderr]   Downloaded aws-lc-rs v1.17.3
[INFO] [stderr]   Downloaded diqwest v3.2.0
[INFO] [stderr]   Downloaded secret-service v4.0.0
[INFO] [stderr]   Downloaded keyring v3.6.3
[INFO] [stderr]   Downloaded dbus-secret-service v4.1.0
[INFO] [stderr]   Downloaded micromap v0.3.0
[INFO] [stderr]   Downloaded jsonschema-regex v0.53.0
[INFO] [stderr]   Downloaded referencing v0.53.0
[INFO] [stderr]   Downloaded fluent-uri v0.4.1
[INFO] [stderr]   Downloaded jsonschema-value v0.53.0
[INFO] [stderr]   Downloaded fraction v0.17.0
[INFO] [stderr]   Downloaded fancy-regex v0.19.0
[INFO] [stderr]   Downloaded clap_complete v4.6.9
[INFO] [stderr]   Downloaded jsonschema v0.53.0
[INFO] [stderr]   Downloaded oxvif v0.17.0
[INFO] [stderr]   Downloaded atomic-write-file v0.3.1
[INFO] [stderr]   Downloaded aws-lc-sys v0.43.0
[INFO] running `Command { std: "docker" "create" "-v" "/var/lib/crater-agent-workspace/builds/worker-0-tc1/source:/opt/rustwide/workdir:ro,Z" "-v" "/var/lib/crater-agent-workspace/builds/worker-0-tc1/target:/opt/rustwide/target:rw,Z" "-v" "/var/lib/crater-agent-workspace/cargo-home:/opt/rustwide/cargo-home:ro,Z" "-v" "/var/lib/crater-agent-workspace/rustup-home:/opt/rustwide/rustup-home:ro,Z" "-m" "1610612736" "--network" "none" "ghcr.io/rust-lang/crates-build-env/linux@sha256:77db811e55d90add9212f6832c23229e3de5f1c1f9905e8cb07319ea15df73ac" "sleep" "infinity", kill_on_drop: false }`
[INFO] [stdout] e108fcbe91d669f9613d59748e216881cd04b2ddbcc2d1ab58600c5ddc454186
[INFO] running `Command { std: "docker" "start" "e108fcbe91d669f9613d59748e216881cd04b2ddbcc2d1ab58600c5ddc454186", kill_on_drop: false }`
[INFO] running `Command { std: "docker" "inspect" "e108fcbe91d669f9613d59748e216881cd04b2ddbcc2d1ab58600c5ddc454186", kill_on_drop: false }`
[INFO] running `Command { std: "docker" "exec" "-e" "SOURCE_DIR=/opt/rustwide/workdir" "-e" "CARGO_HOME=/opt/rustwide/cargo-home" "-e" "RUSTUP_HOME=/opt/rustwide/rustup-home" "-e" "CARGO_TARGET_DIR=/opt/rustwide/target" "-w" "/opt/rustwide/workdir" "--user" "0:0" "e108fcbe91d669f9613d59748e216881cd04b2ddbcc2d1ab58600c5ddc454186" "/opt/rustwide/cargo-home/bin/cargo" "+3154cc1a3e6424e44f438a95007d043ed5ceaaf6" "metadata" "--no-deps" "--format-version=1", kill_on_drop: false }`
[INFO] running `Command { std: "docker" "inspect" "e108fcbe91d669f9613d59748e216881cd04b2ddbcc2d1ab58600c5ddc454186", kill_on_drop: false }`
[INFO] running `Command { std: "docker" "exec" "-e" "SOURCE_DIR=/opt/rustwide/workdir" "-e" "CARGO_HOME=/opt/rustwide/cargo-home" "-e" "RUSTUP_HOME=/opt/rustwide/rustup-home" "-e" "CARGO_TARGET_DIR=/opt/rustwide/target" "-e" "CARGO_INCREMENTAL=0" "-e" "RUST_BACKTRACE=full" "-e" "RUSTFLAGS=--cap-lints=forbid -Znext-solver=coherence" "-e" "RUSTDOCFLAGS=--cap-lints=forbid" "-w" "/opt/rustwide/workdir" "--user" "0:0" "e108fcbe91d669f9613d59748e216881cd04b2ddbcc2d1ab58600c5ddc454186" "/opt/rustwide/cargo-home/bin/cargo" "+3154cc1a3e6424e44f438a95007d043ed5ceaaf6" "check" "--frozen" "--all" "--all-targets" "--message-format=json", kill_on_drop: false }`
[INFO] [stderr]    Compiling libc v0.2.189
[INFO] [stderr]     Checking smallvec v1.15.2
[INFO] [stderr]    Compiling fs_extra v1.3.0
[INFO] [stderr]    Compiling aws-lc-rs v1.17.3
[INFO] [stderr]    Compiling num-traits v0.2.19
[INFO] [stderr]     Checking generic-array v0.14.7
[INFO] [stderr]     Checking zerocopy v0.8.55
[INFO] [stderr]    Compiling zeroize_derive v1.5.0
[INFO] [stderr]    Compiling zerovec-derive v0.11.3
[INFO] [stderr]    Compiling displaydoc v0.2.7
[INFO] [stderr]    Compiling tokio-macros v2.7.2
[INFO] [stderr]    Compiling zerofrom-derive v0.1.7
[INFO] [stderr]    Compiling yoke-derive v0.8.2
[INFO] [stderr]    Compiling serde_derive v1.0.229
[INFO] [stderr]     Checking futures-task v0.3.34
[INFO] [stderr]     Checking slab v0.4.12
[INFO] [stderr]    Compiling rustls v0.23.43
[INFO] [stderr]     Checking futures-util v0.3.34
[INFO] [stderr]     Checking hybrid-array v0.4.13
[INFO] [stderr]    Compiling getrandom v0.4.3
[INFO] [stderr]     Checking cpufeatures v0.3.0
[INFO] [stderr]     Checking rand_core v0.10.1
[INFO] [stderr]    Compiling serde_json v1.0.151
[INFO] [stderr]     Checking zeroize v1.9.0
[INFO] [stderr]     Checking tracing v0.1.44
[INFO] [stderr]     Checking form_urlencoded v1.2.2
[INFO] [stderr]     Checking openssl-probe v0.2.1
[INFO] [stderr]     Checking ipnet v2.12.1
[INFO] [stderr]     Checking rustls-pki-types v1.15.1
[INFO] [stderr]     Checking anstyle-parse v1.0.0
[INFO] [stderr]    Compiling getrandom v0.3.4
[INFO] [stderr]     Checking crypto-common v0.1.7
[INFO] [stderr]     Checking block-buffer v0.10.4
[INFO] [stderr]     Checking block-padding v0.3.3
[INFO] [stderr]     Checking digest v0.10.7
[INFO] [stderr]    Compiling cfg_aliases v0.2.2
[INFO] [stderr]     Checking anstyle-query v1.1.5
[INFO] [stderr]     Checking inout v0.1.4
[INFO] [stderr]    Compiling rustix v1.1.4
[INFO] [stderr]     Checking colorchoice v1.0.5
[INFO] [stderr]    Compiling unicode-segmentation v1.13.3
[INFO] [stderr]     Checking sha2 v0.10.9
[INFO] [stderr]     Checking cipher v0.4.4
[INFO] [stderr]     Checking num-integer v0.1.47
[INFO] [stderr]     Checking num-complex v0.4.6
[INFO] [stderr]     Checking is_terminal_polyfill v1.70.2
[INFO] [stderr]    Compiling jobserver v0.1.35
[INFO] [stderr]     Checking rustls-native-certs v0.8.4
[INFO] [stderr]    Compiling signal-hook v0.3.18
[INFO] [stderr]     Checking anstream v1.0.0
[INFO] [stderr]     Checking hmac v0.12.1
[INFO] [stderr]    Compiling cc v1.4.0
[INFO] [stderr]     Checking num-bigint v0.4.8
[INFO] [stderr]     Checking num-iter v0.1.46
[INFO] [stderr]     Checking crypto-common v0.2.2
[INFO] [stderr]     Checking block-buffer v0.12.1
[INFO] [stderr]    Compiling convert_case v0.10.0
[INFO] [stderr]     Checking md-5 v0.10.6
[INFO] [stderr]    Compiling nix v0.31.3
[INFO] [stderr]     Checking chacha20 v0.10.2
[INFO] [stderr]     Checking http-body-util v0.1.4
[INFO] [stderr]     Checking strsim v0.11.1
[INFO] [stderr]     Checking base64 v0.23.1
[INFO] [stderr]     Checking clap_builder v4.6.6
[INFO] [stderr]    Compiling derive_more-impl v2.1.1
[INFO] [stderr]     Checking zerofrom v0.1.8
[INFO] [stderr]    Compiling ref-cast v1.0.27
[INFO] [stderr]     Checking hkdf v0.12.4
[INFO] [stderr]     Checking cbc v0.1.2
[INFO] [stderr]     Checking aes v0.8.4
[INFO] [stderr]     Checking yoke v0.8.3
[INFO] [stderr]    Compiling clap_derive v4.6.4
[INFO] [stderr]     Checking mio v1.2.2
[INFO] [stderr]     Checking socket2 v0.6.5
[INFO] [stderr]     Checking zerovec v0.11.6
[INFO] [stderr]     Checking zerotrie v0.2.4
[INFO] [stderr]     Checking getrandom v0.2.17
[INFO] [stderr]     Checking parking_lot_core v0.9.12
[INFO] [stderr]     Checking rand_core v0.6.4
[INFO] [stderr]     Checking tokio v1.53.1
[INFO] [stderr]     Checking errno v0.3.14
[INFO] [stderr]     Checking digest v0.11.3
[INFO] [stderr]     Checking parking_lot v0.12.5
[INFO] [stderr]    Compiling thiserror-impl v2.0.20
[INFO] [stderr]     Checking rand v0.10.2
[INFO] [stderr]     Checking signal-hook-registry v1.4.8
[INFO] [stderr]    Compiling async-stream-impl v0.3.6
[INFO] [stderr]    Compiling ref-cast-impl v1.0.27
[INFO] [stderr]     Checking aho-corasick v1.1.4
[INFO] [stderr]    Compiling cmake v0.1.58
[INFO] [stderr]     Checking tinystr v0.8.3
[INFO] [stderr]     Checking potential_utf v0.1.5
[INFO] [stderr]     Checking icu_collections v2.1.1
[INFO] [stderr]     Checking icu_locale_core v2.1.1
[INFO] [stderr]     Checking num-rational v0.4.2
[INFO] [stderr]     Checking num v0.4.3
[INFO] [stderr]     Checking winnow v1.0.4
[INFO] [stderr]    Compiling litrs v1.0.0
[INFO] [stderr]     Checking signal-hook-mio v0.2.5
[INFO] [stderr]     Checking dirs-sys v0.5.0
[INFO] [stderr]     Checking async-stream v0.3.6
[INFO] [stderr]     Checking sha1 v0.11.0
[INFO] [stderr]     Checking derive_more v2.1.1
[INFO] [stderr]     Checking if-addrs v0.15.0
[INFO] [stderr]    Compiling document-features v0.2.12
[INFO] [stderr]     Checking rtoolbox v0.0.6
[INFO] [stderr]    Compiling async-trait v0.1.92
[INFO] [stderr]     Checking serde_spanned v1.1.1
[INFO] [stderr]    Compiling aws-lc-sys v0.43.0
[INFO] [stderr]    Compiling libdbus-sys v0.2.7
[INFO] [stderr]     Checking toml_parser v1.1.3+spec-1.1.0
[INFO] [stderr]    Compiling ring v0.17.14
[INFO] [stderr]     Checking thiserror v2.0.20
[INFO] [stderr]     Checking icu_provider v2.1.1
[INFO] [stderr]     Checking toml_datetime v1.1.1+spec-1.1.0
[INFO] [stderr]     Checking regex-automata v0.4.16
[INFO] [stderr]     Checking quick-xml v0.42.0
[INFO] [stderr]     Checking toml_writer v1.1.2+spec-1.1.0
[INFO] [stderr]     Checking foldhash v0.2.0
[INFO] [stderr]     Checking icu_properties v2.1.2
[INFO] [stderr]     Checking icu_normalizer v2.1.1
[INFO] [stderr]    Compiling unicode-general-category v1.1.0
[INFO] [stderr]     Checking bit-vec v0.8.0
[INFO] [stderr]     Checking borrow-or-share v0.2.4
[INFO] [stderr]     Checking time v0.3.55
[INFO] [stderr]     Checking hashbrown v0.17.1
[INFO] [stderr]     Checking clap v4.6.6
[INFO] [stderr]     Checking clap_complete v4.6.9
[INFO] [stderr]     Checking crossterm v0.29.0
[INFO] [stderr]     Checking tempfile v3.27.0
[INFO] [stderr]     Checking bit-set v0.8.0
[INFO] [stderr]     Checking toml v1.1.5+spec-1.1.0
[INFO] [stderr]     Checking rpassword v7.5.4
[INFO] [stderr]     Checking directories v6.0.0
[INFO] [stderr]     Checking fraction v0.17.0
[INFO] [stderr]     Checking sha2 v0.11.0
[INFO] [stderr]     Checking ppv-lite86 v0.2.21
[INFO] [stderr]     Checking fs2 v0.4.3
[INFO] [stderr]    Compiling strum_macros v0.28.0
[INFO] [stderr]     Checking micromap v0.3.0
[INFO] [stderr]     Checking atomic-write-file v0.3.1
[INFO] [stderr]     Checking vsimd v0.8.0
[INFO] [stderr]     Checking unicode-width v0.2.2
[INFO] [stderr]     Checking rand_chacha v0.3.1
[INFO] [stderr]     Checking bytecount v0.6.9
[INFO] [stderr]     Checking outref v0.5.2
[INFO] [stderr]     Checking num-cmp v0.1.0
[INFO] [stderr]     Checking yasna v0.6.0
[INFO] [stderr]     Checking pem v4.0.0
[INFO] [stderr]     Checking rand v0.8.7
[INFO] [stderr]     Checking jsonschema-regex v0.53.0
[INFO] [stderr]     Checking data-encoding v2.11.1
[INFO] [stderr]     Checking idna_adapter v1.2.1
[INFO] [stderr]     Checking shlex v2.0.1
[INFO] [stderr]     Checking idna v1.1.0
[INFO] [stderr]     Checking uuid-simd v0.8.0
[INFO] [stderr]     Checking serde v1.0.229
[INFO] [stderr]     Checking ahash v0.8.12
[INFO] [stderr]     Checking fluent-uri v0.4.1
[INFO] [stderr]     Checking email_address v0.2.9
[INFO] [stderr]     Checking url v2.5.8
[INFO] [stderr]     Checking jsonschema-value v0.53.0
[INFO] [stderr]     Checking referencing v0.53.0
[INFO] [stderr]     Checking hyper v1.11.0
[INFO] [stderr]     Checking tower v0.5.3
[INFO] [stderr]     Checking digest_auth v0.3.1
[INFO] [stderr]     Checking dbus v0.9.12
[INFO] [stderr]     Checking strum v0.28.0
[INFO] [stderr]     Checking tower-http v0.6.11
[INFO] [stderr]     Checking fancy-regex v0.19.0
[INFO] [stderr]     Checking regex v1.13.1
[INFO] [stderr]     Checking hyper-util v0.1.20
[INFO] [stderr]     Checking jsonschema v0.53.0
[INFO] [stderr]     Checking rcgen v0.14.10
[INFO] [stderr]     Checking dbus-secret-service v4.1.0
[INFO] [stderr]     Checking keyring v3.6.3
[INFO] [stderr]     Checking rustls-webpki v0.103.13
[INFO] [stderr]     Checking tokio-rustls v0.26.4
[INFO] [stderr]     Checking rustls-platform-verifier v0.7.0
[INFO] [stderr]     Checking hyper-rustls v0.27.9
[INFO] [stderr]     Checking reqwest v0.13.4
[INFO] [stderr]     Checking diqwest v3.2.0
[INFO] [stderr]     Checking oxvif v0.17.0
[INFO] [stderr]     Checking oxvif-cli v0.17.0 (/opt/rustwide/workdir)
[INFO] [stdout] error[E0433]: cannot find `mock` in `oxvif`
[INFO] [stdout]     --> src/application.rs:2221:29
[INFO] [stdout]      |
[INFO] [stdout] 2221 |         let server = oxvif::mock::MockServer::start()
[INFO] [stdout]      |                             ^^^^ could not find `mock` in `oxvif`
[INFO] [stdout]      |
[INFO] [stdout] note: found an item that was configured out
[INFO] [stdout]     --> /opt/rustwide/cargo-home/registry/src/index.crates.io-1949cf8c6b5b557f/oxvif-0.17.0/src/lib.rs:364:9
[INFO] [stdout]      |
[INFO] [stdout]  363 | #[cfg(feature = "mock")]
[INFO] [stdout]      |       ---------------- the item is gated behind the `mock` feature
[INFO] [stdout]  364 | pub mod mock;
[INFO] [stdout]      |         ^^^^
[INFO] [stdout] 
[INFO] [stdout] 
[INFO] [stdout] error[E0433]: cannot find `mock` in `oxvif`
[INFO] [stdout]     --> src/application.rs:2827:29
[INFO] [stdout]      |
[INFO] [stdout] 2827 |         let server = oxvif::mock::MockServer::builder()
[INFO] [stdout]      |                             ^^^^ could not find `mock` in `oxvif`
[INFO] [stdout]      |
[INFO] [stdout] note: found an item that was configured out
[INFO] [stdout]     --> /opt/rustwide/cargo-home/registry/src/index.crates.io-1949cf8c6b5b557f/oxvif-0.17.0/src/lib.rs:364:9
[INFO] [stdout]      |
[INFO] [stdout]  363 | #[cfg(feature = "mock")]
[INFO] [stdout]      |       ---------------- the item is gated behind the `mock` feature
[INFO] [stdout]  364 | pub mod mock;
[INFO] [stdout]      |         ^^^^
[INFO] [stdout] 
[INFO] [stdout] 
[INFO] [stdout] error[E0433]: cannot find `mock` in `oxvif`
[INFO] [stdout]     --> src/application.rs:2963:29
[INFO] [stdout]      |
[INFO] [stdout] 2963 |         let server = oxvif::mock::MockServer::start()
[INFO] [stdout]      |                             ^^^^ could not find `mock` in `oxvif`
[INFO] [stdout]      |
[INFO] [stdout] note: found an item that was configured out
[INFO] [stdout]     --> /opt/rustwide/cargo-home/registry/src/index.crates.io-1949cf8c6b5b557f/oxvif-0.17.0/src/lib.rs:364:9
[INFO] [stdout]      |
[INFO] [stdout]  363 | #[cfg(feature = "mock")]
[INFO] [stdout]      |       ---------------- the item is gated behind the `mock` feature
[INFO] [stdout]  364 | pub mod mock;
[INFO] [stdout]      |         ^^^^
[INFO] [stdout] 
[INFO] [stdout] 
[INFO] [stdout] error[E0433]: cannot find `mock` in `oxvif`
[INFO] [stdout]     --> src/application.rs:3041:31
[INFO] [stdout]      |
[INFO] [stdout] 3041 |         let server_a = oxvif::mock::MockServer::start()
[INFO] [stdout]      |                               ^^^^ could not find `mock` in `oxvif`
[INFO] [stdout]      |
[INFO] [stdout] note: found an item that was configured out
[INFO] [stdout]     --> /opt/rustwide/cargo-home/registry/src/index.crates.io-1949cf8c6b5b557f/oxvif-0.17.0/src/lib.rs:364:9
[INFO] [stdout]      |
[INFO] [stdout]  363 | #[cfg(feature = "mock")]
[INFO] [stdout]      |       ---------------- the item is gated behind the `mock` feature
[INFO] [stdout]  364 | pub mod mock;
[INFO] [stdout]      |         ^^^^
[INFO] [stdout] 
[INFO] [stdout] 
[INFO] [stdout] error[E0433]: cannot find `mock` in `oxvif`
[INFO] [stdout]     --> src/application.rs:3044:31
[INFO] [stdout]      |
[INFO] [stdout] 3044 |         let server_b = oxvif::mock::MockServer::start()
[INFO] [stdout]      |                               ^^^^ could not find `mock` in `oxvif`
[INFO] [stdout]      |
[INFO] [stdout] note: found an item that was configured out
[INFO] [stdout]     --> /opt/rustwide/cargo-home/registry/src/index.crates.io-1949cf8c6b5b557f/oxvif-0.17.0/src/lib.rs:364:9
[INFO] [stdout]      |
[INFO] [stdout]  363 | #[cfg(feature = "mock")]
[INFO] [stdout]      |       ---------------- the item is gated behind the `mock` feature
[INFO] [stdout]  364 | pub mod mock;
[INFO] [stdout]      |         ^^^^
[INFO] [stdout] 
[INFO] [stdout] 
[INFO] [stdout] error[E0433]: cannot find `mock` in `oxvif`
[INFO] [stdout]     --> src/application.rs:3274:31
[INFO] [stdout]      |
[INFO] [stdout] 3274 |         let upstream = oxvif::mock::MockServer::start()
[INFO] [stdout]      |                               ^^^^ could not find `mock` in `oxvif`
[INFO] [stdout]      |
[INFO] [stdout] note: found an item that was configured out
[INFO] [stdout]     --> /opt/rustwide/cargo-home/registry/src/index.crates.io-1949cf8c6b5b557f/oxvif-0.17.0/src/lib.rs:364:9
[INFO] [stdout]      |
[INFO] [stdout]  363 | #[cfg(feature = "mock")]
[INFO] [stdout]      |       ---------------- the item is gated behind the `mock` feature
[INFO] [stdout]  364 | pub mod mock;
[INFO] [stdout]      |         ^^^^
[INFO] [stdout] 
[INFO] [stdout] 
[INFO] [stdout] error[E0433]: cannot find `mock` in `oxvif`
[INFO] [stdout]     --> src/application.rs:3409:37
[INFO] [stdout]      |
[INFO] [stdout] 3409 |         let healthy_server = oxvif::mock::MockServer::start()
[INFO] [stdout]      |                                     ^^^^ could not find `mock` in `oxvif`
[INFO] [stdout]      |
[INFO] [stdout] note: found an item that was configured out
[INFO] [stdout]     --> /opt/rustwide/cargo-home/registry/src/index.crates.io-1949cf8c6b5b557f/oxvif-0.17.0/src/lib.rs:364:9
[INFO] [stdout]      |
[INFO] [stdout]  363 | #[cfg(feature = "mock")]
[INFO] [stdout]      |       ---------------- the item is gated behind the `mock` feature
[INFO] [stdout]  364 | pub mod mock;
[INFO] [stdout]      |         ^^^^
[INFO] [stdout] 
[INFO] [stdout] 
[INFO] [stdout] error[E0433]: cannot find `mock` in `oxvif`
[INFO] [stdout]     --> src/maintenance.rs:1412:29
[INFO] [stdout]      |
[INFO] [stdout] 1412 |         let server = oxvif::mock::MockServer::start().await.unwrap();
[INFO] [stdout]      |                             ^^^^ could not find `mock` in `oxvif`
[INFO] [stdout]      |
[INFO] [stdout] note: found an item that was configured out
[INFO] [stdout]     --> /opt/rustwide/cargo-home/registry/src/index.crates.io-1949cf8c6b5b557f/oxvif-0.17.0/src/lib.rs:364:9
[INFO] [stdout]      |
[INFO] [stdout]  363 | #[cfg(feature = "mock")]
[INFO] [stdout]      |       ---------------- the item is gated behind the `mock` feature
[INFO] [stdout]  364 | pub mod mock;
[INFO] [stdout]      |         ^^^^
[INFO] [stdout] 
[INFO] [stdout] 
[INFO] [stdout] error[E0433]: cannot find `mock` in `oxvif`
[INFO] [stdout]     --> src/maintenance.rs:1543:29
[INFO] [stdout]      |
[INFO] [stdout] 1543 |         let server = oxvif::mock::MockServer::start().await.unwrap();
[INFO] [stdout]      |                             ^^^^ could not find `mock` in `oxvif`
[INFO] [stdout]      |
[INFO] [stdout] note: found an item that was configured out
[INFO] [stdout]     --> /opt/rustwide/cargo-home/registry/src/index.crates.io-1949cf8c6b5b557f/oxvif-0.17.0/src/lib.rs:364:9
[INFO] [stdout]      |
[INFO] [stdout]  363 | #[cfg(feature = "mock")]
[INFO] [stdout]      |       ---------------- the item is gated behind the `mock` feature
[INFO] [stdout]  364 | pub mod mock;
[INFO] [stdout]      |         ^^^^
[INFO] [stdout] 
[INFO] [stdout] 
[INFO] [stdout] error[E0433]: cannot find `mock` in `oxvif`
[INFO] [stdout]     --> src/maintenance.rs:1629:29
[INFO] [stdout]      |
[INFO] [stdout] 1629 |         let server = oxvif::mock::MockServer::start().await.unwrap();
[INFO] [stdout]      |                             ^^^^ could not find `mock` in `oxvif`
[INFO] [stdout]      |
[INFO] [stdout] note: found an item that was configured out
[INFO] [stdout]     --> /opt/rustwide/cargo-home/registry/src/index.crates.io-1949cf8c6b5b557f/oxvif-0.17.0/src/lib.rs:364:9
[INFO] [stdout]      |
[INFO] [stdout]  363 | #[cfg(feature = "mock")]
[INFO] [stdout]      |       ---------------- the item is gated behind the `mock` feature
[INFO] [stdout]  364 | pub mod mock;
[INFO] [stdout]      |         ^^^^
[INFO] [stdout] 
[INFO] [stdout] 
[INFO] [stdout] error[E0433]: cannot find `mock` in `oxvif`
[INFO] [stdout]     --> src/maintenance.rs:1659:29
[INFO] [stdout]      |
[INFO] [stdout] 1659 |         let server = oxvif::mock::MockServer::start().await.unwrap();
[INFO] [stdout]      |                             ^^^^ could not find `mock` in `oxvif`
[INFO] [stdout]      |
[INFO] [stdout] note: found an item that was configured out
[INFO] [stdout]     --> /opt/rustwide/cargo-home/registry/src/index.crates.io-1949cf8c6b5b557f/oxvif-0.17.0/src/lib.rs:364:9
[INFO] [stdout]      |
[INFO] [stdout]  363 | #[cfg(feature = "mock")]
[INFO] [stdout]      |       ---------------- the item is gated behind the `mock` feature
[INFO] [stdout]  364 | pub mod mock;
[INFO] [stdout]      |         ^^^^
[INFO] [stdout] 
[INFO] [stdout] 
[INFO] [stdout] error[E0433]: cannot find `mock` in `oxvif`
[INFO] [stdout]     --> src/maintenance.rs:2021:29
[INFO] [stdout]      |
[INFO] [stdout] 2021 |         let server = oxvif::mock::MockServer::start().await.unwrap();
[INFO] [stdout]      |                             ^^^^ could not find `mock` in `oxvif`
[INFO] [stdout]      |
[INFO] [stdout] note: found an item that was configured out
[INFO] [stdout]     --> /opt/rustwide/cargo-home/registry/src/index.crates.io-1949cf8c6b5b557f/oxvif-0.17.0/src/lib.rs:364:9
[INFO] [stdout]      |
[INFO] [stdout]  363 | #[cfg(feature = "mock")]
[INFO] [stdout]      |       ---------------- the item is gated behind the `mock` feature
[INFO] [stdout]  364 | pub mod mock;
[INFO] [stdout]      |         ^^^^
[INFO] [stdout] 
[INFO] [stdout] 
[INFO] [stdout] error[E0433]: cannot find `mock` in `oxvif`
[INFO] [stdout]    --> tests/cli.rs:79:25
[INFO] [stdout]     |
[INFO] [stdout]  79 |     let server = oxvif::mock::MockServer::builder()
[INFO] [stdout]     |                         ^^^^ could not find `mock` in `oxvif`
[INFO] [stdout]     |
[INFO] [stdout] note: found an item that was configured out
[INFO] [stdout]    --> /opt/rustwide/cargo-home/registry/src/index.crates.io-1949cf8c6b5b557f/oxvif-0.17.0/src/lib.rs:364:9
[INFO] [stdout]     |
[INFO] [stdout] 363 | #[cfg(feature = "mock")]
[INFO] [stdout]     |       ---------------- the item is gated behind the `mock` feature
[INFO] [stdout] 364 | pub mod mock;
[INFO] [stdout]     |         ^^^^
[INFO] [stdout] 
[INFO] [stdout] 
[INFO] [stdout] error[E0433]: cannot find `mock` in `oxvif`
[INFO] [stdout]    --> tests/cli.rs:386:25
[INFO] [stdout]     |
[INFO] [stdout] 386 |     let server = oxvif::mock::MockServer::start().await.unwrap();
[INFO] [stdout]     |                         ^^^^ could not find `mock` in `oxvif`
[INFO] [stdout]     |
[INFO] [stdout] note: found an item that was configured out
[INFO] [stdout]    --> /opt/rustwide/cargo-home/registry/src/index.crates.io-1949cf8c6b5b557f/oxvif-0.17.0/src/lib.rs:364:9
[INFO] [stdout]     |
[INFO] [stdout] 363 | #[cfg(feature = "mock")]
[INFO] [stdout]     |       ---------------- the item is gated behind the `mock` feature
[INFO] [stdout] 364 | pub mod mock;
[INFO] [stdout]     |         ^^^^
[INFO] [stdout] 
[INFO] [stdout] 
[INFO] [stdout] error[E0433]: cannot find `mock` in `oxvif`
[INFO] [stdout]    --> tests/cli.rs:748:25
[INFO] [stdout]     |
[INFO] [stdout] 748 |     let server = oxvif::mock::MockServer::start()
[INFO] [stdout]     |                         ^^^^ could not find `mock` in `oxvif`
[INFO] [stdout]     |
[INFO] [stdout] note: found an item that was configured out
[INFO] [stdout]    --> /opt/rustwide/cargo-home/registry/src/index.crates.io-1949cf8c6b5b557f/oxvif-0.17.0/src/lib.rs:364:9
[INFO] [stdout]     |
[INFO] [stdout] 363 | #[cfg(feature = "mock")]
[INFO] [stdout]     |       ---------------- the item is gated behind the `mock` feature
[INFO] [stdout] 364 | pub mod mock;
[INFO] [stdout]     |         ^^^^
[INFO] [stdout] 
[INFO] [stdout] 
[INFO] [stdout] error[E0433]: cannot find `mock` in `oxvif`
[INFO] [stdout]    --> tests/cli.rs:815:25
[INFO] [stdout]     |
[INFO] [stdout] 815 |     let server = oxvif::mock::MockServer::start()
[INFO] [stdout]     |                         ^^^^ could not find `mock` in `oxvif`
[INFO] [stdout]     |
[INFO] [stdout] note: found an item that was configured out
[INFO] [stdout]    --> /opt/rustwide/cargo-home/registry/src/index.crates.io-1949cf8c6b5b557f/oxvif-0.17.0/src/lib.rs:364:9
[INFO] [stdout]     |
[INFO] [stdout] 363 | #[cfg(feature = "mock")]
[INFO] [stdout]     |       ---------------- the item is gated behind the `mock` feature
[INFO] [stdout] 364 | pub mod mock;
[INFO] [stdout]     |         ^^^^
[INFO] [stdout] 
[INFO] [stdout] 
[INFO] [stdout] error[E0433]: cannot find `mock` in `oxvif`
[INFO] [stdout]    --> src/terminal_fixture.rs:30:16
[INFO] [stdout]     |
[INFO] [stdout]  30 |         oxvif::mock::MockServer::builder()
[INFO] [stdout]     |                ^^^^ could not find `mock` in `oxvif`
[INFO] [stdout]     |
[INFO] [stdout] note: found an item that was configured out
[INFO] [stdout]    --> /opt/rustwide/cargo-home/registry/src/index.crates.io-1949cf8c6b5b557f/oxvif-0.17.0/src/lib.rs:364:9
[INFO] [stdout]     |
[INFO] [stdout] 363 | #[cfg(feature = "mock")]
[INFO] [stdout]     |       ---------------- the item is gated behind the `mock` feature
[INFO] [stdout] 364 | pub mod mock;
[INFO] [stdout]     |         ^^^^
[INFO] [stdout] 
[INFO] [stdout] 
[INFO] [stdout] error[E0433]: cannot find `mock` in `oxvif`
[INFO] [stdout]    --> src/terminal_fixture.rs:36:20
[INFO] [stdout]     |
[INFO] [stdout]  36 |     let b = oxvif::mock::MockServer::builder()
[INFO] [stdout]     |                    ^^^^ could not find `mock` in `oxvif`
[INFO] [stdout]     |
[INFO] [stdout] note: found an item that was configured out
[INFO] [stdout]    --> /opt/rustwide/cargo-home/registry/src/index.crates.io-1949cf8c6b5b557f/oxvif-0.17.0/src/lib.rs:364:9
[INFO] [stdout]     |
[INFO] [stdout] 363 | #[cfg(feature = "mock")]
[INFO] [stdout]     |       ---------------- the item is gated behind the `mock` feature
[INFO] [stdout] 364 | pub mod mock;
[INFO] [stdout]     |         ^^^^
[INFO] [stdout] 
[INFO] [stdout] 
[INFO] [stdout] error[E0433]: cannot find `mock` in `oxvif`
[INFO] [stdout]    --> src/terminal_fixture.rs:41:20
[INFO] [stdout]     |
[INFO] [stdout]  41 |     let c = oxvif::mock::MockServer::builder()
[INFO] [stdout]     |                    ^^^^ could not find `mock` in `oxvif`
[INFO] [stdout]     |
[INFO] [stdout] note: found an item that was configured out
[INFO] [stdout]    --> /opt/rustwide/cargo-home/registry/src/index.crates.io-1949cf8c6b5b557f/oxvif-0.17.0/src/lib.rs:364:9
[INFO] [stdout]     |
[INFO] [stdout] 363 | #[cfg(feature = "mock")]
[INFO] [stdout]     |       ---------------- the item is gated behind the `mock` feature
[INFO] [stdout] 364 | pub mod mock;
[INFO] [stdout]     |         ^^^^
[INFO] [stdout] 
[INFO] [stdout] 
[INFO] [stdout] error[E0433]: cannot find `mock` in `oxvif`
[INFO] [stdout]     --> src/main.rs:2782:29
[INFO] [stdout]      |
[INFO] [stdout] 2782 |         let server = oxvif::mock::MockServer::start()
[INFO] [stdout]      |                             ^^^^ could not find `mock` in `oxvif`
[INFO] [stdout]      |
[INFO] [stdout] note: found an item that was configured out
[INFO] [stdout]     --> /opt/rustwide/cargo-home/registry/src/index.crates.io-1949cf8c6b5b557f/oxvif-0.17.0/src/lib.rs:364:9
[INFO] [stdout]      |
[INFO] [stdout]  363 | #[cfg(feature = "mock")]
[INFO] [stdout]      |       ---------------- the item is gated behind the `mock` feature
[INFO] [stdout]  364 | pub mod mock;
[INFO] [stdout]      |         ^^^^
[INFO] [stdout] 
[INFO] [stdout] 
[INFO] [stdout] For more information about this error, try `rustc --explain E0433`.
[INFO] [stdout] 
[INFO] [stderr] error: could not compile `oxvif-cli` (test "cli") due to 4 previous errors
[INFO] [stderr] warning: build failed, waiting for other jobs to finish...
[INFO] [stdout] For more information about this error, try `rustc --explain E0433`.
[INFO] [stdout] 
[INFO] [stderr] error: could not compile `oxvif-cli` (lib test) due to 12 previous errors
[INFO] [stdout] For more information about this error, try `rustc --explain E0433`.
[INFO] [stdout] 
[INFO] [stderr] error: could not compile `oxvif-cli` (bin "oxvif" test) due to 4 previous errors
[INFO] running `Command { std: "docker" "inspect" "e108fcbe91d669f9613d59748e216881cd04b2ddbcc2d1ab58600c5ddc454186", kill_on_drop: false }`
[INFO] running `Command { std: "docker" "rm" "-f" "e108fcbe91d669f9613d59748e216881cd04b2ddbcc2d1ab58600c5ddc454186", kill_on_drop: false }`
[INFO] [stdout] e108fcbe91d669f9613d59748e216881cd04b2ddbcc2d1ab58600c5ddc454186
