[INFO] fetching crate oxionnx-gpu 0.1.7...
[INFO] checking oxionnx-gpu-0.1.7 against 3154cc1a3e6424e44f438a95007d043ed5ceaaf6+rustflags=-Znext-solver=coherence for pr-133502-30
[INFO] extracting crate oxionnx-gpu 0.1.7 into /workspace/builds/worker-1-tc1/source
[INFO] started tweaking crates.io crate oxionnx-gpu 0.1.7
[INFO] removed 0 missing examples
[INFO] removed 0 missing tests
[INFO] finished tweaking crates.io crate oxionnx-gpu 0.1.7
[INFO] tweaked toml for crates.io crate oxionnx-gpu 0.1.7 written to /workspace/builds/worker-1-tc1/source/Cargo.toml
[INFO] validating manifest of crates.io crate oxionnx-gpu 0.1.7 on toolchain 3154cc1a3e6424e44f438a95007d043ed5ceaaf6
[INFO] running `Command { std: CARGO_HOME="/workspace/cargo-home" RUSTUP_HOME="/workspace/rustup-home" "/workspace/cargo-home/bin/cargo" "+3154cc1a3e6424e44f438a95007d043ed5ceaaf6" "metadata" "--manifest-path" "Cargo.toml" "--no-deps", kill_on_drop: false }`
[INFO] crate crates.io crate oxionnx-gpu 0.1.7 already has a lockfile, it will not be regenerated
[INFO] running `Command { std: CARGO_HOME="/workspace/cargo-home" RUSTUP_HOME="/workspace/rustup-home" "/workspace/cargo-home/bin/cargo" "+3154cc1a3e6424e44f438a95007d043ed5ceaaf6" "fetch" "--manifest-path" "Cargo.toml", kill_on_drop: false }`
[INFO] [stderr]     Updating crates.io index
[INFO] [stderr]  Downloading crates ...
[INFO] [stderr]   Downloaded oxionnx-core v0.1.7
[INFO] running `Command { std: "docker" "create" "-v" "/var/lib/crater-agent-workspace/builds/worker-1-tc1/source:/opt/rustwide/workdir:ro,Z" "-v" "/var/lib/crater-agent-workspace/builds/worker-1-tc1/target:/opt/rustwide/target:rw,Z" "-v" "/var/lib/crater-agent-workspace/cargo-home:/opt/rustwide/cargo-home:ro,Z" "-v" "/var/lib/crater-agent-workspace/rustup-home:/opt/rustwide/rustup-home:ro,Z" "-m" "1610612736" "--network" "none" "ghcr.io/rust-lang/crates-build-env/linux@sha256:77db811e55d90add9212f6832c23229e3de5f1c1f9905e8cb07319ea15df73ac" "sleep" "infinity", kill_on_drop: false }`
[INFO] [stdout] 203700829ff9010b22322d06ee61480d11f225a8f8f0fd296615b474ee99a5fa
[INFO] running `Command { std: "docker" "start" "203700829ff9010b22322d06ee61480d11f225a8f8f0fd296615b474ee99a5fa", kill_on_drop: false }`
[INFO] running `Command { std: "docker" "inspect" "203700829ff9010b22322d06ee61480d11f225a8f8f0fd296615b474ee99a5fa", kill_on_drop: false }`
[INFO] running `Command { std: "docker" "exec" "-e" "SOURCE_DIR=/opt/rustwide/workdir" "-e" "CARGO_HOME=/opt/rustwide/cargo-home" "-e" "RUSTUP_HOME=/opt/rustwide/rustup-home" "-e" "CARGO_TARGET_DIR=/opt/rustwide/target" "-w" "/opt/rustwide/workdir" "--user" "0:0" "203700829ff9010b22322d06ee61480d11f225a8f8f0fd296615b474ee99a5fa" "/opt/rustwide/cargo-home/bin/cargo" "+3154cc1a3e6424e44f438a95007d043ed5ceaaf6" "metadata" "--no-deps" "--format-version=1", kill_on_drop: false }`
[INFO] running `Command { std: "docker" "inspect" "203700829ff9010b22322d06ee61480d11f225a8f8f0fd296615b474ee99a5fa", kill_on_drop: false }`
[INFO] running `Command { std: "docker" "exec" "-e" "SOURCE_DIR=/opt/rustwide/workdir" "-e" "CARGO_HOME=/opt/rustwide/cargo-home" "-e" "RUSTUP_HOME=/opt/rustwide/rustup-home" "-e" "CARGO_TARGET_DIR=/opt/rustwide/target" "-e" "CARGO_INCREMENTAL=0" "-e" "RUST_BACKTRACE=full" "-e" "RUSTFLAGS=--cap-lints=forbid -Znext-solver=coherence" "-e" "RUSTDOCFLAGS=--cap-lints=forbid" "-w" "/opt/rustwide/workdir" "--user" "0:0" "203700829ff9010b22322d06ee61480d11f225a8f8f0fd296615b474ee99a5fa" "/opt/rustwide/cargo-home/bin/cargo" "+3154cc1a3e6424e44f438a95007d043ed5ceaaf6" "check" "--frozen" "--all" "--all-targets" "--message-format=json", kill_on_drop: false }`
[INFO] [stderr]    Compiling proc-macro2 v1.0.107
[INFO] [stderr]    Compiling quote v1.0.47
[INFO] [stderr]    Compiling cfg_aliases v0.2.2
[INFO] [stderr]    Compiling libm v0.2.16
[INFO] [stderr]    Compiling zerocopy v0.8.56
[INFO] [stderr]     Checking bitflags v2.13.1
[INFO] [stderr]     Checking log v0.4.33
[INFO] [stderr]    Compiling thiserror v2.0.20
[INFO] [stderr]    Compiling libc v0.2.189
[INFO] [stderr]     Checking bit-vec v0.9.1
[INFO] [stderr]    Compiling num-traits v0.2.19
[INFO] [stderr]     Checking libloading v0.8.9
[INFO] [stderr]     Checking hashbrown v0.17.1
[INFO] [stderr]     Checking hashbrown v0.16.1
[INFO] [stderr]    Compiling ash v0.38.0+1.3.281
[INFO] [stderr]     Checking codespan-reporting v0.13.1
[INFO] [stderr]    Compiling naga v29.0.4
[INFO] [stderr]    Compiling wayland-sys v0.31.11
[INFO] [stderr]     Checking spirv v0.4.0+sdk-1.4.341.0
[INFO] [stderr]     Checking foldhash v0.1.5
[INFO] [stderr]     Checking arrayvec v0.7.8
[INFO] [stderr]     Checking smallvec v1.15.2
[INFO] [stderr]     Checking bit-set v0.9.1
[INFO] [stderr]     Checking raw-window-handle v0.6.2
[INFO] [stderr]    Compiling khronos-egl v6.0.0
[INFO] [stderr]     Checking rustc-hash v1.1.0
[INFO] [stderr]     Checking unicode-ident v1.0.24
[INFO] [stderr]     Checking hexf-parse v0.2.1
[INFO] [stderr]     Checking gpu-descriptor-types v0.2.0
[INFO] [stderr]     Checking hashbrown v0.15.5
[INFO] [stderr]     Checking dlib v0.5.3
[INFO] [stderr]    Compiling wgpu-hal v29.0.4
[INFO] [stderr]     Checking presser v0.3.1
[INFO] [stderr]     Checking glow v0.17.0
[INFO] [stderr]     Checking renderdoc-sys v1.1.0
[INFO] [stderr]     Checking profiling v1.0.18
[INFO] [stderr]    Compiling wgpu-core v29.0.4
[INFO] [stderr]    Compiling wgpu v29.0.4
[INFO] [stderr]     Checking pollster v0.4.0
[INFO] [stderr]     Checking indexmap v2.14.0
[INFO] [stderr]    Compiling syn v3.0.3
[INFO] [stderr]    Compiling syn v2.0.119
[INFO] [stderr]     Checking gpu-descriptor v0.3.2
[INFO] [stderr]     Checking parking_lot_core v0.9.12
[INFO] [stderr]     Checking parking_lot v0.12.5
[INFO] [stderr]     Checking ordered-float v5.3.0
[INFO] [stderr]    Compiling thiserror-impl v2.0.20
[INFO] [stderr]    Compiling bytemuck_derive v1.12.0
[INFO] [stderr]    Compiling zerocopy-derive v0.8.56
[INFO] [stderr]     Checking bytemuck v1.25.2
[INFO] [stderr]     Checking wgpu-types v29.0.4
[INFO] [stderr]     Checking half v2.7.1
[INFO] [stderr]     Checking oxionnx-core v0.1.7
[INFO] [stderr]     Checking gpu-allocator v0.28.0
[INFO] [stderr]     Checking wgpu-naga-bridge v29.0.4
[INFO] [stderr]     Checking wgpu-core-deps-windows-linux-android v29.0.4
[INFO] [stderr]     Checking oxionnx-gpu v0.1.7 (/opt/rustwide/workdir)
[INFO] [stdout] warning: use of deprecated method `std::sync::atomic::Atomic::<u64>::fetch_update`: renamed to `try_update` for consistency
[INFO] [stdout]    --> src/context/budget.rs:133:14
[INFO] [stdout]     |
[INFO] [stdout] 133 |             .fetch_update(Ordering::AcqRel, Ordering::Acquire, |live| {
[INFO] [stdout]     |              ^^^^^^^^^^^^
[INFO] [stdout]     |
[INFO] [stdout]     = note: `#[warn(deprecated)]` on by default
[INFO] [stdout] help: replace the use of the deprecated method
[INFO] [stdout]     |
[INFO] [stdout] 133 -             .fetch_update(Ordering::AcqRel, Ordering::Acquire, |live| {
[INFO] [stdout] 133 +             .try_update(Ordering::AcqRel, Ordering::Acquire, |live| {
[INFO] [stdout]     |
[INFO] [stdout] 
[INFO] [stdout] 
[INFO] [stdout] warning: use of deprecated method `std::sync::atomic::Atomic::<u64>::fetch_update`: renamed to `try_update` for consistency
[INFO] [stdout]    --> src/context/budget.rs:145:14
[INFO] [stdout]     |
[INFO] [stdout] 145 |             .fetch_update(Ordering::AcqRel, Ordering::Acquire, |live| {
[INFO] [stdout]     |              ^^^^^^^^^^^^
[INFO] [stdout]     |
[INFO] [stdout] help: replace the use of the deprecated method
[INFO] [stdout]     |
[INFO] [stdout] 145 -             .fetch_update(Ordering::AcqRel, Ordering::Acquire, |live| {
[INFO] [stdout] 145 +             .try_update(Ordering::AcqRel, Ordering::Acquire, |live| {
[INFO] [stdout]     |
[INFO] [stdout] 
[INFO] [stdout] 
[INFO] [stdout] warning: use of deprecated method `std::sync::atomic::Atomic::<u64>::fetch_update`: renamed to `try_update` for consistency
[INFO] [stdout]    --> src/context/budget.rs:133:14
[INFO] [stdout]     |
[INFO] [stdout] 133 |             .fetch_update(Ordering::AcqRel, Ordering::Acquire, |live| {
[INFO] [stdout]     |              ^^^^^^^^^^^^
[INFO] [stdout]     |
[INFO] [stdout]     = note: `#[warn(deprecated)]` on by default
[INFO] [stdout] help: replace the use of the deprecated method
[INFO] [stdout]     |
[INFO] [stdout] 133 -             .fetch_update(Ordering::AcqRel, Ordering::Acquire, |live| {
[INFO] [stdout] 133 +             .try_update(Ordering::AcqRel, Ordering::Acquire, |live| {
[INFO] [stdout]     |
[INFO] [stdout] 
[INFO] [stdout] 
[INFO] [stdout] warning: use of deprecated method `std::sync::atomic::Atomic::<u64>::fetch_update`: renamed to `try_update` for consistency
[INFO] [stdout]    --> src/context/budget.rs:145:14
[INFO] [stdout]     |
[INFO] [stdout] 145 |             .fetch_update(Ordering::AcqRel, Ordering::Acquire, |live| {
[INFO] [stdout]     |              ^^^^^^^^^^^^
[INFO] [stdout]     |
[INFO] [stdout] help: replace the use of the deprecated method
[INFO] [stdout]     |
[INFO] [stdout] 145 -             .fetch_update(Ordering::AcqRel, Ordering::Acquire, |live| {
[INFO] [stdout] 145 +             .try_update(Ordering::AcqRel, Ordering::Acquire, |live| {
[INFO] [stdout]     |
[INFO] [stdout] 
[INFO] [stdout] 
[INFO] [stdout] error[E0433]: cannot find module or crate `oxionnx_ops` in this scope
[INFO] [stdout]    --> examples/kernel_crossover.rs:104:22
[INFO] [stdout]     |
[INFO] [stdout] 104 |             burst(|| oxionnx_ops::nn::relu(&t), &mut c);
[INFO] [stdout]     |                      ^^^^^^^^^^^ use of unresolved module or unlinked crate `oxionnx_ops`
[INFO] [stdout]     |
[INFO] [stdout] help: there is a crate or module with a similar name
[INFO] [stdout]     |
[INFO] [stdout] 104 -             burst(|| oxionnx_ops::nn::relu(&t), &mut c);
[INFO] [stdout] 104 +             burst(|| oxionnx_gpu::nn::relu(&t), &mut c);
[INFO] [stdout]     |
[INFO] [stdout] 
[INFO] [stdout] 
[INFO] [stdout] error[E0433]: cannot find module or crate `oxionnx_ops` in this scope
[INFO] [stdout]    --> examples/gemm_shape_crossover.rs:156:42
[INFO] [stdout]     |
[INFO] [stdout] 156 |                     std::hint::black_box(oxionnx_ops::math::matmul(&at, &bt).expect("cpu matmul"));
[INFO] [stdout]     |                                          ^^^^^^^^^^^ use of unresolved module or unlinked crate `oxionnx_ops`
[INFO] [stdout]     |
[INFO] [stdout] help: there is a crate or module with a similar name
[INFO] [stdout]     |
[INFO] [stdout] 156 -                     std::hint::black_box(oxionnx_ops::math::matmul(&at, &bt).expect("cpu matmul"));
[INFO] [stdout] 156 +                     std::hint::black_box(oxionnx_gpu::math::matmul(&at, &bt).expect("cpu matmul"));
[INFO] [stdout]     |
[INFO] [stdout] 
[INFO] [stdout] 
[INFO] [stdout] error[E0433]: cannot find module or crate `oxionnx_ops` in this scope
[INFO] [stdout]    --> examples/kernel_crossover.rs:118:22
[INFO] [stdout]     |
[INFO] [stdout] 118 |             burst(|| oxionnx_ops::math::add(&at, &bt), &mut c);
[INFO] [stdout]     |                      ^^^^^^^^^^^ use of unresolved module or unlinked crate `oxionnx_ops`
[INFO] [stdout]     |
[INFO] [stdout] help: there is a crate or module with a similar name
[INFO] [stdout]     |
[INFO] [stdout] 118 -             burst(|| oxionnx_ops::math::add(&at, &bt), &mut c);
[INFO] [stdout] 118 +             burst(|| oxionnx_gpu::math::add(&at, &bt), &mut c);
[INFO] [stdout]     |
[INFO] [stdout] 
[INFO] [stdout] 
[INFO] [stdout] error[E0433]: cannot find module or crate `oxionnx_ops` in this scope
[INFO] [stdout]    --> examples/gemm_shape_crossover.rs:160:42
[INFO] [stdout]     |
[INFO] [stdout] 160 |                     std::hint::black_box(oxionnx_ops::math::matmul(&at, &bt).expect("cpu matmul"));
[INFO] [stdout]     |                                          ^^^^^^^^^^^ use of unresolved module or unlinked crate `oxionnx_ops`
[INFO] [stdout]     |
[INFO] [stdout] help: there is a crate or module with a similar name
[INFO] [stdout]     |
[INFO] [stdout] 160 -                     std::hint::black_box(oxionnx_ops::math::matmul(&at, &bt).expect("cpu matmul"));
[INFO] [stdout] 160 +                     std::hint::black_box(oxionnx_gpu::math::matmul(&at, &bt).expect("cpu matmul"));
[INFO] [stdout]     |
[INFO] [stdout] 
[INFO] [stdout] 
[INFO] [stdout] error[E0433]: cannot find module or crate `oxionnx_ops` in this scope
[INFO] [stdout]   --> tests/p1_dispatch_gating.rs:85:5
[INFO] [stdout]    |
[INFO] [stdout] 85 |     oxionnx_ops::math::matmul(&at, &bt)
[INFO] [stdout]    |     ^^^^^^^^^^^ use of unresolved module or unlinked crate `oxionnx_ops`
[INFO] [stdout]    |
[INFO] [stdout] help: there is a crate or module with a similar name
[INFO] [stdout]    |
[INFO] [stdout] 85 -     oxionnx_ops::math::matmul(&at, &bt)
[INFO] [stdout] 85 +     oxionnx_gpu::math::matmul(&at, &bt)
[INFO] [stdout]    |
[INFO] [stdout] 
[INFO] [stdout] 
[INFO] [stdout] error[E0433]: cannot find module or crate `oxionnx_ops` in this scope
[INFO] [stdout]    --> examples/kernel_crossover.rs:132:22
[INFO] [stdout]     |
[INFO] [stdout] 132 |             burst(|| oxionnx_ops::math::reduce_sum(&t, &[1], false), &mut c);
[INFO] [stdout]     |                      ^^^^^^^^^^^ use of unresolved module or unlinked crate `oxionnx_ops`
[INFO] [stdout]     |
[INFO] [stdout] help: there is a crate or module with a similar name
[INFO] [stdout]     |
[INFO] [stdout] 132 -             burst(|| oxionnx_ops::math::reduce_sum(&t, &[1], false), &mut c);
[INFO] [stdout] 132 +             burst(|| oxionnx_gpu::math::reduce_sum(&t, &[1], false), &mut c);
[INFO] [stdout]     |
[INFO] [stdout] 
[INFO] [stdout] 
[INFO] [stdout] error[E0433]: cannot find module or crate `oxionnx_ops` in this scope
[INFO] [stdout]    --> examples/gemm_shape_crossover.rs:165:25
[INFO] [stdout]     |
[INFO] [stdout] 165 |                         oxionnx_ops::math::gemm(&at, &btn, None, 1.0, 1.0, false, true)
[INFO] [stdout]     |                         ^^^^^^^^^^^ use of unresolved module or unlinked crate `oxionnx_ops`
[INFO] [stdout]     |
[INFO] [stdout] help: there is a crate or module with a similar name
[INFO] [stdout]     |
[INFO] [stdout] 165 -                         oxionnx_ops::math::gemm(&at, &btn, None, 1.0, 1.0, false, true)
[INFO] [stdout] 165 +                         oxionnx_gpu::math::gemm(&at, &btn, None, 1.0, 1.0, false, true)
[INFO] [stdout]     |
[INFO] [stdout] 
[INFO] [stdout] 
[INFO] [stdout] error[E0433]: cannot find module or crate `oxionnx_ops` in this scope
[INFO] [stdout]    --> examples/kernel_crossover.rs:156:20
[INFO] [stdout]     |
[INFO] [stdout] 156 |                 || oxionnx_ops::nn::layer_norm(&t, &st, Some(&bt), 1e-5, -1),
[INFO] [stdout]     |                    ^^^^^^^^^^^ use of unresolved module or unlinked crate `oxionnx_ops`
[INFO] [stdout]     |
[INFO] [stdout] help: there is a crate or module with a similar name
[INFO] [stdout]     |
[INFO] [stdout] 156 -                 || oxionnx_ops::nn::layer_norm(&t, &st, Some(&bt), 1e-5, -1),
[INFO] [stdout] 156 +                 || oxionnx_gpu::nn::layer_norm(&t, &st, Some(&bt), 1e-5, -1),
[INFO] [stdout]     |
[INFO] [stdout] 
[INFO] [stdout] 
[INFO] [stdout] error[E0433]: cannot find module or crate `oxionnx_ops` in this scope
[INFO] [stdout]    --> examples/gemm_shape_crossover.rs:172:25
[INFO] [stdout]     |
[INFO] [stdout] 172 |                         oxionnx_ops::math::gemm(&at, &btn, None, 1.0, 1.0, false, true)
[INFO] [stdout]     |                         ^^^^^^^^^^^ use of unresolved module or unlinked crate `oxionnx_ops`
[INFO] [stdout]     |
[INFO] [stdout] help: there is a crate or module with a similar name
[INFO] [stdout]     |
[INFO] [stdout] 172 -                         oxionnx_ops::math::gemm(&at, &btn, None, 1.0, 1.0, false, true)
[INFO] [stdout] 172 +                         oxionnx_gpu::math::gemm(&at, &btn, None, 1.0, 1.0, false, true)
[INFO] [stdout]     |
[INFO] [stdout] 
[INFO] [stdout] 
[INFO] [stdout] error[E0433]: cannot find module or crate `oxionnx_ops` in this scope
[INFO] [stdout]    --> tests/p1_dispatch_gating.rs:305:20
[INFO] [stdout]     |
[INFO] [stdout] 305 |     let expected = oxionnx_ops::math::gemm(&at, &bt, None, 1.0, 1.0, false, true)
[INFO] [stdout]     |                    ^^^^^^^^^^^ use of unresolved module or unlinked crate `oxionnx_ops`
[INFO] [stdout]     |
[INFO] [stdout] help: there is a crate or module with a similar name
[INFO] [stdout]     |
[INFO] [stdout] 305 -     let expected = oxionnx_ops::math::gemm(&at, &bt, None, 1.0, 1.0, false, true)
[INFO] [stdout] 305 +     let expected = oxionnx_gpu::math::gemm(&at, &bt, None, 1.0, 1.0, false, true)
[INFO] [stdout]     |
[INFO] [stdout] 
[INFO] [stdout] 
[INFO] [stdout] error[E0433]: cannot find module or crate `oxionnx_ops` in this scope
[INFO] [stdout]    --> tests/k2_broadcast_binary.rs:408:15
[INFO] [stdout]     |
[INFO] [stdout] 408 |     let cpu = oxionnx_ops::math::div(
[INFO] [stdout]     |               ^^^^^^^^^^^ use of unresolved module or unlinked crate `oxionnx_ops`
[INFO] [stdout]     |
[INFO] [stdout] help: there is a crate or module with a similar name
[INFO] [stdout]     |
[INFO] [stdout] 408 -     let cpu = oxionnx_ops::math::div(
[INFO] [stdout] 408 +     let cpu = oxionnx_gpu::math::div(
[INFO] [stdout]     |
[INFO] [stdout] 
[INFO] [stdout] 
[INFO] [stdout] error[E0433]: cannot find module or crate `oxionnx_ops` in this scope
[INFO] [stdout]    --> examples/kernel_crossover.rs:184:20
[INFO] [stdout]     |
[INFO] [stdout] 184 |                 || oxionnx_ops::nn::batch_norm(&t, &pt, &qt, &mt, &vt, 1e-5),
[INFO] [stdout]     |                    ^^^^^^^^^^^ use of unresolved module or unlinked crate `oxionnx_ops`
[INFO] [stdout]     |
[INFO] [stdout] help: there is a crate or module with a similar name
[INFO] [stdout]     |
[INFO] [stdout] 184 -                 || oxionnx_ops::nn::batch_norm(&t, &pt, &qt, &mt, &vt, 1e-5),
[INFO] [stdout] 184 +                 || oxionnx_gpu::nn::batch_norm(&t, &pt, &qt, &mt, &vt, 1e-5),
[INFO] [stdout]     |
[INFO] [stdout] 
[INFO] [stdout] 
[INFO] [stdout] error[E0433]: cannot find module or crate `oxionnx_ops` in this scope
[INFO] [stdout]    --> tests/c3_conv2d_parity.rs:541:20
[INFO] [stdout]     |
[INFO] [stdout] 541 |     let mut want = oxionnx_ops::conv::conv2d(
[INFO] [stdout]     |                    ^^^^^^^^^^^ use of unresolved module or unlinked crate `oxionnx_ops`
[INFO] [stdout]     |
[INFO] [stdout] help: there is a crate or module with a similar name
[INFO] [stdout]     |
[INFO] [stdout] 541 -     let mut want = oxionnx_ops::conv::conv2d(
[INFO] [stdout] 541 +     let mut want = oxionnx_gpu::conv::conv2d(
[INFO] [stdout]     |
[INFO] [stdout] 
[INFO] [stdout] 
[INFO] [stdout] error[E0433]: cannot find module or crate `oxionnx_ops` in this scope
[INFO] [stdout]    --> examples/kernel_crossover.rs:199:22
[INFO] [stdout]     |
[INFO] [stdout] 199 |             burst(|| oxionnx_ops::shape::transpose(&t, &[1, 0]), &mut c);
[INFO] [stdout]     |                      ^^^^^^^^^^^ use of unresolved module or unlinked crate `oxionnx_ops`
[INFO] [stdout]     |
[INFO] [stdout] help: there is a crate or module with a similar name
[INFO] [stdout]     |
[INFO] [stdout] 199 -             burst(|| oxionnx_ops::shape::transpose(&t, &[1, 0]), &mut c);
[INFO] [stdout] 199 +             burst(|| oxionnx_gpu::shape::transpose(&t, &[1, 0]), &mut c);
[INFO] [stdout]     |
[INFO] [stdout] 
[INFO] [stdout] 
[INFO] [stdout] For more information about this error, try `rustc --explain E0433`.
[INFO] [stdout] 
[INFO] [stdout] error[E0433]: cannot find module or crate `oxionnx_ops` in this scope
[INFO] [stdout]    --> examples/kernel_crossover.rs:220:22
[INFO] [stdout]     |
[INFO] [stdout] 220 |             burst(|| oxionnx_ops::nn::softmax(&t, -1), &mut c);
[INFO] [stdout]     |                      ^^^^^^^^^^^ use of unresolved module or unlinked crate `oxionnx_ops`
[INFO] [stdout]     |
[INFO] [stdout] help: there is a crate or module with a similar name
[INFO] [stdout]     |
[INFO] [stdout] 220 -             burst(|| oxionnx_ops::nn::softmax(&t, -1), &mut c);
[INFO] [stdout] 220 +             burst(|| oxionnx_gpu::nn::softmax(&t, -1), &mut c);
[INFO] [stdout]     |
[INFO] [stdout] 
[INFO] [stdout] 
[INFO] [stderr] error: could not compile `oxionnx-gpu` (example "gemm_shape_crossover") due to 4 previous errors
[INFO] [stderr] warning: build failed, waiting for other jobs to finish...
[INFO] [stdout] error[E0433]: cannot find module or crate `oxionnx_ops` in this scope
[INFO] [stdout]    --> tests/c3_conv2d_parity.rs:826:16
[INFO] [stdout]     |
[INFO] [stdout] 826 |     let want = oxionnx_ops::conv::conv2d(
[INFO] [stdout]     |                ^^^^^^^^^^^ use of unresolved module or unlinked crate `oxionnx_ops`
[INFO] [stdout]     |
[INFO] [stdout] help: there is a crate or module with a similar name
[INFO] [stdout]     |
[INFO] [stdout] 826 -     let want = oxionnx_ops::conv::conv2d(
[INFO] [stdout] 826 +     let want = oxionnx_gpu::conv::conv2d(
[INFO] [stdout]     |
[INFO] [stdout] 
[INFO] [stdout] 
[INFO] [stdout] For more information about this error, try `rustc --explain E0433`.
[INFO] [stdout] 
[INFO] [stderr] error: could not compile `oxionnx-gpu` (example "kernel_crossover") due to 7 previous errors
[INFO] [stdout] For more information about this error, try `rustc --explain E0433`.
[INFO] [stdout] 
[INFO] [stderr] error: could not compile `oxionnx-gpu` (test "p1_dispatch_gating") due to 2 previous errors
[INFO] [stdout] error[E0433]: cannot find module or crate `oxionnx_ops` in this scope
[INFO] [stdout]    --> examples/c3_conv2d_gflops.rs:300:13
[INFO] [stdout]     |
[INFO] [stdout] 300 |     let _ = oxionnx_ops::conv::conv2d(
[INFO] [stdout]     |             ^^^^^^^^^^^ use of unresolved module or unlinked crate `oxionnx_ops`
[INFO] [stdout]     |
[INFO] [stdout] help: there is a crate or module with a similar name
[INFO] [stdout]     |
[INFO] [stdout] 300 -     let _ = oxionnx_ops::conv::conv2d(
[INFO] [stdout] 300 +     let _ = oxionnx_gpu::conv::conv2d(
[INFO] [stdout]     |
[INFO] [stdout] 
[INFO] [stdout] 
[INFO] [stdout] For more information about this error, try `rustc --explain E0433`.
[INFO] [stdout] 
[INFO] [stdout] error[E0433]: cannot find module or crate `oxionnx_ops` in this scope
[INFO] [stdout]    --> examples/c3_conv2d_gflops.rs:312:19
[INFO] [stdout]     |
[INFO] [stdout] 312 |         let out = oxionnx_ops::conv::conv2d(
[INFO] [stdout]     |                   ^^^^^^^^^^^ use of unresolved module or unlinked crate `oxionnx_ops`
[INFO] [stdout]     |
[INFO] [stdout] help: there is a crate or module with a similar name
[INFO] [stdout]     |
[INFO] [stdout] 312 -         let out = oxionnx_ops::conv::conv2d(
[INFO] [stdout] 312 +         let out = oxionnx_gpu::conv::conv2d(
[INFO] [stdout]     |
[INFO] [stdout] 
[INFO] [stdout] 
[INFO] [stderr] error: could not compile `oxionnx-gpu` (test "c3_conv2d_parity") due to 2 previous errors
[INFO] [stdout] For more information about this error, try `rustc --explain E0433`.
[INFO] [stdout] 
[INFO] [stderr] error: could not compile `oxionnx-gpu` (test "k2_broadcast_binary") due to 1 previous error
[INFO] [stdout] For more information about this error, try `rustc --explain E0433`.
[INFO] [stdout] 
[INFO] [stderr] error: could not compile `oxionnx-gpu` (example "c3_conv2d_gflops") due to 2 previous errors
[INFO] running `Command { std: "docker" "inspect" "203700829ff9010b22322d06ee61480d11f225a8f8f0fd296615b474ee99a5fa", kill_on_drop: false }`
[INFO] running `Command { std: "docker" "rm" "-f" "203700829ff9010b22322d06ee61480d11f225a8f8f0fd296615b474ee99a5fa", kill_on_drop: false }`
[INFO] [stdout] 203700829ff9010b22322d06ee61480d11f225a8f8f0fd296615b474ee99a5fa
