[INFO] fetching crate oxionnx-directml 0.1.7...
[INFO] checking oxionnx-directml-0.1.7 against 3154cc1a3e6424e44f438a95007d043ed5ceaaf6 for pr-133502-30
[INFO] extracting crate oxionnx-directml 0.1.7 into /workspace/builds/worker-2-tc2/source
[INFO] started tweaking crates.io crate oxionnx-directml 0.1.7
[INFO] removed 0 missing examples
[INFO] removed 0 missing tests
[INFO] finished tweaking crates.io crate oxionnx-directml 0.1.7
[INFO] tweaked toml for crates.io crate oxionnx-directml 0.1.7 written to /workspace/builds/worker-2-tc2/source/Cargo.toml
[INFO] validating manifest of crates.io crate oxionnx-directml 0.1.7 on toolchain 3154cc1a3e6424e44f438a95007d043ed5ceaaf6
[INFO] running `Command { std: CARGO_HOME="/workspace/cargo-home" RUSTUP_HOME="/workspace/rustup-home" "/workspace/cargo-home/bin/cargo" "+3154cc1a3e6424e44f438a95007d043ed5ceaaf6" "metadata" "--manifest-path" "Cargo.toml" "--no-deps", kill_on_drop: false }`
[INFO] crate crates.io crate oxionnx-directml 0.1.7 already has a lockfile, it will not be regenerated
[INFO] running `Command { std: CARGO_HOME="/workspace/cargo-home" RUSTUP_HOME="/workspace/rustup-home" "/workspace/cargo-home/bin/cargo" "+3154cc1a3e6424e44f438a95007d043ed5ceaaf6" "fetch" "--manifest-path" "Cargo.toml", kill_on_drop: false }`
[INFO] [stderr]     Blocking waiting for file lock on package cache
[INFO] [stderr]     Blocking waiting for file lock on package cache
[INFO] running `Command { std: "docker" "create" "-v" "/var/lib/crater-agent-workspace/builds/worker-2-tc2/source:/opt/rustwide/workdir:ro,Z" "-v" "/var/lib/crater-agent-workspace/builds/worker-2-tc2/target:/opt/rustwide/target:rw,Z" "-v" "/var/lib/crater-agent-workspace/cargo-home:/opt/rustwide/cargo-home:ro,Z" "-v" "/var/lib/crater-agent-workspace/rustup-home:/opt/rustwide/rustup-home:ro,Z" "-m" "1610612736" "--network" "none" "ghcr.io/rust-lang/crates-build-env/linux@sha256:77db811e55d90add9212f6832c23229e3de5f1c1f9905e8cb07319ea15df73ac" "sleep" "infinity", kill_on_drop: false }`
[INFO] [stdout] 20a38b3e1de92c9138425320c84e06787a562803f1ad12921d4f88a43efebbc2
[INFO] running `Command { std: "docker" "start" "20a38b3e1de92c9138425320c84e06787a562803f1ad12921d4f88a43efebbc2", kill_on_drop: false }`
[INFO] running `Command { std: "docker" "inspect" "20a38b3e1de92c9138425320c84e06787a562803f1ad12921d4f88a43efebbc2", kill_on_drop: false }`
[INFO] running `Command { std: "docker" "exec" "-e" "SOURCE_DIR=/opt/rustwide/workdir" "-e" "CARGO_HOME=/opt/rustwide/cargo-home" "-e" "RUSTUP_HOME=/opt/rustwide/rustup-home" "-e" "CARGO_TARGET_DIR=/opt/rustwide/target" "-w" "/opt/rustwide/workdir" "--user" "0:0" "20a38b3e1de92c9138425320c84e06787a562803f1ad12921d4f88a43efebbc2" "/opt/rustwide/cargo-home/bin/cargo" "+3154cc1a3e6424e44f438a95007d043ed5ceaaf6" "metadata" "--no-deps" "--format-version=1", kill_on_drop: false }`
[INFO] running `Command { std: "docker" "inspect" "20a38b3e1de92c9138425320c84e06787a562803f1ad12921d4f88a43efebbc2", kill_on_drop: false }`
[INFO] running `Command { std: "docker" "exec" "-e" "SOURCE_DIR=/opt/rustwide/workdir" "-e" "CARGO_HOME=/opt/rustwide/cargo-home" "-e" "RUSTUP_HOME=/opt/rustwide/rustup-home" "-e" "CARGO_TARGET_DIR=/opt/rustwide/target" "-e" "CARGO_INCREMENTAL=0" "-e" "RUST_BACKTRACE=full" "-e" "RUSTFLAGS=--cap-lints=forbid" "-e" "RUSTDOCFLAGS=--cap-lints=forbid" "-w" "/opt/rustwide/workdir" "--user" "0:0" "20a38b3e1de92c9138425320c84e06787a562803f1ad12921d4f88a43efebbc2" "/opt/rustwide/cargo-home/bin/cargo" "+3154cc1a3e6424e44f438a95007d043ed5ceaaf6" "check" "--frozen" "--all" "--all-targets" "--message-format=json", kill_on_drop: false }`
[INFO] [stderr]    Compiling rustix v1.1.4
[INFO] [stderr]    Compiling num-traits v0.2.19
[INFO] [stderr]     Checking getrandom v0.4.3
[INFO] [stderr]     Checking wait-timeout v0.2.1
[INFO] [stderr]    Compiling zerocopy-derive v0.8.56
[INFO] [stderr]     Checking rand_core v0.9.5
[INFO] [stderr]     Checking tracing v0.1.44
[INFO] [stderr]     Checking rand_xorshift v0.4.0
[INFO] [stderr]     Checking rand v0.9.5
[INFO] [stderr]     Checking zerocopy v0.8.56
[INFO] [stderr]     Checking tempfile v3.27.0
[INFO] [stderr]     Checking rusty-fork v0.3.1
[INFO] [stderr]     Checking ppv-lite86 v0.2.21
[INFO] [stderr]     Checking half v2.7.1
[INFO] [stderr]     Checking oxionnx-core v0.1.7
[INFO] [stderr]     Checking rand_chacha v0.9.0
[INFO] [stderr]     Checking proptest v1.11.0
[INFO] [stderr]     Checking oxionnx-directml v0.1.7 (/opt/rustwide/workdir)
[INFO] [stdout] error[E0433]: cannot find module or crate `oxionnx_ops` in this scope
[INFO] [stdout]    --> tests/reference_vs_ops.rs:106:20
[INFO] [stdout]     |
[INFO] [stdout] 106 |         let want = oxionnx_ops::math::matmul(
[INFO] [stdout]     |                    ^^^^^^^^^^^ use of unresolved module or unlinked crate `oxionnx_ops`
[INFO] [stdout]     |
[INFO] [stdout] help: there is a crate or module with a similar name
[INFO] [stdout]     |
[INFO] [stdout] 106 -         let want = oxionnx_ops::math::matmul(
[INFO] [stdout] 106 +         let want = oxionnx_core::math::matmul(
[INFO] [stdout]     |
[INFO] [stdout] 
[INFO] [stdout] 
[INFO] [stdout] error[E0433]: cannot find module or crate `oxionnx_ops` in this scope
[INFO] [stdout]    --> tests/reference_vs_ops.rs:138:13
[INFO] [stdout]     |
[INFO] [stdout] 138 |             oxionnx_ops::math::matmul(&Tensor::new(a, vec![m, k]), &Tensor::new(b, vec![k, n]))
[INFO] [stdout]     |             ^^^^^^^^^^^ use of unresolved module or unlinked crate `oxionnx_ops`
[INFO] [stdout]     |
[INFO] [stdout] help: there is a crate or module with a similar name
[INFO] [stdout]     |
[INFO] [stdout] 138 -             oxionnx_ops::math::matmul(&Tensor::new(a, vec![m, k]), &Tensor::new(b, vec![k, n]))
[INFO] [stdout] 138 +             oxionnx_core::math::matmul(&Tensor::new(a, vec![m, k]), &Tensor::new(b, vec![k, n]))
[INFO] [stdout]     |
[INFO] [stdout] 
[INFO] [stdout] 
[INFO] [stdout] error[E0433]: cannot find module or crate `oxionnx_ops` in this scope
[INFO] [stdout]    --> tests/reference_vs_ops.rs:192:20
[INFO] [stdout]     |
[INFO] [stdout] 192 |         let want = oxionnx_ops::math::gemm(
[INFO] [stdout]     |                    ^^^^^^^^^^^ use of unresolved module or unlinked crate `oxionnx_ops`
[INFO] [stdout]     |
[INFO] [stdout] help: there is a crate or module with a similar name
[INFO] [stdout]     |
[INFO] [stdout] 192 -         let want = oxionnx_ops::math::gemm(
[INFO] [stdout] 192 +         let want = oxionnx_core::math::gemm(
[INFO] [stdout]     |
[INFO] [stdout] 
[INFO] [stdout] 
[INFO] [stdout] error[E0433]: cannot find module or crate `oxionnx_ops` in this scope
[INFO] [stdout]    --> tests/reference_vs_ops.rs:225:20
[INFO] [stdout]     |
[INFO] [stdout] 225 |         let want = oxionnx_ops::math::gemm(
[INFO] [stdout]     |                    ^^^^^^^^^^^ use of unresolved module or unlinked crate `oxionnx_ops`
[INFO] [stdout]     |
[INFO] [stdout] help: there is a crate or module with a similar name
[INFO] [stdout]     |
[INFO] [stdout] 225 -         let want = oxionnx_ops::math::gemm(
[INFO] [stdout] 225 +         let want = oxionnx_core::math::gemm(
[INFO] [stdout]     |
[INFO] [stdout] 
[INFO] [stdout] 
[INFO] [stdout] error[E0433]: cannot find module or crate `oxionnx_ops` in this scope
[INFO] [stdout]    --> tests/reference_vs_ops.rs:267:25
[INFO] [stdout]     |
[INFO] [stdout] 267 |         (BinaryOp::Add, oxionnx_ops::math::add(&a_tensor, &b_tensor)),
[INFO] [stdout]     |                         ^^^^^^^^^^^ use of unresolved module or unlinked crate `oxionnx_ops`
[INFO] [stdout]     |
[INFO] [stdout] help: there is a crate or module with a similar name
[INFO] [stdout]     |
[INFO] [stdout] 267 -         (BinaryOp::Add, oxionnx_ops::math::add(&a_tensor, &b_tensor)),
[INFO] [stdout] 267 +         (BinaryOp::Add, oxionnx_core::math::add(&a_tensor, &b_tensor)),
[INFO] [stdout]     |
[INFO] [stdout] 
[INFO] [stdout] 
[INFO] [stdout] error[E0433]: cannot find module or crate `oxionnx_ops` in this scope
[INFO] [stdout]    --> tests/reference_vs_ops.rs:268:25
[INFO] [stdout]     |
[INFO] [stdout] 268 |         (BinaryOp::Sub, oxionnx_ops::math::sub(&a_tensor, &b_tensor)),
[INFO] [stdout]     |                         ^^^^^^^^^^^ use of unresolved module or unlinked crate `oxionnx_ops`
[INFO] [stdout]     |
[INFO] [stdout] help: there is a crate or module with a similar name
[INFO] [stdout]     |
[INFO] [stdout] 268 -         (BinaryOp::Sub, oxionnx_ops::math::sub(&a_tensor, &b_tensor)),
[INFO] [stdout] 268 +         (BinaryOp::Sub, oxionnx_core::math::sub(&a_tensor, &b_tensor)),
[INFO] [stdout]     |
[INFO] [stdout] 
[INFO] [stdout] 
[INFO] [stdout] error[E0433]: cannot find module or crate `oxionnx_ops` in this scope
[INFO] [stdout]    --> tests/reference_vs_ops.rs:269:25
[INFO] [stdout]     |
[INFO] [stdout] 269 |         (BinaryOp::Mul, oxionnx_ops::math::mul(&a_tensor, &b_tensor)),
[INFO] [stdout]     |                         ^^^^^^^^^^^ use of unresolved module or unlinked crate `oxionnx_ops`
[INFO] [stdout]     |
[INFO] [stdout] help: there is a crate or module with a similar name
[INFO] [stdout]     |
[INFO] [stdout] 269 -         (BinaryOp::Mul, oxionnx_ops::math::mul(&a_tensor, &b_tensor)),
[INFO] [stdout] 269 +         (BinaryOp::Mul, oxionnx_core::math::mul(&a_tensor, &b_tensor)),
[INFO] [stdout]     |
[INFO] [stdout] 
[INFO] [stdout] 
[INFO] [stdout] error[E0433]: cannot find module or crate `oxionnx_ops` in this scope
[INFO] [stdout]    --> tests/reference_vs_ops.rs:270:25
[INFO] [stdout]     |
[INFO] [stdout] 270 |         (BinaryOp::Div, oxionnx_ops::math::div(&a_tensor, &b_tensor)),
[INFO] [stdout]     |                         ^^^^^^^^^^^ use of unresolved module or unlinked crate `oxionnx_ops`
[INFO] [stdout]     |
[INFO] [stdout] help: there is a crate or module with a similar name
[INFO] [stdout]     |
[INFO] [stdout] 270 -         (BinaryOp::Div, oxionnx_ops::math::div(&a_tensor, &b_tensor)),
[INFO] [stdout] 270 +         (BinaryOp::Div, oxionnx_core::math::div(&a_tensor, &b_tensor)),
[INFO] [stdout]     |
[INFO] [stdout] 
[INFO] [stdout] 
[INFO] [stdout] error[E0433]: cannot find module or crate `oxionnx_ops` in this scope
[INFO] [stdout]    --> tests/reference_vs_ops.rs:315:20
[INFO] [stdout]     |
[INFO] [stdout] 315 |         let want = oxionnx_ops::math::add(
[INFO] [stdout]     |                    ^^^^^^^^^^^ use of unresolved module or unlinked crate `oxionnx_ops`
[INFO] [stdout]     |
[INFO] [stdout] help: there is a crate or module with a similar name
[INFO] [stdout]     |
[INFO] [stdout] 315 -         let want = oxionnx_ops::math::add(
[INFO] [stdout] 315 +         let want = oxionnx_core::math::add(
[INFO] [stdout]     |
[INFO] [stdout] 
[INFO] [stdout] 
[INFO] [stdout] error[E0433]: cannot find module or crate `oxionnx_ops` in this scope
[INFO] [stdout]    --> tests/reference_vs_ops.rs:344:16
[INFO] [stdout]     |
[INFO] [stdout] 344 |     let want = oxionnx_ops::nn::activations::relu(&Tensor::new(a, shape.clone()));
[INFO] [stdout]     |                ^^^^^^^^^^^ use of unresolved module or unlinked crate `oxionnx_ops`
[INFO] [stdout]     |
[INFO] [stdout] help: there is a crate or module with a similar name
[INFO] [stdout]     |
[INFO] [stdout] 344 -     let want = oxionnx_ops::nn::activations::relu(&Tensor::new(a, shape.clone()));
[INFO] [stdout] 344 +     let want = oxionnx_core::nn::activations::relu(&Tensor::new(a, shape.clone()));
[INFO] [stdout]     |
[INFO] [stdout] 
[INFO] [stdout] 
[INFO] [stdout] error[E0433]: cannot find module or crate `oxionnx_ops` in this scope
[INFO] [stdout]    --> tests/reference_vs_ops.rs:421:20
[INFO] [stdout]     |
[INFO] [stdout] 421 |         let want = oxionnx_ops::math::matmul(
[INFO] [stdout]     |                    ^^^^^^^^^^^ use of unresolved module or unlinked crate `oxionnx_ops`
[INFO] [stdout]     |
[INFO] [stdout] help: there is a crate or module with a similar name
[INFO] [stdout]     |
[INFO] [stdout] 421 -         let want = oxionnx_ops::math::matmul(
[INFO] [stdout] 421 +         let want = oxionnx_core::math::matmul(
[INFO] [stdout]     |
[INFO] [stdout] 
[INFO] [stdout] 
[INFO] [stdout] error[E0433]: cannot find module or crate `oxionnx_ops` in this scope
[INFO] [stdout]    --> tests/reference_vs_ops.rs:448:20
[INFO] [stdout]     |
[INFO] [stdout] 448 |         let want = oxionnx_ops::math::add(
[INFO] [stdout]     |                    ^^^^^^^^^^^ use of unresolved module or unlinked crate `oxionnx_ops`
[INFO] [stdout]     |
[INFO] [stdout] help: there is a crate or module with a similar name
[INFO] [stdout]     |
[INFO] [stdout] 448 -         let want = oxionnx_ops::math::add(
[INFO] [stdout] 448 +         let want = oxionnx_core::math::add(
[INFO] [stdout]     |
[INFO] [stdout] 
[INFO] [stdout] 
[INFO] [stdout] error[E0433]: cannot find module or crate `oxionnx_ops` in this scope
[INFO] [stdout]    --> tests/reference_vs_ops.rs:466:20
[INFO] [stdout]     |
[INFO] [stdout] 466 |         let want = oxionnx_ops::nn::activations::relu(&Tensor::new(values, shape));
[INFO] [stdout]     |                    ^^^^^^^^^^^ use of unresolved module or unlinked crate `oxionnx_ops`
[INFO] [stdout]     |
[INFO] [stdout] help: there is a crate or module with a similar name
[INFO] [stdout]     |
[INFO] [stdout] 466 -         let want = oxionnx_ops::nn::activations::relu(&Tensor::new(values, shape));
[INFO] [stdout] 466 +         let want = oxionnx_core::nn::activations::relu(&Tensor::new(values, shape));
[INFO] [stdout]     |
[INFO] [stdout] 
[INFO] [stdout] 
[INFO] [stdout] error[E0433]: cannot find module or crate `oxionnx_ops` in this scope
[INFO] [stdout]    --> tests/reference_vs_ops.rs:496:20
[INFO] [stdout]     |
[INFO] [stdout] 496 |         let want = oxionnx_ops::nn::softmax(&Tensor::new(a.clone(), shape.clone()), axis)
[INFO] [stdout]     |                    ^^^^^^^^^^^ use of unresolved module or unlinked crate `oxionnx_ops`
[INFO] [stdout]     |
[INFO] [stdout] help: there is a crate or module with a similar name
[INFO] [stdout]     |
[INFO] [stdout] 496 -         let want = oxionnx_ops::nn::softmax(&Tensor::new(a.clone(), shape.clone()), axis)
[INFO] [stdout] 496 +         let want = oxionnx_core::nn::softmax(&Tensor::new(a.clone(), shape.clone()), axis)
[INFO] [stdout]     |
[INFO] [stdout] 
[INFO] [stdout] 
[INFO] [stdout] error[E0433]: cannot find module or crate `oxionnx_ops` in this scope
[INFO] [stdout]    --> tests/reference_vs_ops.rs:525:16
[INFO] [stdout]     |
[INFO] [stdout] 525 |     let want = oxionnx_ops::nn::softmax(&Tensor::new(a, shape), 1).expect("ops softmax runs");
[INFO] [stdout]     |                ^^^^^^^^^^^ use of unresolved module or unlinked crate `oxionnx_ops`
[INFO] [stdout]     |
[INFO] [stdout] help: there is a crate or module with a similar name
[INFO] [stdout]     |
[INFO] [stdout] 525 -     let want = oxionnx_ops::nn::softmax(&Tensor::new(a, shape), 1).expect("ops softmax runs");
[INFO] [stdout] 525 +     let want = oxionnx_core::nn::softmax(&Tensor::new(a, shape), 1).expect("ops softmax runs");
[INFO] [stdout]     |
[INFO] [stdout] 
[INFO] [stdout] 
[INFO] [stdout] error[E0433]: cannot find module or crate `oxionnx_ops` in this scope
[INFO] [stdout]    --> tests/reference_vs_ops.rs:549:28
[INFO] [stdout]     |
[INFO] [stdout] 549 |         ReduceKind::Sum => oxionnx_ops::math::reduce_sum(x, axes, keepdims),
[INFO] [stdout]     |                            ^^^^^^^^^^^ use of unresolved module or unlinked crate `oxionnx_ops`
[INFO] [stdout]     |
[INFO] [stdout] help: there is a crate or module with a similar name
[INFO] [stdout]     |
[INFO] [stdout] 549 -         ReduceKind::Sum => oxionnx_ops::math::reduce_sum(x, axes, keepdims),
[INFO] [stdout] 549 +         ReduceKind::Sum => oxionnx_core::math::reduce_sum(x, axes, keepdims),
[INFO] [stdout]     |
[INFO] [stdout] 
[INFO] [stdout] 
[INFO] [stdout] error[E0433]: cannot find module or crate `oxionnx_ops` in this scope
[INFO] [stdout]    --> tests/reference_vs_ops.rs:550:29
[INFO] [stdout]     |
[INFO] [stdout] 550 |         ReduceKind::Mean => oxionnx_ops::math::reduce_mean(x, axes, keepdims),
[INFO] [stdout]     |                             ^^^^^^^^^^^ use of unresolved module or unlinked crate `oxionnx_ops`
[INFO] [stdout]     |
[INFO] [stdout] help: there is a crate or module with a similar name
[INFO] [stdout]     |
[INFO] [stdout] 550 -         ReduceKind::Mean => oxionnx_ops::math::reduce_mean(x, axes, keepdims),
[INFO] [stdout] 550 +         ReduceKind::Mean => oxionnx_core::math::reduce_mean(x, axes, keepdims),
[INFO] [stdout]     |
[INFO] [stdout] 
[INFO] [stdout] 
[INFO] [stdout] error[E0433]: cannot find module or crate `oxionnx_ops` in this scope
[INFO] [stdout]    --> tests/reference_vs_ops.rs:551:28
[INFO] [stdout]     |
[INFO] [stdout] 551 |         ReduceKind::Max => oxionnx_ops::math::reduce_max(x, axes, keepdims),
[INFO] [stdout]     |                            ^^^^^^^^^^^ use of unresolved module or unlinked crate `oxionnx_ops`
[INFO] [stdout]     |
[INFO] [stdout] help: there is a crate or module with a similar name
[INFO] [stdout]     |
[INFO] [stdout] 551 -         ReduceKind::Max => oxionnx_ops::math::reduce_max(x, axes, keepdims),
[INFO] [stdout] 551 +         ReduceKind::Max => oxionnx_core::math::reduce_max(x, axes, keepdims),
[INFO] [stdout]     |
[INFO] [stdout] 
[INFO] [stdout] 
[INFO] [stdout] error[E0433]: cannot find module or crate `oxionnx_ops` in this scope
[INFO] [stdout]    --> tests/reference_vs_ops.rs:552:28
[INFO] [stdout]     |
[INFO] [stdout] 552 |         ReduceKind::Min => oxionnx_ops::math::reduce_min(x, axes, keepdims),
[INFO] [stdout]     |                            ^^^^^^^^^^^ use of unresolved module or unlinked crate `oxionnx_ops`
[INFO] [stdout]     |
[INFO] [stdout] help: there is a crate or module with a similar name
[INFO] [stdout]     |
[INFO] [stdout] 552 -         ReduceKind::Min => oxionnx_ops::math::reduce_min(x, axes, keepdims),
[INFO] [stdout] 552 +         ReduceKind::Min => oxionnx_core::math::reduce_min(x, axes, keepdims),
[INFO] [stdout]     |
[INFO] [stdout] 
[INFO] [stdout] 
[INFO] [stdout] error[E0433]: cannot find module or crate `oxionnx_ops` in this scope
[INFO] [stdout]    --> tests/reference_vs_ops.rs:764:16
[INFO] [stdout]     |
[INFO] [stdout] 764 |     let want = oxionnx_ops::conv::conv2d(
[INFO] [stdout]     |                ^^^^^^^^^^^ use of unresolved module or unlinked crate `oxionnx_ops`
[INFO] [stdout]     |
[INFO] [stdout] help: there is a crate or module with a similar name
[INFO] [stdout]     |
[INFO] [stdout] 764 -     let want = oxionnx_ops::conv::conv2d(
[INFO] [stdout] 764 +     let want = oxionnx_core::conv::conv2d(
[INFO] [stdout]     |
[INFO] [stdout] 
[INFO] [stdout] 
[INFO] [stdout] For more information about this error, try `rustc --explain E0433`.
[INFO] [stdout] 
[INFO] [stderr] error: could not compile `oxionnx-directml` (test "reference_vs_ops") due to 20 previous errors
[INFO] [stderr] warning: build failed, waiting for other jobs to finish...
[INFO] running `Command { std: "docker" "inspect" "20a38b3e1de92c9138425320c84e06787a562803f1ad12921d4f88a43efebbc2", kill_on_drop: false }`
[INFO] running `Command { std: "docker" "rm" "-f" "20a38b3e1de92c9138425320c84e06787a562803f1ad12921d4f88a43efebbc2", kill_on_drop: false }`
[INFO] [stdout] 20a38b3e1de92c9138425320c84e06787a562803f1ad12921d4f88a43efebbc2
