[INFO] fetching crate oxillama-runtime 0.1.4...
[INFO] checking oxillama-runtime-0.1.4 against 3154cc1a3e6424e44f438a95007d043ed5ceaaf6 for pr-133502-30
[INFO] extracting crate oxillama-runtime 0.1.4 into /workspace/builds/worker-6-tc2/source
[INFO] started tweaking crates.io crate oxillama-runtime 0.1.4
[INFO] removed 0 missing tests
[INFO] finished tweaking crates.io crate oxillama-runtime 0.1.4
[INFO] tweaked toml for crates.io crate oxillama-runtime 0.1.4 written to /workspace/builds/worker-6-tc2/source/Cargo.toml
[INFO] validating manifest of crates.io crate oxillama-runtime 0.1.4 on toolchain 3154cc1a3e6424e44f438a95007d043ed5ceaaf6
[INFO] running `Command { std: CARGO_HOME="/workspace/cargo-home" RUSTUP_HOME="/workspace/rustup-home" "/workspace/cargo-home/bin/cargo" "+3154cc1a3e6424e44f438a95007d043ed5ceaaf6" "metadata" "--manifest-path" "Cargo.toml" "--no-deps", kill_on_drop: false }`
[INFO] crate crates.io crate oxillama-runtime 0.1.4 already has a lockfile, it will not be regenerated
[INFO] running `Command { std: CARGO_HOME="/workspace/cargo-home" RUSTUP_HOME="/workspace/rustup-home" "/workspace/cargo-home/bin/cargo" "+3154cc1a3e6424e44f438a95007d043ed5ceaaf6" "fetch" "--manifest-path" "Cargo.toml", kill_on_drop: false }`
[INFO] [stderr]     Blocking waiting for file lock on package cache
[INFO] [stderr]     Blocking waiting for file lock on package cache
[INFO] running `Command { std: "docker" "create" "-v" "/var/lib/crater-agent-workspace/builds/worker-6-tc2/source:/opt/rustwide/workdir:ro,Z" "-v" "/var/lib/crater-agent-workspace/builds/worker-6-tc2/target:/opt/rustwide/target:rw,Z" "-v" "/var/lib/crater-agent-workspace/cargo-home:/opt/rustwide/cargo-home:ro,Z" "-v" "/var/lib/crater-agent-workspace/rustup-home:/opt/rustwide/rustup-home:ro,Z" "-m" "1610612736" "--network" "none" "ghcr.io/rust-lang/crates-build-env/linux@sha256:77db811e55d90add9212f6832c23229e3de5f1c1f9905e8cb07319ea15df73ac" "sleep" "infinity", kill_on_drop: false }`
[INFO] [stdout] ea9a7003b37174806918d9b3d82aec6940448945394815f83404fbccd818d50e
[INFO] running `Command { std: "docker" "start" "ea9a7003b37174806918d9b3d82aec6940448945394815f83404fbccd818d50e", kill_on_drop: false }`
[INFO] running `Command { std: "docker" "inspect" "ea9a7003b37174806918d9b3d82aec6940448945394815f83404fbccd818d50e", kill_on_drop: false }`
[INFO] running `Command { std: "docker" "exec" "-e" "SOURCE_DIR=/opt/rustwide/workdir" "-e" "CARGO_HOME=/opt/rustwide/cargo-home" "-e" "RUSTUP_HOME=/opt/rustwide/rustup-home" "-e" "CARGO_TARGET_DIR=/opt/rustwide/target" "-w" "/opt/rustwide/workdir" "--user" "0:0" "ea9a7003b37174806918d9b3d82aec6940448945394815f83404fbccd818d50e" "/opt/rustwide/cargo-home/bin/cargo" "+3154cc1a3e6424e44f438a95007d043ed5ceaaf6" "metadata" "--no-deps" "--format-version=1", kill_on_drop: false }`
[INFO] running `Command { std: "docker" "inspect" "ea9a7003b37174806918d9b3d82aec6940448945394815f83404fbccd818d50e", kill_on_drop: false }`
[INFO] running `Command { std: "docker" "exec" "-e" "SOURCE_DIR=/opt/rustwide/workdir" "-e" "CARGO_HOME=/opt/rustwide/cargo-home" "-e" "RUSTUP_HOME=/opt/rustwide/rustup-home" "-e" "CARGO_TARGET_DIR=/opt/rustwide/target" "-e" "CARGO_INCREMENTAL=0" "-e" "RUST_BACKTRACE=full" "-e" "RUSTFLAGS=--cap-lints=forbid" "-e" "RUSTDOCFLAGS=--cap-lints=forbid" "-w" "/opt/rustwide/workdir" "--user" "0:0" "ea9a7003b37174806918d9b3d82aec6940448945394815f83404fbccd818d50e" "/opt/rustwide/cargo-home/bin/cargo" "+3154cc1a3e6424e44f438a95007d043ed5ceaaf6" "check" "--frozen" "--all" "--all-targets" "--message-format=json", kill_on_drop: false }`
[INFO] [stderr]    Compiling crossbeam-utils v0.8.22
[INFO] [stderr]    Compiling crossbeam-epoch v0.9.20
[INFO] [stderr]    Compiling crossbeam-deque v0.8.7
[INFO] [stderr]    Compiling serde v1.0.229
[INFO] [stderr]    Compiling num-traits v0.2.19
[INFO] [stderr]     Checking either v1.17.0
[INFO] [stderr]    Compiling serde_json v1.0.151
[INFO] [stderr]    Compiling rayon-core v1.13.0
[INFO] [stderr]    Compiling syn v3.0.3
[INFO] [stderr]    Compiling syn v2.0.119
[INFO] [stderr]    Compiling getrandom v0.3.4
[INFO] [stderr]     Checking aho-corasick v1.1.5
[INFO] [stderr]     Checking smallvec v1.15.2
[INFO] [stderr]    Compiling blake3 v1.8.6
[INFO] [stderr]     Checking unty v0.0.5
[INFO] [stderr]     Checking constant_time_eq v0.4.2
[INFO] [stderr]     Checking bit-vec v0.8.0
[INFO] [stderr]    Compiling ahash v0.8.12
[INFO] [stderr]     Checking minimal-lexical v0.2.1
[INFO] [stderr]    Compiling esaxx-rs v0.1.10
[INFO] [stderr]    Compiling rustix v1.1.4
[INFO] [stderr]     Checking castaway v0.2.4
[INFO] [stderr]    Compiling alloca v0.4.0
[INFO] [stderr]     Checking anstyle v1.0.14
[INFO] [stderr]     Checking itertools v0.14.0
[INFO] [stderr]     Checking linux-raw-sys v0.12.1
[INFO] [stderr]     Checking base64 v0.13.1
[INFO] [stderr]     Checking nom v7.1.3
[INFO] [stderr]     Checking bit-set v0.8.0
[INFO] [stderr]     Checking parking_lot_core v0.9.12
[INFO] [stderr]     Checking ciborium-io v0.2.2
[INFO] [stderr]     Checking clap_lex v1.1.0
[INFO] [stderr]     Checking plotters-backend v0.3.7
[INFO] [stderr]     Checking rand_core v0.9.5
[INFO] [stderr]    Compiling pastey v0.2.3
[INFO] [stderr]    Compiling macro_rules_attribute-proc_macro v0.2.3
[INFO] [stderr]     Checking clap_builder v4.6.6
[INFO] [stderr]     Checking plotters-svg v0.3.7
[INFO] [stderr]     Checking parking_lot v0.12.5
[INFO] [stderr]     Checking unicode-normalization-alignments v0.1.12
[INFO] [stderr]     Checking itertools v0.13.0
[INFO] [stderr]     Checking unicode_categories v0.1.1
[INFO] [stderr]     Checking hashbrown v0.15.5
[INFO] [stderr]     Checking same-file v1.0.6
[INFO] [stderr]     Checking daachorse v1.0.1
[INFO] [stderr]     Checking cast v0.3.0
[INFO] [stderr]     Checking macro_rules_attribute v0.2.3
[INFO] [stderr]     Checking walkdir v2.5.0
[INFO] [stderr]     Checking page_size v0.6.0
[INFO] [stderr]     Checking anes v0.1.6
[INFO] [stderr]     Checking rayon v1.12.0
[INFO] [stderr]     Checking oorandom v11.1.5
[INFO] [stderr]     Checking regex-automata v0.4.18
[INFO] [stderr]     Checking plotters v0.3.7
[INFO] [stderr]     Checking criterion-plot v0.8.2
[INFO] [stderr]     Checking clap v4.6.6
[INFO] [stderr]     Checking tempfile v3.27.0
[INFO] [stderr]     Checking rayon-cond v0.4.0
[INFO] [stderr]    Compiling serde_derive v1.0.229
[INFO] [stderr]    Compiling bytemuck_derive v1.12.0
[INFO] [stderr]    Compiling thiserror-impl v2.0.20
[INFO] [stderr]    Compiling tokio-macros v2.7.2
[INFO] [stderr]    Compiling futures-macro v0.3.34
[INFO] [stderr]     Checking tokio v1.53.1
[INFO] [stderr]     Checking thiserror v2.0.20
[INFO] [stderr]     Checking futures-util v0.3.34
[INFO] [stderr]     Checking regex v1.13.1
[INFO] [stderr]     Checking fancy-regex v0.17.0
[INFO] [stderr]     Checking fancy-regex v0.19.0
[INFO] [stderr]     Checking bytemuck v1.25.2
[INFO] [stderr]    Compiling darling_core v0.20.11
[INFO] [stderr]     Checking num-complex v0.4.6
[INFO] [stderr]    Compiling zerocopy-derive v0.8.56
[INFO] [stderr]    Compiling oxicode_derive v0.2.6
[INFO] [stderr]    Compiling tracing-attributes v0.1.31
[INFO] [stderr]    Compiling monostate-impl v0.1.18
[INFO] [stderr]     Checking monostate v0.1.18
[INFO] [stderr]     Checking compact_str v0.9.1
[INFO] [stderr]     Checking dary_heap v0.3.9
[INFO] [stderr]     Checking spm_precompiled v0.1.4
[INFO] [stderr]     Checking tinytemplate v1.2.1
[INFO] [stderr]     Checking oxicode v0.2.6
[INFO] [stderr]     Checking tracing v0.1.44
[INFO] [stderr]     Checking zerocopy v0.8.56
[INFO] [stderr]    Compiling darling_macro v0.20.11
[INFO] [stderr]    Compiling darling v0.20.11
[INFO] [stderr]    Compiling derive_builder_core v0.20.2
[INFO] [stderr]    Compiling derive_builder_macro v0.20.2
[INFO] [stderr]     Checking derive_builder v0.20.2
[INFO] [stderr]     Checking tokio-util v0.7.19
[INFO] [stderr]     Checking half v2.7.1
[INFO] [stderr]     Checking ppv-lite86 v0.2.21
[INFO] [stderr]     Checking oxiblas-core v0.2.2
[INFO] [stderr]     Checking oxillama-gguf v0.1.4
[INFO] [stderr]     Checking ciborium-ll v0.2.2
[INFO] [stderr]     Checking ciborium v0.2.2
[INFO] [stderr]     Checking rand_chacha v0.9.0
[INFO] [stderr]     Checking rand v0.9.5
[INFO] [stderr]     Checking criterion v0.8.2
[INFO] [stderr]     Checking oxiblas-matrix v0.2.2
[INFO] [stderr]     Checking tokenizers v0.23.1
[INFO] [stderr]     Checking oxiblas-blas v0.2.2
[INFO] [stderr]     Checking oxiblas-sparse v0.2.2
[INFO] [stderr]     Checking oxiblas-lapack v0.2.2
[INFO] [stderr]     Checking oxiblas v0.2.2
[INFO] [stderr]     Checking oxillama-quant v0.1.4
[INFO] [stderr]     Checking oxillama-arch v0.1.4
[INFO] [stderr]     Checking oxillama-runtime v0.1.4 (/opt/rustwide/workdir)
[INFO] [stdout] error[E0432]: unresolved import `oxillama_gguf::test_utils`
[INFO] [stdout]    --> src/engine/tests.rs:610:28
[INFO] [stdout]     |
[INFO] [stdout] 610 |         use oxillama_gguf::test_utils::{build_minimal_qwen3_gguf, minimal_tokenizer_json};
[INFO] [stdout]     |                            ^^^^^^^^^^ could not find `test_utils` in `oxillama_gguf`
[INFO] [stdout]     |
[INFO] [stdout] note: found an item that was configured out
[INFO] [stdout]    --> /opt/rustwide/cargo-home/registry/src/index.crates.io-1949cf8c6b5b557f/oxillama-gguf-0.1.4/src/lib.rs:66:9
[INFO] [stdout]     |
[INFO] [stdout]  64 | #[cfg(all(feature = "std", any(test, feature = "test-utils")))]
[INFO] [stdout]     |                               ------------------------------ the item is gated here
[INFO] [stdout]  65 | #[cfg_attr(docsrs, doc(cfg(feature = "test-utils")))]
[INFO] [stdout]  66 | pub mod test_utils;
[INFO] [stdout]     |         ^^^^^^^^^^
[INFO] [stdout] 
[INFO] [stdout] 
[INFO] [stdout] error[E0432]: unresolved import `oxillama_gguf::test_utils`
[INFO] [stdout]    --> src/engine/tests.rs:626:28
[INFO] [stdout]     |
[INFO] [stdout] 626 |         use oxillama_gguf::test_utils::{build_minimal_qwen3_gguf, minimal_tokenizer_json};
[INFO] [stdout]     |                            ^^^^^^^^^^ could not find `test_utils` in `oxillama_gguf`
[INFO] [stdout]     |
[INFO] [stdout] note: found an item that was configured out
[INFO] [stdout]    --> /opt/rustwide/cargo-home/registry/src/index.crates.io-1949cf8c6b5b557f/oxillama-gguf-0.1.4/src/lib.rs:66:9
[INFO] [stdout]     |
[INFO] [stdout]  64 | #[cfg(all(feature = "std", any(test, feature = "test-utils")))]
[INFO] [stdout]     |                               ------------------------------ the item is gated here
[INFO] [stdout]  65 | #[cfg_attr(docsrs, doc(cfg(feature = "test-utils")))]
[INFO] [stdout]  66 | pub mod test_utils;
[INFO] [stdout]     |         ^^^^^^^^^^
[INFO] [stdout] 
[INFO] [stdout] 
[INFO] [stdout] error[E0432]: unresolved import `oxillama_gguf::test_utils`
[INFO] [stdout]    --> src/engine/tests.rs:644:28
[INFO] [stdout]     |
[INFO] [stdout] 644 |         use oxillama_gguf::test_utils::{build_minimal_mistral_gguf, minimal_tokenizer_json};
[INFO] [stdout]     |                            ^^^^^^^^^^ could not find `test_utils` in `oxillama_gguf`
[INFO] [stdout]     |
[INFO] [stdout] note: found an item that was configured out
[INFO] [stdout]    --> /opt/rustwide/cargo-home/registry/src/index.crates.io-1949cf8c6b5b557f/oxillama-gguf-0.1.4/src/lib.rs:66:9
[INFO] [stdout]     |
[INFO] [stdout]  64 | #[cfg(all(feature = "std", any(test, feature = "test-utils")))]
[INFO] [stdout]     |                               ------------------------------ the item is gated here
[INFO] [stdout]  65 | #[cfg_attr(docsrs, doc(cfg(feature = "test-utils")))]
[INFO] [stdout]  66 | pub mod test_utils;
[INFO] [stdout]     |         ^^^^^^^^^^
[INFO] [stdout] 
[INFO] [stdout] 
[INFO] [stdout] error[E0432]: unresolved import `oxillama_gguf::test_utils`
[INFO] [stdout]    --> src/engine/tests.rs:660:28
[INFO] [stdout]     |
[INFO] [stdout] 660 |         use oxillama_gguf::test_utils::{build_minimal_gemma_gguf, minimal_tokenizer_json};
[INFO] [stdout]     |                            ^^^^^^^^^^ could not find `test_utils` in `oxillama_gguf`
[INFO] [stdout]     |
[INFO] [stdout] note: found an item that was configured out
[INFO] [stdout]    --> /opt/rustwide/cargo-home/registry/src/index.crates.io-1949cf8c6b5b557f/oxillama-gguf-0.1.4/src/lib.rs:66:9
[INFO] [stdout]     |
[INFO] [stdout]  64 | #[cfg(all(feature = "std", any(test, feature = "test-utils")))]
[INFO] [stdout]     |                               ------------------------------ the item is gated here
[INFO] [stdout]  65 | #[cfg_attr(docsrs, doc(cfg(feature = "test-utils")))]
[INFO] [stdout]  66 | pub mod test_utils;
[INFO] [stdout]     |         ^^^^^^^^^^
[INFO] [stdout] 
[INFO] [stdout] 
[INFO] [stdout] error[E0432]: unresolved import `oxillama_gguf::test_utils`
[INFO] [stdout]    --> src/engine/tests.rs:676:28
[INFO] [stdout]     |
[INFO] [stdout] 676 |         use oxillama_gguf::test_utils::{build_minimal_gemma_gguf, minimal_tokenizer_json};
[INFO] [stdout]     |                            ^^^^^^^^^^ could not find `test_utils` in `oxillama_gguf`
[INFO] [stdout]     |
[INFO] [stdout] note: found an item that was configured out
[INFO] [stdout]    --> /opt/rustwide/cargo-home/registry/src/index.crates.io-1949cf8c6b5b557f/oxillama-gguf-0.1.4/src/lib.rs:66:9
[INFO] [stdout]     |
[INFO] [stdout]  64 | #[cfg(all(feature = "std", any(test, feature = "test-utils")))]
[INFO] [stdout]     |                               ------------------------------ the item is gated here
[INFO] [stdout]  65 | #[cfg_attr(docsrs, doc(cfg(feature = "test-utils")))]
[INFO] [stdout]  66 | pub mod test_utils;
[INFO] [stdout]     |         ^^^^^^^^^^
[INFO] [stdout] 
[INFO] [stdout] 
[INFO] [stdout] error[E0432]: unresolved import `oxillama_gguf::test_utils`
[INFO] [stdout]    --> src/engine/tests.rs:694:28
[INFO] [stdout]     |
[INFO] [stdout] 694 |         use oxillama_gguf::test_utils::{build_minimal_phi3_gguf, minimal_tokenizer_json};
[INFO] [stdout]     |                            ^^^^^^^^^^ could not find `test_utils` in `oxillama_gguf`
[INFO] [stdout]     |
[INFO] [stdout] note: found an item that was configured out
[INFO] [stdout]    --> /opt/rustwide/cargo-home/registry/src/index.crates.io-1949cf8c6b5b557f/oxillama-gguf-0.1.4/src/lib.rs:66:9
[INFO] [stdout]     |
[INFO] [stdout]  64 | #[cfg(all(feature = "std", any(test, feature = "test-utils")))]
[INFO] [stdout]     |                               ------------------------------ the item is gated here
[INFO] [stdout]  65 | #[cfg_attr(docsrs, doc(cfg(feature = "test-utils")))]
[INFO] [stdout]  66 | pub mod test_utils;
[INFO] [stdout]     |         ^^^^^^^^^^
[INFO] [stdout] 
[INFO] [stdout] 
[INFO] [stdout] error[E0432]: unresolved import `oxillama_gguf::test_utils`
[INFO] [stdout]    --> src/engine/tests.rs:710:28
[INFO] [stdout]     |
[INFO] [stdout] 710 |         use oxillama_gguf::test_utils::{build_minimal_command_r_gguf, minimal_tokenizer_json};
[INFO] [stdout]     |                            ^^^^^^^^^^ could not find `test_utils` in `oxillama_gguf`
[INFO] [stdout]     |
[INFO] [stdout] note: found an item that was configured out
[INFO] [stdout]    --> /opt/rustwide/cargo-home/registry/src/index.crates.io-1949cf8c6b5b557f/oxillama-gguf-0.1.4/src/lib.rs:66:9
[INFO] [stdout]     |
[INFO] [stdout]  64 | #[cfg(all(feature = "std", any(test, feature = "test-utils")))]
[INFO] [stdout]     |                               ------------------------------ the item is gated here
[INFO] [stdout]  65 | #[cfg_attr(docsrs, doc(cfg(feature = "test-utils")))]
[INFO] [stdout]  66 | pub mod test_utils;
[INFO] [stdout]     |         ^^^^^^^^^^
[INFO] [stdout] 
[INFO] [stdout] 
[INFO] [stdout] error[E0432]: unresolved import `oxillama_gguf::test_utils`
[INFO] [stdout]    --> src/engine/tests.rs:726:28
[INFO] [stdout]     |
[INFO] [stdout] 726 |         use oxillama_gguf::test_utils::{build_minimal_starcoder_gguf, minimal_tokenizer_json};
[INFO] [stdout]     |                            ^^^^^^^^^^ could not find `test_utils` in `oxillama_gguf`
[INFO] [stdout]     |
[INFO] [stdout] note: found an item that was configured out
[INFO] [stdout]    --> /opt/rustwide/cargo-home/registry/src/index.crates.io-1949cf8c6b5b557f/oxillama-gguf-0.1.4/src/lib.rs:66:9
[INFO] [stdout]     |
[INFO] [stdout]  64 | #[cfg(all(feature = "std", any(test, feature = "test-utils")))]
[INFO] [stdout]     |                               ------------------------------ the item is gated here
[INFO] [stdout]  65 | #[cfg_attr(docsrs, doc(cfg(feature = "test-utils")))]
[INFO] [stdout]  66 | pub mod test_utils;
[INFO] [stdout]     |         ^^^^^^^^^^
[INFO] [stdout] 
[INFO] [stdout] 
[INFO] [stdout] error[E0432]: unresolved import `oxillama_gguf::test_utils`
[INFO] [stdout]     --> src/speculative.rs:1088:28
[INFO] [stdout]      |
[INFO] [stdout] 1088 |         use oxillama_gguf::test_utils::{build_minimal_llama_gguf, minimal_tokenizer_json};
[INFO] [stdout]      |                            ^^^^^^^^^^ could not find `test_utils` in `oxillama_gguf`
[INFO] [stdout]      |
[INFO] [stdout] note: found an item that was configured out
[INFO] [stdout]     --> /opt/rustwide/cargo-home/registry/src/index.crates.io-1949cf8c6b5b557f/oxillama-gguf-0.1.4/src/lib.rs:66:9
[INFO] [stdout]      |
[INFO] [stdout]   64 | #[cfg(all(feature = "std", any(test, feature = "test-utils")))]
[INFO] [stdout]      |                               ------------------------------ the item is gated here
[INFO] [stdout]   65 | #[cfg_attr(docsrs, doc(cfg(feature = "test-utils")))]
[INFO] [stdout]   66 | pub mod test_utils;
[INFO] [stdout]      |         ^^^^^^^^^^
[INFO] [stdout] 
[INFO] [stdout] 
[INFO] [stdout] error[E0432]: unresolved import `oxillama_gguf::test_utils`
[INFO] [stdout]     --> src/speculative.rs:1142:28
[INFO] [stdout]      |
[INFO] [stdout] 1142 |         use oxillama_gguf::test_utils::{build_minimal_llama_gguf, minimal_tokenizer_json};
[INFO] [stdout]      |                            ^^^^^^^^^^ could not find `test_utils` in `oxillama_gguf`
[INFO] [stdout]      |
[INFO] [stdout] note: found an item that was configured out
[INFO] [stdout]     --> /opt/rustwide/cargo-home/registry/src/index.crates.io-1949cf8c6b5b557f/oxillama-gguf-0.1.4/src/lib.rs:66:9
[INFO] [stdout]      |
[INFO] [stdout]   64 | #[cfg(all(feature = "std", any(test, feature = "test-utils")))]
[INFO] [stdout]      |                               ------------------------------ the item is gated here
[INFO] [stdout]   65 | #[cfg_attr(docsrs, doc(cfg(feature = "test-utils")))]
[INFO] [stdout]   66 | pub mod test_utils;
[INFO] [stdout]      |         ^^^^^^^^^^
[INFO] [stdout] 
[INFO] [stdout] 
[INFO] [stdout] error[E0433]: cannot find `test_utils` in `oxillama_gguf`
[INFO] [stdout]   --> src/engine/tests.rs:91:42
[INFO] [stdout]    |
[INFO] [stdout] 91 |         let model_bytes = oxillama_gguf::test_utils::build_minimal_llama_gguf();
[INFO] [stdout]    |                                          ^^^^^^^^^^ could not find `test_utils` in `oxillama_gguf`
[INFO] [stdout]    |
[INFO] [stdout] note: found an item that was configured out
[INFO] [stdout]   --> /opt/rustwide/cargo-home/registry/src/index.crates.io-1949cf8c6b5b557f/oxillama-gguf-0.1.4/src/lib.rs:66:9
[INFO] [stdout]    |
[INFO] [stdout] 64 | #[cfg(all(feature = "std", any(test, feature = "test-utils")))]
[INFO] [stdout]    |                               ------------------------------ the item is gated here
[INFO] [stdout] 65 | #[cfg_attr(docsrs, doc(cfg(feature = "test-utils")))]
[INFO] [stdout] 66 | pub mod test_utils;
[INFO] [stdout]    |         ^^^^^^^^^^
[INFO] [stdout] 
[INFO] [stdout] 
[INFO] [stdout] error[E0433]: cannot find `test_utils` in `oxillama_gguf`
[INFO] [stdout]   --> src/engine/tests.rs:92:45
[INFO] [stdout]    |
[INFO] [stdout] 92 |         let tokenizer_json = oxillama_gguf::test_utils::minimal_tokenizer_json();
[INFO] [stdout]    |                                             ^^^^^^^^^^ could not find `test_utils` in `oxillama_gguf`
[INFO] [stdout]    |
[INFO] [stdout] note: found an item that was configured out
[INFO] [stdout]   --> /opt/rustwide/cargo-home/registry/src/index.crates.io-1949cf8c6b5b557f/oxillama-gguf-0.1.4/src/lib.rs:66:9
[INFO] [stdout]    |
[INFO] [stdout] 64 | #[cfg(all(feature = "std", any(test, feature = "test-utils")))]
[INFO] [stdout]    |                               ------------------------------ the item is gated here
[INFO] [stdout] 65 | #[cfg_attr(docsrs, doc(cfg(feature = "test-utils")))]
[INFO] [stdout] 66 | pub mod test_utils;
[INFO] [stdout]    |         ^^^^^^^^^^
[INFO] [stdout] 
[INFO] [stdout] 
[INFO] [stdout] error[E0433]: cannot find `test_utils` in `oxillama_gguf`
[INFO] [stdout]    --> src/engine/tests.rs:397:42
[INFO] [stdout]     |
[INFO] [stdout] 397 |         let model_bytes = oxillama_gguf::test_utils::build_minimal_llama_gguf();
[INFO] [stdout]     |                                          ^^^^^^^^^^ could not find `test_utils` in `oxillama_gguf`
[INFO] [stdout]     |
[INFO] [stdout] note: found an item that was configured out
[INFO] [stdout]    --> /opt/rustwide/cargo-home/registry/src/index.crates.io-1949cf8c6b5b557f/oxillama-gguf-0.1.4/src/lib.rs:66:9
[INFO] [stdout]     |
[INFO] [stdout]  64 | #[cfg(all(feature = "std", any(test, feature = "test-utils")))]
[INFO] [stdout]     |                               ------------------------------ the item is gated here
[INFO] [stdout]  65 | #[cfg_attr(docsrs, doc(cfg(feature = "test-utils")))]
[INFO] [stdout]  66 | pub mod test_utils;
[INFO] [stdout]     |         ^^^^^^^^^^
[INFO] [stdout] 
[INFO] [stdout] 
[INFO] [stdout] error[E0433]: cannot find `test_utils` in `oxillama_gguf`
[INFO] [stdout]    --> src/engine/tests.rs:398:45
[INFO] [stdout]     |
[INFO] [stdout] 398 |         let tokenizer_json = oxillama_gguf::test_utils::minimal_tokenizer_json();
[INFO] [stdout]     |                                             ^^^^^^^^^^ could not find `test_utils` in `oxillama_gguf`
[INFO] [stdout]     |
[INFO] [stdout] note: found an item that was configured out
[INFO] [stdout]    --> /opt/rustwide/cargo-home/registry/src/index.crates.io-1949cf8c6b5b557f/oxillama-gguf-0.1.4/src/lib.rs:66:9
[INFO] [stdout]     |
[INFO] [stdout]  64 | #[cfg(all(feature = "std", any(test, feature = "test-utils")))]
[INFO] [stdout]     |                               ------------------------------ the item is gated here
[INFO] [stdout]  65 | #[cfg_attr(docsrs, doc(cfg(feature = "test-utils")))]
[INFO] [stdout]  66 | pub mod test_utils;
[INFO] [stdout]     |         ^^^^^^^^^^
[INFO] [stdout] 
[INFO] [stdout] 
[INFO] [stdout] error[E0433]: cannot find `test_utils` in `oxillama_gguf`
[INFO] [stdout]    --> src/engine/tests.rs:548:42
[INFO] [stdout]     |
[INFO] [stdout] 548 |         let model_bytes = oxillama_gguf::test_utils::build_minimal_llama_gguf();
[INFO] [stdout]     |                                          ^^^^^^^^^^ could not find `test_utils` in `oxillama_gguf`
[INFO] [stdout]     |
[INFO] [stdout] note: found an item that was configured out
[INFO] [stdout]    --> /opt/rustwide/cargo-home/registry/src/index.crates.io-1949cf8c6b5b557f/oxillama-gguf-0.1.4/src/lib.rs:66:9
[INFO] [stdout]     |
[INFO] [stdout]  64 | #[cfg(all(feature = "std", any(test, feature = "test-utils")))]
[INFO] [stdout]     |                               ------------------------------ the item is gated here
[INFO] [stdout]  65 | #[cfg_attr(docsrs, doc(cfg(feature = "test-utils")))]
[INFO] [stdout]  66 | pub mod test_utils;
[INFO] [stdout]     |         ^^^^^^^^^^
[INFO] [stdout] 
[INFO] [stdout] 
[INFO] [stdout] error[E0433]: cannot find `test_utils` in `oxillama_gguf`
[INFO] [stdout]    --> src/engine/tests.rs:549:45
[INFO] [stdout]     |
[INFO] [stdout] 549 |         let tokenizer_json = oxillama_gguf::test_utils::minimal_tokenizer_json();
[INFO] [stdout]     |                                             ^^^^^^^^^^ could not find `test_utils` in `oxillama_gguf`
[INFO] [stdout]     |
[INFO] [stdout] note: found an item that was configured out
[INFO] [stdout]    --> /opt/rustwide/cargo-home/registry/src/index.crates.io-1949cf8c6b5b557f/oxillama-gguf-0.1.4/src/lib.rs:66:9
[INFO] [stdout]     |
[INFO] [stdout]  64 | #[cfg(all(feature = "std", any(test, feature = "test-utils")))]
[INFO] [stdout]     |                               ------------------------------ the item is gated here
[INFO] [stdout]  65 | #[cfg_attr(docsrs, doc(cfg(feature = "test-utils")))]
[INFO] [stdout]  66 | pub mod test_utils;
[INFO] [stdout]     |         ^^^^^^^^^^
[INFO] [stdout] 
[INFO] [stdout] 
[INFO] [stdout] error[E0433]: cannot find `test_utils` in `oxillama_gguf`
[INFO] [stdout]    --> src/engine/tests.rs:846:45
[INFO] [stdout]     |
[INFO] [stdout] 846 |         let tokenizer_json = oxillama_gguf::test_utils::minimal_tokenizer_json();
[INFO] [stdout]     |                                             ^^^^^^^^^^ could not find `test_utils` in `oxillama_gguf`
[INFO] [stdout]     |
[INFO] [stdout] note: found an item that was configured out
[INFO] [stdout]    --> /opt/rustwide/cargo-home/registry/src/index.crates.io-1949cf8c6b5b557f/oxillama-gguf-0.1.4/src/lib.rs:66:9
[INFO] [stdout]     |
[INFO] [stdout]  64 | #[cfg(all(feature = "std", any(test, feature = "test-utils")))]
[INFO] [stdout]     |                               ------------------------------ the item is gated here
[INFO] [stdout]  65 | #[cfg_attr(docsrs, doc(cfg(feature = "test-utils")))]
[INFO] [stdout]  66 | pub mod test_utils;
[INFO] [stdout]     |         ^^^^^^^^^^
[INFO] [stdout] 
[INFO] [stdout] 
[INFO] [stdout] error[E0433]: cannot find `test_utils` in `oxillama_gguf`
[INFO] [stdout]    --> src/engine/tests.rs:851:32
[INFO] [stdout]     |
[INFO] [stdout] 851 |                 oxillama_gguf::test_utils::build_minimal_falcon_gguf(),
[INFO] [stdout]     |                                ^^^^^^^^^^ could not find `test_utils` in `oxillama_gguf`
[INFO] [stdout]     |
[INFO] [stdout] note: found an item that was configured out
[INFO] [stdout]    --> /opt/rustwide/cargo-home/registry/src/index.crates.io-1949cf8c6b5b557f/oxillama-gguf-0.1.4/src/lib.rs:66:9
[INFO] [stdout]     |
[INFO] [stdout]  64 | #[cfg(all(feature = "std", any(test, feature = "test-utils")))]
[INFO] [stdout]     |                               ------------------------------ the item is gated here
[INFO] [stdout]  65 | #[cfg_attr(docsrs, doc(cfg(feature = "test-utils")))]
[INFO] [stdout]  66 | pub mod test_utils;
[INFO] [stdout]     |         ^^^^^^^^^^
[INFO] [stdout] 
[INFO] [stdout] 
[INFO] [stdout] error[E0433]: cannot find `test_utils` in `oxillama_gguf`
[INFO] [stdout]    --> src/engine/tests.rs:855:32
[INFO] [stdout]     |
[INFO] [stdout] 855 |                 oxillama_gguf::test_utils::build_minimal_olmo2_gguf(),
[INFO] [stdout]     |                                ^^^^^^^^^^ could not find `test_utils` in `oxillama_gguf`
[INFO] [stdout]     |
[INFO] [stdout] note: found an item that was configured out
[INFO] [stdout]    --> /opt/rustwide/cargo-home/registry/src/index.crates.io-1949cf8c6b5b557f/oxillama-gguf-0.1.4/src/lib.rs:66:9
[INFO] [stdout]     |
[INFO] [stdout]  64 | #[cfg(all(feature = "std", any(test, feature = "test-utils")))]
[INFO] [stdout]     |                               ------------------------------ the item is gated here
[INFO] [stdout]  65 | #[cfg_attr(docsrs, doc(cfg(feature = "test-utils")))]
[INFO] [stdout]  66 | pub mod test_utils;
[INFO] [stdout]     |         ^^^^^^^^^^
[INFO] [stdout] 
[INFO] [stdout] 
[INFO] [stdout] error[E0433]: cannot find `test_utils` in `oxillama_gguf`
[INFO] [stdout]    --> src/engine/tests.rs:859:32
[INFO] [stdout]     |
[INFO] [stdout] 859 |                 oxillama_gguf::test_utils::build_minimal_gpt_neox_gguf(),
[INFO] [stdout]     |                                ^^^^^^^^^^ could not find `test_utils` in `oxillama_gguf`
[INFO] [stdout]     |
[INFO] [stdout] note: found an item that was configured out
[INFO] [stdout]    --> /opt/rustwide/cargo-home/registry/src/index.crates.io-1949cf8c6b5b557f/oxillama-gguf-0.1.4/src/lib.rs:66:9
[INFO] [stdout]     |
[INFO] [stdout]  64 | #[cfg(all(feature = "std", any(test, feature = "test-utils")))]
[INFO] [stdout]     |                               ------------------------------ the item is gated here
[INFO] [stdout]  65 | #[cfg_attr(docsrs, doc(cfg(feature = "test-utils")))]
[INFO] [stdout]  66 | pub mod test_utils;
[INFO] [stdout]     |         ^^^^^^^^^^
[INFO] [stdout] 
[INFO] [stdout] 
[INFO] [stdout] error[E0433]: cannot find `test_utils` in `oxillama_gguf`
[INFO] [stdout]    --> src/engine/tests.rs:863:32
[INFO] [stdout]     |
[INFO] [stdout] 863 |                 oxillama_gguf::test_utils::build_minimal_stablelm_gguf(),
[INFO] [stdout]     |                                ^^^^^^^^^^ could not find `test_utils` in `oxillama_gguf`
[INFO] [stdout]     |
[INFO] [stdout] note: found an item that was configured out
[INFO] [stdout]    --> /opt/rustwide/cargo-home/registry/src/index.crates.io-1949cf8c6b5b557f/oxillama-gguf-0.1.4/src/lib.rs:66:9
[INFO] [stdout]     |
[INFO] [stdout]  64 | #[cfg(all(feature = "std", any(test, feature = "test-utils")))]
[INFO] [stdout]     |                               ------------------------------ the item is gated here
[INFO] [stdout]  65 | #[cfg_attr(docsrs, doc(cfg(feature = "test-utils")))]
[INFO] [stdout]  66 | pub mod test_utils;
[INFO] [stdout]     |         ^^^^^^^^^^
[INFO] [stdout] 
[INFO] [stdout] 
[INFO] [stdout] error[E0433]: cannot find `test_utils` in `oxillama_gguf`
[INFO] [stdout]    --> src/engine/tests.rs:867:32
[INFO] [stdout]     |
[INFO] [stdout] 867 |                 oxillama_gguf::test_utils::build_minimal_minicpm_gguf(),
[INFO] [stdout]     |                                ^^^^^^^^^^ could not find `test_utils` in `oxillama_gguf`
[INFO] [stdout]     |
[INFO] [stdout] note: found an item that was configured out
[INFO] [stdout]    --> /opt/rustwide/cargo-home/registry/src/index.crates.io-1949cf8c6b5b557f/oxillama-gguf-0.1.4/src/lib.rs:66:9
[INFO] [stdout]     |
[INFO] [stdout]  64 | #[cfg(all(feature = "std", any(test, feature = "test-utils")))]
[INFO] [stdout]     |                               ------------------------------ the item is gated here
[INFO] [stdout]  65 | #[cfg_attr(docsrs, doc(cfg(feature = "test-utils")))]
[INFO] [stdout]  66 | pub mod test_utils;
[INFO] [stdout]     |         ^^^^^^^^^^
[INFO] [stdout] 
[INFO] [stdout] 
[INFO] [stdout] error[E0433]: cannot find `test_utils` in `oxillama_gguf`
[INFO] [stdout]    --> src/engine/tests.rs:871:32
[INFO] [stdout]     |
[INFO] [stdout] 871 |                 oxillama_gguf::test_utils::build_minimal_bloom_gguf(),
[INFO] [stdout]     |                                ^^^^^^^^^^ could not find `test_utils` in `oxillama_gguf`
[INFO] [stdout]     |
[INFO] [stdout] note: found an item that was configured out
[INFO] [stdout]    --> /opt/rustwide/cargo-home/registry/src/index.crates.io-1949cf8c6b5b557f/oxillama-gguf-0.1.4/src/lib.rs:66:9
[INFO] [stdout]     |
[INFO] [stdout]  64 | #[cfg(all(feature = "std", any(test, feature = "test-utils")))]
[INFO] [stdout]     |                               ------------------------------ the item is gated here
[INFO] [stdout]  65 | #[cfg_attr(docsrs, doc(cfg(feature = "test-utils")))]
[INFO] [stdout]  66 | pub mod test_utils;
[INFO] [stdout]     |         ^^^^^^^^^^
[INFO] [stdout] 
[INFO] [stdout] 
[INFO] [stdout] error[E0433]: cannot find `test_utils` in `oxillama_gguf`
[INFO] [stdout]    --> src/engine/tests.rs:990:45
[INFO] [stdout]     |
[INFO] [stdout] 990 |         let tokenizer_json = oxillama_gguf::test_utils::minimal_tokenizer_json();
[INFO] [stdout]     |                                             ^^^^^^^^^^ could not find `test_utils` in `oxillama_gguf`
[INFO] [stdout]     |
[INFO] [stdout] note: found an item that was configured out
[INFO] [stdout]    --> /opt/rustwide/cargo-home/registry/src/index.crates.io-1949cf8c6b5b557f/oxillama-gguf-0.1.4/src/lib.rs:66:9
[INFO] [stdout]     |
[INFO] [stdout]  64 | #[cfg(all(feature = "std", any(test, feature = "test-utils")))]
[INFO] [stdout]     |                               ------------------------------ the item is gated here
[INFO] [stdout]  65 | #[cfg_attr(docsrs, doc(cfg(feature = "test-utils")))]
[INFO] [stdout]  66 | pub mod test_utils;
[INFO] [stdout]     |         ^^^^^^^^^^
[INFO] [stdout] 
[INFO] [stdout] 
[INFO] [stdout] error[E0433]: cannot find `test_utils` in `oxillama_gguf`
[INFO] [stdout]    --> src/engine/tests.rs:994:32
[INFO] [stdout]     |
[INFO] [stdout] 994 |                 oxillama_gguf::test_utils::build_minimal_llama_gguf(),
[INFO] [stdout]     |                                ^^^^^^^^^^ could not find `test_utils` in `oxillama_gguf`
[INFO] [stdout]     |
[INFO] [stdout] note: found an item that was configured out
[INFO] [stdout]    --> /opt/rustwide/cargo-home/registry/src/index.crates.io-1949cf8c6b5b557f/oxillama-gguf-0.1.4/src/lib.rs:66:9
[INFO] [stdout]     |
[INFO] [stdout]  64 | #[cfg(all(feature = "std", any(test, feature = "test-utils")))]
[INFO] [stdout]     |                               ------------------------------ the item is gated here
[INFO] [stdout]  65 | #[cfg_attr(docsrs, doc(cfg(feature = "test-utils")))]
[INFO] [stdout]  66 | pub mod test_utils;
[INFO] [stdout]     |         ^^^^^^^^^^
[INFO] [stdout] 
[INFO] [stdout] 
[INFO] [stdout] error[E0433]: cannot find `test_utils` in `oxillama_gguf`
[INFO] [stdout]    --> src/engine/tests.rs:998:32
[INFO] [stdout]     |
[INFO] [stdout] 998 |                 oxillama_gguf::test_utils::build_minimal_qwen3_gguf(),
[INFO] [stdout]     |                                ^^^^^^^^^^ could not find `test_utils` in `oxillama_gguf`
[INFO] [stdout]     |
[INFO] [stdout] note: found an item that was configured out
[INFO] [stdout]    --> /opt/rustwide/cargo-home/registry/src/index.crates.io-1949cf8c6b5b557f/oxillama-gguf-0.1.4/src/lib.rs:66:9
[INFO] [stdout]     |
[INFO] [stdout]  64 | #[cfg(all(feature = "std", any(test, feature = "test-utils")))]
[INFO] [stdout]     |                               ------------------------------ the item is gated here
[INFO] [stdout]  65 | #[cfg_attr(docsrs, doc(cfg(feature = "test-utils")))]
[INFO] [stdout]  66 | pub mod test_utils;
[INFO] [stdout]     |         ^^^^^^^^^^
[INFO] [stdout] 
[INFO] [stdout] 
[INFO] [stdout] error[E0433]: cannot find `test_utils` in `oxillama_gguf`
[INFO] [stdout]     --> src/engine/tests.rs:1002:32
[INFO] [stdout]      |
[INFO] [stdout] 1002 |                 oxillama_gguf::test_utils::build_minimal_mistral_gguf(),
[INFO] [stdout]      |                                ^^^^^^^^^^ could not find `test_utils` in `oxillama_gguf`
[INFO] [stdout]      |
[INFO] [stdout] note: found an item that was configured out
[INFO] [stdout]     --> /opt/rustwide/cargo-home/registry/src/index.crates.io-1949cf8c6b5b557f/oxillama-gguf-0.1.4/src/lib.rs:66:9
[INFO] [stdout]      |
[INFO] [stdout]   64 | #[cfg(all(feature = "std", any(test, feature = "test-utils")))]
[INFO] [stdout]      |                               ------------------------------ the item is gated here
[INFO] [stdout]   65 | #[cfg_attr(docsrs, doc(cfg(feature = "test-utils")))]
[INFO] [stdout]   66 | pub mod test_utils;
[INFO] [stdout]      |         ^^^^^^^^^^
[INFO] [stdout] 
[INFO] [stdout] 
[INFO] [stdout] error[E0433]: cannot find `test_utils` in `oxillama_gguf`
[INFO] [stdout]     --> src/engine/tests.rs:1006:32
[INFO] [stdout]      |
[INFO] [stdout] 1006 |                 oxillama_gguf::test_utils::build_minimal_gemma_gguf(),
[INFO] [stdout]      |                                ^^^^^^^^^^ could not find `test_utils` in `oxillama_gguf`
[INFO] [stdout]      |
[INFO] [stdout] note: found an item that was configured out
[INFO] [stdout]     --> /opt/rustwide/cargo-home/registry/src/index.crates.io-1949cf8c6b5b557f/oxillama-gguf-0.1.4/src/lib.rs:66:9
[INFO] [stdout]      |
[INFO] [stdout]   64 | #[cfg(all(feature = "std", any(test, feature = "test-utils")))]
[INFO] [stdout]      |                               ------------------------------ the item is gated here
[INFO] [stdout]   65 | #[cfg_attr(docsrs, doc(cfg(feature = "test-utils")))]
[INFO] [stdout]   66 | pub mod test_utils;
[INFO] [stdout]      |         ^^^^^^^^^^
[INFO] [stdout] 
[INFO] [stdout] 
[INFO] [stdout] error[E0433]: cannot find `test_utils` in `oxillama_gguf`
[INFO] [stdout]     --> src/engine/tests.rs:1008:37
[INFO] [stdout]      |
[INFO] [stdout] 1008 |             ("phi3", oxillama_gguf::test_utils::build_minimal_phi3_gguf()),
[INFO] [stdout]      |                                     ^^^^^^^^^^ could not find `test_utils` in `oxillama_gguf`
[INFO] [stdout]      |
[INFO] [stdout] note: found an item that was configured out
[INFO] [stdout]     --> /opt/rustwide/cargo-home/registry/src/index.crates.io-1949cf8c6b5b557f/oxillama-gguf-0.1.4/src/lib.rs:66:9
[INFO] [stdout]      |
[INFO] [stdout]   64 | #[cfg(all(feature = "std", any(test, feature = "test-utils")))]
[INFO] [stdout]      |                               ------------------------------ the item is gated here
[INFO] [stdout]   65 | #[cfg_attr(docsrs, doc(cfg(feature = "test-utils")))]
[INFO] [stdout]   66 | pub mod test_utils;
[INFO] [stdout]      |         ^^^^^^^^^^
[INFO] [stdout] 
[INFO] [stdout] 
[INFO] [stdout] error[E0433]: cannot find `test_utils` in `oxillama_gguf`
[INFO] [stdout]     --> src/engine/tests.rs:1011:32
[INFO] [stdout]      |
[INFO] [stdout] 1011 |                 oxillama_gguf::test_utils::build_minimal_command_r_gguf(),
[INFO] [stdout]      |                                ^^^^^^^^^^ could not find `test_utils` in `oxillama_gguf`
[INFO] [stdout]      |
[INFO] [stdout] note: found an item that was configured out
[INFO] [stdout]     --> /opt/rustwide/cargo-home/registry/src/index.crates.io-1949cf8c6b5b557f/oxillama-gguf-0.1.4/src/lib.rs:66:9
[INFO] [stdout]      |
[INFO] [stdout]   64 | #[cfg(all(feature = "std", any(test, feature = "test-utils")))]
[INFO] [stdout]      |                               ------------------------------ the item is gated here
[INFO] [stdout]   65 | #[cfg_attr(docsrs, doc(cfg(feature = "test-utils")))]
[INFO] [stdout]   66 | pub mod test_utils;
[INFO] [stdout]      |         ^^^^^^^^^^
[INFO] [stdout] 
[INFO] [stdout] 
[INFO] [stdout] error[E0433]: cannot find `test_utils` in `oxillama_gguf`
[INFO] [stdout]     --> src/engine/tests.rs:1015:32
[INFO] [stdout]      |
[INFO] [stdout] 1015 |                 oxillama_gguf::test_utils::build_minimal_starcoder_gguf(),
[INFO] [stdout]      |                                ^^^^^^^^^^ could not find `test_utils` in `oxillama_gguf`
[INFO] [stdout]      |
[INFO] [stdout] note: found an item that was configured out
[INFO] [stdout]     --> /opt/rustwide/cargo-home/registry/src/index.crates.io-1949cf8c6b5b557f/oxillama-gguf-0.1.4/src/lib.rs:66:9
[INFO] [stdout]      |
[INFO] [stdout]   64 | #[cfg(all(feature = "std", any(test, feature = "test-utils")))]
[INFO] [stdout]      |                               ------------------------------ the item is gated here
[INFO] [stdout]   65 | #[cfg_attr(docsrs, doc(cfg(feature = "test-utils")))]
[INFO] [stdout]   66 | pub mod test_utils;
[INFO] [stdout]      |         ^^^^^^^^^^
[INFO] [stdout] 
[INFO] [stdout] 
[INFO] [stdout] error[E0433]: cannot find `test_utils` in `oxillama_gguf`
[INFO] [stdout]     --> src/engine/tests.rs:1037:42
[INFO] [stdout]      |
[INFO] [stdout] 1037 |         let model_bytes = oxillama_gguf::test_utils::build_minimal_llama_gguf();
[INFO] [stdout]      |                                          ^^^^^^^^^^ could not find `test_utils` in `oxillama_gguf`
[INFO] [stdout]      |
[INFO] [stdout] note: found an item that was configured out
[INFO] [stdout]     --> /opt/rustwide/cargo-home/registry/src/index.crates.io-1949cf8c6b5b557f/oxillama-gguf-0.1.4/src/lib.rs:66:9
[INFO] [stdout]      |
[INFO] [stdout]   64 | #[cfg(all(feature = "std", any(test, feature = "test-utils")))]
[INFO] [stdout]      |                               ------------------------------ the item is gated here
[INFO] [stdout]   65 | #[cfg_attr(docsrs, doc(cfg(feature = "test-utils")))]
[INFO] [stdout]   66 | pub mod test_utils;
[INFO] [stdout]      |         ^^^^^^^^^^
[INFO] [stdout] 
[INFO] [stdout] 
[INFO] [stdout] error[E0433]: cannot find `test_utils` in `oxillama_gguf`
[INFO] [stdout]     --> src/engine/tests.rs:1038:45
[INFO] [stdout]      |
[INFO] [stdout] 1038 |         let tokenizer_json = oxillama_gguf::test_utils::minimal_tokenizer_json();
[INFO] [stdout]      |                                             ^^^^^^^^^^ could not find `test_utils` in `oxillama_gguf`
[INFO] [stdout]      |
[INFO] [stdout] note: found an item that was configured out
[INFO] [stdout]     --> /opt/rustwide/cargo-home/registry/src/index.crates.io-1949cf8c6b5b557f/oxillama-gguf-0.1.4/src/lib.rs:66:9
[INFO] [stdout]      |
[INFO] [stdout]   64 | #[cfg(all(feature = "std", any(test, feature = "test-utils")))]
[INFO] [stdout]      |                               ------------------------------ the item is gated here
[INFO] [stdout]   65 | #[cfg_attr(docsrs, doc(cfg(feature = "test-utils")))]
[INFO] [stdout]   66 | pub mod test_utils;
[INFO] [stdout]      |         ^^^^^^^^^^
[INFO] [stdout] 
[INFO] [stdout] 
[INFO] [stdout] error[E0433]: cannot find `test_utils` in `oxillama_gguf`
[INFO] [stdout]     --> src/engine/tests.rs:1277:28
[INFO] [stdout]      |
[INFO] [stdout] 1277 |             oxillama_gguf::test_utils::minimal_tokenizer_json().as_bytes(),
[INFO] [stdout]      |                            ^^^^^^^^^^ could not find `test_utils` in `oxillama_gguf`
[INFO] [stdout]      |
[INFO] [stdout] note: found an item that was configured out
[INFO] [stdout]     --> /opt/rustwide/cargo-home/registry/src/index.crates.io-1949cf8c6b5b557f/oxillama-gguf-0.1.4/src/lib.rs:66:9
[INFO] [stdout]      |
[INFO] [stdout]   64 | #[cfg(all(feature = "std", any(test, feature = "test-utils")))]
[INFO] [stdout]      |                               ------------------------------ the item is gated here
[INFO] [stdout]   65 | #[cfg_attr(docsrs, doc(cfg(feature = "test-utils")))]
[INFO] [stdout]   66 | pub mod test_utils;
[INFO] [stdout]      |         ^^^^^^^^^^
[INFO] [stdout] 
[INFO] [stdout] 
[INFO] [stdout] error[E0433]: cannot find `test_utils` in `oxillama_gguf`
[INFO] [stdout]     --> src/engine/tests.rs:1375:42
[INFO] [stdout]      |
[INFO] [stdout] 1375 |         let model_bytes = oxillama_gguf::test_utils::build_minimal_llama_gguf();
[INFO] [stdout]      |                                          ^^^^^^^^^^ could not find `test_utils` in `oxillama_gguf`
[INFO] [stdout]      |
[INFO] [stdout] note: found an item that was configured out
[INFO] [stdout]     --> /opt/rustwide/cargo-home/registry/src/index.crates.io-1949cf8c6b5b557f/oxillama-gguf-0.1.4/src/lib.rs:66:9
[INFO] [stdout]      |
[INFO] [stdout]   64 | #[cfg(all(feature = "std", any(test, feature = "test-utils")))]
[INFO] [stdout]      |                               ------------------------------ the item is gated here
[INFO] [stdout]   65 | #[cfg_attr(docsrs, doc(cfg(feature = "test-utils")))]
[INFO] [stdout]   66 | pub mod test_utils;
[INFO] [stdout]      |         ^^^^^^^^^^
[INFO] [stdout] 
[INFO] [stdout] 
[INFO] [stdout] error[E0433]: cannot find `test_utils` in `oxillama_gguf`
[INFO] [stdout]     --> src/engine/tests.rs:1376:45
[INFO] [stdout]      |
[INFO] [stdout] 1376 |         let tokenizer_json = oxillama_gguf::test_utils::minimal_tokenizer_json();
[INFO] [stdout]      |                                             ^^^^^^^^^^ could not find `test_utils` in `oxillama_gguf`
[INFO] [stdout]      |
[INFO] [stdout] note: found an item that was configured out
[INFO] [stdout]     --> /opt/rustwide/cargo-home/registry/src/index.crates.io-1949cf8c6b5b557f/oxillama-gguf-0.1.4/src/lib.rs:66:9
[INFO] [stdout]      |
[INFO] [stdout]   64 | #[cfg(all(feature = "std", any(test, feature = "test-utils")))]
[INFO] [stdout]      |                               ------------------------------ the item is gated here
[INFO] [stdout]   65 | #[cfg_attr(docsrs, doc(cfg(feature = "test-utils")))]
[INFO] [stdout]   66 | pub mod test_utils;
[INFO] [stdout]      |         ^^^^^^^^^^
[INFO] [stdout] 
[INFO] [stdout] 
[INFO] [stdout] error[E0433]: cannot find `test_utils` in `oxillama_gguf`
[INFO] [stdout]     --> src/engine/tests.rs:1399:42
[INFO] [stdout]      |
[INFO] [stdout] 1399 |         let model_bytes = oxillama_gguf::test_utils::build_minimal_llama_gguf();
[INFO] [stdout]      |                                          ^^^^^^^^^^ could not find `test_utils` in `oxillama_gguf`
[INFO] [stdout]      |
[INFO] [stdout] note: found an item that was configured out
[INFO] [stdout]     --> /opt/rustwide/cargo-home/registry/src/index.crates.io-1949cf8c6b5b557f/oxillama-gguf-0.1.4/src/lib.rs:66:9
[INFO] [stdout]      |
[INFO] [stdout]   64 | #[cfg(all(feature = "std", any(test, feature = "test-utils")))]
[INFO] [stdout]      |                               ------------------------------ the item is gated here
[INFO] [stdout]   65 | #[cfg_attr(docsrs, doc(cfg(feature = "test-utils")))]
[INFO] [stdout]   66 | pub mod test_utils;
[INFO] [stdout]      |         ^^^^^^^^^^
[INFO] [stdout] 
[INFO] [stdout] 
[INFO] [stdout] error[E0433]: cannot find `test_utils` in `oxillama_gguf`
[INFO] [stdout]     --> src/engine/tests.rs:1400:45
[INFO] [stdout]      |
[INFO] [stdout] 1400 |         let tokenizer_json = oxillama_gguf::test_utils::minimal_tokenizer_json();
[INFO] [stdout]      |                                             ^^^^^^^^^^ could not find `test_utils` in `oxillama_gguf`
[INFO] [stdout]      |
[INFO] [stdout] note: found an item that was configured out
[INFO] [stdout]     --> /opt/rustwide/cargo-home/registry/src/index.crates.io-1949cf8c6b5b557f/oxillama-gguf-0.1.4/src/lib.rs:66:9
[INFO] [stdout]      |
[INFO] [stdout]   64 | #[cfg(all(feature = "std", any(test, feature = "test-utils")))]
[INFO] [stdout]      |                               ------------------------------ the item is gated here
[INFO] [stdout]   65 | #[cfg_attr(docsrs, doc(cfg(feature = "test-utils")))]
[INFO] [stdout]   66 | pub mod test_utils;
[INFO] [stdout]      |         ^^^^^^^^^^
[INFO] [stdout] 
[INFO] [stdout] 
[INFO] [stdout] error[E0433]: cannot find `test_utils` in `oxillama_gguf`
[INFO] [stdout]    --> src/speculative.rs:850:41
[INFO] [stdout]     |
[INFO] [stdout] 850 |         let gguf_bytes = oxillama_gguf::test_utils::build_minimal_llama_gguf();
[INFO] [stdout]     |                                         ^^^^^^^^^^ could not find `test_utils` in `oxillama_gguf`
[INFO] [stdout]     |
[INFO] [stdout] note: found an item that was configured out
[INFO] [stdout]    --> /opt/rustwide/cargo-home/registry/src/index.crates.io-1949cf8c6b5b557f/oxillama-gguf-0.1.4/src/lib.rs:66:9
[INFO] [stdout]     |
[INFO] [stdout]  64 | #[cfg(all(feature = "std", any(test, feature = "test-utils")))]
[INFO] [stdout]     |                               ------------------------------ the item is gated here
[INFO] [stdout]  65 | #[cfg_attr(docsrs, doc(cfg(feature = "test-utils")))]
[INFO] [stdout]  66 | pub mod test_utils;
[INFO] [stdout]     |         ^^^^^^^^^^
[INFO] [stdout] 
[INFO] [stdout] 
[INFO] [stdout] error[E0433]: cannot find `test_utils` in `oxillama_gguf`
[INFO] [stdout]    --> src/speculative.rs:851:39
[INFO] [stdout]     |
[INFO] [stdout] 851 |         let tok_json = oxillama_gguf::test_utils::minimal_tokenizer_json();
[INFO] [stdout]     |                                       ^^^^^^^^^^ could not find `test_utils` in `oxillama_gguf`
[INFO] [stdout]     |
[INFO] [stdout] note: found an item that was configured out
[INFO] [stdout]    --> /opt/rustwide/cargo-home/registry/src/index.crates.io-1949cf8c6b5b557f/oxillama-gguf-0.1.4/src/lib.rs:66:9
[INFO] [stdout]     |
[INFO] [stdout]  64 | #[cfg(all(feature = "std", any(test, feature = "test-utils")))]
[INFO] [stdout]     |                               ------------------------------ the item is gated here
[INFO] [stdout]  65 | #[cfg_attr(docsrs, doc(cfg(feature = "test-utils")))]
[INFO] [stdout]  66 | pub mod test_utils;
[INFO] [stdout]     |         ^^^^^^^^^^
[INFO] [stdout] 
[INFO] [stdout] 
[INFO] [stdout] error[E0433]: cannot find `test_utils` in `oxillama_gguf`
[INFO] [stdout]     --> src/speculative.rs:1006:45
[INFO] [stdout]      |
[INFO] [stdout] 1006 |             let gguf_bytes = oxillama_gguf::test_utils::build_minimal_llama_gguf();
[INFO] [stdout]      |                                             ^^^^^^^^^^ could not find `test_utils` in `oxillama_gguf`
[INFO] [stdout]      |
[INFO] [stdout] note: found an item that was configured out
[INFO] [stdout]     --> /opt/rustwide/cargo-home/registry/src/index.crates.io-1949cf8c6b5b557f/oxillama-gguf-0.1.4/src/lib.rs:66:9
[INFO] [stdout]      |
[INFO] [stdout]   64 | #[cfg(all(feature = "std", any(test, feature = "test-utils")))]
[INFO] [stdout]      |                               ------------------------------ the item is gated here
[INFO] [stdout]   65 | #[cfg_attr(docsrs, doc(cfg(feature = "test-utils")))]
[INFO] [stdout]   66 | pub mod test_utils;
[INFO] [stdout]      |         ^^^^^^^^^^
[INFO] [stdout] 
[INFO] [stdout] 
[INFO] [stdout] error[E0433]: cannot find `test_utils` in `oxillama_gguf`
[INFO] [stdout]     --> src/speculative.rs:1007:43
[INFO] [stdout]      |
[INFO] [stdout] 1007 |             let tok_json = oxillama_gguf::test_utils::minimal_tokenizer_json();
[INFO] [stdout]      |                                           ^^^^^^^^^^ could not find `test_utils` in `oxillama_gguf`
[INFO] [stdout]      |
[INFO] [stdout] note: found an item that was configured out
[INFO] [stdout]     --> /opt/rustwide/cargo-home/registry/src/index.crates.io-1949cf8c6b5b557f/oxillama-gguf-0.1.4/src/lib.rs:66:9
[INFO] [stdout]      |
[INFO] [stdout]   64 | #[cfg(all(feature = "std", any(test, feature = "test-utils")))]
[INFO] [stdout]      |                               ------------------------------ the item is gated here
[INFO] [stdout]   65 | #[cfg_attr(docsrs, doc(cfg(feature = "test-utils")))]
[INFO] [stdout]   66 | pub mod test_utils;
[INFO] [stdout]      |         ^^^^^^^^^^
[INFO] [stdout] 
[INFO] [stdout] 
[INFO] [stdout] error[E0433]: cannot find `test_utils` in `oxillama_gguf`
[INFO] [stdout]    --> src/speculative_async.rs:931:42
[INFO] [stdout]     |
[INFO] [stdout] 931 |         let model_bytes = oxillama_gguf::test_utils::build_minimal_llama_gguf();
[INFO] [stdout]     |                                          ^^^^^^^^^^ could not find `test_utils` in `oxillama_gguf`
[INFO] [stdout]     |
[INFO] [stdout] note: found an item that was configured out
[INFO] [stdout]    --> /opt/rustwide/cargo-home/registry/src/index.crates.io-1949cf8c6b5b557f/oxillama-gguf-0.1.4/src/lib.rs:66:9
[INFO] [stdout]     |
[INFO] [stdout]  64 | #[cfg(all(feature = "std", any(test, feature = "test-utils")))]
[INFO] [stdout]     |                               ------------------------------ the item is gated here
[INFO] [stdout]  65 | #[cfg_attr(docsrs, doc(cfg(feature = "test-utils")))]
[INFO] [stdout]  66 | pub mod test_utils;
[INFO] [stdout]     |         ^^^^^^^^^^
[INFO] [stdout] 
[INFO] [stdout] 
[INFO] [stdout] error[E0433]: cannot find `test_utils` in `oxillama_gguf`
[INFO] [stdout]    --> src/speculative_async.rs:932:39
[INFO] [stdout]     |
[INFO] [stdout] 932 |         let tok_json = oxillama_gguf::test_utils::minimal_tokenizer_json();
[INFO] [stdout]     |                                       ^^^^^^^^^^ could not find `test_utils` in `oxillama_gguf`
[INFO] [stdout]     |
[INFO] [stdout] note: found an item that was configured out
[INFO] [stdout]    --> /opt/rustwide/cargo-home/registry/src/index.crates.io-1949cf8c6b5b557f/oxillama-gguf-0.1.4/src/lib.rs:66:9
[INFO] [stdout]     |
[INFO] [stdout]  64 | #[cfg(all(feature = "std", any(test, feature = "test-utils")))]
[INFO] [stdout]     |                               ------------------------------ the item is gated here
[INFO] [stdout]  65 | #[cfg_attr(docsrs, doc(cfg(feature = "test-utils")))]
[INFO] [stdout]  66 | pub mod test_utils;
[INFO] [stdout]     |         ^^^^^^^^^^
[INFO] [stdout] 
[INFO] [stdout] 
[INFO] [stdout] error[E0433]: cannot find `test_utils` in `oxillama_gguf`
[INFO] [stdout]   --> tests/cancellation.rs:45:38
[INFO] [stdout]    |
[INFO] [stdout] 45 |     let model_bytes = oxillama_gguf::test_utils::build_minimal_llama_gguf();
[INFO] [stdout]    |                                      ^^^^^^^^^^ could not find `test_utils` in `oxillama_gguf`
[INFO] [stdout]    |
[INFO] [stdout] note: found an item that was configured out
[INFO] [stdout]   --> /opt/rustwide/cargo-home/registry/src/index.crates.io-1949cf8c6b5b557f/oxillama-gguf-0.1.4/src/lib.rs:66:9
[INFO] [stdout]    |
[INFO] [stdout] 64 | #[cfg(all(feature = "std", any(test, feature = "test-utils")))]
[INFO] [stdout]    |                               ------------------------------ the item is gated here
[INFO] [stdout] 65 | #[cfg_attr(docsrs, doc(cfg(feature = "test-utils")))]
[INFO] [stdout] 66 | pub mod test_utils;
[INFO] [stdout]    |         ^^^^^^^^^^
[INFO] [stdout] 
[INFO] [stdout] 
[INFO] [stdout] error[E0433]: cannot find `test_utils` in `oxillama_gguf`
[INFO] [stdout]   --> tests/cancellation.rs:46:41
[INFO] [stdout]    |
[INFO] [stdout] 46 |     let tokenizer_json = oxillama_gguf::test_utils::minimal_tokenizer_json();
[INFO] [stdout]    |                                         ^^^^^^^^^^ could not find `test_utils` in `oxillama_gguf`
[INFO] [stdout]    |
[INFO] [stdout] note: found an item that was configured out
[INFO] [stdout]   --> /opt/rustwide/cargo-home/registry/src/index.crates.io-1949cf8c6b5b557f/oxillama-gguf-0.1.4/src/lib.rs:66:9
[INFO] [stdout]    |
[INFO] [stdout] 64 | #[cfg(all(feature = "std", any(test, feature = "test-utils")))]
[INFO] [stdout]    |                               ------------------------------ the item is gated here
[INFO] [stdout] 65 | #[cfg_attr(docsrs, doc(cfg(feature = "test-utils")))]
[INFO] [stdout] 66 | pub mod test_utils;
[INFO] [stdout]    |         ^^^^^^^^^^
[INFO] [stdout] 
[INFO] [stdout] 
[INFO] [stdout] error[E0433]: cannot find `test_utils` in `oxillama_gguf`
[INFO] [stdout]   --> tests/grammar_generation.rs:44:38
[INFO] [stdout]    |
[INFO] [stdout] 44 |     let model_bytes = oxillama_gguf::test_utils::build_minimal_llama_gguf();
[INFO] [stdout]    |                                      ^^^^^^^^^^ could not find `test_utils` in `oxillama_gguf`
[INFO] [stdout]    |
[INFO] [stdout] note: found an item that was configured out
[INFO] [stdout]   --> /opt/rustwide/cargo-home/registry/src/index.crates.io-1949cf8c6b5b557f/oxillama-gguf-0.1.4/src/lib.rs:66:9
[INFO] [stdout]    |
[INFO] [stdout] 64 | #[cfg(all(feature = "std", any(test, feature = "test-utils")))]
[INFO] [stdout]    |                               ------------------------------ the item is gated here
[INFO] [stdout] 65 | #[cfg_attr(docsrs, doc(cfg(feature = "test-utils")))]
[INFO] [stdout] 66 | pub mod test_utils;
[INFO] [stdout]    |         ^^^^^^^^^^
[INFO] [stdout] 
[INFO] [stdout] 
[INFO] [stdout] error[E0433]: cannot find `test_utils` in `oxillama_gguf`
[INFO] [stdout]    --> tests/snapshot.rs:251:38
[INFO] [stdout]     |
[INFO] [stdout] 251 |     let model_bytes = oxillama_gguf::test_utils::build_minimal_llama_gguf();
[INFO] [stdout]     |                                      ^^^^^^^^^^ could not find `test_utils` in `oxillama_gguf`
[INFO] [stdout]     |
[INFO] [stdout] note: found an item that was configured out
[INFO] [stdout]    --> /opt/rustwide/cargo-home/registry/src/index.crates.io-1949cf8c6b5b557f/oxillama-gguf-0.1.4/src/lib.rs:66:9
[INFO] [stdout]     |
[INFO] [stdout]  64 | #[cfg(all(feature = "std", any(test, feature = "test-utils")))]
[INFO] [stdout]     |                               ------------------------------ the item is gated here
[INFO] [stdout]  65 | #[cfg_attr(docsrs, doc(cfg(feature = "test-utils")))]
[INFO] [stdout]  66 | pub mod test_utils;
[INFO] [stdout]     |         ^^^^^^^^^^
[INFO] [stdout] 
[INFO] [stdout] 
[INFO] [stdout] error[E0433]: cannot find `test_utils` in `oxillama_gguf`
[INFO] [stdout]   --> tests/grammar_generation.rs:45:41
[INFO] [stdout]    |
[INFO] [stdout] 45 |     let tokenizer_json = oxillama_gguf::test_utils::minimal_tokenizer_json();
[INFO] [stdout]    |                                         ^^^^^^^^^^ could not find `test_utils` in `oxillama_gguf`
[INFO] [stdout]    |
[INFO] [stdout] note: found an item that was configured out
[INFO] [stdout]   --> /opt/rustwide/cargo-home/registry/src/index.crates.io-1949cf8c6b5b557f/oxillama-gguf-0.1.4/src/lib.rs:66:9
[INFO] [stdout]    |
[INFO] [stdout] 64 | #[cfg(all(feature = "std", any(test, feature = "test-utils")))]
[INFO] [stdout]    |                               ------------------------------ the item is gated here
[INFO] [stdout] 65 | #[cfg_attr(docsrs, doc(cfg(feature = "test-utils")))]
[INFO] [stdout] 66 | pub mod test_utils;
[INFO] [stdout]    |         ^^^^^^^^^^
[INFO] [stdout] 
[INFO] [stdout] 
[INFO] [stdout] For more information about this error, try `rustc --explain E0433`.
[INFO] [stdout] 
[INFO] [stdout] error[E0433]: cannot find `test_utils` in `oxillama_gguf`
[INFO] [stdout]    --> tests/snapshot.rs:252:41
[INFO] [stdout]     |
[INFO] [stdout] 252 |     let tokenizer_json = oxillama_gguf::test_utils::minimal_tokenizer_json();
[INFO] [stdout]     |                                         ^^^^^^^^^^ could not find `test_utils` in `oxillama_gguf`
[INFO] [stdout]     |
[INFO] [stdout] note: found an item that was configured out
[INFO] [stdout]    --> /opt/rustwide/cargo-home/registry/src/index.crates.io-1949cf8c6b5b557f/oxillama-gguf-0.1.4/src/lib.rs:66:9
[INFO] [stdout]     |
[INFO] [stdout]  64 | #[cfg(all(feature = "std", any(test, feature = "test-utils")))]
[INFO] [stdout]     |                               ------------------------------ the item is gated here
[INFO] [stdout]  65 | #[cfg_attr(docsrs, doc(cfg(feature = "test-utils")))]
[INFO] [stdout]  66 | pub mod test_utils;
[INFO] [stdout]     |         ^^^^^^^^^^
[INFO] [stdout] 
[INFO] [stdout] 
[INFO] [stderr] error: could not compile `oxillama-runtime` (test "cancellation") due to 2 previous errors
[INFO] [stderr] warning: build failed, waiting for other jobs to finish...
[INFO] [stdout] For more information about this error, try `rustc --explain E0433`.
[INFO] [stdout] 
[INFO] [stderr] error: could not compile `oxillama-runtime` (test "grammar_generation") due to 2 previous errors
[INFO] [stdout] For more information about this error, try `rustc --explain E0433`.
[INFO] [stdout] 
[INFO] [stderr] error: could not compile `oxillama-runtime` (test "snapshot") due to 2 previous errors
[INFO] [stdout] Some errors have detailed explanations: E0432, E0433.
[INFO] [stdout] 
[INFO] [stdout] For more information about an error, try `rustc --explain E0432`.
[INFO] [stdout] 
[INFO] [stderr] error: could not compile `oxillama-runtime` (lib test) due to 44 previous errors
[INFO] running `Command { std: "docker" "inspect" "ea9a7003b37174806918d9b3d82aec6940448945394815f83404fbccd818d50e", kill_on_drop: false }`
[INFO] running `Command { std: "docker" "rm" "-f" "ea9a7003b37174806918d9b3d82aec6940448945394815f83404fbccd818d50e", kill_on_drop: false }`
[INFO] [stdout] ea9a7003b37174806918d9b3d82aec6940448945394815f83404fbccd818d50e
