[INFO] fetching crate oxillama-py 0.1.4...
[INFO] checking oxillama-py-0.1.4 against 3154cc1a3e6424e44f438a95007d043ed5ceaaf6 for pr-133502-30
[INFO] extracting crate oxillama-py 0.1.4 into /workspace/builds/worker-6-tc2/source
[INFO] started tweaking crates.io crate oxillama-py 0.1.4
[INFO] finished tweaking crates.io crate oxillama-py 0.1.4
[INFO] tweaked toml for crates.io crate oxillama-py 0.1.4 written to /workspace/builds/worker-6-tc2/source/Cargo.toml
[INFO] validating manifest of crates.io crate oxillama-py 0.1.4 on toolchain 3154cc1a3e6424e44f438a95007d043ed5ceaaf6
[INFO] running `Command { std: CARGO_HOME="/workspace/cargo-home" RUSTUP_HOME="/workspace/rustup-home" "/workspace/cargo-home/bin/cargo" "+3154cc1a3e6424e44f438a95007d043ed5ceaaf6" "metadata" "--manifest-path" "Cargo.toml" "--no-deps", kill_on_drop: false }`
[INFO] crate crates.io crate oxillama-py 0.1.4 already has a lockfile, it will not be regenerated
[INFO] running `Command { std: CARGO_HOME="/workspace/cargo-home" RUSTUP_HOME="/workspace/rustup-home" "/workspace/cargo-home/bin/cargo" "+3154cc1a3e6424e44f438a95007d043ed5ceaaf6" "fetch" "--manifest-path" "Cargo.toml", kill_on_drop: false }`
[INFO] running `Command { std: "docker" "create" "-v" "/var/lib/crater-agent-workspace/builds/worker-6-tc2/source:/opt/rustwide/workdir:ro,Z" "-v" "/var/lib/crater-agent-workspace/builds/worker-6-tc2/target:/opt/rustwide/target:rw,Z" "-v" "/var/lib/crater-agent-workspace/cargo-home:/opt/rustwide/cargo-home:ro,Z" "-v" "/var/lib/crater-agent-workspace/rustup-home:/opt/rustwide/rustup-home:ro,Z" "-m" "1610612736" "--network" "none" "ghcr.io/rust-lang/crates-build-env/linux@sha256:77db811e55d90add9212f6832c23229e3de5f1c1f9905e8cb07319ea15df73ac" "sleep" "infinity", kill_on_drop: false }`
[INFO] [stdout] 836352417ac6372730e33b81db597aeb5597d79cc37b5e223b87208996677eb3
[INFO] running `Command { std: "docker" "start" "836352417ac6372730e33b81db597aeb5597d79cc37b5e223b87208996677eb3", kill_on_drop: false }`
[INFO] running `Command { std: "docker" "inspect" "836352417ac6372730e33b81db597aeb5597d79cc37b5e223b87208996677eb3", kill_on_drop: false }`
[INFO] running `Command { std: "docker" "exec" "-e" "SOURCE_DIR=/opt/rustwide/workdir" "-e" "CARGO_HOME=/opt/rustwide/cargo-home" "-e" "RUSTUP_HOME=/opt/rustwide/rustup-home" "-e" "CARGO_TARGET_DIR=/opt/rustwide/target" "-w" "/opt/rustwide/workdir" "--user" "0:0" "836352417ac6372730e33b81db597aeb5597d79cc37b5e223b87208996677eb3" "/opt/rustwide/cargo-home/bin/cargo" "+3154cc1a3e6424e44f438a95007d043ed5ceaaf6" "metadata" "--no-deps" "--format-version=1", kill_on_drop: false }`
[INFO] running `Command { std: "docker" "inspect" "836352417ac6372730e33b81db597aeb5597d79cc37b5e223b87208996677eb3", kill_on_drop: false }`
[INFO] running `Command { std: "docker" "exec" "-e" "SOURCE_DIR=/opt/rustwide/workdir" "-e" "CARGO_HOME=/opt/rustwide/cargo-home" "-e" "RUSTUP_HOME=/opt/rustwide/rustup-home" "-e" "CARGO_TARGET_DIR=/opt/rustwide/target" "-e" "CARGO_INCREMENTAL=0" "-e" "RUST_BACKTRACE=full" "-e" "RUSTFLAGS=--cap-lints=forbid" "-e" "RUSTDOCFLAGS=--cap-lints=forbid" "-w" "/opt/rustwide/workdir" "--user" "0:0" "836352417ac6372730e33b81db597aeb5597d79cc37b5e223b87208996677eb3" "/opt/rustwide/cargo-home/bin/cargo" "+3154cc1a3e6424e44f438a95007d043ed5ceaaf6" "check" "--frozen" "--all" "--all-targets" "--message-format=json", kill_on_drop: false }`
[INFO] [stderr]    Compiling serde v1.0.229
[INFO] [stderr]    Compiling zerocopy v0.8.56
[INFO] [stderr]    Compiling libm v0.2.16
[INFO] [stderr]    Compiling target-lexicon v0.13.5
[INFO] [stderr]    Compiling num-traits v0.2.19
[INFO] [stderr]    Compiling crossbeam-epoch v0.9.20
[INFO] [stderr]    Compiling serde_json v1.0.151
[INFO] [stderr]    Compiling crossbeam-deque v0.8.7
[INFO] [stderr]    Compiling syn v2.0.119
[INFO] [stderr]    Compiling blake3 v1.8.6
[INFO] [stderr]     Checking aho-corasick v1.1.5
[INFO] [stderr]    Compiling bytemuck_derive v1.12.0
[INFO] [stderr]    Compiling thiserror-impl v2.0.20
[INFO] [stderr]    Compiling rayon-core v1.13.0
[INFO] [stderr]     Checking arrayvec v0.7.8
[INFO] [stderr]     Checking unty v0.0.5
[INFO] [stderr]     Checking arrayref v0.3.9
[INFO] [stderr]     Checking bit-vec v0.8.0
[INFO] [stderr]     Checking constant_time_eq v0.4.2
[INFO] [stderr]     Checking either v1.17.0
[INFO] [stderr]     Checking hybrid-array v0.4.14
[INFO] [stderr]    Compiling ahash v0.8.12
[INFO] [stderr]     Checking memmap2 v0.9.11
[INFO] [stderr]    Compiling esaxx-rs v0.1.10
[INFO] [stderr]    Compiling paste v1.0.15
[INFO] [stderr]     Checking minimal-lexical v0.2.1
[INFO] [stderr]    Compiling rustix v1.1.4
[INFO] [stderr]     Checking itertools v0.14.0
[INFO] [stderr]     Checking castaway v0.2.4
[INFO] [stderr]    Compiling pastey v0.2.3
[INFO] [stderr]     Checking bit-set v0.8.0
[INFO] [stderr]     Checking nom v7.1.3
[INFO] [stderr]     Checking linux-raw-sys v0.12.1
[INFO] [stderr]     Checking bitflags v2.13.1
[INFO] [stderr]     Checking regex-automata v0.4.18
[INFO] [stderr]    Compiling macro_rules_attribute-proc_macro v0.2.3
[INFO] [stderr]     Checking rayon v1.12.0
[INFO] [stderr]     Checking base64 v0.13.1
[INFO] [stderr]     Checking smallvec v1.15.2
[INFO] [stderr]     Checking crypto-common v0.2.2
[INFO] [stderr]     Checking block-buffer v0.12.1
[INFO] [stderr]     Checking compact_str v0.9.1
[INFO] [stderr]     Checking dary_heap v0.3.9
[INFO] [stderr]     Checking unicode-normalization-alignments v0.1.12
[INFO] [stderr]    Compiling pyo3-build-config v0.29.2
[INFO] [stderr]     Checking daachorse v1.0.1
[INFO] [stderr]     Checking fastrand v2.5.0
[INFO] [stderr]     Checking macro_rules_attribute v0.2.3
[INFO] [stderr]     Checking unicode_categories v0.1.1
[INFO] [stderr]     Checking digest v0.11.3
[INFO] [stderr]     Checking thiserror v2.0.20
[INFO] [stderr]     Checking sha2 v0.11.0
[INFO] [stderr]     Checking bytemuck v1.25.2
[INFO] [stderr]    Compiling pyo3-ffi v0.29.2
[INFO] [stderr]    Compiling pyo3 v0.29.2
[INFO] [stderr]     Checking num-complex v0.4.6
[INFO] [stderr]     Checking tempfile v3.27.0
[INFO] [stderr]     Checking spm_precompiled v0.1.4
[INFO] [stderr]     Checking rayon-cond v0.4.0
[INFO] [stderr]     Checking regex v1.13.1
[INFO] [stderr]     Checking fancy-regex v0.17.0
[INFO] [stderr]     Checking fancy-regex v0.19.0
[INFO] [stderr]    Compiling darling_core v0.20.11
[INFO] [stderr]    Compiling pyo3-macros-backend v0.29.2
[INFO] [stderr]    Compiling zerocopy-derive v0.8.56
[INFO] [stderr]    Compiling oxicode_derive v0.2.6
[INFO] [stderr]    Compiling tracing-attributes v0.1.31
[INFO] [stderr]    Compiling monostate-impl v0.1.18
[INFO] [stderr]     Checking monostate v0.1.18
[INFO] [stderr]     Checking oxicode v0.2.6
[INFO] [stderr]     Checking tracing v0.1.44
[INFO] [stderr]    Compiling darling_macro v0.20.11
[INFO] [stderr]    Compiling darling v0.20.11
[INFO] [stderr]    Compiling derive_builder_core v0.20.2
[INFO] [stderr]     Checking half v2.7.1
[INFO] [stderr]     Checking ppv-lite86 v0.2.21
[INFO] [stderr]    Compiling derive_builder_macro v0.20.2
[INFO] [stderr]     Checking derive_builder v0.20.2
[INFO] [stderr]     Checking rand_chacha v0.9.0
[INFO] [stderr]     Checking oxiblas-core v0.2.2
[INFO] [stderr]     Checking oxillama-gguf v0.1.4
[INFO] [stderr]     Checking rand v0.9.5
[INFO] [stderr]    Compiling pyo3-macros v0.29.2
[INFO] [stderr]     Checking tokenizers v0.23.1
[INFO] [stderr]     Checking oxiblas-matrix v0.2.2
[INFO] [stderr]     Checking oxiblas-blas v0.2.2
[INFO] [stderr]     Checking oxiblas-sparse v0.2.2
[INFO] [stderr]     Checking oxiblas-lapack v0.2.2
[INFO] [stderr]     Checking oxiblas v0.2.2
[INFO] [stderr]     Checking oxillama-quant v0.1.4
[INFO] [stderr]     Checking oxillama-arch v0.1.4
[INFO] [stderr]     Checking oxillama-runtime v0.1.4
[INFO] [stderr]     Checking oxillama-py v0.1.4 (/opt/rustwide/workdir)
[INFO] [stdout] error[E0432]: unresolved import `oxillama_quant`
[INFO] [stdout]   --> src/lora.rs:81:9
[INFO] [stdout]    |
[INFO] [stdout] 81 |     use oxillama_quant::LoraAdapter;
[INFO] [stdout]    |         ^^^^^^^^^^^^^^ use of unresolved module or unlinked crate `oxillama_quant`
[INFO] [stdout]    |
[INFO] [stdout]    = help: if you wanted to use a crate named `oxillama_quant`, use `cargo add oxillama_quant` to add it to your `Cargo.toml`
[INFO] [stdout] 
[INFO] [stdout] 
[INFO] [stdout] error[E0433]: cannot find module or crate `oxillama_quant` in this scope
[INFO] [stdout]    --> src/error.rs:237:33
[INFO] [stdout]     |
[INFO] [stdout] 237 |             RuntimeError::Quant(oxillama_quant::QuantError::UnsupportedType {
[INFO] [stdout]     |                                 ^^^^^^^^^^^^^^ use of unresolved module or unlinked crate `oxillama_quant`
[INFO] [stdout]     |
[INFO] [stdout]     = help: if you wanted to use a crate named `oxillama_quant`, use `cargo add oxillama_quant` to add it to your `Cargo.toml`
[INFO] [stdout] help: consider importing this struct
[INFO] [stdout]     |
[INFO] [stdout] 204 +     use crate::error::QuantError;
[INFO] [stdout]     |
[INFO] [stdout] help: if you import `QuantError`, refer to it directly
[INFO] [stdout]     |
[INFO] [stdout] 237 -             RuntimeError::Quant(oxillama_quant::QuantError::UnsupportedType {
[INFO] [stdout] 237 +             RuntimeError::Quant(QuantError::UnsupportedType {
[INFO] [stdout]     |
[INFO] [stdout] 
[INFO] [stdout] 
[INFO] [stdout] error[E0433]: cannot find module or crate `oxillama_quant` in this scope
[INFO] [stdout]    --> src/error.rs:267:30
[INFO] [stdout]     |
[INFO] [stdout] 267 |             ArchError::Quant(oxillama_quant::QuantError::UnsupportedType {
[INFO] [stdout]     |                              ^^^^^^^^^^^^^^ use of unresolved module or unlinked crate `oxillama_quant`
[INFO] [stdout]     |
[INFO] [stdout]     = help: if you wanted to use a crate named `oxillama_quant`, use `cargo add oxillama_quant` to add it to your `Cargo.toml`
[INFO] [stdout] help: consider importing this struct
[INFO] [stdout]     |
[INFO] [stdout] 204 +     use crate::error::QuantError;
[INFO] [stdout]     |
[INFO] [stdout] help: if you import `QuantError`, refer to it directly
[INFO] [stdout]     |
[INFO] [stdout] 267 -             ArchError::Quant(oxillama_quant::QuantError::UnsupportedType {
[INFO] [stdout] 267 +             ArchError::Quant(QuantError::UnsupportedType {
[INFO] [stdout]     |
[INFO] [stdout] 
[INFO] [stdout] 
[INFO] [stdout] Some errors have detailed explanations: E0432, E0433.
[INFO] [stdout] 
[INFO] [stdout] For more information about an error, try `rustc --explain E0432`.
[INFO] [stdout] 
[INFO] [stderr] error: could not compile `oxillama-py` (lib test) due to 3 previous errors
[INFO] running `Command { std: "docker" "inspect" "836352417ac6372730e33b81db597aeb5597d79cc37b5e223b87208996677eb3", kill_on_drop: false }`
[INFO] running `Command { std: "docker" "rm" "-f" "836352417ac6372730e33b81db597aeb5597d79cc37b5e223b87208996677eb3", kill_on_drop: false }`
[INFO] [stdout] 836352417ac6372730e33b81db597aeb5597d79cc37b5e223b87208996677eb3
