[INFO] fetching crate oxillama-arch 0.1.4...
[INFO] checking oxillama-arch-0.1.4 against 3154cc1a3e6424e44f438a95007d043ed5ceaaf6 for pr-133502-30
[INFO] extracting crate oxillama-arch 0.1.4 into /workspace/builds/worker-7-tc2/source
[INFO] started tweaking crates.io crate oxillama-arch 0.1.4
[INFO] removed 0 missing tests
[INFO] finished tweaking crates.io crate oxillama-arch 0.1.4
[INFO] tweaked toml for crates.io crate oxillama-arch 0.1.4 written to /workspace/builds/worker-7-tc2/source/Cargo.toml
[INFO] validating manifest of crates.io crate oxillama-arch 0.1.4 on toolchain 3154cc1a3e6424e44f438a95007d043ed5ceaaf6
[INFO] running `Command { std: CARGO_HOME="/workspace/cargo-home" RUSTUP_HOME="/workspace/rustup-home" "/workspace/cargo-home/bin/cargo" "+3154cc1a3e6424e44f438a95007d043ed5ceaaf6" "metadata" "--manifest-path" "Cargo.toml" "--no-deps", kill_on_drop: false }`
[INFO] crate crates.io crate oxillama-arch 0.1.4 already has a lockfile, it will not be regenerated
[INFO] running `Command { std: CARGO_HOME="/workspace/cargo-home" RUSTUP_HOME="/workspace/rustup-home" "/workspace/cargo-home/bin/cargo" "+3154cc1a3e6424e44f438a95007d043ed5ceaaf6" "fetch" "--manifest-path" "Cargo.toml", kill_on_drop: false }`
[INFO] running `Command { std: "docker" "create" "-v" "/var/lib/crater-agent-workspace/builds/worker-7-tc2/source:/opt/rustwide/workdir:ro,Z" "-v" "/var/lib/crater-agent-workspace/builds/worker-7-tc2/target:/opt/rustwide/target:rw,Z" "-v" "/var/lib/crater-agent-workspace/cargo-home:/opt/rustwide/cargo-home:ro,Z" "-v" "/var/lib/crater-agent-workspace/rustup-home:/opt/rustwide/rustup-home:ro,Z" "-m" "1610612736" "--network" "none" "ghcr.io/rust-lang/crates-build-env/linux@sha256:77db811e55d90add9212f6832c23229e3de5f1c1f9905e8cb07319ea15df73ac" "sleep" "infinity", kill_on_drop: false }`
[INFO] [stdout] 3444b2bfdbbb71e5128daeb2a2a3230eec774d46ab96b3913a15d6ae35d03cc2
[INFO] running `Command { std: "docker" "start" "3444b2bfdbbb71e5128daeb2a2a3230eec774d46ab96b3913a15d6ae35d03cc2", kill_on_drop: false }`
[INFO] running `Command { std: "docker" "inspect" "3444b2bfdbbb71e5128daeb2a2a3230eec774d46ab96b3913a15d6ae35d03cc2", kill_on_drop: false }`
[INFO] running `Command { std: "docker" "exec" "-e" "SOURCE_DIR=/opt/rustwide/workdir" "-e" "CARGO_HOME=/opt/rustwide/cargo-home" "-e" "RUSTUP_HOME=/opt/rustwide/rustup-home" "-e" "CARGO_TARGET_DIR=/opt/rustwide/target" "-w" "/opt/rustwide/workdir" "--user" "0:0" "3444b2bfdbbb71e5128daeb2a2a3230eec774d46ab96b3913a15d6ae35d03cc2" "/opt/rustwide/cargo-home/bin/cargo" "+3154cc1a3e6424e44f438a95007d043ed5ceaaf6" "metadata" "--no-deps" "--format-version=1", kill_on_drop: false }`
[INFO] running `Command { std: "docker" "inspect" "3444b2bfdbbb71e5128daeb2a2a3230eec774d46ab96b3913a15d6ae35d03cc2", kill_on_drop: false }`
[INFO] running `Command { std: "docker" "exec" "-e" "SOURCE_DIR=/opt/rustwide/workdir" "-e" "CARGO_HOME=/opt/rustwide/cargo-home" "-e" "RUSTUP_HOME=/opt/rustwide/rustup-home" "-e" "CARGO_TARGET_DIR=/opt/rustwide/target" "-e" "CARGO_INCREMENTAL=0" "-e" "RUST_BACKTRACE=full" "-e" "RUSTFLAGS=--cap-lints=forbid" "-e" "RUSTDOCFLAGS=--cap-lints=forbid" "-w" "/opt/rustwide/workdir" "--user" "0:0" "3444b2bfdbbb71e5128daeb2a2a3230eec774d46ab96b3913a15d6ae35d03cc2" "/opt/rustwide/cargo-home/bin/cargo" "+3154cc1a3e6424e44f438a95007d043ed5ceaaf6" "check" "--frozen" "--all" "--all-targets" "--message-format=json", kill_on_drop: false }`
[INFO] [stderr]    Compiling zerocopy v0.8.56
[INFO] [stderr]    Compiling serde v1.0.229
[INFO] [stderr]    Compiling find-msvc-tools v0.1.11
[INFO] [stderr]    Compiling getrandom v0.3.4
[INFO] [stderr]    Compiling proc-macro2 v1.0.107
[INFO] [stderr]    Compiling thiserror v2.0.20
[INFO] [stderr]    Compiling rustix v1.1.4
[INFO] [stderr]    Compiling serde_json v1.0.151
[INFO] [stderr]     Checking linux-raw-sys v0.12.1
[INFO] [stderr]     Checking cpufeatures v0.3.0
[INFO] [stderr]     Checking unty v0.0.5
[INFO] [stderr]     Checking getrandom v0.4.3
[INFO] [stderr]     Checking wait-timeout v0.2.1
[INFO] [stderr]     Checking bit-vec v0.8.0
[INFO] [stderr]     Checking quick-error v1.2.3
[INFO] [stderr]     Checking unarray v0.1.4
[INFO] [stderr]    Compiling cc v1.4.3
[INFO] [stderr]     Checking bit-set v0.8.0
[INFO] [stderr]     Checking rand_core v0.9.5
[INFO] [stderr]    Compiling quote v1.0.47
[INFO] [stderr]     Checking rand v0.9.5
[INFO] [stderr]     Checking rand_xorshift v0.4.0
[INFO] [stderr]    Compiling syn v2.0.119
[INFO] [stderr]    Compiling syn v3.0.3
[INFO] [stderr]    Compiling blake3 v1.8.6
[INFO] [stderr]    Compiling serde_derive v1.0.229
[INFO] [stderr]    Compiling bytemuck_derive v1.12.0
[INFO] [stderr]    Compiling thiserror-impl v2.0.20
[INFO] [stderr]     Checking tempfile v3.27.0
[INFO] [stderr]     Checking rusty-fork v0.3.1
[INFO] [stderr]     Checking bytemuck v1.25.2
[INFO] [stderr]     Checking num-complex v0.4.6
[INFO] [stderr]    Compiling zerocopy-derive v0.8.56
[INFO] [stderr]    Compiling oxicode_derive v0.2.6
[INFO] [stderr]    Compiling tracing-attributes v0.1.31
[INFO] [stderr]     Checking tracing v0.1.44
[INFO] [stderr]     Checking oxicode v0.2.6
[INFO] [stderr]     Checking half v2.7.1
[INFO] [stderr]     Checking ppv-lite86 v0.2.21
[INFO] [stderr]     Checking rand_chacha v0.9.0
[INFO] [stderr]     Checking oxiblas-core v0.2.2
[INFO] [stderr]     Checking oxillama-gguf v0.1.4
[INFO] [stderr]     Checking proptest v1.11.0
[INFO] [stderr]     Checking oxiblas-matrix v0.2.2
[INFO] [stderr]     Checking oxiblas-blas v0.2.2
[INFO] [stderr]     Checking oxiblas-sparse v0.2.2
[INFO] [stderr]     Checking oxiblas-lapack v0.2.2
[INFO] [stderr]     Checking oxiblas v0.2.2
[INFO] [stderr]     Checking oxillama-quant v0.1.4
[INFO] [stderr]     Checking oxillama-arch v0.1.4 (/opt/rustwide/workdir)
[INFO] [stdout] error[E0432]: unresolved import `oxillama_gguf::test_utils`
[INFO] [stdout]    --> src/qwen2_vl/mod.rs:186:24
[INFO] [stdout]     |
[INFO] [stdout] 186 |     use oxillama_gguf::test_utils::build_minimal_qwen2vl_gguf;
[INFO] [stdout]     |                        ^^^^^^^^^^ could not find `test_utils` in `oxillama_gguf`
[INFO] [stdout]     |
[INFO] [stdout] note: found an item that was configured out
[INFO] [stdout]    --> /opt/rustwide/cargo-home/registry/src/index.crates.io-1949cf8c6b5b557f/oxillama-gguf-0.1.4/src/lib.rs:66:9
[INFO] [stdout]     |
[INFO] [stdout]  64 | #[cfg(all(feature = "std", any(test, feature = "test-utils")))]
[INFO] [stdout]     |                               ------------------------------ the item is gated here
[INFO] [stdout]  65 | #[cfg_attr(docsrs, doc(cfg(feature = "test-utils")))]
[INFO] [stdout]  66 | pub mod test_utils;
[INFO] [stdout]     |         ^^^^^^^^^^
[INFO] [stdout] 
[INFO] [stdout] 
[INFO] [stdout] error[E0432]: unresolved import `oxillama_gguf::test_utils`
[INFO] [stdout]     --> src/bloom/model.rs:1043:28
[INFO] [stdout]      |
[INFO] [stdout] 1043 |         use oxillama_gguf::test_utils::build_minimal_bloom_gguf;
[INFO] [stdout]      |                            ^^^^^^^^^^ could not find `test_utils` in `oxillama_gguf`
[INFO] [stdout]      |
[INFO] [stdout] note: found an item that was configured out
[INFO] [stdout]     --> /opt/rustwide/cargo-home/registry/src/index.crates.io-1949cf8c6b5b557f/oxillama-gguf-0.1.4/src/lib.rs:66:9
[INFO] [stdout]      |
[INFO] [stdout]   64 | #[cfg(all(feature = "std", any(test, feature = "test-utils")))]
[INFO] [stdout]      |                               ------------------------------ the item is gated here
[INFO] [stdout]   65 | #[cfg_attr(docsrs, doc(cfg(feature = "test-utils")))]
[INFO] [stdout]   66 | pub mod test_utils;
[INFO] [stdout]      |         ^^^^^^^^^^
[INFO] [stdout] 
[INFO] [stdout] 
[INFO] [stdout] error[E0432]: unresolved import `oxillama_gguf::test_utils`
[INFO] [stdout]    --> src/lora/loader.rs:332:29
[INFO] [stdout]     |
[INFO] [stdout] 332 |         use oxillama_gguf::{test_utils::build_minimal_lora_gguf, GgufModel};
[INFO] [stdout]     |                             ^^^^^^^^^^ could not find `test_utils` in `oxillama_gguf`
[INFO] [stdout]     |
[INFO] [stdout] note: found an item that was configured out
[INFO] [stdout]    --> /opt/rustwide/cargo-home/registry/src/index.crates.io-1949cf8c6b5b557f/oxillama-gguf-0.1.4/src/lib.rs:66:9
[INFO] [stdout]     |
[INFO] [stdout]  64 | #[cfg(all(feature = "std", any(test, feature = "test-utils")))]
[INFO] [stdout]     |                               ------------------------------ the item is gated here
[INFO] [stdout]  65 | #[cfg_attr(docsrs, doc(cfg(feature = "test-utils")))]
[INFO] [stdout]  66 | pub mod test_utils;
[INFO] [stdout]     |         ^^^^^^^^^^
[INFO] [stdout] 
[INFO] [stdout] 
[INFO] [stdout] error[E0432]: unresolved import `oxillama_gguf::test_utils`
[INFO] [stdout]    --> src/lora/loader.rs:343:29
[INFO] [stdout]     |
[INFO] [stdout] 343 |         use oxillama_gguf::{test_utils::build_minimal_lora_gguf, GgufModel};
[INFO] [stdout]     |                             ^^^^^^^^^^ could not find `test_utils` in `oxillama_gguf`
[INFO] [stdout]     |
[INFO] [stdout] note: found an item that was configured out
[INFO] [stdout]    --> /opt/rustwide/cargo-home/registry/src/index.crates.io-1949cf8c6b5b557f/oxillama-gguf-0.1.4/src/lib.rs:66:9
[INFO] [stdout]     |
[INFO] [stdout]  64 | #[cfg(all(feature = "std", any(test, feature = "test-utils")))]
[INFO] [stdout]     |                               ------------------------------ the item is gated here
[INFO] [stdout]  65 | #[cfg_attr(docsrs, doc(cfg(feature = "test-utils")))]
[INFO] [stdout]  66 | pub mod test_utils;
[INFO] [stdout]     |         ^^^^^^^^^^
[INFO] [stdout] 
[INFO] [stdout] 
[INFO] [stdout] error[E0432]: unresolved import `oxillama_gguf::test_utils`
[INFO] [stdout]    --> src/lora/loader.rs:352:29
[INFO] [stdout]     |
[INFO] [stdout] 352 |         use oxillama_gguf::{test_utils::build_minimal_lora_gguf, GgufModel};
[INFO] [stdout]     |                             ^^^^^^^^^^ could not find `test_utils` in `oxillama_gguf`
[INFO] [stdout]     |
[INFO] [stdout] note: found an item that was configured out
[INFO] [stdout]    --> /opt/rustwide/cargo-home/registry/src/index.crates.io-1949cf8c6b5b557f/oxillama-gguf-0.1.4/src/lib.rs:66:9
[INFO] [stdout]     |
[INFO] [stdout]  64 | #[cfg(all(feature = "std", any(test, feature = "test-utils")))]
[INFO] [stdout]     |                               ------------------------------ the item is gated here
[INFO] [stdout]  65 | #[cfg_attr(docsrs, doc(cfg(feature = "test-utils")))]
[INFO] [stdout]  66 | pub mod test_utils;
[INFO] [stdout]     |         ^^^^^^^^^^
[INFO] [stdout] 
[INFO] [stdout] 
[INFO] [stdout] error[E0432]: unresolved import `oxillama_gguf::test_utils`
[INFO] [stdout]    --> src/lora/loader.rs:365:29
[INFO] [stdout]     |
[INFO] [stdout] 365 |         use oxillama_gguf::{test_utils::build_minimal_lora_gguf, GgufModel};
[INFO] [stdout]     |                             ^^^^^^^^^^ could not find `test_utils` in `oxillama_gguf`
[INFO] [stdout]     |
[INFO] [stdout] note: found an item that was configured out
[INFO] [stdout]    --> /opt/rustwide/cargo-home/registry/src/index.crates.io-1949cf8c6b5b557f/oxillama-gguf-0.1.4/src/lib.rs:66:9
[INFO] [stdout]     |
[INFO] [stdout]  64 | #[cfg(all(feature = "std", any(test, feature = "test-utils")))]
[INFO] [stdout]     |                               ------------------------------ the item is gated here
[INFO] [stdout]  65 | #[cfg_attr(docsrs, doc(cfg(feature = "test-utils")))]
[INFO] [stdout]  66 | pub mod test_utils;
[INFO] [stdout]     |         ^^^^^^^^^^
[INFO] [stdout] 
[INFO] [stdout] 
[INFO] [stdout] error[E0432]: unresolved import `oxillama_gguf::test_utils`
[INFO] [stdout]    --> src/lora/loader.rs:379:29
[INFO] [stdout]     |
[INFO] [stdout] 379 |         use oxillama_gguf::{test_utils::build_minimal_lora_gguf, GgufModel};
[INFO] [stdout]     |                             ^^^^^^^^^^ could not find `test_utils` in `oxillama_gguf`
[INFO] [stdout]     |
[INFO] [stdout] note: found an item that was configured out
[INFO] [stdout]    --> /opt/rustwide/cargo-home/registry/src/index.crates.io-1949cf8c6b5b557f/oxillama-gguf-0.1.4/src/lib.rs:66:9
[INFO] [stdout]     |
[INFO] [stdout]  64 | #[cfg(all(feature = "std", any(test, feature = "test-utils")))]
[INFO] [stdout]     |                               ------------------------------ the item is gated here
[INFO] [stdout]  65 | #[cfg_attr(docsrs, doc(cfg(feature = "test-utils")))]
[INFO] [stdout]  66 | pub mod test_utils;
[INFO] [stdout]     |         ^^^^^^^^^^
[INFO] [stdout] 
[INFO] [stdout] 
[INFO] [stdout] error[E0432]: unresolved import `oxillama_gguf::test_utils`
[INFO] [stdout]    --> src/lora/loader.rs:392:29
[INFO] [stdout]     |
[INFO] [stdout] 392 |         use oxillama_gguf::{test_utils::build_minimal_lora_gguf, GgufModel};
[INFO] [stdout]     |                             ^^^^^^^^^^ could not find `test_utils` in `oxillama_gguf`
[INFO] [stdout]     |
[INFO] [stdout] note: found an item that was configured out
[INFO] [stdout]    --> /opt/rustwide/cargo-home/registry/src/index.crates.io-1949cf8c6b5b557f/oxillama-gguf-0.1.4/src/lib.rs:66:9
[INFO] [stdout]     |
[INFO] [stdout]  64 | #[cfg(all(feature = "std", any(test, feature = "test-utils")))]
[INFO] [stdout]     |                               ------------------------------ the item is gated here
[INFO] [stdout]  65 | #[cfg_attr(docsrs, doc(cfg(feature = "test-utils")))]
[INFO] [stdout]  66 | pub mod test_utils;
[INFO] [stdout]     |         ^^^^^^^^^^
[INFO] [stdout] 
[INFO] [stdout] 
[INFO] [stdout] error[E0432]: unresolved import `oxillama_gguf::test_utils`
[INFO] [stdout]    --> src/lora/loader.rs:402:29
[INFO] [stdout]     |
[INFO] [stdout] 402 |         use oxillama_gguf::{test_utils::build_minimal_llama_gguf, GgufModel};
[INFO] [stdout]     |                             ^^^^^^^^^^ could not find `test_utils` in `oxillama_gguf`
[INFO] [stdout]     |
[INFO] [stdout] note: found an item that was configured out
[INFO] [stdout]    --> /opt/rustwide/cargo-home/registry/src/index.crates.io-1949cf8c6b5b557f/oxillama-gguf-0.1.4/src/lib.rs:66:9
[INFO] [stdout]     |
[INFO] [stdout]  64 | #[cfg(all(feature = "std", any(test, feature = "test-utils")))]
[INFO] [stdout]     |                               ------------------------------ the item is gated here
[INFO] [stdout]  65 | #[cfg_attr(docsrs, doc(cfg(feature = "test-utils")))]
[INFO] [stdout]  66 | pub mod test_utils;
[INFO] [stdout]     |         ^^^^^^^^^^
[INFO] [stdout] 
[INFO] [stdout] 
[INFO] [stdout] error[E0432]: unresolved import `oxillama_gguf::test_utils`
[INFO] [stdout]    --> src/lora/loader.rs:414:29
[INFO] [stdout]     |
[INFO] [stdout] 414 |         use oxillama_gguf::{test_utils::build_minimal_llama_gguf, GgufModel};
[INFO] [stdout]     |                             ^^^^^^^^^^ could not find `test_utils` in `oxillama_gguf`
[INFO] [stdout]     |
[INFO] [stdout] note: found an item that was configured out
[INFO] [stdout]    --> /opt/rustwide/cargo-home/registry/src/index.crates.io-1949cf8c6b5b557f/oxillama-gguf-0.1.4/src/lib.rs:66:9
[INFO] [stdout]     |
[INFO] [stdout]  64 | #[cfg(all(feature = "std", any(test, feature = "test-utils")))]
[INFO] [stdout]     |                               ------------------------------ the item is gated here
[INFO] [stdout]  65 | #[cfg_attr(docsrs, doc(cfg(feature = "test-utils")))]
[INFO] [stdout]  66 | pub mod test_utils;
[INFO] [stdout]     |         ^^^^^^^^^^
[INFO] [stdout] 
[INFO] [stdout] 
[INFO] [stdout] error[E0432]: unresolved import `oxillama_gguf::test_utils`
[INFO] [stdout]    --> src/lora/loader.rs:426:29
[INFO] [stdout]     |
[INFO] [stdout] 426 |         use oxillama_gguf::{test_utils::build_minimal_lora_gguf, GgufModel};
[INFO] [stdout]     |                             ^^^^^^^^^^ could not find `test_utils` in `oxillama_gguf`
[INFO] [stdout]     |
[INFO] [stdout] note: found an item that was configured out
[INFO] [stdout]    --> /opt/rustwide/cargo-home/registry/src/index.crates.io-1949cf8c6b5b557f/oxillama-gguf-0.1.4/src/lib.rs:66:9
[INFO] [stdout]     |
[INFO] [stdout]  64 | #[cfg(all(feature = "std", any(test, feature = "test-utils")))]
[INFO] [stdout]     |                               ------------------------------ the item is gated here
[INFO] [stdout]  65 | #[cfg_attr(docsrs, doc(cfg(feature = "test-utils")))]
[INFO] [stdout]  66 | pub mod test_utils;
[INFO] [stdout]     |         ^^^^^^^^^^
[INFO] [stdout] 
[INFO] [stdout] 
[INFO] [stdout] error[E0432]: unresolved import `oxillama_gguf::test_utils`
[INFO] [stdout]    --> src/lora/loader.rs:444:29
[INFO] [stdout]     |
[INFO] [stdout] 444 |         use oxillama_gguf::{test_utils::build_minimal_lora_gguf, GgufModel};
[INFO] [stdout]     |                             ^^^^^^^^^^ could not find `test_utils` in `oxillama_gguf`
[INFO] [stdout]     |
[INFO] [stdout] note: found an item that was configured out
[INFO] [stdout]    --> /opt/rustwide/cargo-home/registry/src/index.crates.io-1949cf8c6b5b557f/oxillama-gguf-0.1.4/src/lib.rs:66:9
[INFO] [stdout]     |
[INFO] [stdout]  64 | #[cfg(all(feature = "std", any(test, feature = "test-utils")))]
[INFO] [stdout]     |                               ------------------------------ the item is gated here
[INFO] [stdout]  65 | #[cfg_attr(docsrs, doc(cfg(feature = "test-utils")))]
[INFO] [stdout]  66 | pub mod test_utils;
[INFO] [stdout]     |         ^^^^^^^^^^
[INFO] [stdout] 
[INFO] [stdout] 
[INFO] [stdout] error[E0432]: unresolved import `oxillama_gguf::test_utils`
[INFO] [stdout]     --> src/phi_moe/model.rs:1257:28
[INFO] [stdout]      |
[INFO] [stdout] 1257 |         use oxillama_gguf::test_utils::build_minimal_phi_moe_gguf;
[INFO] [stdout]      |                            ^^^^^^^^^^ could not find `test_utils` in `oxillama_gguf`
[INFO] [stdout]      |
[INFO] [stdout] note: found an item that was configured out
[INFO] [stdout]     --> /opt/rustwide/cargo-home/registry/src/index.crates.io-1949cf8c6b5b557f/oxillama-gguf-0.1.4/src/lib.rs:66:9
[INFO] [stdout]      |
[INFO] [stdout]   64 | #[cfg(all(feature = "std", any(test, feature = "test-utils")))]
[INFO] [stdout]      |                               ------------------------------ the item is gated here
[INFO] [stdout]   65 | #[cfg_attr(docsrs, doc(cfg(feature = "test-utils")))]
[INFO] [stdout]   66 | pub mod test_utils;
[INFO] [stdout]      |         ^^^^^^^^^^
[INFO] [stdout] 
[INFO] [stdout] 
[INFO] [stdout] error[E0433]: cannot find `test_utils` in `oxillama_gguf`
[INFO] [stdout]    --> src/dbrx/loader.rs:177:36
[INFO] [stdout]     |
[INFO] [stdout] 177 |         let bytes = oxillama_gguf::test_utils::build_minimal_dbrx_gguf();
[INFO] [stdout]     |                                    ^^^^^^^^^^ could not find `test_utils` in `oxillama_gguf`
[INFO] [stdout]     |
[INFO] [stdout] note: found an item that was configured out
[INFO] [stdout]    --> /opt/rustwide/cargo-home/registry/src/index.crates.io-1949cf8c6b5b557f/oxillama-gguf-0.1.4/src/lib.rs:66:9
[INFO] [stdout]     |
[INFO] [stdout]  64 | #[cfg(all(feature = "std", any(test, feature = "test-utils")))]
[INFO] [stdout]     |                               ------------------------------ the item is gated here
[INFO] [stdout]  65 | #[cfg_attr(docsrs, doc(cfg(feature = "test-utils")))]
[INFO] [stdout]  66 | pub mod test_utils;
[INFO] [stdout]     |         ^^^^^^^^^^
[INFO] [stdout] 
[INFO] [stdout] 
[INFO] [stdout] error[E0433]: cannot find `test_utils` in `oxillama_gguf`
[INFO] [stdout]    --> src/deepseek/model.rs:404:36
[INFO] [stdout]     |
[INFO] [stdout] 404 |         let bytes = oxillama_gguf::test_utils::build_minimal_deepseek_gguf();
[INFO] [stdout]     |                                    ^^^^^^^^^^ could not find `test_utils` in `oxillama_gguf`
[INFO] [stdout]     |
[INFO] [stdout] note: found an item that was configured out
[INFO] [stdout]    --> /opt/rustwide/cargo-home/registry/src/index.crates.io-1949cf8c6b5b557f/oxillama-gguf-0.1.4/src/lib.rs:66:9
[INFO] [stdout]     |
[INFO] [stdout]  64 | #[cfg(all(feature = "std", any(test, feature = "test-utils")))]
[INFO] [stdout]     |                               ------------------------------ the item is gated here
[INFO] [stdout]  65 | #[cfg_attr(docsrs, doc(cfg(feature = "test-utils")))]
[INFO] [stdout]  66 | pub mod test_utils;
[INFO] [stdout]     |         ^^^^^^^^^^
[INFO] [stdout] 
[INFO] [stdout] 
[INFO] [stdout] error[E0433]: cannot find `test_utils` in `oxillama_gguf`
[INFO] [stdout]    --> src/grok/loader.rs:189:36
[INFO] [stdout]     |
[INFO] [stdout] 189 |         let bytes = oxillama_gguf::test_utils::build_minimal_grok_gguf();
[INFO] [stdout]     |                                    ^^^^^^^^^^ could not find `test_utils` in `oxillama_gguf`
[INFO] [stdout]     |
[INFO] [stdout] note: found an item that was configured out
[INFO] [stdout]    --> /opt/rustwide/cargo-home/registry/src/index.crates.io-1949cf8c6b5b557f/oxillama-gguf-0.1.4/src/lib.rs:66:9
[INFO] [stdout]     |
[INFO] [stdout]  64 | #[cfg(all(feature = "std", any(test, feature = "test-utils")))]
[INFO] [stdout]     |                               ------------------------------ the item is gated here
[INFO] [stdout]  65 | #[cfg_attr(docsrs, doc(cfg(feature = "test-utils")))]
[INFO] [stdout]  66 | pub mod test_utils;
[INFO] [stdout]     |         ^^^^^^^^^^
[INFO] [stdout] 
[INFO] [stdout] 
[INFO] [stdout] error[E0433]: cannot find `test_utils` in `oxillama_gguf`
[INFO] [stdout]    --> src/internlm3/mod.rs:270:36
[INFO] [stdout]     |
[INFO] [stdout] 270 |         let bytes = oxillama_gguf::test_utils::build_minimal_llama_gguf();
[INFO] [stdout]     |                                    ^^^^^^^^^^ could not find `test_utils` in `oxillama_gguf`
[INFO] [stdout]     |
[INFO] [stdout] note: found an item that was configured out
[INFO] [stdout]    --> /opt/rustwide/cargo-home/registry/src/index.crates.io-1949cf8c6b5b557f/oxillama-gguf-0.1.4/src/lib.rs:66:9
[INFO] [stdout]     |
[INFO] [stdout]  64 | #[cfg(all(feature = "std", any(test, feature = "test-utils")))]
[INFO] [stdout]     |                               ------------------------------ the item is gated here
[INFO] [stdout]  65 | #[cfg_attr(docsrs, doc(cfg(feature = "test-utils")))]
[INFO] [stdout]  66 | pub mod test_utils;
[INFO] [stdout]     |         ^^^^^^^^^^
[INFO] [stdout] 
[INFO] [stdout] 
[INFO] [stdout] error[E0433]: cannot find `test_utils` in `oxillama_gguf`
[INFO] [stdout]    --> src/mamba2/loader.rs:210:36
[INFO] [stdout]     |
[INFO] [stdout] 210 |         let bytes = oxillama_gguf::test_utils::build_minimal_mamba2_gguf();
[INFO] [stdout]     |                                    ^^^^^^^^^^ could not find `test_utils` in `oxillama_gguf`
[INFO] [stdout]     |
[INFO] [stdout] note: found an item that was configured out
[INFO] [stdout]    --> /opt/rustwide/cargo-home/registry/src/index.crates.io-1949cf8c6b5b557f/oxillama-gguf-0.1.4/src/lib.rs:66:9
[INFO] [stdout]     |
[INFO] [stdout]  64 | #[cfg(all(feature = "std", any(test, feature = "test-utils")))]
[INFO] [stdout]     |                               ------------------------------ the item is gated here
[INFO] [stdout]  65 | #[cfg_attr(docsrs, doc(cfg(feature = "test-utils")))]
[INFO] [stdout]  66 | pub mod test_utils;
[INFO] [stdout]     |         ^^^^^^^^^^
[INFO] [stdout] 
[INFO] [stdout] 
[INFO] [stdout] error[E0433]: cannot find `test_utils` in `oxillama_gguf`
[INFO] [stdout]    --> src/mamba2/model.rs:877:36
[INFO] [stdout]     |
[INFO] [stdout] 877 |         let bytes = oxillama_gguf::test_utils::build_minimal_mamba2_gguf();
[INFO] [stdout]     |                                    ^^^^^^^^^^ could not find `test_utils` in `oxillama_gguf`
[INFO] [stdout]     |
[INFO] [stdout] note: found an item that was configured out
[INFO] [stdout]    --> /opt/rustwide/cargo-home/registry/src/index.crates.io-1949cf8c6b5b557f/oxillama-gguf-0.1.4/src/lib.rs:66:9
[INFO] [stdout]     |
[INFO] [stdout]  64 | #[cfg(all(feature = "std", any(test, feature = "test-utils")))]
[INFO] [stdout]     |                               ------------------------------ the item is gated here
[INFO] [stdout]  65 | #[cfg_attr(docsrs, doc(cfg(feature = "test-utils")))]
[INFO] [stdout]  66 | pub mod test_utils;
[INFO] [stdout]     |         ^^^^^^^^^^
[INFO] [stdout] 
[INFO] [stdout] 
[INFO] [stdout] error[E0433]: cannot find `test_utils` in `oxillama_gguf`
[INFO] [stdout]    --> src/yi/mod.rs:262:36
[INFO] [stdout]     |
[INFO] [stdout] 262 |         let bytes = oxillama_gguf::test_utils::build_minimal_llama_gguf();
[INFO] [stdout]     |                                    ^^^^^^^^^^ could not find `test_utils` in `oxillama_gguf`
[INFO] [stdout]     |
[INFO] [stdout] note: found an item that was configured out
[INFO] [stdout]    --> /opt/rustwide/cargo-home/registry/src/index.crates.io-1949cf8c6b5b557f/oxillama-gguf-0.1.4/src/lib.rs:66:9
[INFO] [stdout]     |
[INFO] [stdout]  64 | #[cfg(all(feature = "std", any(test, feature = "test-utils")))]
[INFO] [stdout]     |                               ------------------------------ the item is gated here
[INFO] [stdout]  65 | #[cfg_attr(docsrs, doc(cfg(feature = "test-utils")))]
[INFO] [stdout]  66 | pub mod test_utils;
[INFO] [stdout]     |         ^^^^^^^^^^
[INFO] [stdout] 
[INFO] [stdout] 
[INFO] [stdout] error[E0433]: cannot find `test_utils` in `oxillama_gguf`
[INFO] [stdout]    --> tests/mamba2.rs:189:36
[INFO] [stdout]     |
[INFO] [stdout] 189 |         let bytes = oxillama_gguf::test_utils::build_minimal_mamba2_gguf();
[INFO] [stdout]     |                                    ^^^^^^^^^^ could not find `test_utils` in `oxillama_gguf`
[INFO] [stdout]     |
[INFO] [stdout] note: found an item that was configured out
[INFO] [stdout]    --> /opt/rustwide/cargo-home/registry/src/index.crates.io-1949cf8c6b5b557f/oxillama-gguf-0.1.4/src/lib.rs:66:9
[INFO] [stdout]     |
[INFO] [stdout]  64 | #[cfg(all(feature = "std", any(test, feature = "test-utils")))]
[INFO] [stdout]     |                               ------------------------------ the item is gated here
[INFO] [stdout]  65 | #[cfg_attr(docsrs, doc(cfg(feature = "test-utils")))]
[INFO] [stdout]  66 | pub mod test_utils;
[INFO] [stdout]     |         ^^^^^^^^^^
[INFO] [stdout] 
[INFO] [stdout] 
[INFO] [stdout] For more information about this error, try `rustc --explain E0433`.
[INFO] [stdout] 
[INFO] [stdout] error[E0433]: cannot find `test_utils` in `oxillama_gguf`
[INFO] [stdout]    --> tests/gpt_neox_gguf.rs:320:53
[INFO] [stdout]     |
[INFO] [stdout] 320 |     let gguf = GgufModel::from_bytes(oxillama_gguf::test_utils::build_minimal_gpt_neox_gguf())
[INFO] [stdout]     |                                                     ^^^^^^^^^^ could not find `test_utils` in `oxillama_gguf`
[INFO] [stdout]     |
[INFO] [stdout] note: found an item that was configured out
[INFO] [stdout]    --> /opt/rustwide/cargo-home/registry/src/index.crates.io-1949cf8c6b5b557f/oxillama-gguf-0.1.4/src/lib.rs:66:9
[INFO] [stdout]     |
[INFO] [stdout]  64 | #[cfg(all(feature = "std", any(test, feature = "test-utils")))]
[INFO] [stdout]     |                               ------------------------------ the item is gated here
[INFO] [stdout]  65 | #[cfg_attr(docsrs, doc(cfg(feature = "test-utils")))]
[INFO] [stdout]  66 | pub mod test_utils;
[INFO] [stdout]     |         ^^^^^^^^^^
[INFO] [stdout] 
[INFO] [stdout] 
[INFO] [stdout] error[E0433]: cannot find `test_utils` in `oxillama_gguf`
[INFO] [stdout]    --> tests/gpt_neox_gguf.rs:350:53
[INFO] [stdout]     |
[INFO] [stdout] 350 |     let gguf = GgufModel::from_bytes(oxillama_gguf::test_utils::build_minimal_gpt_neox_gguf())
[INFO] [stdout]     |                                                     ^^^^^^^^^^ could not find `test_utils` in `oxillama_gguf`
[INFO] [stdout]     |
[INFO] [stdout] note: found an item that was configured out
[INFO] [stdout]    --> /opt/rustwide/cargo-home/registry/src/index.crates.io-1949cf8c6b5b557f/oxillama-gguf-0.1.4/src/lib.rs:66:9
[INFO] [stdout]     |
[INFO] [stdout]  64 | #[cfg(all(feature = "std", any(test, feature = "test-utils")))]
[INFO] [stdout]     |                               ------------------------------ the item is gated here
[INFO] [stdout]  65 | #[cfg_attr(docsrs, doc(cfg(feature = "test-utils")))]
[INFO] [stdout]  66 | pub mod test_utils;
[INFO] [stdout]     |         ^^^^^^^^^^
[INFO] [stdout] 
[INFO] [stdout] 
[INFO] [stderr] error: could not compile `oxillama-arch` (test "mamba2") due to 1 previous error
[INFO] [stderr] warning: build failed, waiting for other jobs to finish...
[INFO] [stdout] error[E0433]: cannot find `test_utils` in `oxillama_gguf`
[INFO] [stdout]    --> tests/gpt_neox_gguf.rs:375:53
[INFO] [stdout]     |
[INFO] [stdout] 375 |     let gguf = GgufModel::from_bytes(oxillama_gguf::test_utils::build_minimal_gpt_neox_gguf())
[INFO] [stdout]     |                                                     ^^^^^^^^^^ could not find `test_utils` in `oxillama_gguf`
[INFO] [stdout]     |
[INFO] [stdout] note: found an item that was configured out
[INFO] [stdout]    --> /opt/rustwide/cargo-home/registry/src/index.crates.io-1949cf8c6b5b557f/oxillama-gguf-0.1.4/src/lib.rs:66:9
[INFO] [stdout]     |
[INFO] [stdout]  64 | #[cfg(all(feature = "std", any(test, feature = "test-utils")))]
[INFO] [stdout]     |                               ------------------------------ the item is gated here
[INFO] [stdout]  65 | #[cfg_attr(docsrs, doc(cfg(feature = "test-utils")))]
[INFO] [stdout]  66 | pub mod test_utils;
[INFO] [stdout]     |         ^^^^^^^^^^
[INFO] [stdout] 
[INFO] [stdout] 
[INFO] [stdout] error[E0433]: cannot find `test_utils` in `oxillama_gguf`
[INFO] [stdout]    --> tests/gpt_neox_gguf.rs:413:53
[INFO] [stdout]     |
[INFO] [stdout] 413 |     let gguf = GgufModel::from_bytes(oxillama_gguf::test_utils::build_minimal_gpt_neox_gguf())
[INFO] [stdout]     |                                                     ^^^^^^^^^^ could not find `test_utils` in `oxillama_gguf`
[INFO] [stdout]     |
[INFO] [stdout] note: found an item that was configured out
[INFO] [stdout]    --> /opt/rustwide/cargo-home/registry/src/index.crates.io-1949cf8c6b5b557f/oxillama-gguf-0.1.4/src/lib.rs:66:9
[INFO] [stdout]     |
[INFO] [stdout]  64 | #[cfg(all(feature = "std", any(test, feature = "test-utils")))]
[INFO] [stdout]     |                               ------------------------------ the item is gated here
[INFO] [stdout]  65 | #[cfg_attr(docsrs, doc(cfg(feature = "test-utils")))]
[INFO] [stdout]  66 | pub mod test_utils;
[INFO] [stdout]     |         ^^^^^^^^^^
[INFO] [stdout] 
[INFO] [stdout] 
[INFO] [stdout] error[E0433]: cannot find `test_utils` in `oxillama_gguf`
[INFO] [stdout]    --> tests/gpt_neox_gguf.rs:570:53
[INFO] [stdout]     |
[INFO] [stdout] 570 |     let gguf = GgufModel::from_bytes(oxillama_gguf::test_utils::build_minimal_gpt_neox_gguf())
[INFO] [stdout]     |                                                     ^^^^^^^^^^ could not find `test_utils` in `oxillama_gguf`
[INFO] [stdout]     |
[INFO] [stdout] note: found an item that was configured out
[INFO] [stdout]    --> /opt/rustwide/cargo-home/registry/src/index.crates.io-1949cf8c6b5b557f/oxillama-gguf-0.1.4/src/lib.rs:66:9
[INFO] [stdout]     |
[INFO] [stdout]  64 | #[cfg(all(feature = "std", any(test, feature = "test-utils")))]
[INFO] [stdout]     |                               ------------------------------ the item is gated here
[INFO] [stdout]  65 | #[cfg_attr(docsrs, doc(cfg(feature = "test-utils")))]
[INFO] [stdout]  66 | pub mod test_utils;
[INFO] [stdout]     |         ^^^^^^^^^^
[INFO] [stdout] 
[INFO] [stdout] 
[INFO] [stdout] error[E0432]: unresolved import `oxillama_gguf::test_utils`
[INFO] [stdout]   --> tests/vision_regressions.rs:19:20
[INFO] [stdout]    |
[INFO] [stdout] 19 | use oxillama_gguf::test_utils::build_minimal_qwen2vl_gguf;
[INFO] [stdout]    |                    ^^^^^^^^^^ could not find `test_utils` in `oxillama_gguf`
[INFO] [stdout]    |
[INFO] [stdout] note: found an item that was configured out
[INFO] [stdout]   --> /opt/rustwide/cargo-home/registry/src/index.crates.io-1949cf8c6b5b557f/oxillama-gguf-0.1.4/src/lib.rs:66:9
[INFO] [stdout]    |
[INFO] [stdout] 64 | #[cfg(all(feature = "std", any(test, feature = "test-utils")))]
[INFO] [stdout]    |                               ------------------------------ the item is gated here
[INFO] [stdout] 65 | #[cfg_attr(docsrs, doc(cfg(feature = "test-utils")))]
[INFO] [stdout] 66 | pub mod test_utils;
[INFO] [stdout]    |         ^^^^^^^^^^
[INFO] [stdout] 
[INFO] [stdout] 
[INFO] [stdout] error[E0433]: cannot find `test_utils` in `oxillama_gguf`
[INFO] [stdout]    --> tests/stablelm_gguf.rs:464:32
[INFO] [stdout]     |
[INFO] [stdout] 464 |     let bytes = oxillama_gguf::test_utils::build_minimal_stablelm_gguf();
[INFO] [stdout]     |                                ^^^^^^^^^^ could not find `test_utils` in `oxillama_gguf`
[INFO] [stdout]     |
[INFO] [stdout] note: found an item that was configured out
[INFO] [stdout]    --> /opt/rustwide/cargo-home/registry/src/index.crates.io-1949cf8c6b5b557f/oxillama-gguf-0.1.4/src/lib.rs:66:9
[INFO] [stdout]     |
[INFO] [stdout]  64 | #[cfg(all(feature = "std", any(test, feature = "test-utils")))]
[INFO] [stdout]     |                               ------------------------------ the item is gated here
[INFO] [stdout]  65 | #[cfg_attr(docsrs, doc(cfg(feature = "test-utils")))]
[INFO] [stdout]  66 | pub mod test_utils;
[INFO] [stdout]     |         ^^^^^^^^^^
[INFO] [stdout] 
[INFO] [stdout] 
[INFO] [stdout] error[E0433]: cannot find `test_utils` in `oxillama_gguf`
[INFO] [stdout]     --> tests/stablelm_gguf.rs:1130:32
[INFO] [stdout]      |
[INFO] [stdout] 1130 |     let bytes = oxillama_gguf::test_utils::build_minimal_stablelm_gguf();
[INFO] [stdout]      |                                ^^^^^^^^^^ could not find `test_utils` in `oxillama_gguf`
[INFO] [stdout]      |
[INFO] [stdout] note: found an item that was configured out
[INFO] [stdout]     --> /opt/rustwide/cargo-home/registry/src/index.crates.io-1949cf8c6b5b557f/oxillama-gguf-0.1.4/src/lib.rs:66:9
[INFO] [stdout]      |
[INFO] [stdout]   64 | #[cfg(all(feature = "std", any(test, feature = "test-utils")))]
[INFO] [stdout]      |                               ------------------------------ the item is gated here
[INFO] [stdout]   65 | #[cfg_attr(docsrs, doc(cfg(feature = "test-utils")))]
[INFO] [stdout]   66 | pub mod test_utils;
[INFO] [stdout]      |         ^^^^^^^^^^
[INFO] [stdout] 
[INFO] [stdout] 
[INFO] [stdout] For more information about this error, try `rustc --explain E0433`.
[INFO] [stdout] 
[INFO] [stderr] error: could not compile `oxillama-arch` (test "gpt_neox_gguf") due to 5 previous errors
[INFO] [stdout] For more information about this error, try `rustc --explain E0433`.
[INFO] [stdout] 
[INFO] [stdout] For more information about this error, try `rustc --explain E0432`.
[INFO] [stdout] 
[INFO] [stderr] error: could not compile `oxillama-arch` (test "vision_regressions") due to 1 previous error
[INFO] [stderr] error: could not compile `oxillama-arch` (test "stablelm_gguf") due to 2 previous errors
[INFO] [stdout] error[E0433]: cannot find `test_utils` in `oxillama_gguf`
[INFO] [stdout]    --> tests/falcon_gguf.rs:226:49
[INFO] [stdout]     |
[INFO] [stdout] 226 |     let (gguf, mut model) = load(oxillama_gguf::test_utils::build_minimal_falcon_gguf());
[INFO] [stdout]     |                                                 ^^^^^^^^^^ could not find `test_utils` in `oxillama_gguf`
[INFO] [stdout]     |
[INFO] [stdout] note: found an item that was configured out
[INFO] [stdout]    --> /opt/rustwide/cargo-home/registry/src/index.crates.io-1949cf8c6b5b557f/oxillama-gguf-0.1.4/src/lib.rs:66:9
[INFO] [stdout]     |
[INFO] [stdout]  64 | #[cfg(all(feature = "std", any(test, feature = "test-utils")))]
[INFO] [stdout]     |                               ------------------------------ the item is gated here
[INFO] [stdout]  65 | #[cfg_attr(docsrs, doc(cfg(feature = "test-utils")))]
[INFO] [stdout]  66 | pub mod test_utils;
[INFO] [stdout]     |         ^^^^^^^^^^
[INFO] [stdout] 
[INFO] [stdout] 
[INFO] [stdout] error[E0433]: cannot find `test_utils` in `oxillama_gguf`
[INFO] [stdout]    --> tests/mamba2_regressions.rs:298:32
[INFO] [stdout]     |
[INFO] [stdout] 298 |     let bytes = oxillama_gguf::test_utils::build_minimal_mamba2_gguf();
[INFO] [stdout]     |                                ^^^^^^^^^^ could not find `test_utils` in `oxillama_gguf`
[INFO] [stdout]     |
[INFO] [stdout] note: found an item that was configured out
[INFO] [stdout]    --> /opt/rustwide/cargo-home/registry/src/index.crates.io-1949cf8c6b5b557f/oxillama-gguf-0.1.4/src/lib.rs:66:9
[INFO] [stdout]     |
[INFO] [stdout]  64 | #[cfg(all(feature = "std", any(test, feature = "test-utils")))]
[INFO] [stdout]     |                               ------------------------------ the item is gated here
[INFO] [stdout]  65 | #[cfg_attr(docsrs, doc(cfg(feature = "test-utils")))]
[INFO] [stdout]  66 | pub mod test_utils;
[INFO] [stdout]     |         ^^^^^^^^^^
[INFO] [stdout] 
[INFO] [stdout] 
[INFO] [stdout] error[E0433]: cannot find `test_utils` in `oxillama_gguf`
[INFO] [stdout]    --> tests/olmo2_gguf.rs:473:47
[INFO] [stdout]     |
[INFO] [stdout] 473 |     let (gguf, config) = parse(oxillama_gguf::test_utils::build_minimal_olmo2_gguf());
[INFO] [stdout]     |                                               ^^^^^^^^^^ could not find `test_utils` in `oxillama_gguf`
[INFO] [stdout]     |
[INFO] [stdout] note: found an item that was configured out
[INFO] [stdout]    --> /opt/rustwide/cargo-home/registry/src/index.crates.io-1949cf8c6b5b557f/oxillama-gguf-0.1.4/src/lib.rs:66:9
[INFO] [stdout]     |
[INFO] [stdout]  64 | #[cfg(all(feature = "std", any(test, feature = "test-utils")))]
[INFO] [stdout]     |                               ------------------------------ the item is gated here
[INFO] [stdout]  65 | #[cfg_attr(docsrs, doc(cfg(feature = "test-utils")))]
[INFO] [stdout]  66 | pub mod test_utils;
[INFO] [stdout]     |         ^^^^^^^^^^
[INFO] [stdout] 
[INFO] [stdout] 
[INFO] [stdout] error[E0433]: cannot find `test_utils` in `oxillama_gguf`
[INFO] [stdout]    --> tests/mamba2_regressions.rs:390:32
[INFO] [stdout]     |
[INFO] [stdout] 390 |     let bytes = oxillama_gguf::test_utils::build_minimal_mamba2_gguf();
[INFO] [stdout]     |                                ^^^^^^^^^^ could not find `test_utils` in `oxillama_gguf`
[INFO] [stdout]     |
[INFO] [stdout] note: found an item that was configured out
[INFO] [stdout]    --> /opt/rustwide/cargo-home/registry/src/index.crates.io-1949cf8c6b5b557f/oxillama-gguf-0.1.4/src/lib.rs:66:9
[INFO] [stdout]     |
[INFO] [stdout]  64 | #[cfg(all(feature = "std", any(test, feature = "test-utils")))]
[INFO] [stdout]     |                               ------------------------------ the item is gated here
[INFO] [stdout]  65 | #[cfg_attr(docsrs, doc(cfg(feature = "test-utils")))]
[INFO] [stdout]  66 | pub mod test_utils;
[INFO] [stdout]     |         ^^^^^^^^^^
[INFO] [stdout] 
[INFO] [stdout] 
[INFO] [stdout] error[E0433]: cannot find `test_utils` in `oxillama_gguf`
[INFO] [stdout]    --> tests/olmo2_gguf.rs:602:47
[INFO] [stdout]     |
[INFO] [stdout] 602 |     let (gguf, config) = parse(oxillama_gguf::test_utils::build_minimal_olmo2_gguf());
[INFO] [stdout]     |                                               ^^^^^^^^^^ could not find `test_utils` in `oxillama_gguf`
[INFO] [stdout]     |
[INFO] [stdout] note: found an item that was configured out
[INFO] [stdout]    --> /opt/rustwide/cargo-home/registry/src/index.crates.io-1949cf8c6b5b557f/oxillama-gguf-0.1.4/src/lib.rs:66:9
[INFO] [stdout]     |
[INFO] [stdout]  64 | #[cfg(all(feature = "std", any(test, feature = "test-utils")))]
[INFO] [stdout]     |                               ------------------------------ the item is gated here
[INFO] [stdout]  65 | #[cfg_attr(docsrs, doc(cfg(feature = "test-utils")))]
[INFO] [stdout]  66 | pub mod test_utils;
[INFO] [stdout]     |         ^^^^^^^^^^
[INFO] [stdout] 
[INFO] [stdout] 
[INFO] [stdout] error[E0433]: cannot find `test_utils` in `oxillama_gguf`
[INFO] [stdout]    --> tests/falcon_gguf.rs:320:53
[INFO] [stdout]     |
[INFO] [stdout] 320 |     let gguf = GgufModel::from_bytes(oxillama_gguf::test_utils::build_minimal_falcon_gguf())
[INFO] [stdout]     |                                                     ^^^^^^^^^^ could not find `test_utils` in `oxillama_gguf`
[INFO] [stdout]     |
[INFO] [stdout] note: found an item that was configured out
[INFO] [stdout]    --> /opt/rustwide/cargo-home/registry/src/index.crates.io-1949cf8c6b5b557f/oxillama-gguf-0.1.4/src/lib.rs:66:9
[INFO] [stdout]     |
[INFO] [stdout]  64 | #[cfg(all(feature = "std", any(test, feature = "test-utils")))]
[INFO] [stdout]     |                               ------------------------------ the item is gated here
[INFO] [stdout]  65 | #[cfg_attr(docsrs, doc(cfg(feature = "test-utils")))]
[INFO] [stdout]  66 | pub mod test_utils;
[INFO] [stdout]     |         ^^^^^^^^^^
[INFO] [stdout] 
[INFO] [stdout] 
[INFO] [stdout] error[E0433]: cannot find `test_utils` in `oxillama_gguf`
[INFO] [stdout]     --> tests/olmo2_gguf.rs:1008:47
[INFO] [stdout]      |
[INFO] [stdout] 1008 |     let (gguf, config) = parse(oxillama_gguf::test_utils::build_minimal_olmo2_gguf());
[INFO] [stdout]      |                                               ^^^^^^^^^^ could not find `test_utils` in `oxillama_gguf`
[INFO] [stdout]      |
[INFO] [stdout] note: found an item that was configured out
[INFO] [stdout]     --> /opt/rustwide/cargo-home/registry/src/index.crates.io-1949cf8c6b5b557f/oxillama-gguf-0.1.4/src/lib.rs:66:9
[INFO] [stdout]      |
[INFO] [stdout]   64 | #[cfg(all(feature = "std", any(test, feature = "test-utils")))]
[INFO] [stdout]      |                               ------------------------------ the item is gated here
[INFO] [stdout]   65 | #[cfg_attr(docsrs, doc(cfg(feature = "test-utils")))]
[INFO] [stdout]   66 | pub mod test_utils;
[INFO] [stdout]      |         ^^^^^^^^^^
[INFO] [stdout] 
[INFO] [stdout] 
[INFO] [stdout] error[E0433]: cannot find `test_utils` in `oxillama_gguf`
[INFO] [stdout]    --> tests/falcon_gguf.rs:420:49
[INFO] [stdout]     |
[INFO] [stdout] 420 |     let (gguf, mut model) = load(oxillama_gguf::test_utils::build_minimal_falcon_gguf());
[INFO] [stdout]     |                                                 ^^^^^^^^^^ could not find `test_utils` in `oxillama_gguf`
[INFO] [stdout]     |
[INFO] [stdout] note: found an item that was configured out
[INFO] [stdout]    --> /opt/rustwide/cargo-home/registry/src/index.crates.io-1949cf8c6b5b557f/oxillama-gguf-0.1.4/src/lib.rs:66:9
[INFO] [stdout]     |
[INFO] [stdout]  64 | #[cfg(all(feature = "std", any(test, feature = "test-utils")))]
[INFO] [stdout]     |                               ------------------------------ the item is gated here
[INFO] [stdout]  65 | #[cfg_attr(docsrs, doc(cfg(feature = "test-utils")))]
[INFO] [stdout]  66 | pub mod test_utils;
[INFO] [stdout]     |         ^^^^^^^^^^
[INFO] [stdout] 
[INFO] [stdout] 
[INFO] [stdout] error[E0433]: cannot find `test_utils` in `oxillama_gguf`
[INFO] [stdout]   --> tests/deepseek.rs:35:32
[INFO] [stdout]    |
[INFO] [stdout] 35 |     let bytes = oxillama_gguf::test_utils::build_minimal_deepseek_gguf();
[INFO] [stdout]    |                                ^^^^^^^^^^ could not find `test_utils` in `oxillama_gguf`
[INFO] [stdout]    |
[INFO] [stdout] note: found an item that was configured out
[INFO] [stdout]   --> /opt/rustwide/cargo-home/registry/src/index.crates.io-1949cf8c6b5b557f/oxillama-gguf-0.1.4/src/lib.rs:66:9
[INFO] [stdout]    |
[INFO] [stdout] 64 | #[cfg(all(feature = "std", any(test, feature = "test-utils")))]
[INFO] [stdout]    |                               ------------------------------ the item is gated here
[INFO] [stdout] 65 | #[cfg_attr(docsrs, doc(cfg(feature = "test-utils")))]
[INFO] [stdout] 66 | pub mod test_utils;
[INFO] [stdout]    |         ^^^^^^^^^^
[INFO] [stdout] 
[INFO] [stdout] 
[INFO] [stdout] error[E0433]: cannot find `test_utils` in `oxillama_gguf`
[INFO] [stdout]   --> tests/dbrx.rs:79:32
[INFO] [stdout]    |
[INFO] [stdout] 79 |     let bytes = oxillama_gguf::test_utils::build_minimal_dbrx_gguf();
[INFO] [stdout]    |                                ^^^^^^^^^^ could not find `test_utils` in `oxillama_gguf`
[INFO] [stdout]    |
[INFO] [stdout] note: found an item that was configured out
[INFO] [stdout]   --> /opt/rustwide/cargo-home/registry/src/index.crates.io-1949cf8c6b5b557f/oxillama-gguf-0.1.4/src/lib.rs:66:9
[INFO] [stdout]    |
[INFO] [stdout] 64 | #[cfg(all(feature = "std", any(test, feature = "test-utils")))]
[INFO] [stdout]    |                               ------------------------------ the item is gated here
[INFO] [stdout] 65 | #[cfg_attr(docsrs, doc(cfg(feature = "test-utils")))]
[INFO] [stdout] 66 | pub mod test_utils;
[INFO] [stdout]    |         ^^^^^^^^^^
[INFO] [stdout] 
[INFO] [stdout] 
[INFO] [stdout] error[E0433]: cannot find `test_utils` in `oxillama_gguf`
[INFO] [stdout]    --> tests/falcon_gguf.rs:448:50
[INFO] [stdout]     |
[INFO] [stdout] 448 |     let (_gguf, mut model) = load(oxillama_gguf::test_utils::build_minimal_falcon_gguf());
[INFO] [stdout]     |                                                  ^^^^^^^^^^ could not find `test_utils` in `oxillama_gguf`
[INFO] [stdout]     |
[INFO] [stdout] note: found an item that was configured out
[INFO] [stdout]    --> /opt/rustwide/cargo-home/registry/src/index.crates.io-1949cf8c6b5b557f/oxillama-gguf-0.1.4/src/lib.rs:66:9
[INFO] [stdout]     |
[INFO] [stdout]  64 | #[cfg(all(feature = "std", any(test, feature = "test-utils")))]
[INFO] [stdout]     |                               ------------------------------ the item is gated here
[INFO] [stdout]  65 | #[cfg_attr(docsrs, doc(cfg(feature = "test-utils")))]
[INFO] [stdout]  66 | pub mod test_utils;
[INFO] [stdout]     |         ^^^^^^^^^^
[INFO] [stdout] 
[INFO] [stdout] 
[INFO] [stdout] For more information about this error, try `rustc --explain E0433`.
[INFO] [stdout] 
[INFO] [stdout] error[E0433]: cannot find `test_utils` in `oxillama_gguf`
[INFO] [stdout]    --> tests/dbrx.rs:106:32
[INFO] [stdout]     |
[INFO] [stdout] 106 |     let bytes = oxillama_gguf::test_utils::build_minimal_dbrx_gguf();
[INFO] [stdout]     |                                ^^^^^^^^^^ could not find `test_utils` in `oxillama_gguf`
[INFO] [stdout]     |
[INFO] [stdout] note: found an item that was configured out
[INFO] [stdout]    --> /opt/rustwide/cargo-home/registry/src/index.crates.io-1949cf8c6b5b557f/oxillama-gguf-0.1.4/src/lib.rs:66:9
[INFO] [stdout]     |
[INFO] [stdout]  64 | #[cfg(all(feature = "std", any(test, feature = "test-utils")))]
[INFO] [stdout]     |                               ------------------------------ the item is gated here
[INFO] [stdout]  65 | #[cfg_attr(docsrs, doc(cfg(feature = "test-utils")))]
[INFO] [stdout]  66 | pub mod test_utils;
[INFO] [stdout]     |         ^^^^^^^^^^
[INFO] [stdout] 
[INFO] [stdout] 
[INFO] [stderr] error: could not compile `oxillama-arch` (test "mamba2_regressions") due to 2 previous errors
[INFO] [stdout] error[E0433]: cannot find `test_utils` in `oxillama_gguf`
[INFO] [stdout]    --> tests/dbrx.rs:146:32
[INFO] [stdout]     |
[INFO] [stdout] 146 |     let bytes = oxillama_gguf::test_utils::build_minimal_dbrx_gguf();
[INFO] [stdout]     |                                ^^^^^^^^^^ could not find `test_utils` in `oxillama_gguf`
[INFO] [stdout]     |
[INFO] [stdout] note: found an item that was configured out
[INFO] [stdout]    --> /opt/rustwide/cargo-home/registry/src/index.crates.io-1949cf8c6b5b557f/oxillama-gguf-0.1.4/src/lib.rs:66:9
[INFO] [stdout]     |
[INFO] [stdout]  64 | #[cfg(all(feature = "std", any(test, feature = "test-utils")))]
[INFO] [stdout]     |                               ------------------------------ the item is gated here
[INFO] [stdout]  65 | #[cfg_attr(docsrs, doc(cfg(feature = "test-utils")))]
[INFO] [stdout]  66 | pub mod test_utils;
[INFO] [stdout]     |         ^^^^^^^^^^
[INFO] [stdout] 
[INFO] [stdout] 
[INFO] [stdout] error[E0433]: cannot find `test_utils` in `oxillama_gguf`
[INFO] [stdout]   --> tests/deepseek.rs:41:32
[INFO] [stdout]    |
[INFO] [stdout] 41 |     let bytes = oxillama_gguf::test_utils::build_minimal_deepseek_lite_gguf();
[INFO] [stdout]    |                                ^^^^^^^^^^ could not find `test_utils` in `oxillama_gguf`
[INFO] [stdout]    |
[INFO] [stdout] note: found an item that was configured out
[INFO] [stdout]   --> /opt/rustwide/cargo-home/registry/src/index.crates.io-1949cf8c6b5b557f/oxillama-gguf-0.1.4/src/lib.rs:66:9
[INFO] [stdout]    |
[INFO] [stdout] 64 | #[cfg(all(feature = "std", any(test, feature = "test-utils")))]
[INFO] [stdout]    |                               ------------------------------ the item is gated here
[INFO] [stdout] 65 | #[cfg_attr(docsrs, doc(cfg(feature = "test-utils")))]
[INFO] [stdout] 66 | pub mod test_utils;
[INFO] [stdout]    |         ^^^^^^^^^^
[INFO] [stdout] 
[INFO] [stdout] 
[INFO] [stdout] error[E0433]: cannot find `test_utils` in `oxillama_gguf`
[INFO] [stdout]    --> tests/falcon_gguf.rs:465:50
[INFO] [stdout]     |
[INFO] [stdout] 465 |     let (_gguf, mut model) = load(oxillama_gguf::test_utils::build_minimal_falcon_gguf());
[INFO] [stdout]     |                                                  ^^^^^^^^^^ could not find `test_utils` in `oxillama_gguf`
[INFO] [stdout]     |
[INFO] [stdout] note: found an item that was configured out
[INFO] [stdout]    --> /opt/rustwide/cargo-home/registry/src/index.crates.io-1949cf8c6b5b557f/oxillama-gguf-0.1.4/src/lib.rs:66:9
[INFO] [stdout]     |
[INFO] [stdout]  64 | #[cfg(all(feature = "std", any(test, feature = "test-utils")))]
[INFO] [stdout]     |                               ------------------------------ the item is gated here
[INFO] [stdout]  65 | #[cfg_attr(docsrs, doc(cfg(feature = "test-utils")))]
[INFO] [stdout]  66 | pub mod test_utils;
[INFO] [stdout]     |         ^^^^^^^^^^
[INFO] [stdout] 
[INFO] [stdout] 
[INFO] [stdout] error[E0433]: cannot find `test_utils` in `oxillama_gguf`
[INFO] [stdout]    --> tests/falcon_gguf.rs:481:50
[INFO] [stdout]     |
[INFO] [stdout] 481 |     let (_gguf, mut model) = load(oxillama_gguf::test_utils::build_minimal_falcon_gguf());
[INFO] [stdout]     |                                                  ^^^^^^^^^^ could not find `test_utils` in `oxillama_gguf`
[INFO] [stdout]     |
[INFO] [stdout] note: found an item that was configured out
[INFO] [stdout]    --> /opt/rustwide/cargo-home/registry/src/index.crates.io-1949cf8c6b5b557f/oxillama-gguf-0.1.4/src/lib.rs:66:9
[INFO] [stdout]     |
[INFO] [stdout]  64 | #[cfg(all(feature = "std", any(test, feature = "test-utils")))]
[INFO] [stdout]     |                               ------------------------------ the item is gated here
[INFO] [stdout]  65 | #[cfg_attr(docsrs, doc(cfg(feature = "test-utils")))]
[INFO] [stdout]  66 | pub mod test_utils;
[INFO] [stdout]     |         ^^^^^^^^^^
[INFO] [stdout] 
[INFO] [stdout] 
[INFO] [stdout] For more information about this error, try `rustc --explain E0433`.
[INFO] [stdout] 
[INFO] [stdout] error[E0433]: cannot find `test_utils` in `oxillama_gguf`
[INFO] [stdout]   --> tests/deepseek.rs:57:32
[INFO] [stdout]    |
[INFO] [stdout] 57 |     let bytes = oxillama_gguf::test_utils::build_minimal_deepseek_gguf();
[INFO] [stdout]    |                                ^^^^^^^^^^ could not find `test_utils` in `oxillama_gguf`
[INFO] [stdout]    |
[INFO] [stdout] note: found an item that was configured out
[INFO] [stdout]   --> /opt/rustwide/cargo-home/registry/src/index.crates.io-1949cf8c6b5b557f/oxillama-gguf-0.1.4/src/lib.rs:66:9
[INFO] [stdout]    |
[INFO] [stdout] 64 | #[cfg(all(feature = "std", any(test, feature = "test-utils")))]
[INFO] [stdout]    |                               ------------------------------ the item is gated here
[INFO] [stdout] 65 | #[cfg_attr(docsrs, doc(cfg(feature = "test-utils")))]
[INFO] [stdout] 66 | pub mod test_utils;
[INFO] [stdout]    |         ^^^^^^^^^^
[INFO] [stdout] 
[INFO] [stdout] 
[INFO] [stderr] error: could not compile `oxillama-arch` (test "dbrx") due to 3 previous errors
[INFO] [stdout] error[E0433]: cannot find `test_utils` in `oxillama_gguf`
[INFO] [stdout]    --> tests/deepseek.rs:116:32
[INFO] [stdout]     |
[INFO] [stdout] 116 |     let bytes = oxillama_gguf::test_utils::build_minimal_deepseek_gguf();
[INFO] [stdout]     |                                ^^^^^^^^^^ could not find `test_utils` in `oxillama_gguf`
[INFO] [stdout]     |
[INFO] [stdout] note: found an item that was configured out
[INFO] [stdout]    --> /opt/rustwide/cargo-home/registry/src/index.crates.io-1949cf8c6b5b557f/oxillama-gguf-0.1.4/src/lib.rs:66:9
[INFO] [stdout]     |
[INFO] [stdout]  64 | #[cfg(all(feature = "std", any(test, feature = "test-utils")))]
[INFO] [stdout]     |                               ------------------------------ the item is gated here
[INFO] [stdout]  65 | #[cfg_attr(docsrs, doc(cfg(feature = "test-utils")))]
[INFO] [stdout]  66 | pub mod test_utils;
[INFO] [stdout]     |         ^^^^^^^^^^
[INFO] [stdout] 
[INFO] [stdout] 
[INFO] [stdout] For more information about this error, try `rustc --explain E0433`.
[INFO] [stdout] 
[INFO] [stdout] error[E0433]: cannot find `test_utils` in `oxillama_gguf`
[INFO] [stdout]    --> tests/falcon_gguf.rs:508:50
[INFO] [stdout]     |
[INFO] [stdout] 508 |     let (_gguf, mut model) = load(oxillama_gguf::test_utils::build_minimal_falcon_gguf());
[INFO] [stdout]     |                                                  ^^^^^^^^^^ could not find `test_utils` in `oxillama_gguf`
[INFO] [stdout]     |
[INFO] [stdout] note: found an item that was configured out
[INFO] [stdout]    --> /opt/rustwide/cargo-home/registry/src/index.crates.io-1949cf8c6b5b557f/oxillama-gguf-0.1.4/src/lib.rs:66:9
[INFO] [stdout]     |
[INFO] [stdout]  64 | #[cfg(all(feature = "std", any(test, feature = "test-utils")))]
[INFO] [stdout]     |                               ------------------------------ the item is gated here
[INFO] [stdout]  65 | #[cfg_attr(docsrs, doc(cfg(feature = "test-utils")))]
[INFO] [stdout]  66 | pub mod test_utils;
[INFO] [stdout]     |         ^^^^^^^^^^
[INFO] [stdout] 
[INFO] [stdout] 
[INFO] [stderr] error: could not compile `oxillama-arch` (test "olmo2_gguf") due to 3 previous errors
[INFO] [stdout] error[E0433]: cannot find `test_utils` in `oxillama_gguf`
[INFO] [stdout]    --> tests/falcon_gguf.rs:572:50
[INFO] [stdout]     |
[INFO] [stdout] 572 |     let (_gguf, mut model) = load(oxillama_gguf::test_utils::build_minimal_falcon_gguf());
[INFO] [stdout]     |                                                  ^^^^^^^^^^ could not find `test_utils` in `oxillama_gguf`
[INFO] [stdout]     |
[INFO] [stdout] note: found an item that was configured out
[INFO] [stdout]    --> /opt/rustwide/cargo-home/registry/src/index.crates.io-1949cf8c6b5b557f/oxillama-gguf-0.1.4/src/lib.rs:66:9
[INFO] [stdout]     |
[INFO] [stdout]  64 | #[cfg(all(feature = "std", any(test, feature = "test-utils")))]
[INFO] [stdout]     |                               ------------------------------ the item is gated here
[INFO] [stdout]  65 | #[cfg_attr(docsrs, doc(cfg(feature = "test-utils")))]
[INFO] [stdout]  66 | pub mod test_utils;
[INFO] [stdout]     |         ^^^^^^^^^^
[INFO] [stdout] 
[INFO] [stdout] 
[INFO] [stdout] For more information about this error, try `rustc --explain E0433`.
[INFO] [stdout] 
[INFO] [stdout] error[E0433]: cannot find `test_utils` in `oxillama_gguf`
[INFO] [stdout]    --> tests/falcon_gguf.rs:602:53
[INFO] [stdout]     |
[INFO] [stdout] 602 |     let gguf = GgufModel::from_bytes(oxillama_gguf::test_utils::build_minimal_falcon_gguf())
[INFO] [stdout]     |                                                     ^^^^^^^^^^ could not find `test_utils` in `oxillama_gguf`
[INFO] [stdout]     |
[INFO] [stdout] note: found an item that was configured out
[INFO] [stdout]    --> /opt/rustwide/cargo-home/registry/src/index.crates.io-1949cf8c6b5b557f/oxillama-gguf-0.1.4/src/lib.rs:66:9
[INFO] [stdout]     |
[INFO] [stdout]  64 | #[cfg(all(feature = "std", any(test, feature = "test-utils")))]
[INFO] [stdout]     |                               ------------------------------ the item is gated here
[INFO] [stdout]  65 | #[cfg_attr(docsrs, doc(cfg(feature = "test-utils")))]
[INFO] [stdout]  66 | pub mod test_utils;
[INFO] [stdout]     |         ^^^^^^^^^^
[INFO] [stdout] 
[INFO] [stdout] 
[INFO] [stderr] error: could not compile `oxillama-arch` (test "deepseek") due to 4 previous errors
[INFO] [stdout] For more information about this error, try `rustc --explain E0433`.
[INFO] [stdout] 
[INFO] [stderr] error: could not compile `oxillama-arch` (test "falcon_gguf") due to 9 previous errors
[INFO] [stdout] Some errors have detailed explanations: E0432, E0433.
[INFO] [stdout] 
[INFO] [stdout] For more information about an error, try `rustc --explain E0432`.
[INFO] [stdout] 
[INFO] [stderr] error: could not compile `oxillama-arch` (lib test) due to 20 previous errors
[INFO] running `Command { std: "docker" "inspect" "3444b2bfdbbb71e5128daeb2a2a3230eec774d46ab96b3913a15d6ae35d03cc2", kill_on_drop: false }`
[INFO] running `Command { std: "docker" "rm" "-f" "3444b2bfdbbb71e5128daeb2a2a3230eec774d46ab96b3913a15d6ae35d03cc2", kill_on_drop: false }`
[INFO] [stdout] 3444b2bfdbbb71e5128daeb2a2a3230eec774d46ab96b3913a15d6ae35d03cc2
