[INFO] fetching crate oxilite-synalog 0.9.1...
[INFO] checking oxilite-synalog-0.9.1 against 3154cc1a3e6424e44f438a95007d043ed5ceaaf6+rustflags=-Znext-solver=coherence for pr-133502-30
[INFO] extracting crate oxilite-synalog 0.9.1 into /workspace/builds/worker-3-tc1/source
[INFO] started tweaking crates.io crate oxilite-synalog 0.9.1
[INFO] removed 0 missing tests
[INFO] finished tweaking crates.io crate oxilite-synalog 0.9.1
[INFO] tweaked toml for crates.io crate oxilite-synalog 0.9.1 written to /workspace/builds/worker-3-tc1/source/Cargo.toml
[INFO] validating manifest of crates.io crate oxilite-synalog 0.9.1 on toolchain 3154cc1a3e6424e44f438a95007d043ed5ceaaf6
[INFO] running `Command { std: CARGO_HOME="/workspace/cargo-home" RUSTUP_HOME="/workspace/rustup-home" "/workspace/cargo-home/bin/cargo" "+3154cc1a3e6424e44f438a95007d043ed5ceaaf6" "metadata" "--manifest-path" "Cargo.toml" "--no-deps", kill_on_drop: false }`
[INFO] crate crates.io crate oxilite-synalog 0.9.1 already has a lockfile, it will not be regenerated
[INFO] running `Command { std: CARGO_HOME="/workspace/cargo-home" RUSTUP_HOME="/workspace/rustup-home" "/workspace/cargo-home/bin/cargo" "+3154cc1a3e6424e44f438a95007d043ed5ceaaf6" "fetch" "--manifest-path" "Cargo.toml", kill_on_drop: false }`
[INFO] [stderr]     Blocking waiting for file lock on package cache
[INFO] [stderr]     Updating crates.io index
[INFO] [stderr]  Downloading crates ...
[INFO] [stderr]   Downloaded oxiri v0.2.11
[INFO] [stderr]   Downloaded oxsdatatypes v0.2.3
[INFO] [stderr]   Downloaded oxrdf v0.3.4
[INFO] [stderr]   Downloaded oxilangtag v0.1.6
[INFO] [stderr]   Downloaded peg-runtime v0.8.6
[INFO] [stderr]   Downloaded sparopt v0.3.7
[INFO] [stderr]   Downloaded oxrdfio v0.2.6
[INFO] [stderr]   Downloaded oxrdfxml v0.2.4
[INFO] [stderr]   Downloaded json-event-parser v0.2.3
[INFO] [stderr]   Downloaded sparesults v0.3.4
[INFO] [stderr]   Downloaded oxjsonld v0.2.6
[INFO] [stderr]   Downloaded peg-macros v0.8.6
[INFO] [stderr]   Downloaded spargebra v0.4.7
[INFO] [stderr]   Downloaded hybrid-array v0.4.15
[INFO] [stderr]   Downloaded xxhash-rust v0.8.18
[INFO] [stderr]   Downloaded peg v0.8.6
[INFO] [stderr]   Downloaded spareval v0.2.7
[INFO] [stderr]   Downloaded ryu-js v1.0.3
[INFO] [stderr]   Downloaded oxttl v0.2.4
[INFO] [stderr]   Downloaded oxilite-core v0.9.1
[INFO] [stderr]   Downloaded synalog v1.2.0
[INFO] running `Command { std: "docker" "create" "-v" "/var/lib/crater-agent-workspace/builds/worker-3-tc1/source:/opt/rustwide/workdir:ro,Z" "-v" "/var/lib/crater-agent-workspace/builds/worker-3-tc1/target:/opt/rustwide/target:rw,Z" "-v" "/var/lib/crater-agent-workspace/cargo-home:/opt/rustwide/cargo-home:ro,Z" "-v" "/var/lib/crater-agent-workspace/rustup-home:/opt/rustwide/rustup-home:ro,Z" "-m" "1610612736" "--network" "none" "ghcr.io/rust-lang/crates-build-env/linux@sha256:77db811e55d90add9212f6832c23229e3de5f1c1f9905e8cb07319ea15df73ac" "sleep" "infinity", kill_on_drop: false }`
[INFO] [stdout] cda268da0fef47c3054f4b5e0d89fc4a829e0a6553c6a3aa1afebeb9872d73a0
[INFO] running `Command { std: "docker" "start" "cda268da0fef47c3054f4b5e0d89fc4a829e0a6553c6a3aa1afebeb9872d73a0", kill_on_drop: false }`
[INFO] running `Command { std: "docker" "inspect" "cda268da0fef47c3054f4b5e0d89fc4a829e0a6553c6a3aa1afebeb9872d73a0", kill_on_drop: false }`
[INFO] running `Command { std: "docker" "exec" "-e" "SOURCE_DIR=/opt/rustwide/workdir" "-e" "CARGO_HOME=/opt/rustwide/cargo-home" "-e" "RUSTUP_HOME=/opt/rustwide/rustup-home" "-e" "CARGO_TARGET_DIR=/opt/rustwide/target" "-w" "/opt/rustwide/workdir" "--user" "0:0" "cda268da0fef47c3054f4b5e0d89fc4a829e0a6553c6a3aa1afebeb9872d73a0" "/opt/rustwide/cargo-home/bin/cargo" "+3154cc1a3e6424e44f438a95007d043ed5ceaaf6" "metadata" "--no-deps" "--format-version=1", kill_on_drop: false }`
[INFO] running `Command { std: "docker" "inspect" "cda268da0fef47c3054f4b5e0d89fc4a829e0a6553c6a3aa1afebeb9872d73a0", kill_on_drop: false }`
[INFO] running `Command { std: "docker" "exec" "-e" "SOURCE_DIR=/opt/rustwide/workdir" "-e" "CARGO_HOME=/opt/rustwide/cargo-home" "-e" "RUSTUP_HOME=/opt/rustwide/rustup-home" "-e" "CARGO_TARGET_DIR=/opt/rustwide/target" "-e" "CARGO_INCREMENTAL=0" "-e" "RUST_BACKTRACE=full" "-e" "RUSTFLAGS=--cap-lints=forbid -Znext-solver=coherence" "-e" "RUSTDOCFLAGS=--cap-lints=forbid" "-w" "/opt/rustwide/workdir" "--user" "0:0" "cda268da0fef47c3054f4b5e0d89fc4a829e0a6553c6a3aa1afebeb9872d73a0" "/opt/rustwide/cargo-home/bin/cargo" "+3154cc1a3e6424e44f438a95007d043ed5ceaaf6" "check" "--frozen" "--all" "--all-targets" "--message-format=json", kill_on_drop: false }`
[INFO] [stderr]    Compiling unicode-ident v1.0.26
[INFO] [stderr]     Checking cfg-if v1.0.5
[INFO] [stderr]    Compiling getrandom v0.3.4
[INFO] [stderr]    Compiling zerocopy v0.8.57
[INFO] [stderr]    Compiling libc v0.2.189
[INFO] [stderr]     Checking oxiri v0.2.11
[INFO] [stderr]     Checking oxilangtag v0.1.6
[INFO] [stderr]     Checking typenum v1.20.1
[INFO] [stderr]    Compiling proc-macro2 v1.0.107
[INFO] [stderr]     Checking const-oid v0.10.2
[INFO] [stderr]    Compiling peg-runtime v0.8.6
[INFO] [stderr]     Checking quick-xml v0.37.5
[INFO] [stderr]     Checking json-event-parser v0.2.3
[INFO] [stderr]    Compiling serde_core v1.0.229
[INFO] [stderr]     Checking regex-automata v0.4.18
[INFO] [stderr]     Checking cpufeatures v0.3.1
[INFO] [stderr]     Checking ryu-js v1.0.3
[INFO] [stderr]    Compiling quote v1.0.47
[INFO] [stderr]    Compiling serde v1.0.229
[INFO] [stderr]    Compiling serde_json v1.0.151
[INFO] [stderr]     Checking rustc-hash v2.1.3
[INFO] [stderr]     Checking indexmap v2.14.2
[INFO] [stderr]     Checking xxhash-rust v0.8.18
[INFO] [stderr]    Compiling syn v3.0.6
[INFO] [stderr]    Compiling peg-macros v0.8.6
[INFO] [stderr]     Checking hybrid-array v0.4.15
[INFO] [stderr]     Checking rand_core v0.9.5
[INFO] [stderr]     Checking crypto-common v0.2.2
[INFO] [stderr]     Checking block-buffer v0.12.1
[INFO] [stderr]     Checking peg v0.8.6
[INFO] [stderr]     Checking digest v0.11.3
[INFO] [stderr]     Checking regex v1.13.1
[INFO] [stderr]     Checking sha1 v0.11.0
[INFO] [stderr]     Checking md-5 v0.11.0
[INFO] [stderr]     Checking sha2 v0.11.0
[INFO] [stderr]    Compiling thiserror-impl v2.0.20
[INFO] [stderr]    Compiling serde_derive v1.0.229
[INFO] [stderr]     Checking thiserror v2.0.20
[INFO] [stderr]     Checking oxsdatatypes v0.2.3
[INFO] [stderr]     Checking ppv-lite86 v0.2.21
[INFO] [stderr]     Checking rand_chacha v0.9.0
[INFO] [stderr]     Checking rand v0.9.5
[INFO] [stderr]     Checking oxrdf v0.3.4
[INFO] [stderr]     Checking synalog v1.2.0
[INFO] [stderr]     Checking spargebra v0.4.7
[INFO] [stderr]     Checking oxrdfxml v0.2.4
[INFO] [stderr]     Checking sparesults v0.3.4
[INFO] [stderr]     Checking oxjsonld v0.2.6
[INFO] [stderr]     Checking oxttl v0.2.4
[INFO] [stderr]     Checking oxrdfio v0.2.6
[INFO] [stderr]     Checking sparopt v0.3.7
[INFO] [stderr]     Checking spareval v0.2.7
[INFO] [stderr]     Checking oxilite-core v0.9.1
[INFO] [stderr]     Checking oxilite-synalog v0.9.1 (/opt/rustwide/workdir)
[INFO] [stdout] error[E0433]: cannot find module or crate `oxilite` in this scope
[INFO] [stdout]  --> tests/store.rs:4:5
[INFO] [stdout]   |
[INFO] [stdout] 4 | use oxilite::core::encoding::named_node_id;
[INFO] [stdout]   |     ^^^^^^^ use of unresolved module or unlinked crate `oxilite`
[INFO] [stdout]   |
[INFO] [stdout]   = help: if you wanted to use a crate named `oxilite`, use `cargo add oxilite` to add it to your `Cargo.toml`
[INFO] [stdout] 
[INFO] [stdout] 
[INFO] [stdout] error[E0433]: cannot find module or crate `oxilite` in this scope
[INFO] [stdout]  --> tests/store.rs:5:5
[INFO] [stdout]   |
[INFO] [stdout] 5 | use oxilite::sparql::QueryResults;
[INFO] [stdout]   |     ^^^^^^^ use of unresolved module or unlinked crate `oxilite`
[INFO] [stdout]   |
[INFO] [stdout]   = help: if you wanted to use a crate named `oxilite`, use `cargo add oxilite` to add it to your `Cargo.toml`
[INFO] [stdout] 
[INFO] [stdout] 
[INFO] [stdout] error[E0433]: cannot find module or crate `oxilite` in this scope
[INFO] [stdout]  --> tests/store.rs:6:5
[INFO] [stdout]   |
[INFO] [stdout] 6 | use oxilite::store::Store;
[INFO] [stdout]   |     ^^^^^^^ use of unresolved module or unlinked crate `oxilite`
[INFO] [stdout]   |
[INFO] [stdout]   = help: if you wanted to use a crate named `oxilite`, use `cargo add oxilite` to add it to your `Cargo.toml`
[INFO] [stdout] 
[INFO] [stdout] 
[INFO] [stdout] error[E0433]: cannot find module or crate `oxilite` in this scope
[INFO] [stdout]  --> tests/store.rs:7:5
[INFO] [stdout]   |
[INFO] [stdout] 7 | use oxilite::version::Versioning;
[INFO] [stdout]   |     ^^^^^^^ use of unresolved module or unlinked crate `oxilite`
[INFO] [stdout]   |
[INFO] [stdout]   = help: if you wanted to use a crate named `oxilite`, use `cargo add oxilite` to add it to your `Cargo.toml`
[INFO] [stdout] 
[INFO] [stdout] 
[INFO] [stdout] error[E0432]: unresolved import `oxilite`
[INFO] [stdout]  --> tests/store.rs:8:5
[INFO] [stdout]   |
[INFO] [stdout] 8 | use oxilite::{Capabilities, StoreOptions};
[INFO] [stdout]   |     ^^^^^^^ use of unresolved module or unlinked crate `oxilite`
[INFO] [stdout]   |
[INFO] [stdout]   = help: if you wanted to use a crate named `oxilite`, use `cargo add oxilite` to add it to your `Cargo.toml`
[INFO] [stdout] 
[INFO] [stdout] 
[INFO] [stdout] error[E0433]: cannot find module or crate `oxilite` in this scope
[INFO] [stdout]    --> tests/store.rs:211:9
[INFO] [stdout]     |
[INFO] [stdout] 211 |         oxilite::rusqlite::RusqliteBackend::memory().unwrap(),
[INFO] [stdout]     |         ^^^^^^^ use of unresolved module or unlinked crate `oxilite`
[INFO] [stdout]     |
[INFO] [stdout]     = help: if you wanted to use a crate named `oxilite`, use `cargo add oxilite` to add it to your `Cargo.toml`
[INFO] [stdout] 
[INFO] [stdout] 
[INFO] [stdout] error[E0433]: cannot find module or crate `oxilite` in this scope
[INFO] [stdout]    --> tests/store.rs:262:22
[INFO] [stdout]     |
[INFO] [stdout] 262 |                 Some(oxilite::model::Term::NamedNode(n)) => n.as_str()[EX.len()..].to_owned(),
[INFO] [stdout]     |                      ^^^^^^^ use of unresolved module or unlinked crate `oxilite`
[INFO] [stdout]     |
[INFO] [stdout]     = help: if you wanted to use a crate named `oxilite`, use `cargo add oxilite` to add it to your `Cargo.toml`
[INFO] [stdout] help: consider importing this enum
[INFO] [stdout]     |
[INFO] [stdout]   4 + use oxrdf::Term;
[INFO] [stdout]     |
[INFO] [stdout] help: if you import `Term`, refer to it directly
[INFO] [stdout]     |
[INFO] [stdout] 262 -                 Some(oxilite::model::Term::NamedNode(n)) => n.as_str()[EX.len()..].to_owned(),
[INFO] [stdout] 262 +                 Some(Term::NamedNode(n)) => n.as_str()[EX.len()..].to_owned(),
[INFO] [stdout]     |
[INFO] [stdout] 
[INFO] [stdout] 
[INFO] [stdout] Some errors have detailed explanations: E0432, E0433.
[INFO] [stdout] 
[INFO] [stdout] For more information about an error, try `rustc --explain E0432`.
[INFO] [stdout] 
[INFO] [stderr] error: could not compile `oxilite-synalog` (test "store") due to 7 previous errors
[INFO] [stderr] warning: build failed, waiting for other jobs to finish...
[INFO] running `Command { std: "docker" "inspect" "cda268da0fef47c3054f4b5e0d89fc4a829e0a6553c6a3aa1afebeb9872d73a0", kill_on_drop: false }`
[INFO] running `Command { std: "docker" "rm" "-f" "cda268da0fef47c3054f4b5e0d89fc4a829e0a6553c6a3aa1afebeb9872d73a0", kill_on_drop: false }`
[INFO] [stdout] cda268da0fef47c3054f4b5e0d89fc4a829e0a6553c6a3aa1afebeb9872d73a0
