[INFO] fetching crate oxilite-reason 0.9.1...
[INFO] checking oxilite-reason-0.9.1 against 3154cc1a3e6424e44f438a95007d043ed5ceaaf6 for pr-133502-30
[INFO] extracting crate oxilite-reason 0.9.1 into /workspace/builds/worker-5-tc2/source
[INFO] started tweaking crates.io crate oxilite-reason 0.9.1
[INFO] removed 0 missing tests
[INFO] finished tweaking crates.io crate oxilite-reason 0.9.1
[INFO] tweaked toml for crates.io crate oxilite-reason 0.9.1 written to /workspace/builds/worker-5-tc2/source/Cargo.toml
[INFO] validating manifest of crates.io crate oxilite-reason 0.9.1 on toolchain 3154cc1a3e6424e44f438a95007d043ed5ceaaf6
[INFO] running `Command { std: CARGO_HOME="/workspace/cargo-home" RUSTUP_HOME="/workspace/rustup-home" "/workspace/cargo-home/bin/cargo" "+3154cc1a3e6424e44f438a95007d043ed5ceaaf6" "metadata" "--manifest-path" "Cargo.toml" "--no-deps", kill_on_drop: false }`
[INFO] crate crates.io crate oxilite-reason 0.9.1 already has a lockfile, it will not be regenerated
[INFO] running `Command { std: CARGO_HOME="/workspace/cargo-home" RUSTUP_HOME="/workspace/rustup-home" "/workspace/cargo-home/bin/cargo" "+3154cc1a3e6424e44f438a95007d043ed5ceaaf6" "fetch" "--manifest-path" "Cargo.toml", kill_on_drop: false }`
[INFO] running `Command { std: "docker" "create" "-v" "/var/lib/crater-agent-workspace/builds/worker-5-tc2/source:/opt/rustwide/workdir:ro,Z" "-v" "/var/lib/crater-agent-workspace/builds/worker-5-tc2/target:/opt/rustwide/target:rw,Z" "-v" "/var/lib/crater-agent-workspace/cargo-home:/opt/rustwide/cargo-home:ro,Z" "-v" "/var/lib/crater-agent-workspace/rustup-home:/opt/rustwide/rustup-home:ro,Z" "-m" "1610612736" "--network" "none" "ghcr.io/rust-lang/crates-build-env/linux@sha256:77db811e55d90add9212f6832c23229e3de5f1c1f9905e8cb07319ea15df73ac" "sleep" "infinity", kill_on_drop: false }`
[INFO] [stdout] 6f218d6953d443bc50403e024b1a81d5a181862dab75d6b39c5d3346a973a6b5
[INFO] running `Command { std: "docker" "start" "6f218d6953d443bc50403e024b1a81d5a181862dab75d6b39c5d3346a973a6b5", kill_on_drop: false }`
[INFO] running `Command { std: "docker" "inspect" "6f218d6953d443bc50403e024b1a81d5a181862dab75d6b39c5d3346a973a6b5", kill_on_drop: false }`
[INFO] running `Command { std: "docker" "exec" "-e" "SOURCE_DIR=/opt/rustwide/workdir" "-e" "CARGO_HOME=/opt/rustwide/cargo-home" "-e" "RUSTUP_HOME=/opt/rustwide/rustup-home" "-e" "CARGO_TARGET_DIR=/opt/rustwide/target" "-w" "/opt/rustwide/workdir" "--user" "0:0" "6f218d6953d443bc50403e024b1a81d5a181862dab75d6b39c5d3346a973a6b5" "/opt/rustwide/cargo-home/bin/cargo" "+3154cc1a3e6424e44f438a95007d043ed5ceaaf6" "metadata" "--no-deps" "--format-version=1", kill_on_drop: false }`
[INFO] running `Command { std: "docker" "inspect" "6f218d6953d443bc50403e024b1a81d5a181862dab75d6b39c5d3346a973a6b5", kill_on_drop: false }`
[INFO] running `Command { std: "docker" "exec" "-e" "SOURCE_DIR=/opt/rustwide/workdir" "-e" "CARGO_HOME=/opt/rustwide/cargo-home" "-e" "RUSTUP_HOME=/opt/rustwide/rustup-home" "-e" "CARGO_TARGET_DIR=/opt/rustwide/target" "-e" "CARGO_INCREMENTAL=0" "-e" "RUST_BACKTRACE=full" "-e" "RUSTFLAGS=--cap-lints=forbid" "-e" "RUSTDOCFLAGS=--cap-lints=forbid" "-w" "/opt/rustwide/workdir" "--user" "0:0" "6f218d6953d443bc50403e024b1a81d5a181862dab75d6b39c5d3346a973a6b5" "/opt/rustwide/cargo-home/bin/cargo" "+3154cc1a3e6424e44f438a95007d043ed5ceaaf6" "check" "--frozen" "--all" "--all-targets" "--message-format=json", kill_on_drop: false }`
[INFO] [stderr]    Compiling zerocopy v0.8.57
[INFO] [stderr]    Compiling syn v3.0.6
[INFO] [stderr]     Checking oxiri v0.2.11
[INFO] [stderr]     Checking oxilangtag v0.1.6
[INFO] [stderr]    Compiling peg-runtime v0.8.6
[INFO] [stderr]     Checking json-event-parser v0.2.3
[INFO] [stderr]    Compiling syn v2.0.119
[INFO] [stderr]     Checking getrandom v0.3.4
[INFO] [stderr]     Checking quick-xml v0.37.5
[INFO] [stderr]     Checking ryu-js v1.0.3
[INFO] [stderr]     Checking rio_api v0.7.1
[INFO] [stderr]     Checking regex-automata v0.4.18
[INFO] [stderr]     Checking rustc-hash v2.1.3
[INFO] [stderr]     Checking md-5 v0.11.0
[INFO] [stderr]     Checking sha1 v0.11.0
[INFO] [stderr]     Checking quick-xml v0.42.0
[INFO] [stderr]     Checking disjoint-sets v0.4.2
[INFO] [stderr]     Checking xxhash-rust v0.8.18
[INFO] [stderr]     Checking datafrog v2.0.1
[INFO] [stderr]    Compiling peg-macros v0.8.6
[INFO] [stderr]     Checking rio_turtle v0.7.1
[INFO] [stderr]     Checking rand_core v0.9.5
[INFO] [stderr]     Checking peg v0.8.6
[INFO] [stderr]    Compiling thiserror-impl v1.0.69
[INFO] [stderr]     Checking regex v1.13.1
[INFO] [stderr]    Compiling thiserror-impl v2.0.20
[INFO] [stderr]     Checking thiserror v1.0.69
[INFO] [stderr]     Checking thiserror v2.0.20
[INFO] [stderr]     Checking oxsdatatypes v0.2.3
[INFO] [stderr]     Checking ppv-lite86 v0.2.21
[INFO] [stderr]     Checking rand_chacha v0.9.0
[INFO] [stderr]     Checking rand v0.9.5
[INFO] [stderr]     Checking oxrdf v0.3.4
[INFO] [stderr]     Checking spargebra v0.4.7
[INFO] [stderr]     Checking oxrdfxml v0.2.4
[INFO] [stderr]     Checking oxjsonld v0.2.6
[INFO] [stderr]     Checking sparesults v0.3.4
[INFO] [stderr]     Checking oxttl v0.2.4
[INFO] [stderr]     Checking reasonable v0.5.0-a1
[INFO] [stderr]     Checking oxrdfio v0.2.6
[INFO] [stderr]     Checking sparopt v0.3.7
[INFO] [stderr]     Checking spareval v0.2.7
[INFO] [stderr]     Checking oxilite-core v0.9.1
[INFO] [stderr]     Checking oxilite-reason v0.9.1 (/opt/rustwide/workdir)
[INFO] [stdout] error[E0433]: cannot find module or crate `oxilite` in this scope
[INFO] [stdout]  --> tests/agreement.rs:3:5
[INFO] [stdout]   |
[INFO] [stdout] 3 | use oxilite::io::RdfFormat;
[INFO] [stdout]   |     ^^^^^^^ use of unresolved module or unlinked crate `oxilite`
[INFO] [stdout]   |
[INFO] [stdout]   = help: if you wanted to use a crate named `oxilite`, use `cargo add oxilite` to add it to your `Cargo.toml`
[INFO] [stdout] 
[INFO] [stdout] 
[INFO] [stdout] error[E0433]: cannot find module or crate `oxilite` in this scope
[INFO] [stdout]  --> tests/agreement.rs:4:5
[INFO] [stdout]   |
[INFO] [stdout] 4 | use oxilite::sparql::QueryOptions;
[INFO] [stdout]   |     ^^^^^^^ use of unresolved module or unlinked crate `oxilite`
[INFO] [stdout]   |
[INFO] [stdout]   = help: if you wanted to use a crate named `oxilite`, use `cargo add oxilite` to add it to your `Cargo.toml`
[INFO] [stdout] 
[INFO] [stdout] 
[INFO] [stdout] error[E0433]: cannot find module or crate `oxilite` in this scope
[INFO] [stdout]  --> tests/agreement.rs:5:5
[INFO] [stdout]   |
[INFO] [stdout] 5 | use oxilite::store::Store;
[INFO] [stdout]   |     ^^^^^^^ use of unresolved module or unlinked crate `oxilite`
[INFO] [stdout]   |
[INFO] [stdout]   = help: if you wanted to use a crate named `oxilite`, use `cargo add oxilite` to add it to your `Cargo.toml`
[INFO] [stdout] 
[INFO] [stdout] 
[INFO] [stdout] For more information about this error, try `rustc --explain E0433`.
[INFO] [stdout] 
[INFO] [stderr] error: could not compile `oxilite-reason` (test "agreement") due to 3 previous errors
[INFO] running `Command { std: "docker" "inspect" "6f218d6953d443bc50403e024b1a81d5a181862dab75d6b39c5d3346a973a6b5", kill_on_drop: false }`
[INFO] running `Command { std: "docker" "rm" "-f" "6f218d6953d443bc50403e024b1a81d5a181862dab75d6b39c5d3346a973a6b5", kill_on_drop: false }`
[INFO] [stdout] 6f218d6953d443bc50403e024b1a81d5a181862dab75d6b39c5d3346a973a6b5
