[INFO] fetching crate oxilite-jsonld 0.9.1...
[INFO] checking oxilite-jsonld-0.9.1 against 3154cc1a3e6424e44f438a95007d043ed5ceaaf6 for pr-133502-30
[INFO] extracting crate oxilite-jsonld 0.9.1 into /workspace/builds/worker-4-tc2/source
[INFO] started tweaking crates.io crate oxilite-jsonld 0.9.1
[INFO] removed 0 missing tests
[INFO] finished tweaking crates.io crate oxilite-jsonld 0.9.1
[INFO] tweaked toml for crates.io crate oxilite-jsonld 0.9.1 written to /workspace/builds/worker-4-tc2/source/Cargo.toml
[INFO] validating manifest of crates.io crate oxilite-jsonld 0.9.1 on toolchain 3154cc1a3e6424e44f438a95007d043ed5ceaaf6
[INFO] running `Command { std: CARGO_HOME="/workspace/cargo-home" RUSTUP_HOME="/workspace/rustup-home" "/workspace/cargo-home/bin/cargo" "+3154cc1a3e6424e44f438a95007d043ed5ceaaf6" "metadata" "--manifest-path" "Cargo.toml" "--no-deps", kill_on_drop: false }`
[INFO] crate crates.io crate oxilite-jsonld 0.9.1 already has a lockfile, it will not be regenerated
[INFO] running `Command { std: CARGO_HOME="/workspace/cargo-home" RUSTUP_HOME="/workspace/rustup-home" "/workspace/cargo-home/bin/cargo" "+3154cc1a3e6424e44f438a95007d043ed5ceaaf6" "fetch" "--manifest-path" "Cargo.toml", kill_on_drop: false }`
[INFO] [stderr]     Blocking waiting for file lock on package cache
[INFO] [stderr]     Blocking waiting for file lock on package cache
[INFO] running `Command { std: "docker" "create" "-v" "/var/lib/crater-agent-workspace/builds/worker-4-tc2/source:/opt/rustwide/workdir:ro,Z" "-v" "/var/lib/crater-agent-workspace/builds/worker-4-tc2/target:/opt/rustwide/target:rw,Z" "-v" "/var/lib/crater-agent-workspace/cargo-home:/opt/rustwide/cargo-home:ro,Z" "-v" "/var/lib/crater-agent-workspace/rustup-home:/opt/rustwide/rustup-home:ro,Z" "-m" "1610612736" "--network" "none" "ghcr.io/rust-lang/crates-build-env/linux@sha256:77db811e55d90add9212f6832c23229e3de5f1c1f9905e8cb07319ea15df73ac" "sleep" "infinity", kill_on_drop: false }`
[INFO] [stdout] b76388efb937717e7ebb888abce72a072f3ebd9a7b877945025f510ffb28b7c7
[INFO] running `Command { std: "docker" "start" "b76388efb937717e7ebb888abce72a072f3ebd9a7b877945025f510ffb28b7c7", kill_on_drop: false }`
[INFO] running `Command { std: "docker" "inspect" "b76388efb937717e7ebb888abce72a072f3ebd9a7b877945025f510ffb28b7c7", kill_on_drop: false }`
[INFO] running `Command { std: "docker" "exec" "-e" "SOURCE_DIR=/opt/rustwide/workdir" "-e" "CARGO_HOME=/opt/rustwide/cargo-home" "-e" "RUSTUP_HOME=/opt/rustwide/rustup-home" "-e" "CARGO_TARGET_DIR=/opt/rustwide/target" "-w" "/opt/rustwide/workdir" "--user" "0:0" "b76388efb937717e7ebb888abce72a072f3ebd9a7b877945025f510ffb28b7c7" "/opt/rustwide/cargo-home/bin/cargo" "+3154cc1a3e6424e44f438a95007d043ed5ceaaf6" "metadata" "--no-deps" "--format-version=1", kill_on_drop: false }`
[INFO] running `Command { std: "docker" "inspect" "b76388efb937717e7ebb888abce72a072f3ebd9a7b877945025f510ffb28b7c7", kill_on_drop: false }`
[INFO] running `Command { std: "docker" "exec" "-e" "SOURCE_DIR=/opt/rustwide/workdir" "-e" "CARGO_HOME=/opt/rustwide/cargo-home" "-e" "RUSTUP_HOME=/opt/rustwide/rustup-home" "-e" "CARGO_TARGET_DIR=/opt/rustwide/target" "-e" "CARGO_INCREMENTAL=0" "-e" "RUST_BACKTRACE=full" "-e" "RUSTFLAGS=--cap-lints=forbid" "-e" "RUSTDOCFLAGS=--cap-lints=forbid" "-w" "/opt/rustwide/workdir" "--user" "0:0" "b76388efb937717e7ebb888abce72a072f3ebd9a7b877945025f510ffb28b7c7" "/opt/rustwide/cargo-home/bin/cargo" "+3154cc1a3e6424e44f438a95007d043ed5ceaaf6" "check" "--frozen" "--all" "--all-targets" "--message-format=json", kill_on_drop: false }`
[INFO] [stderr]    Compiling libc v0.2.189
[INFO] [stderr]    Compiling syn v1.0.109
[INFO] [stderr]    Compiling zerocopy v0.8.57
[INFO] [stderr]    Compiling cfg-if v1.0.5
[INFO] [stderr]    Compiling proc-macro-error-attr v1.0.4
[INFO] [stderr]    Compiling proc-macro-error v1.0.4
[INFO] [stderr]    Compiling serde_core v1.0.229
[INFO] [stderr]    Compiling serde v1.0.229
[INFO] [stderr]    Compiling num-traits v0.2.19
[INFO] [stderr]    Compiling slab v0.4.12
[INFO] [stderr]    Compiling minimal-lexical v0.2.1
[INFO] [stderr]    Compiling memchr v2.8.3
[INFO] [stderr]    Compiling smallvec v1.16.1
[INFO] [stderr]    Compiling syn v3.0.6
[INFO] [stderr]    Compiling thiserror-impl v1.0.69
[INFO] [stderr]    Compiling zerocopy-derive v0.8.57
[INFO] [stderr]    Compiling generic-array v0.14.7
[INFO] [stderr]    Compiling cc-traits v2.0.0
[INFO] [stderr]    Compiling ciborium-io v0.2.2
[INFO] [stderr]    Compiling range-traits v0.3.2
[INFO] [stderr]    Compiling indoc v2.0.7
[INFO] [stderr]    Compiling btree-slab v0.6.1
[INFO] [stderr]    Compiling hex_fmt v0.3.0
[INFO] [stderr]     Checking lexical-util v1.0.7
[INFO] [stderr]    Compiling utf8-decode v1.0.1
[INFO] [stderr]    Compiling enum-ordinalize-derive v4.3.2
[INFO] [stderr]    Compiling indexmap v1.9.3
[INFO] [stderr]    Compiling block-buffer v0.10.4
[INFO] [stderr]    Compiling crypto-common v0.1.7
[INFO] [stderr]    Compiling ryu_floating_decimal v0.1.0
[INFO] [stderr]    Compiling digest v0.10.7
[INFO] [stderr]    Compiling nom v7.1.3
[INFO] [stderr]    Compiling enum-ordinalize v4.3.2
[INFO] [stderr]    Compiling ahash v0.8.12
[INFO] [stderr]    Compiling sha2 v0.10.9
[INFO] [stderr]     Checking contextual v0.1.6
[INFO] [stderr]     Checking ryu-js v0.2.2
[INFO] [stderr]     Checking oxiri v0.2.11
[INFO] [stderr]     Checking futures-sink v0.3.34
[INFO] [stderr]     Checking oxilangtag v0.1.6
[INFO] [stderr]     Checking futures-channel v0.3.34
[INFO] [stderr]    Compiling educe v0.5.11
[INFO] [stderr]     Checking num-integer v0.1.47
[INFO] [stderr]     Checking smallstr v0.3.1
[INFO] [stderr]     Checking lexical-write-integer v1.0.6
[INFO] [stderr]     Checking lexical-parse-integer v1.0.6
[INFO] [stderr]     Checking bitmaps v2.1.0
[INFO] [stderr]    Compiling im v15.1.0
[INFO] [stderr]    Compiling thiserror v1.0.69
[INFO] [stderr]     Checking lexical-parse-float v1.0.6
[INFO] [stderr]    Compiling pct-str v2.0.0
[INFO] [stderr]    Compiling num-bigint v0.4.8
[INFO] [stderr]     Checking lexical-write-float v1.0.6
[INFO] [stderr]     Checking futures-io v0.3.34
[INFO] [stderr]     Checking getrandom v0.2.17
[INFO] [stderr]     Checking getrandom v0.3.4
[INFO] [stderr]     Checking rand_core v0.6.4
[INFO] [stderr]     Checking rand_core v0.9.5
[INFO] [stderr]     Checking decoded-char v0.1.1
[INFO] [stderr]     Checking ahash v0.7.8
[INFO] [stderr]     Checking replace_with v0.1.8
[INFO] [stderr]     Checking locspan v0.8.2
[INFO] [stderr]     Checking lexical-core v1.0.6
[INFO] [stderr]     Checking lexical v7.0.5
[INFO] [stderr]     Checking json-number v0.4.10
[INFO] [stderr]     Checking raw-btree v0.3.3
[INFO] [stderr]     Checking hashbrown v0.12.3
[INFO] [stderr]     Checking chrono v0.4.45
[INFO] [stderr]     Checking rand_xoshiro v0.6.0
[INFO] [stderr]     Checking pretty_dtoa v0.3.0
[INFO] [stderr]     Checking ordered-float v3.9.2
[INFO] [stderr]     Checking hybrid-array v0.4.15
[INFO] [stderr]     Checking log v0.4.34
[INFO] [stderr]    Compiling find-msvc-tools v0.1.13
[INFO] [stderr]     Checking sized-chunks v0.6.5
[INFO] [stderr]    Compiling peg-runtime v0.8.6
[INFO] [stderr]    Compiling cc v1.4.7
[INFO] [stderr]     Checking permutohedron v0.2.4
[INFO] [stderr]    Compiling peg-macros v0.8.6
[INFO] [stderr]    Compiling abnf-core v0.5.0
[INFO] [stderr]    Compiling abnf v0.13.0
[INFO] [stderr]     Checking quick-xml v0.37.5
[INFO] [stderr]     Checking crypto-common v0.2.2
[INFO] [stderr]     Checking block-buffer v0.12.1
[INFO] [stderr]     Checking json-event-parser v0.2.3
[INFO] [stderr]     Checking num-rational v0.4.2
[INFO] [stderr]     Checking mown v0.2.2
[INFO] [stderr]    Compiling enum-ordinalize v3.1.15
[INFO] [stderr]     Checking cpufeatures v0.3.1
[INFO] [stderr]     Checking regex-automata v0.4.18
[INFO] [stderr]     Checking ryu-js v1.0.3
[INFO] [stderr]    Compiling crc32fast v1.5.2
[INFO] [stderr]     Checking serde_json v1.0.151
[INFO] [stderr]     Checking percent-encoding v2.3.2
[INFO] [stderr]     Checking simd-adler32 v0.3.10
[INFO] [stderr]    Compiling rustls v0.23.45
[INFO] [stderr]     Checking rustc-hash v2.1.3
[INFO] [stderr]     Checking miniz_oxide v0.9.1
[INFO] [stderr]     Checking form_urlencoded v1.2.2
[INFO] [stderr]     Checking digest v0.11.3
[INFO] [stderr]     Checking subtle v2.6.1
[INFO] [stderr]     Checking xxhash-rust v0.8.18
[INFO] [stderr]     Checking sha1 v0.11.0
[INFO] [stderr]     Checking sha2 v0.11.0
[INFO] [stderr]     Checking md-5 v0.11.0
[INFO] [stderr]     Checking flate2 v1.1.10
[INFO] [stderr]     Checking peg v0.8.6
[INFO] [stderr]    Compiling ring v0.17.14
[INFO] [stderr]    Compiling locspan-derive v0.6.0
[INFO] [stderr]    Compiling educe v0.4.23
[INFO] [stderr]     Checking ppv-lite86 v0.2.21
[INFO] [stderr]     Checking hashbrown v0.13.2
[INFO] [stderr]     Checking json-syntax v0.12.5
[INFO] [stderr]     Checking rand_chacha v0.9.0
[INFO] [stderr]     Checking rand v0.9.5
[INFO] [stderr]     Checking regex v1.13.1
[INFO] [stderr]    Compiling synstructure v0.14.0
[INFO] [stderr]    Compiling serde_derive v1.0.229
[INFO] [stderr]    Compiling zerofrom-derive v0.1.8
[INFO] [stderr]    Compiling yoke-derive v0.8.3
[INFO] [stderr]    Compiling thiserror-impl v2.0.20
[INFO] [stderr]    Compiling zerovec-derive v0.11.6
[INFO] [stderr]    Compiling displaydoc v0.2.7
[INFO] [stderr]    Compiling futures-macro v0.3.34
[INFO] [stderr]     Checking futures-util v0.3.34
[INFO] [stderr]     Checking zerofrom v0.1.8
[INFO] [stderr]     Checking thiserror v2.0.20
[INFO] [stderr]     Checking oxsdatatypes v0.2.3
[INFO] [stderr]     Checking yoke v0.8.3
[INFO] [stderr]     Checking zerotrie v0.2.5
[INFO] [stderr]     Checking zerovec v0.11.8
[INFO] [stderr]     Checking oxrdf v0.3.4
[INFO] [stderr]    Compiling half v2.7.1
[INFO] [stderr]    Compiling ciborium-ll v0.2.2
[INFO] [stderr]     Checking tinystr v0.8.4
[INFO] [stderr]     Checking potential_utf v0.1.6
[INFO] [stderr]     Checking icu_collections v2.3.0
[INFO] [stderr]     Checking spargebra v0.4.7
[INFO] [stderr]     Checking oxjsonld v0.2.6
[INFO] [stderr]     Checking oxrdfxml v0.2.4
[INFO] [stderr]     Checking sparesults v0.3.4
[INFO] [stderr]     Checking oxttl v0.2.4
[INFO] [stderr]     Checking icu_locale_core v2.3.0
[INFO] [stderr]     Checking rustls-webpki v0.103.15
[INFO] [stderr]     Checking oxrdfio v0.2.6
[INFO] [stderr]     Checking icu_provider v2.3.1
[INFO] [stderr]     Checking icu_normalizer v2.3.0
[INFO] [stderr]     Checking icu_properties v2.3.0
[INFO] [stderr]    Compiling btree-range-map v0.7.2
[INFO] [stderr]    Compiling ciborium v0.2.2
[INFO] [stderr]     Checking sparopt v0.3.7
[INFO] [stderr]     Checking futures-executor v0.3.34
[INFO] [stderr]     Checking idna_adapter v1.2.2
[INFO] [stderr]     Checking futures v0.3.34
[INFO] [stderr]     Checking spareval v0.2.7
[INFO] [stderr]    Compiling static-regular-grammar v2.0.2
[INFO] [stderr]     Checking idna v1.1.0
[INFO] [stderr]     Checking url v2.5.8
[INFO] [stderr]     Checking ureq v2.12.1
[INFO] [stderr]     Checking oxilite-core v0.9.1
[INFO] [stderr]    Compiling iref-core v3.2.2
[INFO] [stderr]     Checking langtag v0.4.0
[INFO] [stderr]     Checking iref v3.2.2
[INFO] [stderr]    Compiling static-iref v3.0.0
[INFO] [stderr]     Checking rdf-types v0.22.5
[INFO] [stderr]    Compiling linked-data-derive v0.1.0
[INFO] [stderr]     Checking xsd-types v0.9.6
[INFO] [stderr]     Checking json-ld-syntax v0.21.4
[INFO] [stderr]     Checking linked-data v0.1.2
[INFO] [stderr]     Checking json-ld-core v0.21.4
[INFO] [stderr]     Checking json-ld-context-processing v0.21.4
[INFO] [stderr]     Checking json-ld-serialization v0.21.4
[INFO] [stderr]     Checking json-ld-expansion v0.21.4
[INFO] [stderr]     Checking json-ld-compaction v0.21.4
[INFO] [stderr]     Checking json-ld v0.21.4
[INFO] [stderr]     Checking oxilite-jsonld v0.9.1 (/opt/rustwide/workdir)
[INFO] [stdout] error[E0433]: cannot find module or crate `oxilite` in this scope
[INFO] [stdout]  --> tests/w3c_to_rdf.rs:8:5
[INFO] [stdout]   |
[INFO] [stdout] 8 | use oxilite::jsonld::{GraphStrategy, JsonLdOptions, KeyStrategy, ProcessingMode, RdfDirection};
[INFO] [stdout]   |     ^^^^^^^ use of unresolved module or unlinked crate `oxilite`
[INFO] [stdout]   |
[INFO] [stdout]   = help: if you wanted to use a crate named `oxilite`, use `cargo add oxilite` to add it to your `Cargo.toml`
[INFO] [stdout] 
[INFO] [stdout] 
[INFO] [stdout] error[E0433]: cannot find module or crate `oxilite` in this scope
[INFO] [stdout]  --> tests/w3c_to_rdf.rs:9:5
[INFO] [stdout]   |
[INFO] [stdout] 9 | use oxilite::model::dataset::CanonicalizationAlgorithm;
[INFO] [stdout]   |     ^^^^^^^ use of unresolved module or unlinked crate `oxilite`
[INFO] [stdout]   |
[INFO] [stdout]   = help: if you wanted to use a crate named `oxilite`, use `cargo add oxilite` to add it to your `Cargo.toml`
[INFO] [stdout] 
[INFO] [stdout] 
[INFO] [stdout] error[E0433]: cannot find module or crate `oxilite` in this scope
[INFO] [stdout]   --> tests/w3c_to_rdf.rs:10:5
[INFO] [stdout]    |
[INFO] [stdout] 10 | use oxilite::model::Dataset;
[INFO] [stdout]    |     ^^^^^^^ use of unresolved module or unlinked crate `oxilite`
[INFO] [stdout]    |
[INFO] [stdout]    = help: if you wanted to use a crate named `oxilite`, use `cargo add oxilite` to add it to your `Cargo.toml`
[INFO] [stdout] 
[INFO] [stdout] 
[INFO] [stdout] error[E0433]: cannot find module or crate `oxilite` in this scope
[INFO] [stdout]   --> tests/w3c_to_rdf.rs:11:5
[INFO] [stdout]    |
[INFO] [stdout] 11 | use oxilite::store::Store;
[INFO] [stdout]    |     ^^^^^^^ use of unresolved module or unlinked crate `oxilite`
[INFO] [stdout]    |
[INFO] [stdout]    = help: if you wanted to use a crate named `oxilite`, use `cargo add oxilite` to add it to your `Cargo.toml`
[INFO] [stdout] 
[INFO] [stdout] 
[INFO] [stdout] error[E0433]: cannot find module or crate `oxilite` in this scope
[INFO] [stdout]  --> tests/documents.rs:5:5
[INFO] [stdout]   |
[INFO] [stdout] 5 | use oxilite::jsonld::{
[INFO] [stdout]   |     ^^^^^^^ use of unresolved module or unlinked crate `oxilite`
[INFO] [stdout]   |
[INFO] [stdout]   = help: if you wanted to use a crate named `oxilite`, use `cargo add oxilite` to add it to your `Cargo.toml`
[INFO] [stdout] 
[INFO] [stdout] 
[INFO] [stdout] error[E0433]: cannot find module or crate `oxilite` in this scope
[INFO] [stdout]  --> tests/documents.rs:9:5
[INFO] [stdout]   |
[INFO] [stdout] 9 | use oxilite::model::{GraphName, NamedNode};
[INFO] [stdout]   |     ^^^^^^^ use of unresolved module or unlinked crate `oxilite`
[INFO] [stdout]   |
[INFO] [stdout]   = help: if you wanted to use a crate named `oxilite`, use `cargo add oxilite` to add it to your `Cargo.toml`
[INFO] [stdout] 
[INFO] [stdout] 
[INFO] [stdout] error[E0433]: cannot find module or crate `oxilite` in this scope
[INFO] [stdout]   --> tests/documents.rs:10:5
[INFO] [stdout]    |
[INFO] [stdout] 10 | use oxilite::sparql::QueryResults;
[INFO] [stdout]    |     ^^^^^^^ use of unresolved module or unlinked crate `oxilite`
[INFO] [stdout]    |
[INFO] [stdout]    = help: if you wanted to use a crate named `oxilite`, use `cargo add oxilite` to add it to your `Cargo.toml`
[INFO] [stdout] 
[INFO] [stdout] 
[INFO] [stdout] error[E0433]: cannot find module or crate `oxilite` in this scope
[INFO] [stdout]  --> tests/engine/mod.rs:7:5
[INFO] [stdout]   |
[INFO] [stdout] 7 | use oxilite::rusqlite::RusqliteBackend;
[INFO] [stdout]   |     ^^^^^^^ use of unresolved module or unlinked crate `oxilite`
[INFO] [stdout]   |
[INFO] [stdout]   = help: if you wanted to use a crate named `oxilite`, use `cargo add oxilite` to add it to your `Cargo.toml`
[INFO] [stdout] 
[INFO] [stdout] 
[INFO] [stdout] error[E0433]: cannot find module or crate `oxilite` in this scope
[INFO] [stdout]  --> tests/engine/mod.rs:8:5
[INFO] [stdout]   |
[INFO] [stdout] 8 | use oxilite::sparql::QueryResults;
[INFO] [stdout]   |     ^^^^^^^ use of unresolved module or unlinked crate `oxilite`
[INFO] [stdout]   |
[INFO] [stdout]   = help: if you wanted to use a crate named `oxilite`, use `cargo add oxilite` to add it to your `Cargo.toml`
[INFO] [stdout] 
[INFO] [stdout] 
[INFO] [stdout] error[E0433]: cannot find module or crate `oxilite` in this scope
[INFO] [stdout]  --> tests/engine/mod.rs:9:5
[INFO] [stdout]   |
[INFO] [stdout] 9 | use oxilite::store::Store;
[INFO] [stdout]   |     ^^^^^^^ use of unresolved module or unlinked crate `oxilite`
[INFO] [stdout]   |
[INFO] [stdout]   = help: if you wanted to use a crate named `oxilite`, use `cargo add oxilite` to add it to your `Cargo.toml`
[INFO] [stdout] 
[INFO] [stdout] 
[INFO] [stdout] error[E0432]: unresolved import `oxilite`
[INFO] [stdout]   --> tests/documents.rs:11:5
[INFO] [stdout]    |
[INFO] [stdout] 11 | use oxilite::Capabilities;
[INFO] [stdout]    |     ^^^^^^^ use of unresolved module or unlinked crate `oxilite`
[INFO] [stdout]    |
[INFO] [stdout]    = help: if you wanted to use a crate named `oxilite`, use `cargo add oxilite` to add it to your `Cargo.toml`
[INFO] [stdout] 
[INFO] [stdout] 
[INFO] [stdout] error[E0432]: unresolved import `oxilite`
[INFO] [stdout]   --> tests/engine/mod.rs:10:5
[INFO] [stdout]    |
[INFO] [stdout] 10 | use oxilite::{AsyncBackend, AsyncStore, Capabilities};
[INFO] [stdout]    |     ^^^^^^^ use of unresolved module or unlinked crate `oxilite`
[INFO] [stdout]    |
[INFO] [stdout]    = help: if you wanted to use a crate named `oxilite`, use `cargo add oxilite` to add it to your `Cargo.toml`
[INFO] [stdout] 
[INFO] [stdout] 
[INFO] [stdout] error[E0433]: cannot find module or crate `oxilite` in this scope
[INFO] [stdout]   --> tests/w3c_to_rdf.rs:66:18
[INFO] [stdout]    |
[INFO] [stdout] 66 |     let fetcher: oxilite::jsonld::ContextFetcher = Arc::new(move |iri: &str| {
[INFO] [stdout]    |                  ^^^^^^^ use of unresolved module or unlinked crate `oxilite`
[INFO] [stdout]    |
[INFO] [stdout]    = help: if you wanted to use a crate named `oxilite`, use `cargo add oxilite` to add it to your `Cargo.toml`
[INFO] [stdout] 
[INFO] [stdout] 
[INFO] [stdout] error[E0433]: cannot find module or crate `oxilite` in this scope
[INFO] [stdout]   --> tests/w3c_to_rdf.rs:69:28
[INFO] [stdout]    |
[INFO] [stdout] 69 |             .ok_or_else(|| oxilite::jsonld::JsonLdError::ContextNotFound(iri.to_owned()))?;
[INFO] [stdout]    |                            ^^^^^^^ use of unresolved module or unlinked crate `oxilite`
[INFO] [stdout]    |
[INFO] [stdout]    = help: if you wanted to use a crate named `oxilite`, use `cargo add oxilite` to add it to your `Cargo.toml`
[INFO] [stdout] help: consider importing this enum
[INFO] [stdout]    |
[INFO] [stdout]  8 + use oxilite_jsonld::JsonLdError;
[INFO] [stdout]    |
[INFO] [stdout] help: if you import `JsonLdError`, refer to it directly
[INFO] [stdout]    |
[INFO] [stdout] 69 -             .ok_or_else(|| oxilite::jsonld::JsonLdError::ContextNotFound(iri.to_owned()))?;
[INFO] [stdout] 69 +             .ok_or_else(|| JsonLdError::ContextNotFound(iri.to_owned()))?;
[INFO] [stdout]    |
[INFO] [stdout] 
[INFO] [stdout] 
[INFO] [stdout] error[E0433]: cannot find module or crate `oxilite` in this scope
[INFO] [stdout]   --> tests/w3c_to_rdf.rs:71:26
[INFO] [stdout]    |
[INFO] [stdout] 71 |             .map_err(|_| oxilite::jsonld::JsonLdError::ContextNotFound(iri.to_owned()))
[INFO] [stdout]    |                          ^^^^^^^ use of unresolved module or unlinked crate `oxilite`
[INFO] [stdout]    |
[INFO] [stdout]    = help: if you wanted to use a crate named `oxilite`, use `cargo add oxilite` to add it to your `Cargo.toml`
[INFO] [stdout] help: consider importing this enum
[INFO] [stdout]    |
[INFO] [stdout]  8 + use oxilite_jsonld::JsonLdError;
[INFO] [stdout]    |
[INFO] [stdout] help: if you import `JsonLdError`, refer to it directly
[INFO] [stdout]    |
[INFO] [stdout] 71 -             .map_err(|_| oxilite::jsonld::JsonLdError::ContextNotFound(iri.to_owned()))
[INFO] [stdout] 71 +             .map_err(|_| JsonLdError::ContextNotFound(iri.to_owned()))
[INFO] [stdout]    |
[INFO] [stdout] 
[INFO] [stdout] 
[INFO] [stdout] error[E0433]: cannot find module or crate `oxilite` in this scope
[INFO] [stdout]   --> tests/engine/mod.rs:60:17
[INFO] [stdout]    |
[INFO] [stdout] 60 |     Dylib(Store<oxilite::dylib::DylibBackend>),
[INFO] [stdout]    |                 ^^^^^^^ use of unresolved module or unlinked crate `oxilite`
[INFO] [stdout]    |
[INFO] [stdout]    = help: if you wanted to use a crate named `oxilite`, use `cargo add oxilite` to add it to your `Cargo.toml`
[INFO] [stdout] 
[INFO] [stdout] 
[INFO] [stdout] For more information about this error, try `rustc --explain E0433`.
[INFO] [stdout] 
[INFO] [stdout] error[E0433]: cannot find module or crate `oxilite` in this scope
[INFO] [stdout]   --> tests/engine/mod.rs:82:28
[INFO] [stdout]    |
[INFO] [stdout] 82 |         if let Some(lib) = oxilite::dylib::find_system_library() {
[INFO] [stdout]    |                            ^^^^^^^ use of unresolved module or unlinked crate `oxilite`
[INFO] [stdout]    |
[INFO] [stdout]    = help: if you wanted to use a crate named `oxilite`, use `cargo add oxilite` to add it to your `Cargo.toml`
[INFO] [stdout] 
[INFO] [stdout] 
[INFO] [stderr] error: could not compile `oxilite-jsonld` (test "w3c_to_rdf") due to 7 previous errors
[INFO] [stderr] warning: build failed, waiting for other jobs to finish...
[INFO] [stdout] error[E0433]: cannot find module or crate `oxilite` in this scope
[INFO] [stdout]    --> tests/documents.rs:527:9
[INFO] [stdout]     |
[INFO] [stdout] 527 |         oxilite::jsonld::NoContexts,
[INFO] [stdout]     |         ^^^^^^^ use of unresolved module or unlinked crate `oxilite`
[INFO] [stdout]     |
[INFO] [stdout]     = help: if you wanted to use a crate named `oxilite`, use `cargo add oxilite` to add it to your `Cargo.toml`
[INFO] [stdout] 
[INFO] [stdout] 
[INFO] [stdout] error[E0433]: cannot find module or crate `oxilite` in this scope
[INFO] [stdout]    --> tests/documents.rs:373:17
[INFO] [stdout]     |
[INFO] [stdout] 373 |                 oxilite::model::Term::NamedNode(n) => GraphName::NamedNode(n.clone()),
[INFO] [stdout]     |                 ^^^^^^^ use of unresolved module or unlinked crate `oxilite`
[INFO] [stdout]     |
[INFO] [stdout]     = help: if you wanted to use a crate named `oxilite`, use `cargo add oxilite` to add it to your `Cargo.toml`
[INFO] [stdout] help: consider importing one of these enums
[INFO] [stdout]     |
[INFO] [stdout]   4 + use json_ld::Term;
[INFO] [stdout]     |
[INFO] [stdout]   4 + use oxrdf::Term;
[INFO] [stdout]     |
[INFO] [stdout]   4 + use rdf_types::Term;
[INFO] [stdout]     |
[INFO] [stdout] help: if you import `Term`, refer to it directly
[INFO] [stdout]     |
[INFO] [stdout] 373 -                 oxilite::model::Term::NamedNode(n) => GraphName::NamedNode(n.clone()),
[INFO] [stdout] 373 +                 Term::NamedNode(n) => GraphName::NamedNode(n.clone()),
[INFO] [stdout]     |
[INFO] [stdout] 
[INFO] [stdout] 
[INFO] [stdout] Some errors have detailed explanations: E0432, E0433.
[INFO] [stdout] 
[INFO] [stdout] For more information about an error, try `rustc --explain E0432`.
[INFO] [stdout] 
[INFO] [stderr] error: could not compile `oxilite-jsonld` (test "documents") due to 12 previous errors
[INFO] running `Command { std: "docker" "inspect" "b76388efb937717e7ebb888abce72a072f3ebd9a7b877945025f510ffb28b7c7", kill_on_drop: false }`
[INFO] running `Command { std: "docker" "rm" "-f" "b76388efb937717e7ebb888abce72a072f3ebd9a7b877945025f510ffb28b7c7", kill_on_drop: false }`
[INFO] [stdout] b76388efb937717e7ebb888abce72a072f3ebd9a7b877945025f510ffb28b7c7
