[INFO] fetching crate oxilite-cypher 0.9.1...
[INFO] checking oxilite-cypher-0.9.1 against 3154cc1a3e6424e44f438a95007d043ed5ceaaf6 for pr-133502-30
[INFO] extracting crate oxilite-cypher 0.9.1 into /workspace/builds/worker-0-tc2/source
[INFO] started tweaking crates.io crate oxilite-cypher 0.9.1
[INFO] removed 0 missing tests
[INFO] finished tweaking crates.io crate oxilite-cypher 0.9.1
[INFO] tweaked toml for crates.io crate oxilite-cypher 0.9.1 written to /workspace/builds/worker-0-tc2/source/Cargo.toml
[INFO] validating manifest of crates.io crate oxilite-cypher 0.9.1 on toolchain 3154cc1a3e6424e44f438a95007d043ed5ceaaf6
[INFO] running `Command { std: CARGO_HOME="/workspace/cargo-home" RUSTUP_HOME="/workspace/rustup-home" "/workspace/cargo-home/bin/cargo" "+3154cc1a3e6424e44f438a95007d043ed5ceaaf6" "metadata" "--manifest-path" "Cargo.toml" "--no-deps", kill_on_drop: false }`
[INFO] crate crates.io crate oxilite-cypher 0.9.1 already has a lockfile, it will not be regenerated
[INFO] running `Command { std: CARGO_HOME="/workspace/cargo-home" RUSTUP_HOME="/workspace/rustup-home" "/workspace/cargo-home/bin/cargo" "+3154cc1a3e6424e44f438a95007d043ed5ceaaf6" "fetch" "--manifest-path" "Cargo.toml", kill_on_drop: false }`
[INFO] running `Command { std: "docker" "create" "-v" "/var/lib/crater-agent-workspace/builds/worker-0-tc2/source:/opt/rustwide/workdir:ro,Z" "-v" "/var/lib/crater-agent-workspace/builds/worker-0-tc2/target:/opt/rustwide/target:rw,Z" "-v" "/var/lib/crater-agent-workspace/cargo-home:/opt/rustwide/cargo-home:ro,Z" "-v" "/var/lib/crater-agent-workspace/rustup-home:/opt/rustwide/rustup-home:ro,Z" "-m" "1610612736" "--network" "none" "ghcr.io/rust-lang/crates-build-env/linux@sha256:77db811e55d90add9212f6832c23229e3de5f1c1f9905e8cb07319ea15df73ac" "sleep" "infinity", kill_on_drop: false }`
[INFO] [stdout] a1fc63ce3bacc08e7e5cba0ddada4c8fc7503d7743fc6add5b39271397a2c377
[INFO] running `Command { std: "docker" "start" "a1fc63ce3bacc08e7e5cba0ddada4c8fc7503d7743fc6add5b39271397a2c377", kill_on_drop: false }`
[INFO] running `Command { std: "docker" "inspect" "a1fc63ce3bacc08e7e5cba0ddada4c8fc7503d7743fc6add5b39271397a2c377", kill_on_drop: false }`
[INFO] running `Command { std: "docker" "exec" "-e" "SOURCE_DIR=/opt/rustwide/workdir" "-e" "CARGO_HOME=/opt/rustwide/cargo-home" "-e" "RUSTUP_HOME=/opt/rustwide/rustup-home" "-e" "CARGO_TARGET_DIR=/opt/rustwide/target" "-w" "/opt/rustwide/workdir" "--user" "0:0" "a1fc63ce3bacc08e7e5cba0ddada4c8fc7503d7743fc6add5b39271397a2c377" "/opt/rustwide/cargo-home/bin/cargo" "+3154cc1a3e6424e44f438a95007d043ed5ceaaf6" "metadata" "--no-deps" "--format-version=1", kill_on_drop: false }`
[INFO] running `Command { std: "docker" "inspect" "a1fc63ce3bacc08e7e5cba0ddada4c8fc7503d7743fc6add5b39271397a2c377", kill_on_drop: false }`
[INFO] running `Command { std: "docker" "exec" "-e" "SOURCE_DIR=/opt/rustwide/workdir" "-e" "CARGO_HOME=/opt/rustwide/cargo-home" "-e" "RUSTUP_HOME=/opt/rustwide/rustup-home" "-e" "CARGO_TARGET_DIR=/opt/rustwide/target" "-e" "CARGO_INCREMENTAL=0" "-e" "RUST_BACKTRACE=full" "-e" "RUSTFLAGS=--cap-lints=forbid" "-e" "RUSTDOCFLAGS=--cap-lints=forbid" "-w" "/opt/rustwide/workdir" "--user" "0:0" "a1fc63ce3bacc08e7e5cba0ddada4c8fc7503d7743fc6add5b39271397a2c377" "/opt/rustwide/cargo-home/bin/cargo" "+3154cc1a3e6424e44f438a95007d043ed5ceaaf6" "check" "--frozen" "--all" "--all-targets" "--message-format=json", kill_on_drop: false }`
[INFO] [stderr]     Checking cfg-if v1.0.5
[INFO] [stderr]    Compiling libc v0.2.189
[INFO] [stderr]    Compiling zerocopy v0.8.57
[INFO] [stderr]    Compiling getrandom v0.3.4
[INFO] [stderr]    Compiling thiserror v2.0.20
[INFO] [stderr]     Checking oxilangtag v0.1.6
[INFO] [stderr]     Checking oxiri v0.2.11
[INFO] [stderr]     Checking typenum v1.20.1
[INFO] [stderr]     Checking litemap v0.8.3
[INFO] [stderr]     Checking writeable v0.6.4
[INFO] [stderr]    Compiling find-msvc-tools v0.1.13
[INFO] [stderr]    Compiling icu_properties_data v2.3.0
[INFO] [stderr]    Compiling peg-runtime v0.8.6
[INFO] [stderr]    Compiling icu_normalizer_data v2.3.0
[INFO] [stderr]    Compiling syn v3.0.6
[INFO] [stderr]     Checking quick-xml v0.37.5
[INFO] [stderr]     Checking json-event-parser v0.2.3
[INFO] [stderr]     Checking aho-corasick v1.1.5
[INFO] [stderr]     Checking smallvec v1.16.1
[INFO] [stderr]    Compiling cc v1.4.7
[INFO] [stderr]    Compiling serde_json v1.0.151
[INFO] [stderr]     Checking cpufeatures v0.3.1
[INFO] [stderr]     Checking futures-sink v0.3.34
[INFO] [stderr]    Compiling crc32fast v1.5.2
[INFO] [stderr]     Checking ryu-js v1.0.3
[INFO] [stderr]    Compiling peg-macros v0.8.6
[INFO] [stderr]     Checking futures-core v0.3.34
[INFO] [stderr]     Checking futures-io v0.3.34
[INFO] [stderr]     Checking simd-adler32 v0.3.10
[INFO] [stderr]     Checking futures-channel v0.3.34
[INFO] [stderr]     Checking percent-encoding v2.3.2
[INFO] [stderr]     Checking rustc-hash v2.1.3
[INFO] [stderr]    Compiling rustls v0.23.45
[INFO] [stderr]     Checking webpki-roots v1.0.9
[INFO] [stderr]     Checking jiff-core v0.1.1
[INFO] [stderr]     Checking form_urlencoded v1.2.2
[INFO] [stderr]     Checking log v0.4.34
[INFO] [stderr]     Checking miniz_oxide v0.9.1
[INFO] [stderr]     Checking jiff-tzdb v0.1.8
[INFO] [stderr]     Checking xxhash-rust v0.8.18
[INFO] [stderr]     Checking webpki-roots v0.26.11
[INFO] [stderr]     Checking futures-util v0.3.34
[INFO] [stderr]     Checking regex-lite v0.1.9
[INFO] [stderr]     Checking flate2 v1.1.10
[INFO] [stderr]     Checking regex-automata v0.4.18
[INFO] [stderr]    Compiling ring v0.17.14
[INFO] [stderr]     Checking jiff v0.2.37
[INFO] [stderr]     Checking peg v0.8.6
[INFO] [stderr]     Checking getrandom v0.2.17
[INFO] [stderr]     Checking rand_core v0.9.5
[INFO] [stderr]     Checking hybrid-array v0.4.15
[INFO] [stderr]    Compiling synstructure v0.14.0
[INFO] [stderr]     Checking block-buffer v0.12.1
[INFO] [stderr]     Checking crypto-common v0.2.2
[INFO] [stderr]     Checking regex v1.13.1
[INFO] [stderr]    Compiling thiserror-impl v2.0.20
[INFO] [stderr]    Compiling zerovec-derive v0.11.6
[INFO] [stderr]    Compiling displaydoc v0.2.7
[INFO] [stderr]    Compiling serde_derive v1.0.229
[INFO] [stderr]    Compiling zerofrom-derive v0.1.8
[INFO] [stderr]    Compiling yoke-derive v0.8.3
[INFO] [stderr]     Checking digest v0.11.3
[INFO] [stderr]     Checking sha1 v0.11.0
[INFO] [stderr]     Checking md-5 v0.11.0
[INFO] [stderr]     Checking sha2 v0.11.0
[INFO] [stderr]     Checking zerofrom v0.1.8
[INFO] [stderr]     Checking futures-executor v0.3.34
[INFO] [stderr]     Checking yoke v0.8.3
[INFO] [stderr]     Checking futures v0.3.34
[INFO] [stderr]     Checking zerovec v0.11.8
[INFO] [stderr]     Checking zerotrie v0.2.5
[INFO] [stderr]     Checking oxsdatatypes v0.2.3
[INFO] [stderr]     Checking tinystr v0.8.4
[INFO] [stderr]     Checking potential_utf v0.1.6
[INFO] [stderr]     Checking icu_collections v2.3.0
[INFO] [stderr]     Checking icu_locale_core v2.3.0
[INFO] [stderr]     Checking ppv-lite86 v0.2.21
[INFO] [stderr]     Checking rand_chacha v0.9.0
[INFO] [stderr]     Checking rand v0.9.5
[INFO] [stderr]     Checking icu_provider v2.3.1
[INFO] [stderr]     Checking serde v1.0.229
[INFO] [stderr]     Checking oxrdf v0.3.4
[INFO] [stderr]     Checking icu_properties v2.3.0
[INFO] [stderr]     Checking icu_normalizer v2.3.0
[INFO] [stderr]     Checking rustls-webpki v0.103.15
[INFO] [stderr]     Checking spargebra v0.4.7
[INFO] [stderr]     Checking oxttl v0.2.4
[INFO] [stderr]     Checking oxrdfxml v0.2.4
[INFO] [stderr]     Checking oxjsonld v0.2.6
[INFO] [stderr]     Checking sparesults v0.3.4
[INFO] [stderr]     Checking oxrdfio v0.2.6
[INFO] [stderr]     Checking idna_adapter v1.2.2
[INFO] [stderr]     Checking idna v1.1.0
[INFO] [stderr]     Checking url v2.5.8
[INFO] [stderr]     Checking sparopt v0.3.7
[INFO] [stderr]     Checking spareval v0.2.7
[INFO] [stderr]     Checking ureq v2.12.1
[INFO] [stderr]     Checking oxilite-core v0.9.1
[INFO] [stderr]     Checking oxilite-cypher v0.9.1 (/opt/rustwide/workdir)
[INFO] [stdout] error[E0433]: cannot find module or crate `oxilite` in this scope
[INFO] [stdout]  --> tests/differential.rs:6:5
[INFO] [stdout]   |
[INFO] [stdout] 6 | use oxilite::cypher::{CypherOptions, Params, Value, Vocabulary};
[INFO] [stdout]   |     ^^^^^^^ use of unresolved module or unlinked crate `oxilite`
[INFO] [stdout]   |
[INFO] [stdout]   = help: if you wanted to use a crate named `oxilite`, use `cargo add oxilite` to add it to your `Cargo.toml`
[INFO] [stdout] 
[INFO] [stdout] 
[INFO] [stdout] error[E0433]: cannot find module or crate `oxilite` in this scope
[INFO] [stdout]  --> tests/differential.rs:7:5
[INFO] [stdout]   |
[INFO] [stdout] 7 | use oxilite::rusqlite::RusqliteBackend;
[INFO] [stdout]   |     ^^^^^^^ use of unresolved module or unlinked crate `oxilite`
[INFO] [stdout]   |
[INFO] [stdout]   = help: if you wanted to use a crate named `oxilite`, use `cargo add oxilite` to add it to your `Cargo.toml`
[INFO] [stdout] 
[INFO] [stdout] 
[INFO] [stdout] error[E0433]: cannot find module or crate `oxilite` in this scope
[INFO] [stdout]  --> tests/differential.rs:8:5
[INFO] [stdout]   |
[INFO] [stdout] 8 | use oxilite::sparql::{QueryResults, Reasoning};
[INFO] [stdout]   |     ^^^^^^^ use of unresolved module or unlinked crate `oxilite`
[INFO] [stdout]   |
[INFO] [stdout]   = help: if you wanted to use a crate named `oxilite`, use `cargo add oxilite` to add it to your `Cargo.toml`
[INFO] [stdout] 
[INFO] [stdout] 
[INFO] [stdout] error[E0433]: cannot find module or crate `oxilite` in this scope
[INFO] [stdout]  --> tests/differential.rs:9:5
[INFO] [stdout]   |
[INFO] [stdout] 9 | use oxilite::store::Store;
[INFO] [stdout]   |     ^^^^^^^ use of unresolved module or unlinked crate `oxilite`
[INFO] [stdout]   |
[INFO] [stdout]   = help: if you wanted to use a crate named `oxilite`, use `cargo add oxilite` to add it to your `Cargo.toml`
[INFO] [stdout] 
[INFO] [stdout] 
[INFO] [stdout] error[E0432]: unresolved import `oxilite`
[INFO] [stdout]   --> tests/differential.rs:10:5
[INFO] [stdout]    |
[INFO] [stdout] 10 | use oxilite::{AsyncBackend, AsyncStore, Capabilities, QueryOptions};
[INFO] [stdout]    |     ^^^^^^^ use of unresolved module or unlinked crate `oxilite`
[INFO] [stdout]    |
[INFO] [stdout]    = help: if you wanted to use a crate named `oxilite`, use `cargo add oxilite` to add it to your `Cargo.toml`
[INFO] [stdout] 
[INFO] [stdout] 
[INFO] [stdout] error[E0433]: cannot find module or crate `oxilite` in this scope
[INFO] [stdout]   --> tests/differential.rs:97:19
[INFO] [stdout]    |
[INFO] [stdout] 97 | fn cypher_rows(r: oxilite::cypher::CypherResult) -> Vec<Vec<String>> {
[INFO] [stdout]    |                   ^^^^^^^ use of unresolved module or unlinked crate `oxilite`
[INFO] [stdout]    |
[INFO] [stdout]    = help: if you wanted to use a crate named `oxilite`, use `cargo add oxilite` to add it to your `Cargo.toml`
[INFO] [stdout] 
[INFO] [stdout] 
[INFO] [stdout] Some errors have detailed explanations: E0432, E0433.
[INFO] [stdout] 
[INFO] [stdout] For more information about an error, try `rustc --explain E0432`.
[INFO] [stdout] 
[INFO] [stdout] error[E0433]: cannot find module or crate `oxilite` in this scope
[INFO] [stdout]  --> tests/versions.rs:4:5
[INFO] [stdout]   |
[INFO] [stdout] 4 | use oxilite::cypher::{CypherError, CypherOptions, Params};
[INFO] [stdout]   |     ^^^^^^^ use of unresolved module or unlinked crate `oxilite`
[INFO] [stdout]   |
[INFO] [stdout]   = help: if you wanted to use a crate named `oxilite`, use `cargo add oxilite` to add it to your `Cargo.toml`
[INFO] [stdout] 
[INFO] [stdout] 
[INFO] [stdout] error[E0433]: cannot find module or crate `oxilite` in this scope
[INFO] [stdout]  --> tests/versions.rs:5:5
[INFO] [stdout]   |
[INFO] [stdout] 5 | use oxilite::rusqlite::RusqliteBackend;
[INFO] [stdout]   |     ^^^^^^^ use of unresolved module or unlinked crate `oxilite`
[INFO] [stdout]   |
[INFO] [stdout]   = help: if you wanted to use a crate named `oxilite`, use `cargo add oxilite` to add it to your `Cargo.toml`
[INFO] [stdout] 
[INFO] [stdout] 
[INFO] [stdout] error[E0433]: cannot find module or crate `oxilite` in this scope
[INFO] [stdout]  --> tests/versions.rs:6:5
[INFO] [stdout]   |
[INFO] [stdout] 6 | use oxilite::store::Store;
[INFO] [stdout]   |     ^^^^^^^ use of unresolved module or unlinked crate `oxilite`
[INFO] [stdout]   |
[INFO] [stdout]   = help: if you wanted to use a crate named `oxilite`, use `cargo add oxilite` to add it to your `Cargo.toml`
[INFO] [stdout] 
[INFO] [stdout] 
[INFO] [stdout] error[E0433]: cannot find module or crate `oxilite` in this scope
[INFO] [stdout]  --> tests/versions.rs:7:5
[INFO] [stdout]   |
[INFO] [stdout] 7 | use oxilite::version::Versioning;
[INFO] [stdout]   |     ^^^^^^^ use of unresolved module or unlinked crate `oxilite`
[INFO] [stdout]   |
[INFO] [stdout]   = help: if you wanted to use a crate named `oxilite`, use `cargo add oxilite` to add it to your `Cargo.toml`
[INFO] [stdout] 
[INFO] [stdout] 
[INFO] [stdout] error[E0433]: cannot find module or crate `oxilite` in this scope
[INFO] [stdout]  --> tests/cypher.rs:5:5
[INFO] [stdout]   |
[INFO] [stdout] 5 | use oxilite::cypher::{CypherError, CypherOptions, CypherResult, Params, Value};
[INFO] [stdout]   |     ^^^^^^^ use of unresolved module or unlinked crate `oxilite`
[INFO] [stdout]   |
[INFO] [stdout]   = help: if you wanted to use a crate named `oxilite`, use `cargo add oxilite` to add it to your `Cargo.toml`
[INFO] [stdout] 
[INFO] [stdout] 
[INFO] [stdout] error[E0433]: cannot find module or crate `oxilite` in this scope
[INFO] [stdout]  --> tests/cypher.rs:6:5
[INFO] [stdout]   |
[INFO] [stdout] 6 | use oxilite::rusqlite::RusqliteBackend;
[INFO] [stdout]   |     ^^^^^^^ use of unresolved module or unlinked crate `oxilite`
[INFO] [stdout]   |
[INFO] [stdout]   = help: if you wanted to use a crate named `oxilite`, use `cargo add oxilite` to add it to your `Cargo.toml`
[INFO] [stdout] 
[INFO] [stdout] 
[INFO] [stdout] error[E0433]: cannot find module or crate `oxilite` in this scope
[INFO] [stdout]  --> tests/cypher.rs:7:5
[INFO] [stdout]   |
[INFO] [stdout] 7 | use oxilite::sparql::{QueryResults, Reasoning};
[INFO] [stdout]   |     ^^^^^^^ use of unresolved module or unlinked crate `oxilite`
[INFO] [stdout]   |
[INFO] [stdout]   = help: if you wanted to use a crate named `oxilite`, use `cargo add oxilite` to add it to your `Cargo.toml`
[INFO] [stdout] 
[INFO] [stdout] 
[INFO] [stdout] error[E0433]: cannot find module or crate `oxilite` in this scope
[INFO] [stdout]  --> tests/cypher.rs:8:5
[INFO] [stdout]   |
[INFO] [stdout] 8 | use oxilite::store::Store;
[INFO] [stdout]   |     ^^^^^^^ use of unresolved module or unlinked crate `oxilite`
[INFO] [stdout]   |
[INFO] [stdout]   = help: if you wanted to use a crate named `oxilite`, use `cargo add oxilite` to add it to your `Cargo.toml`
[INFO] [stdout] 
[INFO] [stdout] 
[INFO] [stdout] error[E0432]: unresolved import `oxilite`
[INFO] [stdout]  --> tests/versions.rs:8:5
[INFO] [stdout]   |
[INFO] [stdout] 8 | use oxilite::{AsyncBackend, AsyncStore, Capabilities, QueryOptions, StoreOptions};
[INFO] [stdout]   |     ^^^^^^^ use of unresolved module or unlinked crate `oxilite`
[INFO] [stdout]   |
[INFO] [stdout]   = help: if you wanted to use a crate named `oxilite`, use `cargo add oxilite` to add it to your `Cargo.toml`
[INFO] [stdout] 
[INFO] [stdout] 
[INFO] [stdout] error[E0433]: cannot find module or crate `oxilite` in this scope
[INFO] [stdout]    --> tests/cypher.rs:890:13
[INFO] [stdout]     |
[INFO] [stdout] 890 |         use oxilite::cypher::TemporalKind::*;
[INFO] [stdout]     |             ^^^^^^^ use of unresolved module or unlinked crate `oxilite`
[INFO] [stdout]     |
[INFO] [stdout]     = help: if you wanted to use a crate named `oxilite`, use `cargo add oxilite` to add it to your `Cargo.toml`
[INFO] [stdout] 
[INFO] [stdout] 
[INFO] [stderr] error: could not compile `oxilite-cypher` (test "differential") due to 6 previous errors
[INFO] [stdout] error[E0432]: unresolved import `oxilite`
[INFO] [stdout]  --> tests/cypher.rs:9:5
[INFO] [stdout]   |
[INFO] [stdout] 9 | use oxilite::{AsyncBackend, AsyncStore, Capabilities};
[INFO] [stdout]   |     ^^^^^^^ use of unresolved module or unlinked crate `oxilite`
[INFO] [stdout]   |
[INFO] [stdout]   = help: if you wanted to use a crate named `oxilite`, use `cargo add oxilite` to add it to your `Cargo.toml`
[INFO] [stdout] 
[INFO] [stdout] 
[INFO] [stderr] warning: build failed, waiting for other jobs to finish...
[INFO] [stdout] error[E0433]: cannot find module or crate `oxilite` in this scope
[INFO] [stdout]   --> tests/tck.rs:11:5
[INFO] [stdout]    |
[INFO] [stdout] 11 | use oxilite::cypher::{CypherError, CypherResult, Params, Value};
[INFO] [stdout]    |     ^^^^^^^ use of unresolved module or unlinked crate `oxilite`
[INFO] [stdout]    |
[INFO] [stdout]    = help: if you wanted to use a crate named `oxilite`, use `cargo add oxilite` to add it to your `Cargo.toml`
[INFO] [stdout] 
[INFO] [stdout] 
[INFO] [stdout] error[E0433]: cannot find module or crate `oxilite` in this scope
[INFO] [stdout]   --> tests/tck.rs:12:5
[INFO] [stdout]    |
[INFO] [stdout] 12 | use oxilite::store::Store;
[INFO] [stdout]    |     ^^^^^^^ use of unresolved module or unlinked crate `oxilite`
[INFO] [stdout]    |
[INFO] [stdout]    = help: if you wanted to use a crate named `oxilite`, use `cargo add oxilite` to add it to your `Cargo.toml`
[INFO] [stdout] 
[INFO] [stdout] 
[INFO] [stdout] error[E0433]: cannot find module or crate `oxilite` in this scope
[INFO] [stdout]   --> tests/cypher.rs:53:17
[INFO] [stdout]    |
[INFO] [stdout] 53 |     Dylib(Store<oxilite::dylib::DylibBackend>),
[INFO] [stdout]    |                 ^^^^^^^ use of unresolved module or unlinked crate `oxilite`
[INFO] [stdout]    |
[INFO] [stdout]    = help: if you wanted to use a crate named `oxilite`, use `cargo add oxilite` to add it to your `Cargo.toml`
[INFO] [stdout] 
[INFO] [stdout] 
[INFO] [stdout] error[E0433]: cannot find module or crate `oxilite` in this scope
[INFO] [stdout]   --> tests/cypher.rs:74:28
[INFO] [stdout]    |
[INFO] [stdout] 74 |         if let Some(lib) = oxilite::dylib::find_system_library() {
[INFO] [stdout]    |                            ^^^^^^^ use of unresolved module or unlinked crate `oxilite`
[INFO] [stdout]    |
[INFO] [stdout]    = help: if you wanted to use a crate named `oxilite`, use `cargo add oxilite` to add it to your `Cargo.toml`
[INFO] [stdout] 
[INFO] [stdout] 
[INFO] [stdout] error[E0433]: cannot find module or crate `oxilite` in this scope
[INFO] [stdout]   --> tests/versions.rs:32:17
[INFO] [stdout]    |
[INFO] [stdout] 32 | fn statuses(r: &oxilite::cypher::CypherResult) -> Vec<String> {
[INFO] [stdout]    |                 ^^^^^^^ use of unresolved module or unlinked crate `oxilite`
[INFO] [stdout]    |
[INFO] [stdout]    = help: if you wanted to use a crate named `oxilite`, use `cargo add oxilite` to add it to your `Cargo.toml`
[INFO] [stdout] 
[INFO] [stdout] 
[INFO] [stdout] error[E0433]: cannot find module or crate `oxilite` in this scope
[INFO] [stdout]    --> tests/cypher.rs:170:21
[INFO] [stdout]     |
[INFO] [stdout] 170 |         vocabulary: oxilite::cypher::Vocabulary::new(EX),
[INFO] [stdout]     |                     ^^^^^^^ use of unresolved module or unlinked crate `oxilite`
[INFO] [stdout]     |
[INFO] [stdout]     = help: if you wanted to use a crate named `oxilite`, use `cargo add oxilite` to add it to your `Cargo.toml`
[INFO] [stdout] help: consider importing this struct
[INFO] [stdout]     |
[INFO] [stdout]   4 + use oxilite_cypher::Vocabulary;
[INFO] [stdout]     |
[INFO] [stdout] help: if you import `Vocabulary`, refer to it directly
[INFO] [stdout]     |
[INFO] [stdout] 170 -         vocabulary: oxilite::cypher::Vocabulary::new(EX),
[INFO] [stdout] 170 +         vocabulary: Vocabulary::new(EX),
[INFO] [stdout]     |
[INFO] [stdout] 
[INFO] [stdout] 
[INFO] [stdout] error[E0425]: cannot find value `DateTime` in this scope
[INFO] [stdout]    --> tests/cypher.rs:894:19
[INFO] [stdout]     |
[INFO] [stdout] 894 |                 t(DateTime, "2015-07-21T21:40:32.142+01:00[Europe/London]"),
[INFO] [stdout]     |                   ^^^^^^^^ not found in this scope
[INFO] [stdout]     |
[INFO] [stdout] help: consider importing this unit variant
[INFO] [stdout]     |
[INFO] [stdout]   4 + use oxilite_cypher::TemporalKind::DateTime;
[INFO] [stdout]     |
[INFO] [stdout] 
[INFO] [stdout] 
[INFO] [stdout] error[E0425]: cannot find value `Date` in this scope
[INFO] [stdout]    --> tests/cypher.rs:895:19
[INFO] [stdout]     |
[INFO] [stdout] 895 |                 t(Date, "2020-02-01"),
[INFO] [stdout]     |                   ^^^^ not found in this scope
[INFO] [stdout]     |
[INFO] [stdout] help: consider importing this unit variant
[INFO] [stdout]     |
[INFO] [stdout]   4 + use oxilite_cypher::TemporalKind::Date;
[INFO] [stdout]     |
[INFO] [stdout] 
[INFO] [stdout] 
[INFO] [stdout] error[E0425]: cannot find value `Date` in this scope
[INFO] [stdout]    --> tests/cypher.rs:897:19
[INFO] [stdout]     |
[INFO] [stdout] 897 |                 t(Date, "1816-12-30"),
[INFO] [stdout]     |                   ^^^^ not found in this scope
[INFO] [stdout]     |
[INFO] [stdout] help: consider importing this unit variant
[INFO] [stdout]     |
[INFO] [stdout]   4 + use oxilite_cypher::TemporalKind::Date;
[INFO] [stdout]     |
[INFO] [stdout] 
[INFO] [stdout] 
[INFO] [stdout] error[E0433]: cannot find module or crate `oxilite` in this scope
[INFO] [stdout]     --> tests/cypher.rs:1066:22
[INFO] [stdout]      |
[INFO] [stdout] 1066 |     let from_index = oxilite::cypher::Schema::from_index(store.shape_index().unwrap());
[INFO] [stdout]      |                      ^^^^^^^ use of unresolved module or unlinked crate `oxilite`
[INFO] [stdout]      |
[INFO] [stdout]      = help: if you wanted to use a crate named `oxilite`, use `cargo add oxilite` to add it to your `Cargo.toml`
[INFO] [stdout] help: consider importing this struct
[INFO] [stdout]      |
[INFO] [stdout]    4 + use oxilite_cypher::Schema;
[INFO] [stdout]      |
[INFO] [stdout] help: if you import `Schema`, refer to it directly
[INFO] [stdout]      |
[INFO] [stdout] 1066 -     let from_index = oxilite::cypher::Schema::from_index(store.shape_index().unwrap());
[INFO] [stdout] 1066 +     let from_index = Schema::from_index(store.shape_index().unwrap());
[INFO] [stdout]      |
[INFO] [stdout] 
[INFO] [stdout] 
[INFO] [stdout] error[E0433]: cannot find module or crate `oxilite` in this scope
[INFO] [stdout]     --> tests/cypher.rs:1067:22
[INFO] [stdout]      |
[INFO] [stdout] 1067 |     let from_query = oxilite::cypher::Schema::from_output(
[INFO] [stdout]      |                      ^^^^^^^ use of unresolved module or unlinked crate `oxilite`
[INFO] [stdout]      |
[INFO] [stdout]      = help: if you wanted to use a crate named `oxilite`, use `cargo add oxilite` to add it to your `Cargo.toml`
[INFO] [stdout] help: consider importing this struct
[INFO] [stdout]      |
[INFO] [stdout]    4 + use oxilite_cypher::Schema;
[INFO] [stdout]      |
[INFO] [stdout] help: if you import `Schema`, refer to it directly
[INFO] [stdout]      |
[INFO] [stdout] 1067 -     let from_query = oxilite::cypher::Schema::from_output(
[INFO] [stdout] 1067 +     let from_query = Schema::from_output(
[INFO] [stdout]      |
[INFO] [stdout] 
[INFO] [stdout] 
[INFO] [stdout] Some errors have detailed explanations: E0432, E0433.
[INFO] [stdout] 
[INFO] [stdout] For more information about an error, try `rustc --explain E0432`.
[INFO] [stdout] 
[INFO] [stderr] error: could not compile `oxilite-cypher` (test "versions") due to 6 previous errors
[INFO] [stdout] Some errors have detailed explanations: E0425, E0432, E0433.
[INFO] [stdout] 
[INFO] [stdout] For more information about an error, try `rustc --explain E0425`.
[INFO] [stdout] 
[INFO] [stdout] error[E0433]: cannot find module or crate `oxilite` in this scope
[INFO] [stdout]    --> tests/tck.rs:564:15
[INFO] [stdout]     |
[INFO] [stdout] 564 |     if let Ok(oxilite::sparql::QueryResults::Solutions(sol)) =
[INFO] [stdout]     |               ^^^^^^^ use of unresolved module or unlinked crate `oxilite`
[INFO] [stdout]     |
[INFO] [stdout]     = help: if you wanted to use a crate named `oxilite`, use `cargo add oxilite` to add it to your `Cargo.toml`
[INFO] [stdout] 
[INFO] [stdout] 
[INFO] [stderr] error: could not compile `oxilite-cypher` (test "cypher") due to 14 previous errors
[INFO] [stdout] error[E0433]: cannot find module or crate `oxilite` in this scope
[INFO] [stdout]    --> tests/tck.rs:571:15
[INFO] [stdout]     |
[INFO] [stdout] 571 |     if let Ok(oxilite::sparql::QueryResults::Solutions(sol)) =
[INFO] [stdout]     |               ^^^^^^^ use of unresolved module or unlinked crate `oxilite`
[INFO] [stdout]     |
[INFO] [stdout]     = help: if you wanted to use a crate named `oxilite`, use `cargo add oxilite` to add it to your `Cargo.toml`
[INFO] [stdout] 
[INFO] [stdout] 
[INFO] [stdout] For more information about this error, try `rustc --explain E0433`.
[INFO] [stdout] 
[INFO] [stderr] error: could not compile `oxilite-cypher` (test "tck") due to 4 previous errors
[INFO] running `Command { std: "docker" "inspect" "a1fc63ce3bacc08e7e5cba0ddada4c8fc7503d7743fc6add5b39271397a2c377", kill_on_drop: false }`
[INFO] running `Command { std: "docker" "rm" "-f" "a1fc63ce3bacc08e7e5cba0ddada4c8fc7503d7743fc6add5b39271397a2c377", kill_on_drop: false }`
[INFO] [stdout] a1fc63ce3bacc08e7e5cba0ddada4c8fc7503d7743fc6add5b39271397a2c377
