[INFO] fetching crate oxide-generation-macros 0.2.0...
[INFO] checking oxide-generation-macros-0.2.0 against 3154cc1a3e6424e44f438a95007d043ed5ceaaf6+rustflags=-Znext-solver=coherence for pr-133502-30
[INFO] extracting crate oxide-generation-macros 0.2.0 into /workspace/builds/worker-5-tc1/source
[INFO] started tweaking crates.io crate oxide-generation-macros 0.2.0
[INFO] removed 0 missing examples
[INFO] removed 0 missing tests
[INFO] finished tweaking crates.io crate oxide-generation-macros 0.2.0
[INFO] tweaked toml for crates.io crate oxide-generation-macros 0.2.0 written to /workspace/builds/worker-5-tc1/source/Cargo.toml
[INFO] validating manifest of crates.io crate oxide-generation-macros 0.2.0 on toolchain 3154cc1a3e6424e44f438a95007d043ed5ceaaf6
[INFO] running `Command { std: CARGO_HOME="/workspace/cargo-home" RUSTUP_HOME="/workspace/rustup-home" "/workspace/cargo-home/bin/cargo" "+3154cc1a3e6424e44f438a95007d043ed5ceaaf6" "metadata" "--manifest-path" "Cargo.toml" "--no-deps", kill_on_drop: false }`
[INFO] crate crates.io crate oxide-generation-macros 0.2.0 already has a lockfile, it will not be regenerated
[INFO] running `Command { std: CARGO_HOME="/workspace/cargo-home" RUSTUP_HOME="/workspace/rustup-home" "/workspace/cargo-home/bin/cargo" "+3154cc1a3e6424e44f438a95007d043ed5ceaaf6" "fetch" "--manifest-path" "Cargo.toml", kill_on_drop: false }`
[INFO] [stderr]     Updating crates.io index
[INFO] [stderr]     Blocking waiting for file lock on package cache
[INFO] [stderr]  Downloading crates ...
[INFO] [stderr]   Downloaded serde_tokenstream v0.3.0
[INFO] running `Command { std: "docker" "create" "-v" "/var/lib/crater-agent-workspace/builds/worker-5-tc1/source:/opt/rustwide/workdir:ro,Z" "-v" "/var/lib/crater-agent-workspace/builds/worker-5-tc1/target:/opt/rustwide/target:rw,Z" "-v" "/var/lib/crater-agent-workspace/cargo-home:/opt/rustwide/cargo-home:ro,Z" "-v" "/var/lib/crater-agent-workspace/rustup-home:/opt/rustwide/rustup-home:ro,Z" "-m" "1610612736" "--network" "none" "ghcr.io/rust-lang/crates-build-env/linux@sha256:77db811e55d90add9212f6832c23229e3de5f1c1f9905e8cb07319ea15df73ac" "sleep" "infinity", kill_on_drop: false }`
[INFO] [stdout] 84900d70145c64a0f8a13c2961287348a3e88c86e127f640aac78b91946fb2a3
[INFO] running `Command { std: "docker" "start" "84900d70145c64a0f8a13c2961287348a3e88c86e127f640aac78b91946fb2a3", kill_on_drop: false }`
[INFO] running `Command { std: "docker" "inspect" "84900d70145c64a0f8a13c2961287348a3e88c86e127f640aac78b91946fb2a3", kill_on_drop: false }`
[INFO] running `Command { std: "docker" "exec" "-e" "SOURCE_DIR=/opt/rustwide/workdir" "-e" "CARGO_HOME=/opt/rustwide/cargo-home" "-e" "RUSTUP_HOME=/opt/rustwide/rustup-home" "-e" "CARGO_TARGET_DIR=/opt/rustwide/target" "-w" "/opt/rustwide/workdir" "--user" "0:0" "84900d70145c64a0f8a13c2961287348a3e88c86e127f640aac78b91946fb2a3" "/opt/rustwide/cargo-home/bin/cargo" "+3154cc1a3e6424e44f438a95007d043ed5ceaaf6" "metadata" "--no-deps" "--format-version=1", kill_on_drop: false }`
[INFO] running `Command { std: "docker" "inspect" "84900d70145c64a0f8a13c2961287348a3e88c86e127f640aac78b91946fb2a3", kill_on_drop: false }`
[INFO] running `Command { std: "docker" "exec" "-e" "SOURCE_DIR=/opt/rustwide/workdir" "-e" "CARGO_HOME=/opt/rustwide/cargo-home" "-e" "RUSTUP_HOME=/opt/rustwide/rustup-home" "-e" "CARGO_TARGET_DIR=/opt/rustwide/target" "-e" "CARGO_INCREMENTAL=0" "-e" "RUST_BACKTRACE=full" "-e" "RUSTFLAGS=--cap-lints=forbid -Znext-solver=coherence" "-e" "RUSTDOCFLAGS=--cap-lints=forbid" "-w" "/opt/rustwide/workdir" "--user" "0:0" "84900d70145c64a0f8a13c2961287348a3e88c86e127f640aac78b91946fb2a3" "/opt/rustwide/cargo-home/bin/cargo" "+3154cc1a3e6424e44f438a95007d043ed5ceaaf6" "check" "--frozen" "--all" "--all-targets" "--message-format=json", kill_on_drop: false }`
[INFO] [stderr]    Compiling proc-macro2 v1.0.107
[INFO] [stderr]    Compiling quote v1.0.47
[INFO] [stderr]     Checking unicode-ident v1.0.24
[INFO] [stderr]     Checking syn v3.0.3
[INFO] [stderr]    Compiling serde_derive v1.0.229
[INFO] [stderr]     Checking serde v1.0.229
[INFO] [stderr]     Checking serde_tokenstream v0.3.0
[INFO] [stderr]     Checking oxide-generation-macros v0.2.0 (/opt/rustwide/workdir)
[INFO] [stdout] error[E0432]: unresolved import `oxide_generation`
[INFO] [stdout]  --> examples/basic-macro.rs:6:5
[INFO] [stdout]   |
[INFO] [stdout] 6 | use oxide_generation::TypedGenerationKind;
[INFO] [stdout]   |     ^^^^^^^^^^^^^^^^ use of unresolved module or unlinked crate `oxide_generation`
[INFO] [stdout]   |
[INFO] [stdout]   = help: if you wanted to use a crate named `oxide_generation`, use `cargo add oxide_generation` to add it to your `Cargo.toml`
[INFO] [stdout] 
[INFO] [stdout] 
[INFO] [stdout] error[E0432]: unresolved import `oxide_generation`
[INFO] [stdout]  --> tests/integration.rs:1:5
[INFO] [stdout]   |
[INFO] [stdout] 1 | use oxide_generation::TypedGenerationKind;
[INFO] [stdout]   |     ^^^^^^^^^^^^^^^^ use of unresolved module or unlinked crate `oxide_generation`
[INFO] [stdout]   |
[INFO] [stdout]   = help: if you wanted to use a crate named `oxide_generation`, use `cargo add oxide_generation` to add it to your `Cargo.toml`
[INFO] [stdout] 
[INFO] [stdout] 
[INFO] [stdout] error[E0433]: cannot find `oxide_generation` in the list of imported crates
[INFO] [stdout]   --> examples/basic-macro.rs:11:5
[INFO] [stdout]    |
[INFO] [stdout] 11 | /     kinds = {
[INFO] [stdout] 12 | |         User = {},
[INFO] [stdout] 13 | |         Organization = {},
[INFO] [stdout] 14 | |         Project = {},
[INFO] [stdout] 15 | |     }
[INFO] [stdout]    | |_____^ could not find `oxide_generation` in the list of imported crates
[INFO] [stdout] 
[INFO] [stdout] 
[INFO] [stdout] error[E0433]: cannot find `oxide_generation` in the list of imported crates
[INFO] [stdout]   --> tests/integration.rs:7:5
[INFO] [stdout]    |
[INFO] [stdout]  7 | /     kinds = {
[INFO] [stdout]  8 | |         User = {},
[INFO] [stdout]  9 | |         Organization = {},
[INFO] [stdout] 10 | |         Project = {},
[INFO] [stdout] 11 | |     }
[INFO] [stdout]    | |_____^ could not find `oxide_generation` in the list of imported crates
[INFO] [stdout] 
[INFO] [stdout] 
[INFO] [stdout] Some errors have detailed explanations: E0432, E0433.
[INFO] [stdout] 
[INFO] [stdout] For more information about an error, try `rustc --explain E0432`.
[INFO] [stdout] 
[INFO] [stderr] error: could not compile `oxide-generation-macros` (example "basic-macro") due to 2 previous errors
[INFO] [stderr] warning: build failed, waiting for other jobs to finish...
[INFO] [stdout] error[E0433]: cannot find `oxide_generation` in the list of imported crates
[INFO] [stdout]   --> tests/integration.rs:25:9
[INFO] [stdout]    |
[INFO] [stdout] 25 | /         kinds = {
[INFO] [stdout] 26 | |             Single = {},
[INFO] [stdout] 27 | |         }
[INFO] [stdout]    | |_________^ could not find `oxide_generation` in the list of imported crates
[INFO] [stdout] 
[INFO] [stdout] 
[INFO] [stdout] error[E0433]: cannot find `oxide_generation` in the list of imported crates
[INFO] [stdout]   --> tests/integration.rs:38:9
[INFO] [stdout]    |
[INFO] [stdout] 38 | /         kinds = {
[INFO] [stdout] 39 | |             // The Rust convention is to use `HttpClient`, `XmlParser`, etc, but
[INFO] [stdout] 40 | |             // ensure that these all-caps variants also have the correct tags.
[INFO] [stdout] 41 | |             HTTPClient = {},
[INFO] [stdout] ...  |
[INFO] [stdout] 44 | |             IOHandler = {},
[INFO] [stdout] 45 | |         }
[INFO] [stdout]    | |_________^ could not find `oxide_generation` in the list of imported crates
[INFO] [stdout] 
[INFO] [stdout] 
[INFO] [stdout] error[E0433]: cannot find `oxide_generation` in the list of imported crates
[INFO] [stdout]   --> tests/integration.rs:66:9
[INFO] [stdout]    |
[INFO] [stdout] 66 | /         settings = {
[INFO] [stdout] 67 | |             attrs = [#[derive(Hash)]],
[INFO] [stdout] 68 | |         },
[INFO] [stdout] 69 | |         kinds = {
[INFO] [stdout] 70 | |             GlobalA = {},
[INFO] [stdout] 71 | |             GlobalB = {},
[INFO] [stdout] 72 | |         }
[INFO] [stdout]    | |_________^ could not find `oxide_generation` in the list of imported crates
[INFO] [stdout] 
[INFO] [stdout] 
[INFO] [stdout] error[E0433]: cannot find `oxide_generation` in the list of imported crates
[INFO] [stdout]   --> tests/integration.rs:86:9
[INFO] [stdout]    |
[INFO] [stdout] 86 | /         settings = {
[INFO] [stdout] 87 | |             attrs = [#[derive(Hash)]],
[INFO] [stdout] 88 | |         },
[INFO] [stdout] 89 | |         kinds = {
[INFO] [stdout] ...  |
[INFO] [stdout] 96 | |             },
[INFO] [stdout] 97 | |         }
[INFO] [stdout]    | |_________^ could not find `oxide_generation` in the list of imported crates
[INFO] [stdout] 
[INFO] [stdout] 
[INFO] [stdout] Some errors have detailed explanations: E0432, E0433.
[INFO] [stdout] 
[INFO] [stdout] For more information about an error, try `rustc --explain E0432`.
[INFO] [stdout] 
[INFO] [stderr] error: could not compile `oxide-generation-macros` (test "integration") due to 6 previous errors
[INFO] running `Command { std: "docker" "inspect" "84900d70145c64a0f8a13c2961287348a3e88c86e127f640aac78b91946fb2a3", kill_on_drop: false }`
[INFO] running `Command { std: "docker" "rm" "-f" "84900d70145c64a0f8a13c2961287348a3e88c86e127f640aac78b91946fb2a3", kill_on_drop: false }`
[INFO] [stdout] 84900d70145c64a0f8a13c2961287348a3e88c86e127f640aac78b91946fb2a3
