[INFO] fetching crate oxicrypt-entropy 0.24.0...
[INFO] checking oxicrypt-entropy-0.24.0 against 3154cc1a3e6424e44f438a95007d043ed5ceaaf6+rustflags=-Znext-solver=coherence for pr-133502-30
[INFO] extracting crate oxicrypt-entropy 0.24.0 into /workspace/builds/worker-6-tc1/source
[INFO] started tweaking crates.io crate oxicrypt-entropy 0.24.0
[INFO] finished tweaking crates.io crate oxicrypt-entropy 0.24.0
[INFO] tweaked toml for crates.io crate oxicrypt-entropy 0.24.0 written to /workspace/builds/worker-6-tc1/source/Cargo.toml
[INFO] validating manifest of crates.io crate oxicrypt-entropy 0.24.0 on toolchain 3154cc1a3e6424e44f438a95007d043ed5ceaaf6
[INFO] running `Command { std: CARGO_HOME="/workspace/cargo-home" RUSTUP_HOME="/workspace/rustup-home" "/workspace/cargo-home/bin/cargo" "+3154cc1a3e6424e44f438a95007d043ed5ceaaf6" "metadata" "--manifest-path" "Cargo.toml" "--no-deps", kill_on_drop: false }`
[INFO] crate crates.io crate oxicrypt-entropy 0.24.0 already has a lockfile, it will not be regenerated
[INFO] running `Command { std: CARGO_HOME="/workspace/cargo-home" RUSTUP_HOME="/workspace/rustup-home" "/workspace/cargo-home/bin/cargo" "+3154cc1a3e6424e44f438a95007d043ed5ceaaf6" "fetch" "--manifest-path" "Cargo.toml", kill_on_drop: false }`
[INFO] [stderr]     Updating crates.io index
[INFO] [stderr]  Downloading crates ...
[INFO] [stderr]   Downloaded oxicrypt-zeroize v0.24.0
[INFO] [stderr]   Downloaded oxicrypt-timer v0.24.0
[INFO] [stderr]   Downloaded oxicrypt-test-vectors v0.24.0
[INFO] [stderr]   Downloaded oxicrypt-module v0.24.0
[INFO] [stderr]   Downloaded oxicrypt-sha v0.24.0
[INFO] running `Command { std: "docker" "create" "-v" "/var/lib/crater-agent-workspace/builds/worker-6-tc1/source:/opt/rustwide/workdir:ro,Z" "-v" "/var/lib/crater-agent-workspace/builds/worker-6-tc1/target:/opt/rustwide/target:rw,Z" "-v" "/var/lib/crater-agent-workspace/cargo-home:/opt/rustwide/cargo-home:ro,Z" "-v" "/var/lib/crater-agent-workspace/rustup-home:/opt/rustwide/rustup-home:ro,Z" "-m" "1610612736" "--network" "none" "ghcr.io/rust-lang/crates-build-env/linux@sha256:77db811e55d90add9212f6832c23229e3de5f1c1f9905e8cb07319ea15df73ac" "sleep" "infinity", kill_on_drop: false }`
[INFO] [stdout] 5ed8163575d1bbae268ffb728ae103f412682c560d738b558e0454d41873a6c0
[INFO] running `Command { std: "docker" "start" "5ed8163575d1bbae268ffb728ae103f412682c560d738b558e0454d41873a6c0", kill_on_drop: false }`
[INFO] running `Command { std: "docker" "inspect" "5ed8163575d1bbae268ffb728ae103f412682c560d738b558e0454d41873a6c0", kill_on_drop: false }`
[INFO] running `Command { std: "docker" "exec" "-e" "SOURCE_DIR=/opt/rustwide/workdir" "-e" "CARGO_HOME=/opt/rustwide/cargo-home" "-e" "RUSTUP_HOME=/opt/rustwide/rustup-home" "-e" "CARGO_TARGET_DIR=/opt/rustwide/target" "-w" "/opt/rustwide/workdir" "--user" "0:0" "5ed8163575d1bbae268ffb728ae103f412682c560d738b558e0454d41873a6c0" "/opt/rustwide/cargo-home/bin/cargo" "+3154cc1a3e6424e44f438a95007d043ed5ceaaf6" "metadata" "--no-deps" "--format-version=1", kill_on_drop: false }`
[INFO] running `Command { std: "docker" "inspect" "5ed8163575d1bbae268ffb728ae103f412682c560d738b558e0454d41873a6c0", kill_on_drop: false }`
[INFO] running `Command { std: "docker" "exec" "-e" "SOURCE_DIR=/opt/rustwide/workdir" "-e" "CARGO_HOME=/opt/rustwide/cargo-home" "-e" "RUSTUP_HOME=/opt/rustwide/rustup-home" "-e" "CARGO_TARGET_DIR=/opt/rustwide/target" "-e" "CARGO_INCREMENTAL=0" "-e" "RUST_BACKTRACE=full" "-e" "RUSTFLAGS=--cap-lints=forbid -Znext-solver=coherence" "-e" "RUSTDOCFLAGS=--cap-lints=forbid" "-w" "/opt/rustwide/workdir" "--user" "0:0" "5ed8163575d1bbae268ffb728ae103f412682c560d738b558e0454d41873a6c0" "/opt/rustwide/cargo-home/bin/cargo" "+3154cc1a3e6424e44f438a95007d043ed5ceaaf6" "check" "--frozen" "--all" "--all-targets" "--message-format=json", kill_on_drop: false }`
[INFO] [stderr]     Checking oxicrypt-zeroize v0.24.0
[INFO] [stderr]     Checking oxicrypt-module v0.24.0
[INFO] [stderr]     Checking oxicrypt-test-vectors v0.24.0
[INFO] [stderr]     Checking oxicrypt-sha v0.24.0
[INFO] [stderr]     Checking oxicrypt-entropy v0.24.0 (/opt/rustwide/workdir)
[INFO] [stdout] error[E0432]: unresolved import `oxicrypt_drbg`
[INFO] [stdout]    --> src/pipeline.rs:805:13
[INFO] [stdout]     |
[INFO] [stdout] 805 |         use oxicrypt_drbg::HashDrbgSha256;
[INFO] [stdout]     |             ^^^^^^^^^^^^^ use of unresolved module or unlinked crate `oxicrypt_drbg`
[INFO] [stdout]     |
[INFO] [stdout] help: there is a crate or module with a similar name
[INFO] [stdout]     |
[INFO] [stdout] 805 -         use oxicrypt_drbg::HashDrbgSha256;
[INFO] [stdout] 805 +         use oxicrypt_sha::HashDrbgSha256;
[INFO] [stdout]     |
[INFO] [stdout] 
[INFO] [stdout] 
[INFO] [stdout] error[E0433]: cannot find module or crate `oxicrypt_module` in this scope
[INFO] [stdout]    --> src/pipeline.rs:821:17
[INFO] [stdout]     |
[INFO] [stdout] 821 |         let _ = oxicrypt_module::initialize_with_tests(UNSIGNED_TEST_BINARY, &[]);
[INFO] [stdout]     |                 ^^^^^^^^^^^^^^^ use of unresolved module or unlinked crate `oxicrypt_module`
[INFO] [stdout]     |
[INFO] [stdout]     = help: if you wanted to use a crate named `oxicrypt_module`, use `cargo add oxicrypt_module` to add it to your `Cargo.toml`
[INFO] [stdout] 
[INFO] [stdout] 
[INFO] [stdout] error[E0433]: cannot find module or crate `oxicrypt_module` in this scope
[INFO] [stdout]    --> src/pipeline.rs:823:13
[INFO] [stdout]     |
[INFO] [stdout] 823 |             oxicrypt_module::is_operational(),
[INFO] [stdout]     |             ^^^^^^^^^^^^^^^ use of unresolved module or unlinked crate `oxicrypt_module`
[INFO] [stdout]     |
[INFO] [stdout]     = help: if you wanted to use a crate named `oxicrypt_module`, use `cargo add oxicrypt_module` to add it to your `Cargo.toml`
[INFO] [stdout] 
[INFO] [stdout] 
[INFO] [stdout] error[E0433]: cannot find module or crate `oxicrypt_module` in this scope
[INFO] [stdout]    --> src/pipeline.rs:817:39
[INFO] [stdout]     |
[INFO] [stdout] 817 |         const UNSIGNED_TEST_BINARY: &[oxicrypt_module::KatEntry] = &[oxicrypt_module::KatEntry {
[INFO] [stdout]     |                                       ^^^^^^^^^^^^^^^ use of unresolved module or unlinked crate `oxicrypt_module`
[INFO] [stdout]     |
[INFO] [stdout]     = help: if you wanted to use a crate named `oxicrypt_module`, use `cargo add oxicrypt_module` to add it to your `Cargo.toml`
[INFO] [stdout] 
[INFO] [stdout] 
[INFO] [stdout] error[E0433]: cannot find module or crate `oxicrypt_module` in this scope
[INFO] [stdout]    --> src/pipeline.rs:817:70
[INFO] [stdout]     |
[INFO] [stdout] 817 |         const UNSIGNED_TEST_BINARY: &[oxicrypt_module::KatEntry] = &[oxicrypt_module::KatEntry {
[INFO] [stdout]     |                                                                      ^^^^^^^^^^^^^^^ use of unresolved module or unlinked crate `oxicrypt_module`
[INFO] [stdout]     |
[INFO] [stdout]     = help: if you wanted to use a crate named `oxicrypt_module`, use `cargo add oxicrypt_module` to add it to your `Cargo.toml`
[INFO] [stdout] 
[INFO] [stdout] 
[INFO] [stdout] Some errors have detailed explanations: E0432, E0433.
[INFO] [stdout] 
[INFO] [stdout] For more information about an error, try `rustc --explain E0432`.
[INFO] [stdout] 
[INFO] [stderr] error: could not compile `oxicrypt-entropy` (lib test) due to 5 previous errors
[INFO] running `Command { std: "docker" "inspect" "5ed8163575d1bbae268ffb728ae103f412682c560d738b558e0454d41873a6c0", kill_on_drop: false }`
[INFO] running `Command { std: "docker" "rm" "-f" "5ed8163575d1bbae268ffb728ae103f412682c560d738b558e0454d41873a6c0", kill_on_drop: false }`
[INFO] [stdout] 5ed8163575d1bbae268ffb728ae103f412682c560d738b558e0454d41873a6c0
