[INFO] fetching crate oxicrypt-cli 0.24.0...
[INFO] checking oxicrypt-cli-0.24.0 against 3154cc1a3e6424e44f438a95007d043ed5ceaaf6 for pr-133502-30
[INFO] extracting crate oxicrypt-cli 0.24.0 into /workspace/builds/worker-5-tc2/source
[INFO] started tweaking crates.io crate oxicrypt-cli 0.24.0
[INFO] removed 0 missing tests
[INFO] finished tweaking crates.io crate oxicrypt-cli 0.24.0
[INFO] tweaked toml for crates.io crate oxicrypt-cli 0.24.0 written to /workspace/builds/worker-5-tc2/source/Cargo.toml
[INFO] validating manifest of crates.io crate oxicrypt-cli 0.24.0 on toolchain 3154cc1a3e6424e44f438a95007d043ed5ceaaf6
[INFO] running `Command { std: CARGO_HOME="/workspace/cargo-home" RUSTUP_HOME="/workspace/rustup-home" "/workspace/cargo-home/bin/cargo" "+3154cc1a3e6424e44f438a95007d043ed5ceaaf6" "metadata" "--manifest-path" "Cargo.toml" "--no-deps", kill_on_drop: false }`
[INFO] crate crates.io crate oxicrypt-cli 0.24.0 already has a lockfile, it will not be regenerated
[INFO] running `Command { std: CARGO_HOME="/workspace/cargo-home" RUSTUP_HOME="/workspace/rustup-home" "/workspace/cargo-home/bin/cargo" "+3154cc1a3e6424e44f438a95007d043ed5ceaaf6" "fetch" "--manifest-path" "Cargo.toml", kill_on_drop: false }`
[INFO] running `Command { std: "docker" "create" "-v" "/var/lib/crater-agent-workspace/builds/worker-5-tc2/source:/opt/rustwide/workdir:ro,Z" "-v" "/var/lib/crater-agent-workspace/builds/worker-5-tc2/target:/opt/rustwide/target:rw,Z" "-v" "/var/lib/crater-agent-workspace/cargo-home:/opt/rustwide/cargo-home:ro,Z" "-v" "/var/lib/crater-agent-workspace/rustup-home:/opt/rustwide/rustup-home:ro,Z" "-m" "1610612736" "--network" "none" "ghcr.io/rust-lang/crates-build-env/linux@sha256:77db811e55d90add9212f6832c23229e3de5f1c1f9905e8cb07319ea15df73ac" "sleep" "infinity", kill_on_drop: false }`
[INFO] [stdout] 70d08161ee6062bf82e9d44abb3b14e583a7d5cbb6075056aeb8d725b500d0b3
[INFO] running `Command { std: "docker" "start" "70d08161ee6062bf82e9d44abb3b14e583a7d5cbb6075056aeb8d725b500d0b3", kill_on_drop: false }`
[INFO] running `Command { std: "docker" "inspect" "70d08161ee6062bf82e9d44abb3b14e583a7d5cbb6075056aeb8d725b500d0b3", kill_on_drop: false }`
[INFO] running `Command { std: "docker" "exec" "-e" "SOURCE_DIR=/opt/rustwide/workdir" "-e" "CARGO_HOME=/opt/rustwide/cargo-home" "-e" "RUSTUP_HOME=/opt/rustwide/rustup-home" "-e" "CARGO_TARGET_DIR=/opt/rustwide/target" "-w" "/opt/rustwide/workdir" "--user" "0:0" "70d08161ee6062bf82e9d44abb3b14e583a7d5cbb6075056aeb8d725b500d0b3" "/opt/rustwide/cargo-home/bin/cargo" "+3154cc1a3e6424e44f438a95007d043ed5ceaaf6" "metadata" "--no-deps" "--format-version=1", kill_on_drop: false }`
[INFO] running `Command { std: "docker" "inspect" "70d08161ee6062bf82e9d44abb3b14e583a7d5cbb6075056aeb8d725b500d0b3", kill_on_drop: false }`
[INFO] running `Command { std: "docker" "exec" "-e" "SOURCE_DIR=/opt/rustwide/workdir" "-e" "CARGO_HOME=/opt/rustwide/cargo-home" "-e" "RUSTUP_HOME=/opt/rustwide/rustup-home" "-e" "CARGO_TARGET_DIR=/opt/rustwide/target" "-e" "CARGO_INCREMENTAL=0" "-e" "RUST_BACKTRACE=full" "-e" "RUSTFLAGS=--cap-lints=forbid" "-e" "RUSTDOCFLAGS=--cap-lints=forbid" "-w" "/opt/rustwide/workdir" "--user" "0:0" "70d08161ee6062bf82e9d44abb3b14e583a7d5cbb6075056aeb8d725b500d0b3" "/opt/rustwide/cargo-home/bin/cargo" "+3154cc1a3e6424e44f438a95007d043ed5ceaaf6" "check" "--frozen" "--all" "--all-targets" "--message-format=json", kill_on_drop: false }`
[INFO] [stderr]     Checking oxicrypt-zeroize v0.24.0
[INFO] [stderr]     Checking oxicrypt-module v0.24.0
[INFO] [stderr]     Checking oxicrypt-test-vectors v0.24.0
[INFO] [stderr]    Compiling oxicrypt-cli v0.24.0 (/opt/rustwide/workdir)
[INFO] [stderr]     Checking oxicrypt-imageread v0.24.0
[INFO] [stderr]     Checking oxicrypt-sha v0.24.0
[INFO] [stderr]     Checking oxicrypt-aes v0.24.0
[INFO] [stderr]     Checking oxicrypt-hmac v0.24.0
[INFO] [stderr]     Checking oxicrypt-integrity v0.24.0
[INFO] [stderr]     Checking oxicrypt-drbg v0.24.0
[INFO] [stdout] error[E0433]: cannot find module or crate `oxicrypt_integrity_sign` in this scope
[INFO] [stdout]    --> tests/cli.rs:107:5
[INFO] [stdout]     |
[INFO] [stdout] 107 |     oxicrypt_integrity_sign::sign_image(&mut bytes).expect("sign");
[INFO] [stdout]     |     ^^^^^^^^^^^^^^^^^^^^^^^ use of unresolved module or unlinked crate `oxicrypt_integrity_sign`
[INFO] [stdout]     |
[INFO] [stdout] help: there is a crate or module with a similar name
[INFO] [stdout]     |
[INFO] [stdout] 107 -     oxicrypt_integrity_sign::sign_image(&mut bytes).expect("sign");
[INFO] [stdout] 107 +     oxicrypt_integrity::sign_image(&mut bytes).expect("sign");
[INFO] [stdout]     |
[INFO] [stdout] 
[INFO] [stdout] 
[INFO] [stdout] error[E0433]: cannot find module or crate `oxicrypt_integrity_sign` in this scope
[INFO] [stdout]    --> tests/cli.rs:109:5
[INFO] [stdout]     |
[INFO] [stdout] 109 |     oxicrypt_integrity_sign::verify_image(&read(path)).expect("the signed artifact verifies");
[INFO] [stdout]     |     ^^^^^^^^^^^^^^^^^^^^^^^ use of unresolved module or unlinked crate `oxicrypt_integrity_sign`
[INFO] [stdout]     |
[INFO] [stdout] help: there is a crate or module with a similar name
[INFO] [stdout]     |
[INFO] [stdout] 109 -     oxicrypt_integrity_sign::verify_image(&read(path)).expect("the signed artifact verifies");
[INFO] [stdout] 109 +     oxicrypt_integrity::verify_image(&read(path)).expect("the signed artifact verifies");
[INFO] [stdout]     |
[INFO] [stdout] 
[INFO] [stdout] 
[INFO] [stdout] error[E0433]: cannot find module or crate `oxicrypt_integrity_sign` in this scope
[INFO] [stdout]    --> tests/cli.rs:113:5
[INFO] [stdout]     |
[INFO] [stdout] 113 |     oxicrypt_integrity_sign::classify(&read(path))
[INFO] [stdout]     |     ^^^^^^^^^^^^^^^^^^^^^^^ use of unresolved module or unlinked crate `oxicrypt_integrity_sign`
[INFO] [stdout]     |
[INFO] [stdout] help: there is a crate or module with a similar name
[INFO] [stdout]     |
[INFO] [stdout] 113 -     oxicrypt_integrity_sign::classify(&read(path))
[INFO] [stdout] 113 +     oxicrypt_integrity::classify(&read(path))
[INFO] [stdout]     |
[INFO] [stdout] 
[INFO] [stdout] 
[INFO] [stdout] For more information about this error, try `rustc --explain E0433`.
[INFO] [stdout] 
[INFO] [stderr] error: could not compile `oxicrypt-cli` (test "cli") due to 3 previous errors
[INFO] [stderr] warning: build failed, waiting for other jobs to finish...
[INFO] running `Command { std: "docker" "inspect" "70d08161ee6062bf82e9d44abb3b14e583a7d5cbb6075056aeb8d725b500d0b3", kill_on_drop: false }`
[INFO] running `Command { std: "docker" "rm" "-f" "70d08161ee6062bf82e9d44abb3b14e583a7d5cbb6075056aeb8d725b500d0b3", kill_on_drop: false }`
[INFO] [stdout] 70d08161ee6062bf82e9d44abb3b14e583a7d5cbb6075056aeb8d725b500d0b3
