[INFO] fetching crate oxicode-sdk 0.81.0...
[INFO] checking oxicode-sdk-0.81.0 against 3154cc1a3e6424e44f438a95007d043ed5ceaaf6 for pr-133502-30
[INFO] extracting crate oxicode-sdk 0.81.0 into /workspace/builds/worker-0-tc2/source
[INFO] started tweaking crates.io crate oxicode-sdk 0.81.0
[INFO] removed 0 missing examples
[INFO] removed 0 missing tests
[INFO] finished tweaking crates.io crate oxicode-sdk 0.81.0
[INFO] tweaked toml for crates.io crate oxicode-sdk 0.81.0 written to /workspace/builds/worker-0-tc2/source/Cargo.toml
[INFO] validating manifest of crates.io crate oxicode-sdk 0.81.0 on toolchain 3154cc1a3e6424e44f438a95007d043ed5ceaaf6
[INFO] running `Command { std: CARGO_HOME="/workspace/cargo-home" RUSTUP_HOME="/workspace/rustup-home" "/workspace/cargo-home/bin/cargo" "+3154cc1a3e6424e44f438a95007d043ed5ceaaf6" "metadata" "--manifest-path" "Cargo.toml" "--no-deps", kill_on_drop: false }`
[INFO] crate crates.io crate oxicode-sdk 0.81.0 already has a lockfile, it will not be regenerated
[INFO] running `Command { std: CARGO_HOME="/workspace/cargo-home" RUSTUP_HOME="/workspace/rustup-home" "/workspace/cargo-home/bin/cargo" "+3154cc1a3e6424e44f438a95007d043ed5ceaaf6" "fetch" "--manifest-path" "Cargo.toml", kill_on_drop: false }`
[INFO] running `Command { std: "docker" "create" "-v" "/var/lib/crater-agent-workspace/builds/worker-0-tc2/source:/opt/rustwide/workdir:ro,Z" "-v" "/var/lib/crater-agent-workspace/builds/worker-0-tc2/target:/opt/rustwide/target:rw,Z" "-v" "/var/lib/crater-agent-workspace/cargo-home:/opt/rustwide/cargo-home:ro,Z" "-v" "/var/lib/crater-agent-workspace/rustup-home:/opt/rustwide/rustup-home:ro,Z" "-m" "1610612736" "--network" "none" "ghcr.io/rust-lang/crates-build-env/linux@sha256:77db811e55d90add9212f6832c23229e3de5f1c1f9905e8cb07319ea15df73ac" "sleep" "infinity", kill_on_drop: false }`
[INFO] [stdout] a6e151e40dacafa6ddc44ba09cd40cda74e1f8f4ac72070dd7362ba74f2752f6
[INFO] running `Command { std: "docker" "start" "a6e151e40dacafa6ddc44ba09cd40cda74e1f8f4ac72070dd7362ba74f2752f6", kill_on_drop: false }`
[INFO] running `Command { std: "docker" "inspect" "a6e151e40dacafa6ddc44ba09cd40cda74e1f8f4ac72070dd7362ba74f2752f6", kill_on_drop: false }`
[INFO] running `Command { std: "docker" "exec" "-e" "SOURCE_DIR=/opt/rustwide/workdir" "-e" "CARGO_HOME=/opt/rustwide/cargo-home" "-e" "RUSTUP_HOME=/opt/rustwide/rustup-home" "-e" "CARGO_TARGET_DIR=/opt/rustwide/target" "-w" "/opt/rustwide/workdir" "--user" "0:0" "a6e151e40dacafa6ddc44ba09cd40cda74e1f8f4ac72070dd7362ba74f2752f6" "/opt/rustwide/cargo-home/bin/cargo" "+3154cc1a3e6424e44f438a95007d043ed5ceaaf6" "metadata" "--no-deps" "--format-version=1", kill_on_drop: false }`
[INFO] running `Command { std: "docker" "inspect" "a6e151e40dacafa6ddc44ba09cd40cda74e1f8f4ac72070dd7362ba74f2752f6", kill_on_drop: false }`
[INFO] running `Command { std: "docker" "exec" "-e" "SOURCE_DIR=/opt/rustwide/workdir" "-e" "CARGO_HOME=/opt/rustwide/cargo-home" "-e" "RUSTUP_HOME=/opt/rustwide/rustup-home" "-e" "CARGO_TARGET_DIR=/opt/rustwide/target" "-e" "CARGO_INCREMENTAL=0" "-e" "RUST_BACKTRACE=full" "-e" "RUSTFLAGS=--cap-lints=forbid" "-e" "RUSTDOCFLAGS=--cap-lints=forbid" "-w" "/opt/rustwide/workdir" "--user" "0:0" "a6e151e40dacafa6ddc44ba09cd40cda74e1f8f4ac72070dd7362ba74f2752f6" "/opt/rustwide/cargo-home/bin/cargo" "+3154cc1a3e6424e44f438a95007d043ed5ceaaf6" "check" "--frozen" "--all" "--all-targets" "--message-format=json", kill_on_drop: false }`
[INFO] [stderr]     Checking futures-core v0.3.33
[INFO] [stderr]     Checking futures-sink v0.3.33
[INFO] [stderr]    Compiling cc v1.4.0
[INFO] [stderr]    Compiling zerocopy v0.8.55
[INFO] [stderr]     Checking litemap v0.8.2
[INFO] [stderr]     Checking writeable v0.6.3
[INFO] [stderr]     Checking hashbrown v0.17.1
[INFO] [stderr]    Compiling syn v3.0.3
[INFO] [stderr]    Compiling syn v2.0.119
[INFO] [stderr]     Checking parking_lot_core v0.9.12
[INFO] [stderr]     Checking errno v0.3.14
[INFO] [stderr]     Checking mio v1.2.2
[INFO] [stderr]     Checking socket2 v0.6.5
[INFO] [stderr]    Compiling num-traits v0.2.19
[INFO] [stderr]     Checking tracing-core v0.1.36
[INFO] [stderr]     Checking futures-io v0.3.33
[INFO] [stderr]    Compiling icu_normalizer_data v2.2.0
[INFO] [stderr]     Checking signal-hook-registry v1.4.8
[INFO] [stderr]     Checking futures-channel v0.3.33
[INFO] [stderr]    Compiling icu_properties_data v2.2.0
[INFO] [stderr]     Checking futures-task v0.3.33
[INFO] [stderr]     Checking parking_lot v0.12.5
[INFO] [stderr]     Checking log v0.4.33
[INFO] [stderr]     Checking spin v0.9.9
[INFO] [stderr]     Checking regex-syntax v0.8.11
[INFO] [stderr]     Checking aho-corasick v1.1.5
[INFO] [stderr]     Checking getrandom v0.3.4
[INFO] [stderr]     Checking lazy_static v1.5.0
[INFO] [stderr]     Checking digest v0.10.7
[INFO] [stderr]    Compiling thiserror v2.0.19
[INFO] [stderr]     Checking socket2 v0.5.10
[INFO] [stderr]     Checking base64ct v1.8.3
[INFO] [stderr]     Checking sync_wrapper v1.0.2
[INFO] [stderr]    Compiling ref-cast v1.0.26
[INFO] [stderr]     Checking miniz_oxide v0.8.9
[INFO] [stderr]     Checking rand_core v0.9.5
[INFO] [stderr]     Checking http-body-util v0.1.4
[INFO] [stderr]    Compiling unicode-general-category v1.1.0
[INFO] [stderr]     Checking data-encoding v2.11.1
[INFO] [stderr]     Checking bit-vec v0.8.0
[INFO] [stderr]    Compiling num-bigint-dig v0.8.6
[INFO] [stderr]     Checking borrow-or-share v0.2.4
[INFO] [stderr]     Checking pem-rfc7468 v0.7.0
[INFO] [stderr]    Compiling nix v0.28.0
[INFO] [stderr]     Checking der v0.7.10
[INFO] [stderr]     Checking dirs-sys v0.5.0
[INFO] [stderr]     Checking tracing-log v0.2.0
[INFO] [stderr]     Checking flate2 v1.1.9
[INFO] [stderr]     Checking bit-set v0.8.0
[INFO] [stderr]     Checking getrandom v0.4.3
[INFO] [stderr]     Checking sha1 v0.10.7
[INFO] [stderr]     Checking sharded-slab v0.1.7
[INFO] [stderr]     Checking thread_local v1.1.10
[INFO] [stderr]    Compiling oxicode-catalog v0.81.0
[INFO] [stderr]     Checking micromap v0.3.0
[INFO] [stderr]     Checking num-integer v0.1.46
[INFO] [stderr]     Checking num-complex v0.4.6
[INFO] [stderr]     Checking toml v0.9.12+spec-1.1.0
[INFO] [stderr]     Checking clap_builder v4.6.5
[INFO] [stderr]     Checking indexmap v2.14.0
[INFO] [stderr]     Checking num-iter v0.1.46
[INFO] [stderr]     Checking num-bigint v0.4.8
[INFO] [stderr]     Checking uuid-simd v0.8.0
[INFO] [stderr]     Checking dirs v6.0.0
[INFO] [stderr]     Checking signature v2.2.0
[INFO] [stderr]     Checking webpki-roots v0.26.11
[INFO] [stderr]     Checking core_maths v0.1.1
[INFO] [stderr]     Checking filetime v0.2.29
[INFO] [stderr]     Checking fs2 v0.4.3
[INFO] [stderr]     Checking bytecount v0.6.9
[INFO] [stderr]     Checking num-cmp v0.1.0
[INFO] [stderr]    Compiling oxicode-ai v0.81.0
[INFO] [stderr]     Checking tinyvec v1.12.0
[INFO] [stderr]     Checking raii_flock v0.2.0
[INFO] [stderr]     Checking ttf-parser v0.25.1
[INFO] [stderr]     Checking lru v0.18.2
[INFO] [stderr]     Checking uuid v1.24.0
[INFO] [stderr]     Checking sha2 v0.10.9
[INFO] [stderr]     Checking hmac v0.12.1
[INFO] [stderr]     Checking spki v0.7.3
[INFO] [stderr]     Checking fdeflate v0.3.7
[INFO] [stderr]     Checking serial2 v0.2.38
[INFO] [stderr]     Checking shell-words v1.1.1
[INFO] [stderr]     Checking unsafe-libyaml v0.2.11
[INFO] [stderr]     Checking xxhash-rust v0.8.18
[INFO] [stderr]     Checking unicode-normalization v0.1.25
[INFO] [stderr]     Checking pkcs8 v0.10.2
[INFO] [stderr]    Compiling ring v0.17.14
[INFO] [stderr]    Compiling blake3 v1.8.5
[INFO] [stderr]     Checking png v0.17.16
[INFO] [stderr]     Checking pkcs1 v0.7.5
[INFO] [stderr]     Checking num_cpus v1.17.0
[INFO] [stderr]     Checking bstr v1.13.0
[INFO] [stderr]     Checking glob v0.3.4
[INFO] [stderr]     Checking cpufeatures v0.3.0
[INFO] [stderr]     Checking deadpool-runtime v0.1.4
[INFO] [stderr]     Checking constant_time_eq v0.4.2
[INFO] [stderr]     Checking rustix v1.1.4
[INFO] [stderr]     Checking num-rational v0.4.2
[INFO] [stderr]     Checking regex-automata v0.4.16
[INFO] [stderr]     Checking jsonschema-regex v0.46.10
[INFO] [stderr]     Checking num v0.4.3
[INFO] [stderr]     Checking fraction v0.15.4
[INFO] [stderr]     Checking fontdue v0.9.4
[INFO] [stderr]    Compiling serde_derive v1.0.229
[INFO] [stderr]    Compiling tokio-macros v2.7.2
[INFO] [stderr]    Compiling displaydoc v0.2.7
[INFO] [stderr]    Compiling thiserror-impl v2.0.19
[INFO] [stderr]    Compiling ref-cast-impl v1.0.26
[INFO] [stderr]    Compiling async-trait v0.1.91
[INFO] [stderr]    Compiling clap_derive v4.6.4
[INFO] [stderr]     Checking tokio v1.53.1
[INFO] [stderr]    Compiling rustls v0.23.43
[INFO] [stderr]    Compiling synstructure v0.13.2
[INFO] [stderr]     Checking tempfile v3.27.0
[INFO] [stderr]    Compiling zerofrom-derive v0.1.7
[INFO] [stderr]    Compiling yoke-derive v0.8.2
[INFO] [stderr]    Compiling zerovec-derive v0.11.3
[INFO] [stderr]    Compiling futures-macro v0.3.33
[INFO] [stderr]    Compiling tracing-attributes v0.1.31
[INFO] [stderr]    Compiling thiserror-impl v1.0.69
[INFO] [stderr]    Compiling oxicode-api-stability v0.81.0
[INFO] [stderr]     Checking clap v4.6.5
[INFO] [stderr]     Checking futures-util v0.3.33
[INFO] [stderr]     Checking ppv-lite86 v0.2.21
[INFO] [stderr]     Checking zerofrom v0.1.8
[INFO] [stderr]     Checking yoke v0.8.3
[INFO] [stderr]     Checking thiserror v1.0.69
[INFO] [stderr]     Checking filedescriptor v0.8.3
[INFO] [stderr]     Checking rand_chacha v0.9.0
[INFO] [stderr]     Checking rand_chacha v0.3.1
[INFO] [stderr]     Checking zerovec v0.11.6
[INFO] [stderr]     Checking zerotrie v0.2.4
[INFO] [stderr]     Checking tracing v0.1.44
[INFO] [stderr]     Checking portable-pty v0.9.0
[INFO] [stderr]     Checking regex v1.13.1
[INFO] [stderr]     Checking matchers v0.2.0
[INFO] [stderr]     Checking fancy-regex v0.18.0
[INFO] [stderr]     Checking rand v0.9.5
[INFO] [stderr]     Checking rand v0.8.7
[INFO] [stderr]     Checking rustls-webpki v0.103.13
[INFO] [stderr]     Checking globset v0.4.19
[INFO] [stderr]     Checking tracing-subscriber v0.3.23
[INFO] [stderr]     Checking serde v1.0.229
[INFO] [stderr]     Checking tinystr v0.8.3
[INFO] [stderr]     Checking potential_utf v0.1.5
[INFO] [stderr]     Checking icu_collections v2.2.0
[INFO] [stderr]     Checking serde_urlencoded v0.7.1
[INFO] [stderr]     Checking fluent-uri v0.4.1
[INFO] [stderr]     Checking ahash v0.8.12
[INFO] [stderr]     Checking email_address v0.2.9
[INFO] [stderr]     Checking chrono v0.4.45
[INFO] [stderr]     Checking serde_yaml v0.9.34+deprecated
[INFO] [stderr]     Checking oxicode-hashline v0.81.0
[INFO] [stderr]     Checking oxicode-snapcompact v0.81.0
[INFO] [stderr]     Checking assert-json-diff v2.0.2
[INFO] [stderr]     Checking icu_locale_core v2.2.0
[INFO] [stderr]     Checking rsa v0.9.10
[INFO] [stderr]     Checking referencing v0.46.10
[INFO] [stderr]     Checking icu_provider v2.2.0
[INFO] [stderr]     Checking icu_properties v2.2.0
[INFO] [stderr]     Checking icu_normalizer v2.2.0
[INFO] [stderr]     Checking futures-executor v0.3.33
[INFO] [stderr]     Checking futures v0.3.33
[INFO] [stderr]     Checking idna_adapter v1.2.2
[INFO] [stderr]     Checking idna v1.1.0
[INFO] [stderr]     Checking url v2.5.8
[INFO] [stderr]     Checking jsonschema v0.46.10
[INFO] [stderr]     Checking tungstenite v0.26.2
[INFO] [stderr]     Checking tokio-util v0.7.19
[INFO] [stderr]     Checking tokio-rustls v0.26.4
[INFO] [stderr]     Checking tower v0.5.3
[INFO] [stderr]     Checking tokio-stream v0.1.19
[INFO] [stderr]     Checking deadpool v0.12.3
[INFO] [stderr]     Checking tokio-tungstenite v0.26.2
[INFO] [stderr]     Checking tower-http v0.6.11
[INFO] [stderr]     Checking h2 v0.4.16
[INFO] [stderr]     Checking hyper v1.11.0
[INFO] [stderr]     Checking hyper-util v0.1.20
[INFO] [stderr]     Checking hyper-rustls v0.27.9
[INFO] [stderr]     Checking wiremock v0.6.5
[INFO] [stderr]     Checking reqwest v0.12.28
[INFO] [stderr]     Checking oxibrowser v0.21.0
[INFO] [stderr]     Checking oxicode-agent v0.81.0
[INFO] [stderr]     Checking oxicode-sdk v0.81.0 (/opt/rustwide/workdir)
[INFO] [stdout] error[E0432]: unresolved import `oxicode_sdk::behavior`
[INFO] [stdout]   --> tests/behavior/common/mod.rs:9:22
[INFO] [stdout]    |
[INFO] [stdout]  9 | pub use oxicode_sdk::behavior::{
[INFO] [stdout]    |                      ^^^^^^^^ could not find `behavior` in `oxicode_sdk`
[INFO] [stdout]    |
[INFO] [stdout] note: found an item that was configured out
[INFO] [stdout]   --> src/lib.rs:42:9
[INFO] [stdout]    |
[INFO] [stdout] 41 | #[cfg(feature = "behavior")]
[INFO] [stdout]    |       -------------------- the item is gated behind the `behavior` feature
[INFO] [stdout] 42 | pub mod behavior;
[INFO] [stdout]    |         ^^^^^^^^
[INFO] [stdout] 
[INFO] [stdout] 
[INFO] [stdout] error[E0432]: unresolved import `oxicode_sdk::behavior`
[INFO] [stdout]   --> tests/behavior/duplicate_fixture.rs:5:18
[INFO] [stdout]    |
[INFO] [stdout]  5 | use oxicode_sdk::behavior::{
[INFO] [stdout]    |                  ^^^^^^^^ could not find `behavior` in `oxicode_sdk`
[INFO] [stdout]    |
[INFO] [stdout] note: found an item that was configured out
[INFO] [stdout]   --> src/lib.rs:42:9
[INFO] [stdout]    |
[INFO] [stdout] 41 | #[cfg(feature = "behavior")]
[INFO] [stdout]    |       -------------------- the item is gated behind the `behavior` feature
[INFO] [stdout] 42 | pub mod behavior;
[INFO] [stdout]    |         ^^^^^^^^
[INFO] [stdout] 
[INFO] [stdout] 
[INFO] [stdout] error[E0433]: cannot find `behavior` in `oxicode_sdk`
[INFO] [stdout]    --> tests/behavior/common/mod.rs:297:19
[INFO] [stdout]     |
[INFO] [stdout] 297 | ) -> oxicode_sdk::behavior::InstalledBehaviorManifest {
[INFO] [stdout]     |                   ^^^^^^^^ could not find `behavior` in `oxicode_sdk`
[INFO] [stdout]     |
[INFO] [stdout] note: found an item that was configured out
[INFO] [stdout]    --> src/lib.rs:42:9
[INFO] [stdout]     |
[INFO] [stdout]  41 | #[cfg(feature = "behavior")]
[INFO] [stdout]     |       -------------------- the item is gated behind the `behavior` feature
[INFO] [stdout]  42 | pub mod behavior;
[INFO] [stdout]     |         ^^^^^^^^
[INFO] [stdout] 
[INFO] [stdout] 
[INFO] [stdout] error[E0433]: cannot find `behavior` in `oxicode_sdk`
[INFO] [stdout]    --> tests/behavior/common/mod.rs:302:28
[INFO] [stdout]     |
[INFO] [stdout] 302 |             &[oxicode_sdk::behavior::BehaviorPackId::coding_omp_v1()],
[INFO] [stdout]     |                            ^^^^^^^^ could not find `behavior` in `oxicode_sdk`
[INFO] [stdout]     |
[INFO] [stdout] note: found an item that was configured out
[INFO] [stdout]    --> src/lib.rs:42:9
[INFO] [stdout]     |
[INFO] [stdout]  41 | #[cfg(feature = "behavior")]
[INFO] [stdout]     |       -------------------- the item is gated behind the `behavior` feature
[INFO] [stdout]  42 | pub mod behavior;
[INFO] [stdout]     |         ^^^^^^^^
[INFO] [stdout] 
[INFO] [stdout] 
[INFO] [stdout] error[E0433]: cannot find `behavior` in `oxicode_sdk`
[INFO] [stdout]    --> tests/behavior/common/mod.rs:451:18
[INFO] [stdout]     |
[INFO] [stdout] 451 |     oxicode_sdk::behavior::InstalledBehaviorManifest,
[INFO] [stdout]     |                  ^^^^^^^^ could not find `behavior` in `oxicode_sdk`
[INFO] [stdout]     |
[INFO] [stdout] note: found an item that was configured out
[INFO] [stdout]    --> src/lib.rs:42:9
[INFO] [stdout]     |
[INFO] [stdout]  41 | #[cfg(feature = "behavior")]
[INFO] [stdout]     |       -------------------- the item is gated behind the `behavior` feature
[INFO] [stdout]  42 | pub mod behavior;
[INFO] [stdout]     |         ^^^^^^^^
[INFO] [stdout] 
[INFO] [stdout] 
[INFO] [stdout] error[E0433]: cannot find `behavior` in `oxicode_sdk`
[INFO] [stdout]    --> tests/behavior/common/mod.rs:452:18
[INFO] [stdout]     |
[INFO] [stdout] 452 |     oxicode_sdk::behavior::AgentConfigPatch,
[INFO] [stdout]     |                  ^^^^^^^^ could not find `behavior` in `oxicode_sdk`
[INFO] [stdout]     |
[INFO] [stdout] note: found an item that was configured out
[INFO] [stdout]    --> src/lib.rs:42:9
[INFO] [stdout]     |
[INFO] [stdout]  41 | #[cfg(feature = "behavior")]
[INFO] [stdout]     |       -------------------- the item is gated behind the `behavior` feature
[INFO] [stdout]  42 | pub mod behavior;
[INFO] [stdout]     |         ^^^^^^^^
[INFO] [stdout] 
[INFO] [stdout] 
[INFO] [stdout] error[E0433]: cannot find `behavior` in `oxicode_sdk`
[INFO] [stdout]    --> tests/behavior/common/mod.rs:457:28
[INFO] [stdout]     |
[INFO] [stdout] 457 |             &[oxicode_sdk::behavior::BehaviorPackId::coding_omp_v1()],
[INFO] [stdout]     |                            ^^^^^^^^ could not find `behavior` in `oxicode_sdk`
[INFO] [stdout]     |
[INFO] [stdout] note: found an item that was configured out
[INFO] [stdout]    --> src/lib.rs:42:9
[INFO] [stdout]     |
[INFO] [stdout]  41 | #[cfg(feature = "behavior")]
[INFO] [stdout]     |       -------------------- the item is gated behind the `behavior` feature
[INFO] [stdout]  42 | pub mod behavior;
[INFO] [stdout]     |         ^^^^^^^^
[INFO] [stdout] 
[INFO] [stdout] 
[INFO] [stdout] error[E0433]: cannot find `behavior` in `oxicode_sdk`
[INFO] [stdout]   --> tests/behavior/degradation_fixture.rs:63:22
[INFO] [stdout]    |
[INFO] [stdout] 63 |         oxicode_sdk::behavior::FeatureStatus::Partial
[INFO] [stdout]    |                      ^^^^^^^^ could not find `behavior` in `oxicode_sdk`
[INFO] [stdout]    |
[INFO] [stdout] note: found an item that was configured out
[INFO] [stdout]   --> src/lib.rs:42:9
[INFO] [stdout]    |
[INFO] [stdout] 41 | #[cfg(feature = "behavior")]
[INFO] [stdout]    |       -------------------- the item is gated behind the `behavior` feature
[INFO] [stdout] 42 | pub mod behavior;
[INFO] [stdout]    |         ^^^^^^^^
[INFO] [stdout] 
[INFO] [stdout] 
[INFO] [stdout] error[E0433]: cannot find `behavior` in `oxicode_sdk`
[INFO] [stdout]   --> tests/behavior/degradation_fixture.rs:69:46
[INFO] [stdout]    |
[INFO] [stdout] 69 |         .filter(|e| e.status == oxicode_sdk::behavior::FeatureStatus::Unavailable)
[INFO] [stdout]    |                                              ^^^^^^^^ could not find `behavior` in `oxicode_sdk`
[INFO] [stdout]    |
[INFO] [stdout] note: found an item that was configured out
[INFO] [stdout]   --> src/lib.rs:42:9
[INFO] [stdout]    |
[INFO] [stdout] 41 | #[cfg(feature = "behavior")]
[INFO] [stdout]    |       -------------------- the item is gated behind the `behavior` feature
[INFO] [stdout] 42 | pub mod behavior;
[INFO] [stdout]    |         ^^^^^^^^
[INFO] [stdout] 
[INFO] [stdout] 
[INFO] [stdout] Some errors have detailed explanations: E0432, E0433.
[INFO] [stdout] 
[INFO] [stdout] For more information about an error, try `rustc --explain E0432`.
[INFO] [stdout] 
[INFO] [stderr] error: could not compile `oxicode-sdk` (test "behavior") due to 9 previous errors
[INFO] [stderr] warning: build failed, waiting for other jobs to finish...
[INFO] [stderr] warning: unused dependency `walkdir`
[INFO] [stderr]   --> Cargo.toml:88:15
[INFO] [stderr]    |
[INFO] [stderr] 88 | [dependencies.walkdir]
[INFO] [stderr]    |               ^^^^^^^^
[INFO] [stderr]    |
[INFO] [stderr]    = note: `cargo::unused_dependencies` is set to `warn` by default
[INFO] [stderr] help: consider removing the dependency on `walkdir`
[INFO] [stderr] warning: `oxicode-sdk` (manifest) generated 1 warning
[INFO] running `Command { std: "docker" "inspect" "a6e151e40dacafa6ddc44ba09cd40cda74e1f8f4ac72070dd7362ba74f2752f6", kill_on_drop: false }`
[INFO] running `Command { std: "docker" "rm" "-f" "a6e151e40dacafa6ddc44ba09cd40cda74e1f8f4ac72070dd7362ba74f2752f6", kill_on_drop: false }`
[INFO] [stdout] a6e151e40dacafa6ddc44ba09cd40cda74e1f8f4ac72070dd7362ba74f2752f6
