[INFO] fetching crate oxa-anthropic 2.1.0...
[INFO] checking oxa-anthropic-2.1.0 against 3154cc1a3e6424e44f438a95007d043ed5ceaaf6 for pr-133502-30
[INFO] extracting crate oxa-anthropic 2.1.0 into /workspace/builds/worker-2-tc2/source
[INFO] started tweaking crates.io crate oxa-anthropic 2.1.0
[INFO] removed 0 missing tests
[INFO] finished tweaking crates.io crate oxa-anthropic 2.1.0
[INFO] tweaked toml for crates.io crate oxa-anthropic 2.1.0 written to /workspace/builds/worker-2-tc2/source/Cargo.toml
[INFO] validating manifest of crates.io crate oxa-anthropic 2.1.0 on toolchain 3154cc1a3e6424e44f438a95007d043ed5ceaaf6
[INFO] running `Command { std: CARGO_HOME="/workspace/cargo-home" RUSTUP_HOME="/workspace/rustup-home" "/workspace/cargo-home/bin/cargo" "+3154cc1a3e6424e44f438a95007d043ed5ceaaf6" "metadata" "--manifest-path" "Cargo.toml" "--no-deps", kill_on_drop: false }`
[INFO] crate crates.io crate oxa-anthropic 2.1.0 already has a lockfile, it will not be regenerated
[INFO] running `Command { std: CARGO_HOME="/workspace/cargo-home" RUSTUP_HOME="/workspace/rustup-home" "/workspace/cargo-home/bin/cargo" "+3154cc1a3e6424e44f438a95007d043ed5ceaaf6" "fetch" "--manifest-path" "Cargo.toml", kill_on_drop: false }`
[INFO] running `Command { std: "docker" "create" "-v" "/var/lib/crater-agent-workspace/builds/worker-2-tc2/source:/opt/rustwide/workdir:ro,Z" "-v" "/var/lib/crater-agent-workspace/builds/worker-2-tc2/target:/opt/rustwide/target:rw,Z" "-v" "/var/lib/crater-agent-workspace/cargo-home:/opt/rustwide/cargo-home:ro,Z" "-v" "/var/lib/crater-agent-workspace/rustup-home:/opt/rustwide/rustup-home:ro,Z" "-m" "1610612736" "--network" "none" "ghcr.io/rust-lang/crates-build-env/linux@sha256:77db811e55d90add9212f6832c23229e3de5f1c1f9905e8cb07319ea15df73ac" "sleep" "infinity", kill_on_drop: false }`
[INFO] [stdout] b86390fb83567a6fc3633cdc70efb1f8ecedf2431c3000eeaec4117d53b3f158
[INFO] running `Command { std: "docker" "start" "b86390fb83567a6fc3633cdc70efb1f8ecedf2431c3000eeaec4117d53b3f158", kill_on_drop: false }`
[INFO] running `Command { std: "docker" "inspect" "b86390fb83567a6fc3633cdc70efb1f8ecedf2431c3000eeaec4117d53b3f158", kill_on_drop: false }`
[INFO] running `Command { std: "docker" "exec" "-e" "SOURCE_DIR=/opt/rustwide/workdir" "-e" "CARGO_HOME=/opt/rustwide/cargo-home" "-e" "RUSTUP_HOME=/opt/rustwide/rustup-home" "-e" "CARGO_TARGET_DIR=/opt/rustwide/target" "-w" "/opt/rustwide/workdir" "--user" "0:0" "b86390fb83567a6fc3633cdc70efb1f8ecedf2431c3000eeaec4117d53b3f158" "/opt/rustwide/cargo-home/bin/cargo" "+3154cc1a3e6424e44f438a95007d043ed5ceaaf6" "metadata" "--no-deps" "--format-version=1", kill_on_drop: false }`
[INFO] running `Command { std: "docker" "inspect" "b86390fb83567a6fc3633cdc70efb1f8ecedf2431c3000eeaec4117d53b3f158", kill_on_drop: false }`
[INFO] running `Command { std: "docker" "exec" "-e" "SOURCE_DIR=/opt/rustwide/workdir" "-e" "CARGO_HOME=/opt/rustwide/cargo-home" "-e" "RUSTUP_HOME=/opt/rustwide/rustup-home" "-e" "CARGO_TARGET_DIR=/opt/rustwide/target" "-e" "CARGO_INCREMENTAL=0" "-e" "RUST_BACKTRACE=full" "-e" "RUSTFLAGS=--cap-lints=forbid" "-e" "RUSTDOCFLAGS=--cap-lints=forbid" "-w" "/opt/rustwide/workdir" "--user" "0:0" "b86390fb83567a6fc3633cdc70efb1f8ecedf2431c3000eeaec4117d53b3f158" "/opt/rustwide/cargo-home/bin/cargo" "+3154cc1a3e6424e44f438a95007d043ed5ceaaf6" "check" "--frozen" "--all" "--all-targets" "--message-format=json", kill_on_drop: false }`
[INFO] [stderr]    Compiling proc-macro2 v1.0.107
[INFO] [stderr]    Compiling quote v1.0.47
[INFO] [stderr]    Compiling serde_json v1.0.151
[INFO] [stderr]     Checking memchr v2.8.3
[INFO] [stderr]     Checking oxa-modelmap v2.1.0
[INFO] [stderr]    Compiling syn v3.0.4
[INFO] [stderr]    Compiling serde_derive v1.0.229
[INFO] [stderr]     Checking serde v1.0.229
[INFO] [stderr]     Checking oxa-ir v2.1.0
[INFO] [stderr]     Checking oxa-anthropic v2.1.0 (/opt/rustwide/workdir)
[INFO] [stdout] error[E0433]: cannot find module or crate `oxa_vectest` in this scope
[INFO] [stdout]   --> tests/vectors.rs:64:12
[INFO] [stdout]    |
[INFO] [stdout] 64 |         Ok(oxa_vectest::Outcome::Skipped) => {
[INFO] [stdout]    |            ^^^^^^^^^^^ use of unresolved module or unlinked crate `oxa_vectest`
[INFO] [stdout]    |
[INFO] [stdout]    = help: if you wanted to use a crate named `oxa_vectest`, use `cargo add oxa_vectest` to add it to your `Cargo.toml`
[INFO] [stdout] 
[INFO] [stdout] 
[INFO] [stdout] error[E0433]: cannot find module or crate `oxa_vectest` in this scope
[INFO] [stdout]   --> tests/vectors.rs:69:12
[INFO] [stdout]    |
[INFO] [stdout] 69 |         Ok(oxa_vectest::Outcome::Ran(report)) => {
[INFO] [stdout]    |            ^^^^^^^^^^^ use of unresolved module or unlinked crate `oxa_vectest`
[INFO] [stdout]    |
[INFO] [stdout]    = help: if you wanted to use a crate named `oxa_vectest`, use `cargo add oxa_vectest` to add it to your `Cargo.toml`
[INFO] [stdout] 
[INFO] [stdout] 
[INFO] [stdout] error[E0433]: cannot find module or crate `oxa_vectest` in this scope
[INFO] [stdout]    --> tests/vectors.rs:140:12
[INFO] [stdout]     |
[INFO] [stdout] 140 |         Ok(oxa_vectest::Outcome::Skipped) => {
[INFO] [stdout]     |            ^^^^^^^^^^^ use of unresolved module or unlinked crate `oxa_vectest`
[INFO] [stdout]     |
[INFO] [stdout]     = help: if you wanted to use a crate named `oxa_vectest`, use `cargo add oxa_vectest` to add it to your `Cargo.toml`
[INFO] [stdout] 
[INFO] [stdout] 
[INFO] [stdout] error[E0433]: cannot find module or crate `oxa_vectest` in this scope
[INFO] [stdout]    --> tests/vectors.rs:145:12
[INFO] [stdout]     |
[INFO] [stdout] 145 |         Ok(oxa_vectest::Outcome::Ran(report)) => {
[INFO] [stdout]     |            ^^^^^^^^^^^ use of unresolved module or unlinked crate `oxa_vectest`
[INFO] [stdout]     |
[INFO] [stdout]     = help: if you wanted to use a crate named `oxa_vectest`, use `cargo add oxa_vectest` to add it to your `Cargo.toml`
[INFO] [stdout] 
[INFO] [stdout] 
[INFO] [stdout] error[E0433]: cannot find module or crate `oxa_vectest` in this scope
[INFO] [stdout]   --> tests/vectors.rs:15:6
[INFO] [stdout]    |
[INFO] [stdout] 15 | impl oxa_vectest::Converter for VectorConverter {
[INFO] [stdout]    |      ^^^^^^^^^^^ use of unresolved module or unlinked crate `oxa_vectest`
[INFO] [stdout]    |
[INFO] [stdout]    = help: if you wanted to use a crate named `oxa_vectest`, use `cargo add oxa_vectest` to add it to your `Cargo.toml`
[INFO] [stdout] 
[INFO] [stdout] 
[INFO] [stdout] error[E0433]: cannot find module or crate `oxa_vectest` in this scope
[INFO] [stdout]   --> tests/vectors.rs:58:11
[INFO] [stdout]    |
[INFO] [stdout] 58 |     match oxa_vectest::run_in(
[INFO] [stdout]    |           ^^^^^^^^^^^ use of unresolved module or unlinked crate `oxa_vectest`
[INFO] [stdout]    |
[INFO] [stdout]    = help: if you wanted to use a crate named `oxa_vectest`, use `cargo add oxa_vectest` to add it to your `Cargo.toml`
[INFO] [stdout] 
[INFO] [stdout] 
[INFO] [stdout] error[E0433]: cannot find module or crate `oxa_vectest` in this scope
[INFO] [stdout]   --> tests/vectors.rs:99:6
[INFO] [stdout]    |
[INFO] [stdout] 99 | impl oxa_vectest::StreamConverter for StreamVectorConverter {
[INFO] [stdout]    |      ^^^^^^^^^^^ use of unresolved module or unlinked crate `oxa_vectest`
[INFO] [stdout]    |
[INFO] [stdout]    = help: if you wanted to use a crate named `oxa_vectest`, use `cargo add oxa_vectest` to add it to your `Cargo.toml`
[INFO] [stdout] 
[INFO] [stdout] 
[INFO] [stdout] error[E0433]: cannot find module or crate `oxa_vectest` in this scope
[INFO] [stdout]    --> tests/vectors.rs:139:11
[INFO] [stdout]     |
[INFO] [stdout] 139 |     match oxa_vectest::run_stream_in(manifest_dir, &mut conv) {
[INFO] [stdout]     |           ^^^^^^^^^^^ use of unresolved module or unlinked crate `oxa_vectest`
[INFO] [stdout]     |
[INFO] [stdout]     = help: if you wanted to use a crate named `oxa_vectest`, use `cargo add oxa_vectest` to add it to your `Cargo.toml`
[INFO] [stdout] 
[INFO] [stdout] 
[INFO] [stdout] For more information about this error, try `rustc --explain E0433`.
[INFO] [stdout] 
[INFO] [stderr] error: could not compile `oxa-anthropic` (test "vectors") due to 8 previous errors
[INFO] running `Command { std: "docker" "inspect" "b86390fb83567a6fc3633cdc70efb1f8ecedf2431c3000eeaec4117d53b3f158", kill_on_drop: false }`
[INFO] running `Command { std: "docker" "rm" "-f" "b86390fb83567a6fc3633cdc70efb1f8ecedf2431c3000eeaec4117d53b3f158", kill_on_drop: false }`
[INFO] [stdout] b86390fb83567a6fc3633cdc70efb1f8ecedf2431c3000eeaec4117d53b3f158
