[INFO] fetching crate otel-arrow-dfe-otap 0.60.0...
[INFO] checking otel-arrow-dfe-otap-0.60.0 against 3154cc1a3e6424e44f438a95007d043ed5ceaaf6+rustflags=-Znext-solver=coherence for pr-133502-30
[INFO] extracting crate otel-arrow-dfe-otap 0.60.0 into /workspace/builds/worker-2-tc1/source
[INFO] started tweaking crates.io crate otel-arrow-dfe-otap 0.60.0
[INFO] removed 0 missing tests
[INFO] finished tweaking crates.io crate otel-arrow-dfe-otap 0.60.0
[INFO] tweaked toml for crates.io crate otel-arrow-dfe-otap 0.60.0 written to /workspace/builds/worker-2-tc1/source/Cargo.toml
[INFO] validating manifest of crates.io crate otel-arrow-dfe-otap 0.60.0 on toolchain 3154cc1a3e6424e44f438a95007d043ed5ceaaf6
[INFO] running `Command { std: CARGO_HOME="/workspace/cargo-home" RUSTUP_HOME="/workspace/rustup-home" "/workspace/cargo-home/bin/cargo" "+3154cc1a3e6424e44f438a95007d043ed5ceaaf6" "metadata" "--manifest-path" "Cargo.toml" "--no-deps", kill_on_drop: false }`
[INFO] crate crates.io crate otel-arrow-dfe-otap 0.60.0 already has a lockfile, it will not be regenerated
[INFO] running `Command { std: CARGO_HOME="/workspace/cargo-home" RUSTUP_HOME="/workspace/rustup-home" "/workspace/cargo-home/bin/cargo" "+3154cc1a3e6424e44f438a95007d043ed5ceaaf6" "fetch" "--manifest-path" "Cargo.toml", kill_on_drop: false }`
[INFO] [stderr] warning: Cargo.toml: `lints.clippy.must-use-candidate` is deprecated in favor of `lints.clippy.must_use_candidate` and will not work in a future edition
[INFO] [stderr] warning: `otel-arrow-dfe-otap` (manifest) generated 1 warning
[INFO] [stderr]     Updating crates.io index
[INFO] [stderr]  Downloading crates ...
[INFO] [stderr]   Downloaded symcrypt v0.5.1
[INFO] [stderr]   Downloaded tonic-middleware v0.4.1
[INFO] [stderr]   Downloaded rustls-symcrypt v0.2.3
[INFO] [stderr]   Downloaded otel-arrow-dfe-pdata-views v0.54.1
[INFO] [stderr]   Downloaded tonic-prost v0.14.6
[INFO] [stderr]   Downloaded tonic-prost-build v0.14.6
[INFO] [stderr]   Downloaded otel-arrow-dfe-telemetry-macros v0.60.0
[INFO] [stderr]   Downloaded replace_with v0.1.8
[INFO] [stderr]   Downloaded tonic-build v0.14.6
[INFO] [stderr]   Downloaded tonic v0.14.6
[INFO] [stderr]   Downloaded symcrypt-sys v0.4.0
[INFO] [stderr]   Downloaded prost-types v0.14.4
[INFO] [stderr]   Downloaded otel-arrow-dfe-pdata-otlp-model v0.60.0
[INFO] [stderr]   Downloaded otel-arrow-dfe-pdata-otlp-macros v0.60.0
[INFO] [stderr]   Downloaded supports-unicode v3.0.0
[INFO] [stderr]   Downloaded humantime-serde v1.1.1
[INFO] [stderr]   Downloaded is_ci v1.2.0
[INFO] [stderr]   Downloaded supports-hyperlinks v3.2.0
[INFO] [stderr]   Downloaded supports-color v3.0.2
[INFO] [stderr]   Downloaded backtrace-ext v0.2.1
[INFO] [stderr]   Downloaded rustls-openssl v0.4.2
[INFO] [stderr]   Downloaded serde_cbor v0.11.2
[INFO] [stderr]   Downloaded half v1.8.3
[INFO] [stderr]   Downloaded prost-build v0.14.4
[INFO] [stderr]   Downloaded utf8-width v0.1.9
[INFO] [stderr]   Downloaded owo-colors v4.4.0
[INFO] [stderr]   Downloaded miette-derive v7.6.0
[INFO] [stderr]   Downloaded humantime v2.4.0
[INFO] [stderr]   Downloaded pulldown-cmark-to-cmark v22.0.3
[INFO] [stderr]   Downloaded byte-unit v5.2.6
[INFO] [stderr]   Downloaded roaring v0.11.5
[INFO] [stderr]   Downloaded miette v7.6.0
[INFO] [stderr]   Downloaded textwrap v0.16.4
[INFO] [stderr]   Downloaded otel-arrow-dfe-telemetry v0.60.0
[INFO] [stderr]   Downloaded otel-arrow-dfe-config v0.60.0
[INFO] [stderr]   Downloaded datafusion v54.1.0
[INFO] [stderr]   Downloaded object_store v0.13.2
[INFO] [stderr]   Downloaded datafusion-session v54.1.0
[INFO] [stderr]   Downloaded otel-arrow-dfe-pdata v0.60.0
[INFO] [stderr]   Downloaded datafusion-physical-expr-common v54.1.0
[INFO] [stderr]   Downloaded datafusion-expr-common v54.1.0
[INFO] [stderr]   Downloaded lz4_flex v0.13.1
[INFO] [stderr]   Downloaded twox-hash v2.1.5
[INFO] [stderr]   Downloaded arrow-schema v58.4.0
[INFO] [stderr]   Downloaded arrow-ipc v58.4.0
[INFO] [stderr]   Downloaded arrow-select v58.4.0
[INFO] [stderr]   Downloaded arrow-data v58.4.0
[INFO] [stderr]   Downloaded arrow-buffer v58.4.0
[INFO] [stderr]   Downloaded arrow-string v58.4.0
[INFO] [stderr]   Downloaded arrow-row v58.4.0
[INFO] [stderr]   Downloaded datafusion-physical-plan v54.1.0
[INFO] [stderr]   Downloaded datafusion-common v54.1.0
[INFO] [stderr]   Downloaded arrow-array v58.4.0
[INFO] [stderr]   Downloaded arrow v58.4.0
[INFO] [stderr]   Downloaded arrow-ord v58.4.0
[INFO] [stderr]   Downloaded arrow-json v58.4.0
[INFO] [stderr]   Downloaded arrow-cast v58.4.0
[INFO] [stderr]   Downloaded comfy-table v7.2.2
[INFO] [stderr]   Downloaded arrow-csv v58.4.0
[INFO] [stderr]   Downloaded arrow-arith v58.4.0
[INFO] [stderr]   Downloaded datafusion-functions-aggregate-common v54.1.0
[INFO] [stderr]   Downloaded datafusion-functions-window-common v54.1.0
[INFO] [stderr]   Downloaded datafusion-doc v54.1.0
[INFO] [stderr]   Downloaded datafusion-macros v54.1.0
[INFO] [stderr]   Downloaded datafusion-expr v54.1.0
[INFO] [stderr]   Downloaded datafusion-pruning v54.1.0
[INFO] [stderr]   Downloaded datafusion-physical-expr-adapter v54.1.0
[INFO] [stderr]   Downloaded datafusion-functions-table v54.1.0
[INFO] [stderr]   Downloaded datafusion-physical-expr v54.1.0
[INFO] [stderr]   Downloaded datafusion-execution v54.1.0
[INFO] [stderr]   Downloaded datafusion-common-runtime v54.1.0
[INFO] [stderr]   Downloaded datafusion-datasource v54.1.0
[INFO] [stderr]   Downloaded datafusion-functions-window v54.1.0
[INFO] [stderr]   Downloaded datafusion-catalog v54.1.0
[INFO] [stderr]   Downloaded datafusion-datasource-json v54.1.0
[INFO] [stderr]   Downloaded datafusion-datasource-csv v54.1.0
[INFO] [stderr]   Downloaded datafusion-datasource-arrow v54.1.0
[INFO] [stderr]   Downloaded datafusion-catalog-listing v54.1.0
[INFO] [stderr]   Downloaded otel-arrow-dfe-expohisto v0.60.0
[INFO] [stderr]   Downloaded datafusion-functions v54.1.0
[INFO] [stderr]   Downloaded datafusion-physical-optimizer v54.1.0
[INFO] [stderr]   Downloaded datafusion-functions-aggregate v54.1.0
[INFO] [stderr]   Downloaded datafusion-optimizer v54.1.0
[INFO] [stderr]   Downloaded opentelemetry_sdk v0.33.0
[INFO] [stderr]   Downloaded opentelemetry-resource-detectors v0.13.0
[INFO] [stderr]   Downloaded otel-arrow-dfe-component-inventory-syntax v0.60.0
[INFO] [stderr]   Downloaded otel-arrow-dfe-state v0.60.0
[INFO] [stderr]   Downloaded otel-arrow-dfe-channel v0.60.0
[INFO] [stderr]   Downloaded opentelemetry v0.33.0
[INFO] [stderr]   Downloaded opentelemetry-semantic-conventions v0.33.0
[INFO] [stderr]   Downloaded otel-arrow-dfe-engine-macros v0.60.0
[INFO] [stderr]   Downloaded otel-arrow-dfe-pdata-codec v0.60.0
[INFO] [stderr]   Downloaded cpu-time v1.0.0
[INFO] [stderr]   Downloaded otel-arrow-dfe-engine v0.60.0
[INFO] [stderr]   Downloaded typespec_macros v1.0.0
[INFO] [stderr]   Downloaded typespec v1.2.0-beta.1
[INFO] [stderr]   Downloaded azure_core v1.2.0-beta.1
[INFO] [stderr]   Downloaded typespec_client_core v1.2.0-beta.1
[INFO] [stderr]   Downloaded azure_core_macros v1.0.0
[INFO] [stderr]   Downloaded azure_identity v1.1.0-beta.1
[INFO] running `Command { std: "docker" "create" "-v" "/var/lib/crater-agent-workspace/builds/worker-2-tc1/source:/opt/rustwide/workdir:ro,Z" "-v" "/var/lib/crater-agent-workspace/builds/worker-2-tc1/target:/opt/rustwide/target:rw,Z" "-v" "/var/lib/crater-agent-workspace/cargo-home:/opt/rustwide/cargo-home:ro,Z" "-v" "/var/lib/crater-agent-workspace/rustup-home:/opt/rustwide/rustup-home:ro,Z" "-m" "1610612736" "--network" "none" "ghcr.io/rust-lang/crates-build-env/linux@sha256:77db811e55d90add9212f6832c23229e3de5f1c1f9905e8cb07319ea15df73ac" "sleep" "infinity", kill_on_drop: false }`
[INFO] [stdout] 73d5ca2265a732e38de88344f8324717d5450d38c68046d1a1f020c0be696293
[INFO] running `Command { std: "docker" "start" "73d5ca2265a732e38de88344f8324717d5450d38c68046d1a1f020c0be696293", kill_on_drop: false }`
[INFO] running `Command { std: "docker" "inspect" "73d5ca2265a732e38de88344f8324717d5450d38c68046d1a1f020c0be696293", kill_on_drop: false }`
[INFO] running `Command { std: "docker" "exec" "-e" "SOURCE_DIR=/opt/rustwide/workdir" "-e" "CARGO_HOME=/opt/rustwide/cargo-home" "-e" "RUSTUP_HOME=/opt/rustwide/rustup-home" "-e" "CARGO_TARGET_DIR=/opt/rustwide/target" "-w" "/opt/rustwide/workdir" "--user" "0:0" "73d5ca2265a732e38de88344f8324717d5450d38c68046d1a1f020c0be696293" "/opt/rustwide/cargo-home/bin/cargo" "+3154cc1a3e6424e44f438a95007d043ed5ceaaf6" "metadata" "--no-deps" "--format-version=1", kill_on_drop: false }`
[INFO] running `Command { std: "docker" "inspect" "73d5ca2265a732e38de88344f8324717d5450d38c68046d1a1f020c0be696293", kill_on_drop: false }`
[INFO] running `Command { std: "docker" "exec" "-e" "SOURCE_DIR=/opt/rustwide/workdir" "-e" "CARGO_HOME=/opt/rustwide/cargo-home" "-e" "RUSTUP_HOME=/opt/rustwide/rustup-home" "-e" "CARGO_TARGET_DIR=/opt/rustwide/target" "-e" "CARGO_INCREMENTAL=0" "-e" "RUST_BACKTRACE=full" "-e" "RUSTFLAGS=--cap-lints=forbid -Znext-solver=coherence" "-e" "RUSTDOCFLAGS=--cap-lints=forbid" "-w" "/opt/rustwide/workdir" "--user" "0:0" "73d5ca2265a732e38de88344f8324717d5450d38c68046d1a1f020c0be696293" "/opt/rustwide/cargo-home/bin/cargo" "+3154cc1a3e6424e44f438a95007d043ed5ceaaf6" "check" "--frozen" "--all" "--all-targets" "--message-format=json", kill_on_drop: false }`
[INFO] [stderr] warning: Cargo.toml: `lints.clippy.must-use-candidate` is deprecated in favor of `lints.clippy.must_use_candidate` and will not work in a future edition
[INFO] [stderr] warning: `otel-arrow-dfe-otap` (manifest) generated 1 warning
[INFO] [stderr]    Compiling proc-macro2 v1.0.107
[INFO] [stderr]    Compiling libc v0.2.190
[INFO] [stderr]     Checking foldhash v0.2.0
[INFO] [stderr]     Checking smallvec v1.15.2
[INFO] [stderr]    Compiling zerocopy v0.8.60
[INFO] [stderr]    Compiling num-traits v0.2.19
[INFO] [stderr]    Compiling serde_json v1.0.151
[INFO] [stderr]     Checking writeable v0.6.4
[INFO] [stderr]     Checking litemap v0.8.3
[INFO] [stderr]     Checking regex-automata v0.4.18
[INFO] [stderr]     Checking lexical-util v1.0.7
[INFO] [stderr]    Compiling zstd-safe v7.3.0
[INFO] [stderr]    Compiling semver v1.0.28
[INFO] [stderr]     Checking either v1.19.0
[INFO] [stderr]     Checking simdutf8 v0.1.5
[INFO] [stderr]     Checking comfy-table v7.2.2
[INFO] [stderr]     Checking csv-core v0.1.13
[INFO] [stderr]     Checking hashbrown v0.17.1
[INFO] [stderr]     Checking twox-hash v2.1.5
[INFO] [stderr]     Checking humantime v2.4.0
[INFO] [stderr]    Compiling rustc_version v0.4.1
[INFO] [stderr]     Checking itertools v0.14.0
[INFO] [stderr]    Compiling rustix v1.1.5
[INFO] [stderr]     Checking csv v1.4.0
[INFO] [stderr]     Checking hashbrown v0.15.5
[INFO] [stderr]     Checking lz4_flex v0.13.1
[INFO] [stderr]     Checking fixedbitset v0.5.7
[INFO] [stderr]     Checking datafusion-doc v54.1.0
[INFO] [stderr]     Checking lexical-write-integer v1.0.6
[INFO] [stderr]     Checking lexical-parse-integer v1.0.6
[INFO] [stderr]    Compiling quote v1.0.47
[INFO] [stderr]    Compiling flatbuffers v25.12.19
[INFO] [stderr]     Checking lexical-parse-float v1.0.6
[INFO] [stderr]     Checking zeroize v1.9.1
[INFO] [stderr]    Compiling pulldown-cmark v0.13.4
[INFO] [stderr]    Compiling prettyplease v0.2.37
[INFO] [stderr]     Checking lexical-write-float v1.0.6
[INFO] [stderr]     Checking rustls-pki-types v1.15.1
[INFO] [stderr]    Compiling syn v3.0.6
[INFO] [stderr]    Compiling syn v2.0.119
[INFO] [stderr]    Compiling crc32fast v1.5.2
[INFO] [stderr]     Checking arrow-schema v58.4.0
[INFO] [stderr]    Compiling rustls v0.23.45
[INFO] [stderr]     Checking simd-adler32 v0.3.10
[INFO] [stderr]    Compiling bitflags v2.13.2
[INFO] [stderr]     Checking indexmap v2.14.2
[INFO] [stderr]     Checking miniz_oxide v0.9.1
[INFO] [stderr]     Checking lexical-core v1.0.6
[INFO] [stderr]    Compiling zstd-safe v8.0.0
[INFO] [stderr]     Checking num-integer v0.1.47
[INFO] [stderr]     Checking num-complex v0.4.6
[INFO] [stderr]     Checking num-bigint v0.4.8
[INFO] [stderr]     Checking atoi v2.0.0
[INFO] [stderr]    Compiling icu_locale_fallback_data v2.3.0
[INFO] [stderr]     Checking rustls-native-certs v0.8.4
[INFO] [stderr]    Compiling getrandom v0.4.3
[INFO] [stderr]    Compiling bytes v1.12.1
[INFO] [stderr]    Compiling regex-syntax v0.8.11
[INFO] [stderr]    Compiling icu_segmenter_data v2.3.0
[INFO] [stderr]    Compiling jobserver v0.1.35
[INFO] [stderr]    Compiling object v0.37.3
[INFO] [stderr]    Compiling linux-raw-sys v0.12.1
[INFO] [stderr]     Checking flate2 v1.1.10
[INFO] [stderr]    Compiling cc v1.6.0
[INFO] [stderr]     Checking petgraph v0.8.3
[INFO] [stderr]    Compiling fastrand v2.5.0
[INFO] [stderr]    Compiling once_cell v1.21.4
[INFO] [stderr]     Checking lazy_static v1.5.1
[INFO] [stderr]     Checking compression-core v0.4.33
[INFO] [stderr]     Checking gimli v0.32.3
[INFO] [stderr]     Checking regex v1.13.1
[INFO] [stderr]     Checking axum-core v0.5.6
[INFO] [stderr]     Checking miniz_oxide v0.8.9
[INFO] [stderr]     Checking errno v0.3.14
[INFO] [stderr]     Checking mio v1.2.4
[INFO] [stderr]     Checking signal-hook-registry v1.4.8
[INFO] [stderr]     Checking socket2 v0.6.5
[INFO] [stderr]     Checking getrandom v0.3.4
[INFO] [stderr]     Checking parking_lot_core v0.9.12
[INFO] [stderr]     Checking uuid v1.27.0
[INFO] [stderr]     Checking tempfile v3.27.0
[INFO] [stderr]     Checking parking_lot v0.12.5
[INFO] [stderr]     Checking rand_core v0.9.5
[INFO] [stderr]     Checking dashmap v6.2.1
[INFO] [stderr]    Compiling zstd-sys v2.1.0+zstd.1.5.7
[INFO] [stderr]    Compiling ring v0.17.14
[INFO] [stderr]     Checking getrandom v0.2.17
[INFO] [stderr]    Compiling pulldown-cmark-to-cmark v22.0.3
[INFO] [stderr]    Compiling rust_decimal v1.43.0
[INFO] [stderr]    Compiling ref-cast v1.0.27
[INFO] [stderr]     Checking rustc-demangle v0.1.28
[INFO] [stderr]     Checking multimap v0.10.1
[INFO] [stderr]     Checking is_ci v1.2.0
[INFO] [stderr]     Checking heck v0.5.0
[INFO] [stderr]     Checking supports-color v3.0.2
[INFO] [stderr]     Checking encoding_rs v0.8.42
[INFO] [stderr]    Compiling nix v0.31.3
[INFO] [stderr]     Checking terminal_size v0.4.4
[INFO] [stderr]     Checking matchers v0.2.0
[INFO] [stderr]     Checking sharded-slab v0.1.7
[INFO] [stderr]     Checking thread_local v1.1.10
[INFO] [stderr]     Checking addr2line v0.25.1
[INFO] [stderr]     Checking utf8-width v0.1.9
[INFO] [stderr]     Checking supports-hyperlinks v3.2.0
[INFO] [stderr]     Checking supports-unicode v3.0.0
[INFO] [stderr]     Checking owo-colors v4.4.0
[INFO] [stderr]     Checking digest v0.11.3
[INFO] [stderr]     Checking bytemuck v1.25.2
[INFO] [stderr]     Checking half v1.8.3
[INFO] [stderr]     Checking sha2 v0.11.0
[INFO] [stderr]     Checking roaring v0.11.5
[INFO] [stderr]     Checking rand v0.10.3
[INFO] [stderr]     Checking itertools v0.15.0
[INFO] [stderr]    Compiling slotmap v1.1.1
[INFO] [stderr]     Checking otel-arrow-dfe-pdata-views v0.54.1
[INFO] [stderr]     Checking replace_with v0.1.8
[INFO] [stderr]    Compiling opentelemetry-resource-detectors v0.13.0
[INFO] [stderr]     Checking opentelemetry v0.33.0
[INFO] [stderr]     Checking opentelemetry_sdk v0.33.0
[INFO] [stderr]    Compiling linkme-impl v0.3.37
[INFO] [stderr]    Compiling inotify-sys v0.1.8
[INFO] [stderr]     Checking tonic-build v0.14.6
[INFO] [stderr]     Checking opentelemetry-semantic-conventions v0.33.0
[INFO] [stderr]    Compiling linkme v0.3.37
[INFO] [stderr]     Checking event-listener v5.4.2
[INFO] [stderr]     Checking flume v0.12.0
[INFO] [stderr]     Checking arc-swap v1.9.2
[INFO] [stderr]     Checking otel-arrow-dfe-expohisto v0.60.0
[INFO] [stderr]     Checking event-listener-strategy v0.5.4
[INFO] [stderr]    Compiling otel-arrow-dfe-component-inventory-syntax v0.60.0
[INFO] [stderr]    Compiling synstructure v0.14.0
[INFO] [stderr]    Compiling serde_derive_internals v0.30.0
[INFO] [stderr]     Checking concurrent-queue v2.5.0
[INFO] [stderr]     Checking inotify v0.11.5
[INFO] [stderr]     Checking memory-stats v1.2.0
[INFO] [stderr]     Checking cpu-time v1.0.0
[INFO] [stderr]     Checking async-channel v2.5.0
[INFO] [stderr]     Checking num_cpus v1.17.0
[INFO] [stderr]     Checking notify-types v2.1.0
[INFO] [stderr]     Checking deadpool-runtime v0.1.4
[INFO] [stderr]     Checking time v0.3.55
[INFO] [stderr]     Checking notify v8.2.0
[INFO] [stderr]     Checking backtrace v0.3.76
[INFO] [stderr]    Compiling zerocopy-derive v0.8.60
[INFO] [stderr]    Compiling tracing-attributes v0.1.31
[INFO] [stderr]    Compiling pin-project-internal v1.1.13
[INFO] [stderr]    Compiling datafusion-macros v54.1.0
[INFO] [stderr]    Compiling prost-derive v0.14.4
[INFO] [stderr]    Compiling miette-derive v7.6.0
[INFO] [stderr]    Compiling num_enum_derive v0.7.6
[INFO] [stderr]    Compiling otel-arrow-dfe-telemetry-macros v0.60.0
[INFO] [stderr]    Compiling otel-arrow-dfe-engine-macros v0.60.0
[INFO] [stderr]    Compiling serde_derive v1.0.229
[INFO] [stderr]    Compiling zerofrom-derive v0.1.8
[INFO] [stderr]    Compiling tokio-macros v2.7.2
[INFO] [stderr]    Compiling yoke-derive v0.8.4
[INFO] [stderr]    Compiling futures-macro v0.3.34
[INFO] [stderr]    Compiling zerovec-derive v0.11.6
[INFO] [stderr]    Compiling displaydoc v0.2.7
[INFO] [stderr]    Compiling thiserror-impl v2.0.21
[INFO] [stderr]     Checking tokio v1.53.2
[INFO] [stderr]    Compiling async-trait v0.1.92
[INFO] [stderr]     Checking pin-project v1.1.13
[INFO] [stderr]     Checking futures-util v0.3.34
[INFO] [stderr]    Compiling ref-cast-impl v1.0.27
[INFO] [stderr]     Checking backtrace-ext v0.2.1
[INFO] [stderr]    Compiling schemars_derive v1.2.2
[INFO] [stderr]     Checking num_enum v0.7.6
[INFO] [stderr]     Checking zerofrom v0.1.8
[INFO] [stderr]    Compiling prost v0.14.4
[INFO] [stderr]     Checking tracing v0.1.44
[INFO] [stderr]     Checking yoke v0.8.3
[INFO] [stderr]     Checking tracing-subscriber v0.3.23
[INFO] [stderr]     Checking zerovec v0.11.8
[INFO] [stderr]     Checking zerotrie v0.2.5
[INFO] [stderr]    Compiling prost-types v0.14.4
[INFO] [stderr]     Checking thiserror v2.0.21
[INFO] [stderr]     Checking rustls-webpki v0.103.15
[INFO] [stderr]     Checking tinystr v0.8.4
[INFO] [stderr]     Checking potential_utf v0.1.6
[INFO] [stderr]     Checking prost-build v0.14.4
[INFO] [stderr]     Checking icu_collections v2.3.0
[INFO] [stderr]     Checking icu_locale_core v2.3.0
[INFO] [stderr]     Checking serde v1.0.229
[INFO] [stderr]     Checking futures-executor v0.3.34
[INFO] [stderr]     Checking futures v0.3.34
[INFO] [stderr]     Checking tonic-prost-build v0.14.6
[INFO] [stderr]     Checking otel-arrow-dfe-pdata-otlp-model v0.60.0
[INFO] [stderr]     Checking chrono v0.4.45
[INFO] [stderr]     Checking serde_urlencoded v0.7.1
[INFO] [stderr]     Checking serde_yaml v0.9.34+deprecated
[INFO] [stderr]     Checking byte-unit v5.2.6
[INFO] [stderr]     Checking humantime-serde v1.1.1
[INFO] [stderr]     Checking schemars v1.2.2
[INFO] [stderr]     Checking serde_cbor v0.11.2
[INFO] [stderr]     Checking secrecy v0.10.3
[INFO] [stderr]     Checking assert-json-diff v2.0.2
[INFO] [stderr]     Checking icu_provider v2.3.1
[INFO] [stderr]    Compiling otel-arrow-dfe-pdata-otlp-macros v0.60.0
[INFO] [stderr]     Checking icu_properties v2.3.0
[INFO] [stderr]     Checking icu_normalizer v2.3.0
[INFO] [stderr]     Checking icu_locale_fallback v2.3.0
[INFO] [stderr]     Checking icu_segmenter v2.3.0
[INFO] [stderr]     Checking tokio-util v0.7.19
[INFO] [stderr]     Checking datafusion-common-runtime v54.1.0
[INFO] [stderr]     Checking otel-arrow-dfe-channel v0.60.0
[INFO] [stderr]     Checking deadpool v0.12.3
[INFO] [stderr]     Checking textwrap v0.16.4
[INFO] [stderr]     Checking chrono-tz v0.10.4
[INFO] [stderr]     Checking miette v7.6.0
[INFO] [stderr]     Checking h2 v0.4.20
[INFO] [stderr]     Checking tower v0.5.3
[INFO] [stderr]     Checking tokio-stream v0.1.19
[INFO] [stderr]     Checking idna_adapter v1.2.2
[INFO] [stderr]     Checking zstd v0.13.3
[INFO] [stderr]     Checking zstd v0.14.0
[INFO] [stderr]     Checking idna v1.1.0
[INFO] [stderr]     Checking compression-codecs v0.4.45
[INFO] [stderr]     Checking url v2.5.8
[INFO] [stderr]     Checking async-compression v0.4.50
[INFO] [stderr]     Checking tokio-rustls v0.26.6
[INFO] [stderr]     Checking rustls-platform-verifier v0.7.1
[INFO] [stderr]     Checking axum v0.8.9
[INFO] [stderr]     Checking object_store v0.13.2
[INFO] [stderr]     Checking tower-http v0.6.11
[INFO] [stderr]     Checking half v2.7.1
[INFO] [stderr]     Checking ahash v0.8.12
[INFO] [stderr]     Checking ppv-lite86 v0.2.21
[INFO] [stderr]     Checking rand_chacha v0.9.0
[INFO] [stderr]     Checking arrow-buffer v58.4.0
[INFO] [stderr]     Checking ciborium-ll v0.2.2
[INFO] [stderr]     Checking rand v0.9.5
[INFO] [stderr]     Checking ciborium v0.2.2
[INFO] [stderr]     Checking arrow-data v58.4.0
[INFO] [stderr]     Checking hyper v1.12.0
[INFO] [stderr]     Checking hyper-util v0.1.21
[INFO] [stderr]     Checking hyper-timeout v0.5.2
[INFO] [stderr]     Checking hyper-rustls v0.27.10
[INFO] [stderr]     Checking wiremock v0.6.5
[INFO] [stderr]     Checking reqwest v0.13.5
[INFO] [stderr]     Checking tonic v0.14.6
[INFO] [stderr]     Checking arrow-array v58.4.0
[INFO] [stderr]     Checking otel-arrow-dfe-config v0.60.0
[INFO] [stderr]     Checking tonic-prost v0.14.6
[INFO] [stderr]     Checking tonic-middleware v0.4.1
[INFO] [stderr]     Checking arrow-select v58.4.0
[INFO] [stderr]     Checking arrow-row v58.4.0
[INFO] [stderr]     Checking arrow-arith v58.4.0
[INFO] [stderr]     Checking arrow-ord v58.4.0
[INFO] [stderr]     Checking arrow-string v58.4.0
[INFO] [stderr]     Checking arrow-ipc v58.4.0
[INFO] [stderr]     Checking arrow-cast v58.4.0
[INFO] [stderr]     Checking arrow-csv v58.4.0
[INFO] [stderr]     Checking arrow-json v58.4.0
[INFO] [stderr]     Checking arrow v58.4.0
[INFO] [stderr]     Checking datafusion-common v54.1.0
[INFO] [stderr]     Checking datafusion-expr-common v54.1.0
[INFO] [stderr]     Checking datafusion-physical-expr-common v54.1.0
[INFO] [stderr]     Checking datafusion-functions-aggregate-common v54.1.0
[INFO] [stderr]     Checking datafusion-functions-window-common v54.1.0
[INFO] [stderr]     Checking datafusion-expr v54.1.0
[INFO] [stderr]     Checking datafusion-physical-expr v54.1.0
[INFO] [stderr]     Checking datafusion-execution v54.1.0
[INFO] [stderr]     Checking datafusion-functions v54.1.0
[INFO] [stderr]     Checking datafusion-optimizer v54.1.0
[INFO] [stderr]     Checking datafusion-functions-window v54.1.0
[INFO] [stderr]     Checking datafusion-functions-aggregate v54.1.0
[INFO] [stderr]     Checking datafusion-physical-plan v54.1.0
[INFO] [stderr]     Checking datafusion-physical-expr-adapter v54.1.0
[INFO] [stderr]     Checking datafusion-session v54.1.0
[INFO] [stderr]     Checking datafusion-datasource v54.1.0
[INFO] [stderr]     Checking datafusion-catalog v54.1.0
[INFO] [stderr]     Checking datafusion-pruning v54.1.0
[INFO] [stderr]     Checking datafusion-datasource-json v54.1.0
[INFO] [stderr]     Checking datafusion-datasource-csv v54.1.0
[INFO] [stderr]     Checking datafusion-datasource-arrow v54.1.0
[INFO] [stderr]     Checking datafusion-physical-optimizer v54.1.0
[INFO] [stderr]     Checking datafusion-functions-table v54.1.0
[INFO] [stderr]     Checking datafusion-catalog-listing v54.1.0
[INFO] [stderr]     Checking datafusion v54.1.0
[INFO] [stderr]     Checking otel-arrow-dfe-pdata v0.60.0
[INFO] [stderr]     Checking otel-arrow-dfe-telemetry v0.60.0
[INFO] [stderr]     Checking otel-arrow-dfe-pdata-codec v0.60.0
[INFO] [stderr]     Checking otel-arrow-dfe-state v0.60.0
[INFO] [stderr]     Checking otel-arrow-dfe-engine v0.60.0
[INFO] [stderr]     Checking otel-arrow-dfe-otap v0.60.0 (/opt/rustwide/workdir)
[INFO] [stdout] error[E0432]: unresolved import `otel_arrow_dfe_test_tls_certs`
[INFO] [stdout]     --> src/otap_grpc/proxy.rs:1008:13
[INFO] [stdout]      |
[INFO] [stdout] 1008 |         use otel_arrow_dfe_test_tls_certs::{ExtendedKeyUsage, generate_ca};
[INFO] [stdout]      |             ^^^^^^^^^^^^^^^^^^^^^^^^^^^^^ use of unresolved module or unlinked crate `otel_arrow_dfe_test_tls_certs`
[INFO] [stdout]      |
[INFO] [stdout] help: there is a crate or module with a similar name
[INFO] [stdout]      |
[INFO] [stdout] 1008 -         use otel_arrow_dfe_test_tls_certs::{ExtendedKeyUsage, generate_ca};
[INFO] [stdout] 1008 +         use otel_arrow_dfe_telemetry::{ExtendedKeyUsage, generate_ca};
[INFO] [stdout]      |
[INFO] [stdout] 
[INFO] [stdout] 
[INFO] [stdout] error[E0432]: unresolved import `otel_arrow_dfe_test_tls_certs`
[INFO] [stdout]    --> src/otlp_http/client_settings.rs:355:9
[INFO] [stdout]     |
[INFO] [stdout] 355 |     use otel_arrow_dfe_test_tls_certs as tls_certs;
[INFO] [stdout]     |         -----------------------------^^^^^^^^^^^^^
[INFO] [stdout]     |         |
[INFO] [stdout]     |         no external crate `otel_arrow_dfe_test_tls_certs`
[INFO] [stdout] 
[INFO] [stdout] 
[INFO] [stdout] error[E0432]: unresolved import `otel_arrow_dfe_test_tls_certs`
[INFO] [stdout]     --> src/tls_utils.rs:1820:9
[INFO] [stdout]      |
[INFO] [stdout] 1820 |     use otel_arrow_dfe_test_tls_certs as tls_certs;
[INFO] [stdout]      |         -----------------------------^^^^^^^^^^^^^
[INFO] [stdout]      |         |
[INFO] [stdout]      |         no external crate `otel_arrow_dfe_test_tls_certs`
[INFO] [stdout] 
[INFO] [stdout] 
[INFO] [stdout] error[E0432]: unresolved import `otel_arrow_dfe_test_tls_certs`
[INFO] [stdout]     --> src/otap_grpc/proxy.rs:1304:13
[INFO] [stdout]      |
[INFO] [stdout] 1304 |         use otel_arrow_dfe_test_tls_certs::generate_ca;
[INFO] [stdout]      |             ^^^^^^^^^^^^^^^^^^^^^^^^^^^^^ use of unresolved module or unlinked crate `otel_arrow_dfe_test_tls_certs`
[INFO] [stdout]      |
[INFO] [stdout] help: there is a crate or module with a similar name
[INFO] [stdout]      |
[INFO] [stdout] 1304 -         use otel_arrow_dfe_test_tls_certs::generate_ca;
[INFO] [stdout] 1304 +         use otel_arrow_dfe_telemetry::generate_ca;
[INFO] [stdout]      |
[INFO] [stdout] 
[INFO] [stdout] 
[INFO] [stdout] error[E0432]: unresolved import `otel_arrow_dfe_test_tls_certs`
[INFO] [stdout]     --> src/otap_grpc/proxy.rs:1344:13
[INFO] [stdout]      |
[INFO] [stdout] 1344 |         use otel_arrow_dfe_test_tls_certs::generate_ca;
[INFO] [stdout]      |             ^^^^^^^^^^^^^^^^^^^^^^^^^^^^^ use of unresolved module or unlinked crate `otel_arrow_dfe_test_tls_certs`
[INFO] [stdout]      |
[INFO] [stdout] help: there is a crate or module with a similar name
[INFO] [stdout]      |
[INFO] [stdout] 1344 -         use otel_arrow_dfe_test_tls_certs::generate_ca;
[INFO] [stdout] 1344 +         use otel_arrow_dfe_telemetry::generate_ca;
[INFO] [stdout]      |
[INFO] [stdout] 
[INFO] [stdout] 
[INFO] [stdout] error[E0433]: cannot find module or crate `otel_arrow_dfe_test_net` in this scope
[INFO] [stdout]     --> src/otap_grpc/client_settings.rs:1673:20
[INFO] [stdout]      |
[INFO] [stdout] 1673 |         let port = otel_arrow_dfe_test_net::pick_unused_loopback_tcp_port();
[INFO] [stdout]      |                    ^^^^^^^^^^^^^^^^^^^^^^^ use of unresolved module or unlinked crate `otel_arrow_dfe_test_net`
[INFO] [stdout]      |
[INFO] [stdout] help: there is a crate or module with a similar name
[INFO] [stdout]      |
[INFO] [stdout] 1673 -         let port = otel_arrow_dfe_test_net::pick_unused_loopback_tcp_port();
[INFO] [stdout] 1673 +         let port = otel_arrow_dfe_engine::pick_unused_loopback_tcp_port();
[INFO] [stdout]      |
[INFO] [stdout] 
[INFO] [stdout] 
[INFO] [stdout] error[E0433]: cannot find module or crate `otel_arrow_dfe_test_net` in this scope
[INFO] [stdout]     --> src/otap_grpc/client_settings.rs:1690:20
[INFO] [stdout]      |
[INFO] [stdout] 1690 |         let port = otel_arrow_dfe_test_net::pick_unused_loopback_tcp_port();
[INFO] [stdout]      |                    ^^^^^^^^^^^^^^^^^^^^^^^ use of unresolved module or unlinked crate `otel_arrow_dfe_test_net`
[INFO] [stdout]      |
[INFO] [stdout] help: there is a crate or module with a similar name
[INFO] [stdout]      |
[INFO] [stdout] 1690 -         let port = otel_arrow_dfe_test_net::pick_unused_loopback_tcp_port();
[INFO] [stdout] 1690 +         let port = otel_arrow_dfe_engine::pick_unused_loopback_tcp_port();
[INFO] [stdout]      |
[INFO] [stdout] 
[INFO] [stdout] 
[INFO] [stdout] error[E0433]: cannot find module or crate `otel_arrow_dfe_test_net` in this scope
[INFO] [stdout]     --> src/otlp_http.rs:1372:20
[INFO] [stdout]      |
[INFO] [stdout] 1372 |         let port = otel_arrow_dfe_test_net::pick_unused_loopback_tcp_port();
[INFO] [stdout]      |                    ^^^^^^^^^^^^^^^^^^^^^^^ use of unresolved module or unlinked crate `otel_arrow_dfe_test_net`
[INFO] [stdout]      |
[INFO] [stdout] help: there is a crate or module with a similar name
[INFO] [stdout]      |
[INFO] [stdout] 1372 -         let port = otel_arrow_dfe_test_net::pick_unused_loopback_tcp_port();
[INFO] [stdout] 1372 +         let port = otel_arrow_dfe_engine::pick_unused_loopback_tcp_port();
[INFO] [stdout]      |
[INFO] [stdout] 
[INFO] [stdout] 
[INFO] [stdout] error[E0433]: cannot find module or crate `otel_arrow_dfe_test_net` in this scope
[INFO] [stdout]     --> src/otlp_http.rs:1504:20
[INFO] [stdout]      |
[INFO] [stdout] 1504 |         let port = otel_arrow_dfe_test_net::pick_unused_loopback_tcp_port();
[INFO] [stdout]      |                    ^^^^^^^^^^^^^^^^^^^^^^^ use of unresolved module or unlinked crate `otel_arrow_dfe_test_net`
[INFO] [stdout]      |
[INFO] [stdout] help: there is a crate or module with a similar name
[INFO] [stdout]      |
[INFO] [stdout] 1504 -         let port = otel_arrow_dfe_test_net::pick_unused_loopback_tcp_port();
[INFO] [stdout] 1504 +         let port = otel_arrow_dfe_engine::pick_unused_loopback_tcp_port();
[INFO] [stdout]      |
[INFO] [stdout] 
[INFO] [stdout] 
[INFO] [stdout] error[E0433]: cannot find module or crate `otel_arrow_dfe_test_net` in this scope
[INFO] [stdout]     --> src/otlp_http.rs:1622:20
[INFO] [stdout]      |
[INFO] [stdout] 1622 |         let port = otel_arrow_dfe_test_net::pick_unused_loopback_tcp_port();
[INFO] [stdout]      |                    ^^^^^^^^^^^^^^^^^^^^^^^ use of unresolved module or unlinked crate `otel_arrow_dfe_test_net`
[INFO] [stdout]      |
[INFO] [stdout] help: there is a crate or module with a similar name
[INFO] [stdout]      |
[INFO] [stdout] 1622 -         let port = otel_arrow_dfe_test_net::pick_unused_loopback_tcp_port();
[INFO] [stdout] 1622 +         let port = otel_arrow_dfe_engine::pick_unused_loopback_tcp_port();
[INFO] [stdout]      |
[INFO] [stdout] 
[INFO] [stdout] 
[INFO] [stdout] error[E0433]: cannot find module or crate `otel_arrow_dfe_test_net` in this scope
[INFO] [stdout]     --> src/otlp_http.rs:1758:20
[INFO] [stdout]      |
[INFO] [stdout] 1758 |         let port = otel_arrow_dfe_test_net::pick_unused_loopback_tcp_port();
[INFO] [stdout]      |                    ^^^^^^^^^^^^^^^^^^^^^^^ use of unresolved module or unlinked crate `otel_arrow_dfe_test_net`
[INFO] [stdout]      |
[INFO] [stdout] help: there is a crate or module with a similar name
[INFO] [stdout]      |
[INFO] [stdout] 1758 -         let port = otel_arrow_dfe_test_net::pick_unused_loopback_tcp_port();
[INFO] [stdout] 1758 +         let port = otel_arrow_dfe_engine::pick_unused_loopback_tcp_port();
[INFO] [stdout]      |
[INFO] [stdout] 
[INFO] [stdout] 
[INFO] [stdout] error[E0433]: cannot find module or crate `otel_arrow_dfe_test_net` in this scope
[INFO] [stdout]     --> src/otlp_http.rs:1880:20
[INFO] [stdout]      |
[INFO] [stdout] 1880 |         let port = otel_arrow_dfe_test_net::pick_unused_loopback_tcp_port();
[INFO] [stdout]      |                    ^^^^^^^^^^^^^^^^^^^^^^^ use of unresolved module or unlinked crate `otel_arrow_dfe_test_net`
[INFO] [stdout]      |
[INFO] [stdout] help: there is a crate or module with a similar name
[INFO] [stdout]      |
[INFO] [stdout] 1880 -         let port = otel_arrow_dfe_test_net::pick_unused_loopback_tcp_port();
[INFO] [stdout] 1880 +         let port = otel_arrow_dfe_engine::pick_unused_loopback_tcp_port();
[INFO] [stdout]      |
[INFO] [stdout] 
[INFO] [stdout] 
[INFO] [stdout] error[E0433]: cannot find module or crate `otel_arrow_dfe_test_net` in this scope
[INFO] [stdout]     --> src/otlp_http.rs:2035:20
[INFO] [stdout]      |
[INFO] [stdout] 2035 |         let port = otel_arrow_dfe_test_net::pick_unused_loopback_tcp_port();
[INFO] [stdout]      |                    ^^^^^^^^^^^^^^^^^^^^^^^ use of unresolved module or unlinked crate `otel_arrow_dfe_test_net`
[INFO] [stdout]      |
[INFO] [stdout] help: there is a crate or module with a similar name
[INFO] [stdout]      |
[INFO] [stdout] 2035 -         let port = otel_arrow_dfe_test_net::pick_unused_loopback_tcp_port();
[INFO] [stdout] 2035 +         let port = otel_arrow_dfe_engine::pick_unused_loopback_tcp_port();
[INFO] [stdout]      |
[INFO] [stdout] 
[INFO] [stdout] 
[INFO] [stdout] error[E0433]: cannot find module or crate `otel_arrow_dfe_test_net` in this scope
[INFO] [stdout]     --> src/otlp_http.rs:2188:20
[INFO] [stdout]      |
[INFO] [stdout] 2188 |         let port = otel_arrow_dfe_test_net::pick_unused_loopback_tcp_port();
[INFO] [stdout]      |                    ^^^^^^^^^^^^^^^^^^^^^^^ use of unresolved module or unlinked crate `otel_arrow_dfe_test_net`
[INFO] [stdout]      |
[INFO] [stdout] help: there is a crate or module with a similar name
[INFO] [stdout]      |
[INFO] [stdout] 2188 -         let port = otel_arrow_dfe_test_net::pick_unused_loopback_tcp_port();
[INFO] [stdout] 2188 +         let port = otel_arrow_dfe_engine::pick_unused_loopback_tcp_port();
[INFO] [stdout]      |
[INFO] [stdout] 
[INFO] [stdout] 
[INFO] [stdout] error[E0433]: cannot find module or crate `otel_arrow_dfe_test_net` in this scope
[INFO] [stdout]     --> src/otlp_http.rs:2345:20
[INFO] [stdout]      |
[INFO] [stdout] 2345 |         let port = otel_arrow_dfe_test_net::pick_unused_loopback_tcp_port();
[INFO] [stdout]      |                    ^^^^^^^^^^^^^^^^^^^^^^^ use of unresolved module or unlinked crate `otel_arrow_dfe_test_net`
[INFO] [stdout]      |
[INFO] [stdout] help: there is a crate or module with a similar name
[INFO] [stdout]      |
[INFO] [stdout] 2345 -         let port = otel_arrow_dfe_test_net::pick_unused_loopback_tcp_port();
[INFO] [stdout] 2345 +         let port = otel_arrow_dfe_engine::pick_unused_loopback_tcp_port();
[INFO] [stdout]      |
[INFO] [stdout] 
[INFO] [stdout] 
[INFO] [stdout] error[E0433]: cannot find module or crate `otel_arrow_dfe_test_net` in this scope
[INFO] [stdout]     --> src/otlp_http.rs:2519:20
[INFO] [stdout]      |
[INFO] [stdout] 2519 |         let port = otel_arrow_dfe_test_net::pick_unused_loopback_tcp_port();
[INFO] [stdout]      |                    ^^^^^^^^^^^^^^^^^^^^^^^ use of unresolved module or unlinked crate `otel_arrow_dfe_test_net`
[INFO] [stdout]      |
[INFO] [stdout] help: there is a crate or module with a similar name
[INFO] [stdout]      |
[INFO] [stdout] 2519 -         let port = otel_arrow_dfe_test_net::pick_unused_loopback_tcp_port();
[INFO] [stdout] 2519 +         let port = otel_arrow_dfe_engine::pick_unused_loopback_tcp_port();
[INFO] [stdout]      |
[INFO] [stdout] 
[INFO] [stdout] 
[INFO] [stdout] error[E0432]: unresolved import `otel_arrow_dfe_test_tls_certs`
[INFO] [stdout]  --> tests/tls_stream.rs:9:9
[INFO] [stdout]   |
[INFO] [stdout] 9 |     use otel_arrow_dfe_test_tls_certs::write_ca_and_leaf_to_dir;
[INFO] [stdout]   |         ^^^^^^^^^^^^^^^^^^^^^^^^^^^^^ use of unresolved module or unlinked crate `otel_arrow_dfe_test_tls_certs`
[INFO] [stdout]   |
[INFO] [stdout] help: there is a crate or module with a similar name
[INFO] [stdout]   |
[INFO] [stdout] 9 -     use otel_arrow_dfe_test_tls_certs::write_ca_and_leaf_to_dir;
[INFO] [stdout] 9 +     use otel_arrow_dfe_telemetry::write_ca_and_leaf_to_dir;
[INFO] [stdout]   |
[INFO] [stdout] 
[INFO] [stdout] 
[INFO] [stdout] error[E0432]: unresolved import `otel_arrow_dfe_test_tls_certs`
[INFO] [stdout]   --> tests/k8s_client_ca_reload.rs:11:5
[INFO] [stdout]    |
[INFO] [stdout] 11 | use otel_arrow_dfe_test_tls_certs::{
[INFO] [stdout]    |     ^^^^^^^^^^^^^^^^^^^^^^^^^^^^^ use of unresolved module or unlinked crate `otel_arrow_dfe_test_tls_certs`
[INFO] [stdout]    |
[INFO] [stdout] help: there is a crate or module with a similar name
[INFO] [stdout]    |
[INFO] [stdout] 11 - use otel_arrow_dfe_test_tls_certs::{
[INFO] [stdout] 11 + use otel_arrow_dfe_telemetry::{
[INFO] [stdout]    |
[INFO] [stdout] 
[INFO] [stdout] 
[INFO] [stdout] error[E0432]: unresolved import `otel_arrow_dfe_test_tls_certs`
[INFO] [stdout]   --> tests/tls_reload.rs:10:9
[INFO] [stdout]    |
[INFO] [stdout] 10 |     use otel_arrow_dfe_test_tls_certs::write_ca_and_leaf_to_dir;
[INFO] [stdout]    |         ^^^^^^^^^^^^^^^^^^^^^^^^^^^^^ use of unresolved module or unlinked crate `otel_arrow_dfe_test_tls_certs`
[INFO] [stdout]    |
[INFO] [stdout] help: there is a crate or module with a similar name
[INFO] [stdout]    |
[INFO] [stdout] 10 -     use otel_arrow_dfe_test_tls_certs::write_ca_and_leaf_to_dir;
[INFO] [stdout] 10 +     use otel_arrow_dfe_telemetry::write_ca_and_leaf_to_dir;
[INFO] [stdout]    |
[INFO] [stdout] 
[INFO] [stdout] 
[INFO] [stdout] error[E0432]: unresolved import `otel_arrow_dfe_test_tls_certs`
[INFO] [stdout]   --> tests/otlp_exporter_proxy_tls.rs:18:5
[INFO] [stdout]    |
[INFO] [stdout] 18 | use otel_arrow_dfe_test_tls_certs::{ExtendedKeyUsage, generate_ca};
[INFO] [stdout]    |     ^^^^^^^^^^^^^^^^^^^^^^^^^^^^^ use of unresolved module or unlinked crate `otel_arrow_dfe_test_tls_certs`
[INFO] [stdout]    |
[INFO] [stdout] help: there is a crate or module with a similar name
[INFO] [stdout]    |
[INFO] [stdout] 18 - use otel_arrow_dfe_test_tls_certs::{ExtendedKeyUsage, generate_ca};
[INFO] [stdout] 18 + use otel_arrow_dfe_telemetry::{ExtendedKeyUsage, generate_ca};
[INFO] [stdout]    |
[INFO] [stdout] 
[INFO] [stdout] 
[INFO] [stdout] error[E0432]: unresolved import `otel_arrow_dfe_test_tls_certs`
[INFO] [stdout]  --> tests/mtls_tests.rs:9:5
[INFO] [stdout]   |
[INFO] [stdout] 9 | use otel_arrow_dfe_test_tls_certs::generate_self_signed_cert as generate_cert;
[INFO] [stdout]   |     ^^^^^^^^^^^^^^^^^^^^^^^^^^^^^ use of unresolved module or unlinked crate `otel_arrow_dfe_test_tls_certs`
[INFO] [stdout]   |
[INFO] [stdout] help: there is a crate or module with a similar name
[INFO] [stdout]   |
[INFO] [stdout] 9 - use otel_arrow_dfe_test_tls_certs::generate_self_signed_cert as generate_cert;
[INFO] [stdout] 9 + use otel_arrow_dfe_telemetry::generate_self_signed_cert as generate_cert;
[INFO] [stdout]   |
[INFO] [stdout] 
[INFO] [stdout] 
[INFO] [stdout] For more information about this error, try `rustc --explain E0432`.
[INFO] [stdout] 
[INFO] [stdout] error[E0432]: unresolved import `otel_arrow_dfe_test_tls_certs`
[INFO] [stdout]   --> tests/otlp_exporter_tls.rs:10:5
[INFO] [stdout]    |
[INFO] [stdout] 10 | use otel_arrow_dfe_test_tls_certs::{ExtendedKeyUsage, generate_ca};
[INFO] [stdout]    |     ^^^^^^^^^^^^^^^^^^^^^^^^^^^^^ use of unresolved module or unlinked crate `otel_arrow_dfe_test_tls_certs`
[INFO] [stdout]    |
[INFO] [stdout] help: there is a crate or module with a similar name
[INFO] [stdout]    |
[INFO] [stdout] 10 - use otel_arrow_dfe_test_tls_certs::{ExtendedKeyUsage, generate_ca};
[INFO] [stdout] 10 + use otel_arrow_dfe_telemetry::{ExtendedKeyUsage, generate_ca};
[INFO] [stdout]    |
[INFO] [stdout] 
[INFO] [stdout] 
[INFO] [stderr] error: could not compile `otel-arrow-dfe-otap` (test "tls_stream") due to 1 previous error
[INFO] [stderr] warning: build failed, waiting for other jobs to finish...
[INFO] [stdout] For more information about this error, try `rustc --explain E0432`.
[INFO] [stdout] 
[INFO] [stdout] For more information about this error, try `rustc --explain E0432`.
[INFO] [stdout] 
[INFO] [stderr] error: could not compile `otel-arrow-dfe-otap` (test "k8s_client_ca_reload") due to 1 previous error
[INFO] [stderr] error: could not compile `otel-arrow-dfe-otap` (test "tls_reload") due to 1 previous error
[INFO] [stdout] For more information about this error, try `rustc --explain E0432`.
[INFO] [stdout] 
[INFO] [stdout] For more information about this error, try `rustc --explain E0432`.
[INFO] [stdout] 
[INFO] [stderr] error: could not compile `otel-arrow-dfe-otap` (test "otlp_exporter_tls") due to 1 previous error
[INFO] [stderr] error: could not compile `otel-arrow-dfe-otap` (test "mtls_tests") due to 1 previous error
[INFO] [stdout] For more information about this error, try `rustc --explain E0432`.
[INFO] [stdout] 
[INFO] [stderr] error: could not compile `otel-arrow-dfe-otap` (test "otlp_exporter_proxy_tls") due to 1 previous error
[INFO] [stdout] Some errors have detailed explanations: E0432, E0433.
[INFO] [stdout] 
[INFO] [stdout] For more information about an error, try `rustc --explain E0432`.
[INFO] [stdout] 
[INFO] [stderr] error: could not compile `otel-arrow-dfe-otap` (lib test) due to 16 previous errors
[INFO] running `Command { std: "docker" "inspect" "73d5ca2265a732e38de88344f8324717d5450d38c68046d1a1f020c0be696293", kill_on_drop: false }`
[INFO] running `Command { std: "docker" "rm" "-f" "73d5ca2265a732e38de88344f8324717d5450d38c68046d1a1f020c0be696293", kill_on_drop: false }`
[INFO] [stdout] 73d5ca2265a732e38de88344f8324717d5450d38c68046d1a1f020c0be696293
