[INFO] fetching crate nym-smoldvpn 1.21.6...
[INFO] checking nym-smoldvpn-1.21.6 against 3154cc1a3e6424e44f438a95007d043ed5ceaaf6+rustflags=-Znext-solver=coherence for pr-133502-30
[INFO] extracting crate nym-smoldvpn 1.21.6 into /workspace/builds/worker-7-tc1/source
[INFO] started tweaking crates.io crate nym-smoldvpn 1.21.6
[INFO] removed 0 missing examples
[INFO] removed 0 missing tests
[INFO] finished tweaking crates.io crate nym-smoldvpn 1.21.6
[INFO] tweaked toml for crates.io crate nym-smoldvpn 1.21.6 written to /workspace/builds/worker-7-tc1/source/Cargo.toml
[INFO] validating manifest of crates.io crate nym-smoldvpn 1.21.6 on toolchain 3154cc1a3e6424e44f438a95007d043ed5ceaaf6
[INFO] running `Command { std: CARGO_HOME="/workspace/cargo-home" RUSTUP_HOME="/workspace/rustup-home" "/workspace/cargo-home/bin/cargo" "+3154cc1a3e6424e44f438a95007d043ed5ceaaf6" "metadata" "--manifest-path" "Cargo.toml" "--no-deps", kill_on_drop: false }`
[INFO] crate crates.io crate nym-smoldvpn 1.21.6 already has a lockfile, it will not be regenerated
[INFO] running `Command { std: CARGO_HOME="/workspace/cargo-home" RUSTUP_HOME="/workspace/rustup-home" "/workspace/cargo-home/bin/cargo" "+3154cc1a3e6424e44f438a95007d043ed5ceaaf6" "fetch" "--manifest-path" "Cargo.toml", kill_on_drop: false }`
[INFO] [stderr] warning: `package.homepage` is redundant with `package.documentation`
[INFO] [stderr]    --> Cargo.toml:139:12
[INFO] [stderr]     |
[INFO] [stderr] 137 | documentation = "https://nymtech.net"
[INFO] [stderr]     |                 ---------------------
[INFO] [stderr] 138 | edition = "2021"
[INFO] [stderr] 139 | homepage = "https://nymtech.net"
[INFO] [stderr]     |            ^^^^^^^^^^^^^^^^^^^^^
[INFO] [stderr]     |
[INFO] [stderr]     = note: `cargo::redundant_homepage` is set to `warn` by default
[INFO] [stderr] help: consider removing `package.homepage`
[INFO] [stderr] warning: `nym-smoldvpn` (manifest) generated 1 warning
[INFO] [stderr]     Blocking waiting for file lock on package cache
[INFO] [stderr]     Updating crates.io index
[INFO] [stderr]     Blocking waiting for file lock on package cache
[INFO] [stderr]  Downloading crates ...
[INFO] [stderr]   Downloaded managed v0.8.0
[INFO] [stderr]   Downloaded hash32 v0.3.1
[INFO] [stderr]   Downloaded defmt v0.3.100
[INFO] [stderr]   Downloaded heapless v0.8.0
[INFO] [stderr]   Downloaded defmt-parser v1.0.0
[INFO] [stderr]   Downloaded defmt v1.1.0
[INFO] [stderr]   Downloaded foldhash v0.2.0
[INFO] [stderr]   Downloaded nym-wireguard-private-metadata-shared v1.21.6
[INFO] [stderr]   Downloaded fastbloom v0.17.0
[INFO] [stderr]   Downloaded defmt-macros v1.1.0
[INFO] [stderr]   Downloaded smoltcp v0.12.0
[INFO] [stderr]   Downloaded axum v0.8.9
[INFO] [stderr]   Downloaded axum-core v0.5.6
[INFO] [stderr]   Downloaded serde_path_to_error v0.1.20
[INFO] [stderr]   Downloaded rusticata-macros v4.1.0
[INFO] [stderr]   Downloaded matchit v0.8.4
[INFO] [stderr]   Downloaded nym-wireguard-private-metadata-client v1.21.6
[INFO] [stderr]   Downloaded serde_spanned v1.1.1
[INFO] [stderr]   Downloaded asn1-rs-derive v0.6.0
[INFO] [stderr]   Downloaded nym-smol-core v1.21.6
[INFO] [stderr]   Downloaded pem v3.0.6
[INFO] [stderr]   Downloaded asn1-rs-impl v0.2.0
[INFO] [stderr]   Downloaded oid-registry v0.8.1
[INFO] [stderr]   Downloaded tokio-smoltcp v0.5.2
[INFO] [stderr]   Downloaded bit-vec v0.9.1
[INFO] [stderr]   Downloaded toml_writer v1.1.1+spec-1.1.0
[INFO] [stderr]   Downloaded nym-bridges v0.1.2
[INFO] [stderr]   Downloaded yasna v0.6.0
[INFO] [stderr]   Downloaded x509-parser v0.18.1
[INFO] [stderr]   Downloaded toml v0.9.12+spec-1.1.0
[INFO] [stderr]   Downloaded toml_datetime v0.7.5+spec-1.1.0
[INFO] [stderr]   Downloaded asn1-rs v0.7.2
[INFO] [stderr]   Downloaded der-parser v10.0.0
[INFO] [stderr]   Downloaded rcgen v0.14.8
[INFO] [stderr]   Downloaded ip_network_table-deps-treebitmap v0.5.0
[INFO] [stderr]   Downloaded nix v0.31.3
[INFO] [stderr]   Downloaded ip_network_table v0.2.0
[INFO] [stderr]   Downloaded ip_network v0.4.1
[INFO] [stderr]   Downloaded boringtun v0.7.1
[INFO] running `Command { std: "docker" "create" "-v" "/var/lib/crater-agent-workspace/builds/worker-7-tc1/source:/opt/rustwide/workdir:ro,Z" "-v" "/var/lib/crater-agent-workspace/builds/worker-7-tc1/target:/opt/rustwide/target:rw,Z" "-v" "/var/lib/crater-agent-workspace/cargo-home:/opt/rustwide/cargo-home:ro,Z" "-v" "/var/lib/crater-agent-workspace/rustup-home:/opt/rustwide/rustup-home:ro,Z" "-m" "1610612736" "--network" "none" "ghcr.io/rust-lang/crates-build-env/linux@sha256:77db811e55d90add9212f6832c23229e3de5f1c1f9905e8cb07319ea15df73ac" "sleep" "infinity", kill_on_drop: false }`
[INFO] [stdout] 7b14eaf5a39524ad7a253abf721aed7bd0af0cf4ae9c020d174e77c8dd0af050
[INFO] running `Command { std: "docker" "start" "7b14eaf5a39524ad7a253abf721aed7bd0af0cf4ae9c020d174e77c8dd0af050", kill_on_drop: false }`
[INFO] running `Command { std: "docker" "inspect" "7b14eaf5a39524ad7a253abf721aed7bd0af0cf4ae9c020d174e77c8dd0af050", kill_on_drop: false }`
[INFO] running `Command { std: "docker" "exec" "-e" "SOURCE_DIR=/opt/rustwide/workdir" "-e" "CARGO_HOME=/opt/rustwide/cargo-home" "-e" "RUSTUP_HOME=/opt/rustwide/rustup-home" "-e" "CARGO_TARGET_DIR=/opt/rustwide/target" "-w" "/opt/rustwide/workdir" "--user" "0:0" "7b14eaf5a39524ad7a253abf721aed7bd0af0cf4ae9c020d174e77c8dd0af050" "/opt/rustwide/cargo-home/bin/cargo" "+3154cc1a3e6424e44f438a95007d043ed5ceaaf6" "metadata" "--no-deps" "--format-version=1", kill_on_drop: false }`
[INFO] running `Command { std: "docker" "inspect" "7b14eaf5a39524ad7a253abf721aed7bd0af0cf4ae9c020d174e77c8dd0af050", kill_on_drop: false }`
[INFO] running `Command { std: "docker" "exec" "-e" "SOURCE_DIR=/opt/rustwide/workdir" "-e" "CARGO_HOME=/opt/rustwide/cargo-home" "-e" "RUSTUP_HOME=/opt/rustwide/rustup-home" "-e" "CARGO_TARGET_DIR=/opt/rustwide/target" "-e" "CARGO_INCREMENTAL=0" "-e" "RUST_BACKTRACE=full" "-e" "RUSTFLAGS=--cap-lints=forbid -Znext-solver=coherence" "-e" "RUSTDOCFLAGS=--cap-lints=forbid" "-w" "/opt/rustwide/workdir" "--user" "0:0" "7b14eaf5a39524ad7a253abf721aed7bd0af0cf4ae9c020d174e77c8dd0af050" "/opt/rustwide/cargo-home/bin/cargo" "+3154cc1a3e6424e44f438a95007d043ed5ceaaf6" "check" "--frozen" "--all" "--all-targets" "--message-format=json", kill_on_drop: false }`
[INFO] [stderr] warning: `package.homepage` is redundant with `package.documentation`
[INFO] [stderr]    --> Cargo.toml:139:12
[INFO] [stderr]     |
[INFO] [stderr] 137 | documentation = "https://nymtech.net"
[INFO] [stderr]     |                 ---------------------
[INFO] [stderr] 138 | edition = "2021"
[INFO] [stderr] 139 | homepage = "https://nymtech.net"
[INFO] [stderr]     |            ^^^^^^^^^^^^^^^^^^^^^
[INFO] [stderr]     |
[INFO] [stderr]     = note: `cargo::redundant_homepage` is set to `warn` by default
[INFO] [stderr] help: consider removing `package.homepage`
[INFO] [stderr] warning: `nym-smoldvpn` (manifest) generated 1 warning
[INFO] [stderr]    Compiling proc-macro2 v1.0.107
[INFO] [stderr]    Compiling unicode-ident v1.0.24
[INFO] [stderr]    Compiling quote v1.0.47
[INFO] [stderr]    Compiling libc v0.2.186
[INFO] [stderr]     Checking cfg-if v1.0.4
[INFO] [stderr]    Compiling serde_core v1.0.229
[INFO] [stderr]    Compiling serde v1.0.229
[INFO] [stderr]    Compiling version_check v0.9.5
[INFO] [stderr]     Checking typenum v1.20.1
[INFO] [stderr]     Checking subtle v2.6.1
[INFO] [stderr]    Compiling portable-atomic v1.13.1
[INFO] [stderr]    Compiling autocfg v1.5.1
[INFO] [stderr]    Compiling generic-array v0.14.7
[INFO] [stderr]     Checking critical-section v1.2.0
[INFO] [stderr]     Checking const-oid v0.9.6
[INFO] [stderr]     Checking memchr v2.8.1
[INFO] [stderr]    Compiling shlex v2.0.1
[INFO] [stderr]    Compiling find-msvc-tools v0.1.9
[INFO] [stderr]    Compiling syn v2.0.117
[INFO] [stderr]    Compiling syn v3.0.3
[INFO] [stderr]     Checking once_cell v1.21.4
[INFO] [stderr]     Checking itoa v1.0.18
[INFO] [stderr]    Compiling jobserver v0.1.34
[INFO] [stderr]    Compiling libm v0.2.16
[INFO] [stderr]    Compiling zmij v1.0.21
[INFO] [stderr]     Checking cpufeatures v0.2.17
[INFO] [stderr]    Compiling cc v1.2.63
[INFO] [stderr]    Compiling num-traits v0.2.19
[INFO] [stderr]     Checking pin-project-lite v0.2.17
[INFO] [stderr]     Checking smallvec v1.15.1
[INFO] [stderr]    Compiling zerocopy v0.8.50
[INFO] [stderr]     Checking log v0.4.33
[INFO] [stderr]     Checking allocator-api2 v0.2.21
[INFO] [stderr]     Checking getrandom v0.2.17
[INFO] [stderr]    Compiling serde_json v1.0.151
[INFO] [stderr]     Checking rand_core v0.6.4
[INFO] [stderr]     Checking scopeguard v1.2.0
[INFO] [stderr]     Checking lock_api v0.4.14
[INFO] [stderr]     Checking base64ct v1.8.3
[INFO] [stderr]     Checking pem-rfc7468 v0.7.0
[INFO] [stderr]    Compiling parking_lot_core v0.9.12
[INFO] [stderr]    Compiling thiserror v2.0.19
[INFO] [stderr]     Checking equivalent v1.0.2
[INFO] [stderr]     Checking rand_core v0.10.1
[INFO] [stderr]    Compiling getrandom v0.4.2
[INFO] [stderr]    Compiling num-conv v0.2.2
[INFO] [stderr]    Compiling time-core v0.1.9
[INFO] [stderr]    Compiling crossbeam-utils v0.8.21
[INFO] [stderr]    Compiling time-macros v0.2.32
[INFO] [stderr]     Checking base16ct v0.2.0
[INFO] [stderr]    Compiling ring v0.17.14
[INFO] [stderr]     Checking ff v0.13.1
[INFO] [stderr]     Checking tracing-core v0.1.36
[INFO] [stderr]     Checking group v0.13.0
[INFO] [stderr]     Checking base64 v0.22.1
[INFO] [stderr]    Compiling semver v1.0.28
[INFO] [stderr]     Checking num-integer v0.1.46
[INFO] [stderr]    Compiling icu_normalizer_data v2.2.0
[INFO] [stderr]    Compiling icu_properties_data v2.2.0
[INFO] [stderr]     Checking futures-core v0.3.32
[INFO] [stderr]    Compiling rustc_version v0.4.1
[INFO] [stderr]     Checking hashbrown v0.17.1
[INFO] [stderr]     Checking stable_deref_trait v1.2.1
[INFO] [stderr]    Compiling thiserror v1.0.69
[INFO] [stderr]     Checking indexmap v2.14.0
[INFO] [stderr]     Checking parking_lot v0.12.5
[INFO] [stderr]     Checking crossbeam-epoch v0.9.18
[INFO] [stderr]    Compiling anyhow v1.0.104
[INFO] [stderr]     Checking errno v0.3.14
[INFO] [stderr]     Checking socket2 v0.6.4
[INFO] [stderr]     Checking cpufeatures v0.3.0
[INFO] [stderr]     Checking slab v0.4.12
[INFO] [stderr]    Compiling synstructure v0.13.2
[INFO] [stderr]     Checking futures-sink v0.3.32
[INFO] [stderr]     Checking signal-hook-registry v1.4.8
[INFO] [stderr]    Compiling curve25519-dalek v4.1.3
[INFO] [stderr]    Compiling serde_derive v1.0.229
[INFO] [stderr]    Compiling thiserror-impl v2.0.19
[INFO] [stderr]     Checking mio v1.2.1
[INFO] [stderr]    Compiling indexmap v1.9.3
[INFO] [stderr]     Checking futures-channel v0.3.32
[INFO] [stderr]    Compiling serde_derive_internals v0.29.1
[INFO] [stderr]    Compiling schemars v0.8.22
[INFO] [stderr]     Checking hashbrown v0.12.3
[INFO] [stderr]     Checking futures-io v0.3.32
[INFO] [stderr]     Checking futures-task v0.3.32
[INFO] [stderr]     Checking dyn-clone v1.0.20
[INFO] [stderr]    Compiling paste v1.0.15
[INFO] [stderr]     Checking chacha20 v0.10.0
[INFO] [stderr]     Checking untrusted v0.9.0
[INFO] [stderr]     Checking hex v0.4.3
[INFO] [stderr]     Checking rand v0.10.2
[INFO] [stderr]     Checking ppv-lite86 v0.2.21
[INFO] [stderr]     Checking writeable v0.6.3
[INFO] [stderr]    Compiling zeroize_derive v1.5.0
[INFO] [stderr]    Compiling zerofrom-derive v0.1.7
[INFO] [stderr]    Compiling yoke-derive v0.8.2
[INFO] [stderr]    Compiling displaydoc v0.2.6
[INFO] [stderr]    Compiling tracing-attributes v0.1.31
[INFO] [stderr]    Compiling zerovec-derive v0.11.3
[INFO] [stderr]     Checking zeroize v1.9.0
[INFO] [stderr]     Checking der v0.7.10
[INFO] [stderr]     Checking rand_chacha v0.3.1
[INFO] [stderr]     Checking crypto-common v0.1.7
[INFO] [stderr]     Checking block-buffer v0.10.4
[INFO] [stderr]     Checking rand v0.8.6
[INFO] [stderr]    Compiling tokio-macros v2.7.0
[INFO] [stderr]     Checking digest v0.10.7
[INFO] [stderr]     Checking crypto-bigint v0.5.5
[INFO] [stderr]     Checking tracing v0.1.44
[INFO] [stderr]     Checking sha2 v0.10.9
[INFO] [stderr]     Checking signature v2.2.0
[INFO] [stderr]     Checking hmac v0.12.1
[INFO] [stderr]     Checking hkdf v0.12.4
[INFO] [stderr]     Checking rfc6979 v0.4.0
[INFO] [stderr]    Compiling thiserror-impl v1.0.69
[INFO] [stderr]     Checking zerofrom v0.1.8
[INFO] [stderr]    Compiling curve25519-dalek-derive v0.1.1
[INFO] [stderr]     Checking spki v0.7.3
[INFO] [stderr]     Checking yoke v0.8.2
[INFO] [stderr]     Checking pkcs8 v0.10.2
[INFO] [stderr]    Compiling futures-macro v0.3.32
[INFO] [stderr]     Checking zerovec v0.11.6
[INFO] [stderr]    Compiling schemars_derive v0.8.22
[INFO] [stderr]    Compiling syn v1.0.109
[INFO] [stderr]     Checking bytes v1.11.1
[INFO] [stderr]     Checking either v1.16.0
[INFO] [stderr]     Checking serdect v0.2.0
[INFO] [stderr]     Checking sec1 v0.7.3
[INFO] [stderr]     Checking ed25519 v2.2.3
[INFO] [stderr]     Checking futures-util v0.3.32
[INFO] [stderr]     Checking elliptic-curve v0.13.8
[INFO] [stderr]     Checking tinystr v0.8.3
[INFO] [stderr]     Checking foldhash v0.1.5
[INFO] [stderr]     Checking tokio v1.52.3
[INFO] [stderr]     Checking litemap v0.8.2
[INFO] [stderr]     Checking hashbrown v0.15.5
[INFO] [stderr]     Checking ecdsa v0.16.9
[INFO] [stderr]     Checking primeorder v0.13.6
[INFO] [stderr]     Checking icu_locale_core v2.2.0
[INFO] [stderr]     Checking potential_utf v0.1.5
[INFO] [stderr]     Checking zerotrie v0.2.4
[INFO] [stderr]     Checking k256 v0.13.4
[INFO] [stderr]     Checking p256 v0.13.2
[INFO] [stderr]     Checking deranged v0.5.8
[INFO] [stderr]    Compiling powerfmt v0.2.0
[INFO] [stderr]    Compiling num_threads v0.1.7
[INFO] [stderr]     Checking percent-encoding v2.3.2
[INFO] [stderr]     Checking utf8_iter v1.0.4
[INFO] [stderr]     Checking icu_collections v2.2.0
[INFO] [stderr]     Checking icu_provider v2.2.0
[INFO] [stderr]    Compiling rayon-core v1.13.0
[INFO] [stderr]     Checking crossbeam-deque v0.8.6
[INFO] [stderr]     Checking num-bigint v0.4.6
[INFO] [stderr]    Compiling ahash v0.8.12
[INFO] [stderr]     Checking icu_properties v2.2.0
[INFO] [stderr]     Checking time v0.3.54
[INFO] [stderr]     Checking icu_normalizer v2.2.0
[INFO] [stderr]     Checking form_urlencoded v1.2.2
[INFO] [stderr]    Compiling pkg-config v0.3.33
[INFO] [stderr]    Compiling hax-lib v0.3.7
[INFO] [stderr]     Checking rayon v1.12.0
[INFO] [stderr]    Compiling hax-lib-macros v0.3.7
[INFO] [stderr]     Checking idna_adapter v1.2.2
[INFO] [stderr]    Compiling rustversion v1.0.22
[INFO] [stderr]     Checking idna v1.1.0
[INFO] [stderr]     Checking bs58 v0.5.1
[INFO] [stderr]    Compiling cmake v0.1.58
[INFO] [stderr]    Compiling fs_extra v1.3.0
[INFO] [stderr]    Compiling dunce v1.0.5
[INFO] [stderr]     Checking url v2.5.8
[INFO] [stderr]    Compiling aws-lc-sys v0.41.0
[INFO] [stderr]     Checking itertools v0.10.5
[INFO] [stderr]     Checking tokio-util v0.7.19
[INFO] [stderr]     Checking libcrux-secrets v0.0.6
[INFO] [stderr]     Checking hashbrown v0.13.2
[INFO] [stderr]     Checking rustls-pki-types v1.14.1
[INFO] [stderr]     Checking ark-std v0.4.0
[INFO] [stderr]    Compiling camino v1.2.2
[INFO] [stderr]     Checking cmov v0.5.4
[INFO] [stderr]     Checking libcrux-traits v0.0.8
[INFO] [stderr]    Compiling aho-corasick v1.1.4
[INFO] [stderr]    Compiling regex-syntax v0.8.10
[INFO] [stderr]     Checking ctutils v0.4.2
[INFO] [stderr]     Checking opaque-debug v0.3.1
[INFO] [stderr]     Checking byteorder v1.5.0
[INFO] [stderr]    Compiling aws-lc-rs v1.17.0
[INFO] [stderr]     Checking hybrid-array v0.4.12
[INFO] [stderr]    Compiling vergen v8.3.1
[INFO] [stderr]     Checking hashbrown v0.14.5
[INFO] [stderr]    Compiling cargo-platform v0.1.9
[INFO] [stderr]    Compiling libcrux-macros v0.0.3
[INFO] [stderr]    Compiling unicode-xid v0.2.6
[INFO] [stderr]     Checking fnv v1.0.7
[INFO] [stderr]    Compiling derive_more-impl v1.0.0
[INFO] [stderr]    Compiling cargo_metadata v0.18.1
[INFO] [stderr]     Checking ed25519-zebra v4.0.3
[INFO] [stderr]     Checking rmp v0.8.15
[INFO] [stderr]     Checking spin v0.9.8
[INFO] [stderr]    Compiling ark-serialize-derive v0.4.2
[INFO] [stderr]    Compiling ark-ff-asm v0.4.2
[INFO] [stderr]    Compiling derivative v2.2.0
[INFO] [stderr]    Compiling ark-ff-macros v0.4.2
[INFO] [stderr]     Checking ark-serialize v0.4.2
[INFO] [stderr]     Checking cosmwasm-core v2.3.3
[INFO] [stderr]     Checking rmp-serde v1.3.1
[INFO] [stderr]    Compiling regex-automata v0.4.14
[INFO] [stderr]     Checking derive_more v1.0.0
[INFO] [stderr]     Checking libcrux-hacl-rs v0.0.5
[INFO] [stderr]     Checking serde-json-wasm v1.0.1
[INFO] [stderr]    Compiling cosmwasm-derive v2.3.3
[INFO] [stderr]    Compiling utoipa-gen v5.5.0
[INFO] [stderr]    Compiling rustls v0.23.42
[INFO] [stderr]     Checking bnum v0.11.0
[INFO] [stderr]     Checking static_assertions v1.1.0
[INFO] [stderr]     Checking bech32 v0.11.1
[INFO] [stderr]     Checking ark-ff v0.4.2
[INFO] [stderr]    Compiling cosmwasm-schema-derive v2.2.2
[INFO] [stderr]     Checking crypto-common v0.2.2
[INFO] [stderr]     Checking ipnet v2.12.0
[INFO] [stderr]     Checking cosmwasm-schema v2.2.2
[INFO] [stderr]     Checking inout v0.1.4
[INFO] [stderr]    Compiling httparse v1.10.1
[INFO] [stderr]     Checking tower-service v0.3.3
[INFO] [stderr]     Checking cipher v0.4.4
[INFO] [stderr]     Checking http v1.4.2
[INFO] [stderr]    Compiling regex v1.12.3
[INFO] [stderr]     Checking universal-hash v0.5.1
[INFO] [stderr]    Compiling libcrux-intrinsics v0.0.8
[INFO] [stderr]     Checking try-lock v0.2.5
[INFO] [stderr]     Checking want v0.3.1
[INFO] [stderr]     Checking lazy_static v1.5.0
[INFO] [stderr]    Compiling tls_codec_derive v0.5.0
[INFO] [stderr]     Checking arrayvec v0.7.6
[INFO] [stderr]     Checking httpdate v1.0.3
[INFO] [stderr]     Checking block-buffer v0.12.0
[INFO] [stderr]     Checking subtle-encoding v0.5.1
[INFO] [stderr]     Checking serde_bytes v0.11.19
[INFO] [stderr]     Checking libcrux-platform v0.0.3
[INFO] [stderr]    Compiling libcrux-sha3 v0.0.10
[INFO] [stderr]     Checking tinyvec_macros v0.1.1
[INFO] [stderr]     Checking const-oid v0.10.2
[INFO] [stderr]     Checking ryu v1.0.23
[INFO] [stderr]     Checking tinyvec v1.11.0
[INFO] [stderr]     Checking digest v0.11.3
[INFO] [stderr]     Checking tls_codec v0.5.0
[INFO] [stderr]     Checking libcrux-sha2 v0.0.8
[INFO] [stderr]     Checking inout v0.2.2
[INFO] [stderr]    Compiling zstd-sys v2.0.16+zstd.1.5.7
[INFO] [stderr]     Checking aead v0.5.2
[INFO] [stderr]    Compiling num-bigint-dig v0.8.6
[INFO] [stderr]     Checking cipher v0.5.2
[INFO] [stderr]     Checking polyval v0.6.2
[INFO] [stderr]     Checking http-body v1.0.1
[INFO] [stderr]     Checking ark-poly v0.4.2
[INFO] [stderr]     Checking webpki-roots v1.0.7
[INFO] [stderr]     Checking num-iter v0.1.45
[INFO] [stderr]     Checking keccak v0.2.0
[INFO] [stderr]    Compiling libcrux-ml-kem v0.0.10
[INFO] [stderr]     Checking constant_time_eq v0.4.2
[INFO] [stderr]     Checking base64 v0.13.1
[INFO] [stderr]    Compiling heck v0.5.0
[INFO] [stderr]     Checking cpubits v0.1.1
[INFO] [stderr]     Checking arrayref v0.3.9
[INFO] [stderr]     Checking atomic-waker v1.1.2
[INFO] [stderr]     Checking aes v0.9.1
[INFO] [stderr]     Checking h2 v0.4.14
[INFO] [stderr]     Checking ark-ec v0.4.2
[INFO] [stderr]     Checking sha3 v0.11.0
[INFO] [stderr]     Checking pem v0.8.3
[INFO] [stderr]     Checking der v0.8.0
[INFO] [stderr]     Checking ghash v0.5.1
[INFO] [stderr]     Checking libcrux-p256 v0.0.8
[INFO] [stderr]     Checking utoipa v5.5.0
[INFO] [stderr]     Checking spki v0.8.0
[INFO] [stderr]     Checking libcrux-curve25519 v0.0.8
[INFO] [stderr]     Checking signature v3.0.0
[INFO] [stderr]     Checking pkcs8 v0.11.0
[INFO] [stderr]     Checking aes v0.8.4
[INFO] [stderr]     Checking ctr v0.9.2
[INFO] [stderr]     Checking module-lattice v0.2.3
[INFO] [stderr]     Checking ark-bls12-381 v0.4.0
[INFO] [stderr]     Checking pkcs1 v0.7.5
[INFO] [stderr]    Compiling blake3 v1.8.3
[INFO] [stderr]    Compiling zstd-safe v7.2.4
[INFO] [stderr]     Checking alloc-no-stdlib v2.0.4
[INFO] [stderr]    Compiling winnow v1.0.3
[INFO] [stderr]    Compiling libcrux-ml-dsa v0.0.10
[INFO] [stderr]    Compiling crc32fast v1.5.0
[INFO] [stderr]    Compiling libcrux-aes v0.0.9
[INFO] [stderr]     Checking libcrux-ecdh v0.0.8
[INFO] [stderr]     Checking alloc-stdlib v0.2.2
[INFO] [stderr]     Checking cosmwasm-crypto v2.3.3
[INFO] [stderr]     Checking rsa v0.9.10
[INFO] [stderr]     Checking cosmwasm-std v2.2.2
[INFO] [stderr]     Checking aes-gcm v0.10.3
[INFO] [stderr]     Checking ml-dsa v0.1.0-rc.11
[INFO] [stderr]     Checking nym-pemstore v1.21.6
[INFO] [stderr]     Checking aes-keywrap v0.9.0
[INFO] [stderr]    Compiling toml_parser v1.1.2+spec-1.1.0
[INFO] [stderr]     Checking libcrux-hmac v0.0.8
[INFO] [stderr]     Checking libcrux-poly1305 v0.0.6
[INFO] [stderr]     Checking futures-executor v0.3.32
[INFO] [stderr]     Checking hmac-sha256 v1.1.14
[INFO] [stderr]     Checking hmac-sha512 v1.1.12
[INFO] [stderr]     Checking uuid v1.23.2
[INFO] [stderr]     Checking adler2 v2.0.1
[INFO] [stderr]     Checking openssl-probe v0.2.1
[INFO] [stderr]     Checking simd-adler32 v0.3.9
[INFO] [stderr]     Checking mime v0.3.17
[INFO] [stderr]    Compiling toml_datetime v1.1.1+spec-1.1.0
[INFO] [stderr]     Checking ct-codecs v1.1.7
[INFO] [stderr]     Checking data-encoding v2.11.0
[INFO] [stderr]    Compiling toml_edit v0.25.12+spec-1.1.0
[INFO] [stderr]     Checking ed25519-compact v2.3.0
[INFO] [stderr]     Checking miniz_oxide v0.8.9
[INFO] [stderr]     Checking superboring v0.1.11
[INFO] [stderr]     Checking rustls-native-certs v0.8.4
[INFO] [stderr]     Checking libcrux-kem v0.0.9
[INFO] [stderr]     Checking libcrux-chacha20poly1305 v0.0.9
[INFO] [stderr]     Checking libcrux-hkdf v0.0.8
[INFO] [stderr]     Checking brotli-decompressor v5.0.1
[INFO] [stderr]     Checking blake2b_simd v1.0.4
[INFO] [stderr]     Checking libcrux-ed25519 v0.0.9
[INFO] [stderr]     Checking ed25519-dalek v2.2.0
[INFO] [stderr]     Checking x25519-dalek v2.0.1
[INFO] [stderr]     Checking p384 v0.13.1
[INFO] [stderr]    Compiling async-trait v0.1.91
[INFO] [stderr]     Checking sync_wrapper v1.0.2
[INFO] [stderr]     Checking coarsetime v0.1.37
[INFO] [stderr]     Checking binstring v0.1.7
[INFO] [stderr]     Checking tower-layer v0.3.3
[INFO] [stderr]     Checking hmac-sha1-compact v1.1.7
[INFO] [stderr]     Checking libcrux-psq v0.0.10
[INFO] [stderr]     Checking jwt-simple v0.12.16
[INFO] [stderr]     Checking cw-storage-plus v2.0.0
[INFO] [stderr]     Checking cw-utils v2.0.0
[INFO] [stderr]     Checking brotli v8.0.3
[INFO] [stderr]     Checking flate2 v1.1.9
[INFO] [stderr]    Compiling proc-macro-crate v3.5.0
[INFO] [stderr]     Checking hyper v1.10.1
[INFO] [stderr]     Checking http-body-util v0.1.4
[INFO] [stderr]    Compiling nym-contracts-common v1.21.6
[INFO] [stderr]     Checking prefix-trie v0.8.4
[INFO] [stderr]     Checking encoding_rs v0.8.35
[INFO] [stderr]     Checking compression-core v0.4.32
[INFO] [stderr]     Checking bitflags v2.12.1
[INFO] [stderr]     Checking hickory-proto v0.26.1
[INFO] [stderr]     Checking hyper-util v0.1.20
[INFO] [stderr]     Checking cw-controllers v2.0.0
[INFO] [stderr]     Checking nym-crypto v1.21.6
[INFO] [stderr]     Checking tower v0.5.3
[INFO] [stderr]     Checking serde_urlencoded v0.7.1
[INFO] [stderr]     Checking bincode v1.3.3
[INFO] [stderr]    Compiling serde_repr v0.1.21
[INFO] [stderr]    Compiling vcpkg v0.2.15
[INFO] [stderr]    Compiling eyre v0.6.12
[INFO] [stderr]     Checking zstd v0.13.3
[INFO] [stderr]     Checking futures v0.3.32
[INFO] [stderr]    Compiling nym-bin-common v1.21.6
[INFO] [stderr]    Compiling itertools v0.14.0
[INFO] [stderr]    Compiling libsqlite3-sys v0.30.1
[INFO] [stderr]     Checking crossbeam-channel v0.5.15
[INFO] [stderr]    Compiling strsim v0.11.1
[INFO] [stderr]     Checking compression-codecs v0.4.38
[INFO] [stderr]     Checking async-compression v0.4.42
[INFO] [stderr]     Checking indenter v0.3.4
[INFO] [stderr]     Checking tagptr v0.2.0
[INFO] [stderr]    Compiling nym-http-api-client-macro v1.21.6
[INFO] [stderr]     Checking winnow v0.7.15
[INFO] [stderr]    Compiling ident_case v1.0.1
[INFO] [stderr]     Checking tower-http v0.6.11
[INFO] [stderr]    Compiling darling_core v0.23.0
[INFO] [stderr]     Checking moka v0.12.15
[INFO] [stderr]    Compiling prost-derive v0.13.5
[INFO] [stderr]     Checking http v0.2.12
[INFO] [stderr]     Checking digest v0.9.0
[INFO] [stderr]     Checking humantime v2.3.0
[INFO] [stderr]     Checking unsafe-libyaml v0.2.11
[INFO] [stderr]     Checking siphasher v1.0.3
[INFO] [stderr]     Checking const-str v0.5.7
[INFO] [stderr]     Checking resolv-conf v0.7.6
[INFO] [stderr]     Checking dotenvy v0.15.7
[INFO] [stderr]    Compiling rustls v0.21.12
[INFO] [stderr]     Checking nym-network-defaults v1.21.6
[INFO] [stderr]     Checking serde_yaml v0.9.34+deprecated
[INFO] [stderr]    Compiling darling_macro v0.23.0
[INFO] [stderr]     Checking humantime-serde v1.1.1
[INFO] [stderr]     Checking prost v0.13.5
[INFO] [stderr]    Compiling rustls-webpki v0.103.13
[INFO] [stderr]     Checking flex-error v0.4.4
[INFO] [stderr]    Compiling concurrent-queue v2.5.0
[INFO] [stderr]     Checking nym-http-api-common v1.21.6
[INFO] [stderr]    Compiling strum_macros v0.28.0
[INFO] [stderr]     Checking serde_spanned v0.6.9
[INFO] [stderr]     Checking toml_datetime v0.6.11
[INFO] [stderr]     Checking serdect v0.3.0
[INFO] [stderr]     Checking serde_plain v1.0.2
[INFO] [stderr]     Checking block-buffer v0.9.0
[INFO] [stderr]     Checking rustls-webpki v0.101.7
[INFO] [stderr]     Checking sct v0.7.1
[INFO] [stderr]     Checking pairing v0.23.0
[INFO] [stderr]     Checking fastrand v2.4.1
[INFO] [stderr]    Compiling parking v2.2.1
[INFO] [stderr]    Compiling crc-catalog v2.5.0
[INFO] [stderr]     Checking inventory v0.3.24
[INFO] [stderr]     Checking subtle-ng v2.5.0
[INFO] [stderr]     Checking toml_write v0.1.2
[INFO] [stderr]     Checking curve25519-dalek-ng v4.1.1
[INFO] [stderr]     Checking toml_edit v0.22.27
[INFO] [stderr]    Compiling crc v3.4.0
[INFO] [stderr]    Compiling event-listener v5.4.1
[INFO] [stderr]     Checking nym-bls12_381-fork v0.8.0-forked
[INFO] [stderr]     Checking strum v0.28.0
[INFO] [stderr]     Checking sha2 v0.9.9
[INFO] [stderr]    Compiling webpki-roots v0.26.11
[INFO] [stderr]     Checking tendermint-proto v0.40.4
[INFO] [stderr]    Compiling futures-intrusive v0.5.0
[INFO] [stderr]    Compiling hashlink v0.10.0
[INFO] [stderr]    Compiling darling v0.23.0
[INFO] [stderr]     Checking http-body v0.4.6
[INFO] [stderr]     Checking h2 v0.3.27
[INFO] [stderr]    Compiling crossbeam-queue v0.3.12
[INFO] [stderr]     Checking ripemd v0.1.3
[INFO] [stderr]     Checking socket2 v0.5.10
[INFO] [stderr]    Compiling tokio-stream v0.1.19
[INFO] [stderr]    Compiling ucd-trie v0.1.7
[INFO] [stderr]    Compiling cfg_aliases v0.2.1
[INFO] [stderr]     Checking base64 v0.21.7
[INFO] [stderr]    Compiling pest v2.8.6
[INFO] [stderr]     Checking rustls-pemfile v1.0.4
[INFO] [stderr]    Compiling phf_shared v0.13.1
[INFO] [stderr]    Compiling flume v0.11.1
[INFO] [stderr]    Compiling serde_with_macros v3.21.0
[INFO] [stderr]     Checking tokio-rustls v0.24.1
[INFO] [stderr]     Checking nym-compact-ecash v1.21.6
[INFO] [stderr]    Compiling sqlx-core v0.8.6
[INFO] [stderr]     Checking ed25519-consensus v2.1.0
[INFO] [stderr]     Checking toml v0.8.23
[INFO] [stderr]     Checking nym-mixnet-contract-common v1.21.6
[INFO] [stderr]     Checking cw4 v2.0.0
[INFO] [stderr]     Checking cw20 v2.0.0
[INFO] [stderr]     Checking hyper v0.14.32
[INFO] [stderr]    Compiling atoi v2.0.0
[INFO] [stderr]     Checking openssl-probe v0.1.6
[INFO] [stderr]    Compiling peg-runtime v0.8.6
[INFO] [stderr]     Checking cw3 v2.0.0
[INFO] [stderr]    Compiling phf_generator v0.13.1
[INFO] [stderr]    Compiling peg-macros v0.8.6
[INFO] [stderr]     Checking rustls-native-certs v0.6.3
[INFO] [stderr]     Checking nym-ecash-time v1.21.6
[INFO] [stderr]    Compiling pest_meta v2.8.6
[INFO] [stderr]     Checking serde_with v3.21.0
[INFO] [stderr]    Compiling sqlx-sqlite v0.8.6
[INFO] [stderr]    Compiling pin-project-internal v1.1.13
[INFO] [stderr]     Checking sync_wrapper v0.1.2
[INFO] [stderr]     Checking hyper-rustls v0.24.2
[INFO] [stderr]     Checking same-file v1.0.6
[INFO] [stderr]     Checking walkdir v2.5.0
[INFO] [stderr]     Checking reqwest v0.11.27
[INFO] [stderr]     Checking peg v0.8.6
[INFO] [stderr]    Compiling pest_generator v2.8.6
[INFO] [stderr]     Checking nym-multisig-contract-common v1.21.6
[INFO] [stderr]     Checking pin-project v1.1.13
[INFO] [stderr]    Compiling phf_macros v0.13.1
[INFO] [stderr]    Compiling num_enum_derive v0.7.6
[INFO] [stderr]     Checking option-ext v0.2.0
[INFO] [stderr]     Checking dirs-sys v0.5.0
[INFO] [stderr]    Compiling pest_derive v2.8.6
[INFO] [stderr]     Checking phf v0.13.1
[INFO] [stderr]     Checking bip32 v0.5.3
[INFO] [stderr]     Checking cw2 v2.0.0
[INFO] [stderr]     Checking quick-error v2.0.1
[INFO] [stderr]     Checking num_enum v0.7.6
[INFO] [stderr]     Checking minimal-lexical v0.2.1
[INFO] [stderr]     Checking nym-kkt-ciphersuite v1.21.6
[INFO] [stderr]     Checking nom v7.1.3
[INFO] [stderr]    Compiling sqlx-macros-core v0.8.6
[INFO] [stderr]     Checking nym-coconut-dkg-common v1.21.6
[INFO] [stderr]     Checking nym-directory-contract-common v1.21.6
[INFO] [stderr]     Checking handlebars v3.5.5
[INFO] [stderr]     Checking celes v2.8.2
[INFO] [stderr]     Checking dirs v6.0.0
[INFO] [stderr]     Checking nym-serde-helpers v1.21.6
[INFO] [stderr]     Checking nym-noise-keys v1.21.6
[INFO] [stderr]     Checking nym-wireguard-types v1.21.6
[INFO] [stderr]     Checking nym-exit-policy v1.21.6
[INFO] [stderr]     Checking hex-conservative v0.2.2
[INFO] [stderr]     Checking rs_merkle v1.5.0
[INFO] [stderr]    Compiling sqlx-macros v0.8.6
[INFO] [stderr]     Checking bitcoin_hashes v0.14.100
[INFO] [stderr]     Checking nym-ecash-signer-check-types v1.21.6
[INFO] [stderr]     Checking nym-config v1.21.6
[INFO] [stderr]     Checking rusticata-macros v4.1.0
[INFO] [stderr]     Checking nym-lthash v1.21.6
[INFO] [stderr]     Checking unicode-normalization v0.1.25
[INFO] [stderr]    Compiling asn1-rs-impl v0.2.0
[INFO] [stderr]    Compiling asn1-rs-derive v0.6.0
[INFO] [stderr]    Compiling heapless v0.8.0
[INFO] [stderr]    Compiling sqlx v0.8.6
[INFO] [stderr]     Checking nym-geolocation-contract-common v1.21.6
[INFO] [stderr]     Checking bip39 v2.2.2
[INFO] [stderr]     Checking nym-node-families-contract-common v1.21.6
[INFO] [stderr]     Checking nym-vesting-contract-common v1.21.6
[INFO] [stderr]     Checking nym-ecash-contract-common v1.21.6
[INFO] [stderr]     Checking tendermint v0.40.4
[INFO] [stderr]     Checking cosmos-sdk-proto v0.27.0
[INFO] [stderr]     Checking asn1-rs v0.7.2
[INFO] [stderr]     Checking nym-group-contract-common v1.21.6
[INFO] [stderr]    Compiling quinn-udp v0.5.14
[INFO] [stderr]     Checking nym-performance-contract-common v1.21.6
[INFO] [stderr]     Checking nym-network-monitors-contract-common v1.21.6
[INFO] [stderr]     Checking colored v2.2.0
[INFO] [stderr]     Checking hash32 v0.3.1
[INFO] [stderr]    Compiling oid-registry v0.8.1
[INFO] [stderr]    Compiling smoltcp v0.12.0
[INFO] [stderr]     Checking foldhash v0.2.0
[INFO] [stderr]     Checking fastbloom v0.17.0
[INFO] [stderr]    Compiling nym-credential-storage v1.21.6
[INFO] [stderr]    Compiling quinn v0.11.11
[INFO] [stderr]    Compiling nix v0.31.3
[INFO] [stderr]     Checking axum-core v0.5.6
[INFO] [stderr]     Checking rand_pcg v0.10.2
[INFO] [stderr]     Checking serde_path_to_error v0.1.20
[INFO] [stderr]     Checking lru-slab v0.1.2
[INFO] [stderr]     Checking bitflags v1.3.2
[INFO] [stderr]     Checking rustc-hash v2.1.2
[INFO] [stderr]     Checking managed v0.8.0
[INFO] [stderr]     Checking matchit v0.8.4
[INFO] [stderr]     Checking der-parser v10.0.0
[INFO] [stderr]     Checking poly1305 v0.8.0
[INFO] [stderr]     Checking chacha20 v0.9.1
[INFO] [stderr]     Checking yasna v0.6.0
[INFO] [stderr]     Checking pem v3.0.6
[INFO] [stderr]     Checking toml_datetime v0.7.5+spec-1.1.0
[INFO] [stderr]     Checking serde_spanned v1.1.1
[INFO] [stderr]     Checking ip_network_table-deps-treebitmap v0.5.0
[INFO] [stderr]     Checking toml_writer v1.1.1+spec-1.1.0
[INFO] [stderr]     Checking ip_network v0.4.1
[INFO] [stderr]     Checking rcgen v0.14.8
[INFO] [stderr]     Checking axum v0.8.9
[INFO] [stderr]     Checking toml v0.9.12+spec-1.1.0
[INFO] [stderr]     Checking ip_network_table v0.2.0
[INFO] [stderr]     Checking chacha20poly1305 v0.10.1
[INFO] [stderr]     Checking x509-parser v0.18.1
[INFO] [stderr]     Checking tendermint-config v0.40.4
[INFO] [stderr]     Checking nym-task v1.21.6
[INFO] [stderr]     Checking blake2 v0.10.6
[INFO] [stderr]     Checking si-scale v0.3.0
[INFO] [stderr]     Checking boringtun v0.7.1
[INFO] [stderr]     Checking tendermint-rpc v0.40.4
[INFO] [stderr]     Checking tokio-smoltcp v0.5.2
[INFO] [stderr]     Checking nym-smol-core v1.21.6
[INFO] [stderr]     Checking cosmrs v0.22.0
[INFO] [stderr]     Checking nym-directory-attestation v1.21.6
[INFO] [stderr]     Checking tokio-rustls v0.26.4
[INFO] [stderr]     Checking rustls-platform-verifier v0.7.0
[INFO] [stderr]     Checking quinn-proto v0.11.16
[INFO] [stderr]     Checking hyper-rustls v0.27.9
[INFO] [stderr]     Checking hickory-net v0.26.1
[INFO] [stderr]     Checking reqwest v0.13.4
[INFO] [stderr]     Checking hickory-resolver v0.26.1
[INFO] [stderr]     Checking nym-http-api-client v1.21.6
[INFO] [stderr]     Checking nym-sqlx-pool-guard v1.21.6
[INFO] [stderr]     Checking nym-bridges v0.1.2
[INFO] [stderr]     Checking nym-upgrade-mode-check v1.21.6
[INFO] [stderr]     Checking nym-credentials-interface v1.21.6
[INFO] [stderr]     Checking nym-node-requests v1.21.6
[INFO] [stderr]     Checking nym-ticketbooks-merkle v1.21.6
[INFO] [stderr]     Checking nym-wireguard-private-metadata-shared v1.21.6
[INFO] [stderr]     Checking nym-wireguard-private-metadata-client v1.21.6
[INFO] [stderr]     Checking nym-api-requests v1.21.6
[INFO] [stderr]     Checking nym-validator-client v1.21.6
[INFO] [stderr]     Checking nym-credentials v1.21.6
[INFO] [stderr]     Checking nym-bandwidth-controller v1.21.6
[INFO] [stderr]     Checking nym-smoldvpn v1.21.6 (/opt/rustwide/workdir)
[INFO] [stdout] error[E0433]: cannot find module or crate `base64` in this scope
[INFO] [stdout]    --> src/bridge.rs:173:9
[INFO] [stdout]     |
[INFO] [stdout] 173 |     use base64::prelude::{Engine as _, BASE64_STANDARD};
[INFO] [stdout]     |         ^^^^^^ use of unresolved module or unlinked crate `base64`
[INFO] [stdout]     |
[INFO] [stdout]     = help: if you wanted to use a crate named `base64`, use `cargo add base64` to add it to your `Cargo.toml`
[INFO] [stdout] 
[INFO] [stdout] 
[INFO] [stdout] error[E0433]: cannot find module or crate `bs58` in this scope
[INFO] [stdout]    --> src/bridge.rs:196:19
[INFO] [stdout]     |
[INFO] [stdout] 196 |         let sni = bs58::encode(BASE64_STANDARD.decode(&id_pubkey_base64).unwrap()).into_string();
[INFO] [stdout]     |                   ^^^^ use of unresolved module or unlinked crate `bs58`
[INFO] [stdout]     |
[INFO] [stdout]     = help: if you wanted to use a crate named `bs58`, use `cargo add bs58` to add it to your `Cargo.toml`
[INFO] [stdout] 
[INFO] [stdout] 
[INFO] [stdout] For more information about this error, try `rustc --explain E0433`.
[INFO] [stdout] 
[INFO] [stderr] error: could not compile `nym-smoldvpn` (lib test) due to 2 previous errors
[INFO] [stderr] warning: build failed, waiting for other jobs to finish...
[INFO] [stdout] error[E0432]: unresolved import `nym_network_defaults`
[INFO] [stdout]   --> tests/live_bringup.rs:27:5
[INFO] [stdout]    |
[INFO] [stdout] 27 | use nym_network_defaults::NymNetworkDetails;
[INFO] [stdout]    |     ^^^^^^^^^^^^^^^^^^^^ use of unresolved module or unlinked crate `nym_network_defaults`
[INFO] [stdout]    |
[INFO] [stdout]    = help: if you wanted to use a crate named `nym_network_defaults`, use `cargo add nym_network_defaults` to add it to your `Cargo.toml`
[INFO] [stdout] 
[INFO] [stdout] 
[INFO] [stdout] error[E0432]: unresolved import `nym_sdk_session`
[INFO] [stdout]   --> tests/live_bringup.rs:28:5
[INFO] [stdout]    |
[INFO] [stdout] 28 | use nym_sdk_session::{GatewaySpec, HopConfig, Registration, Session, SessionConfig};
[INFO] [stdout]    |     ^^^^^^^^^^^^^^^ use of unresolved module or unlinked crate `nym_sdk_session`
[INFO] [stdout]    |
[INFO] [stdout]    = help: if you wanted to use a crate named `nym_sdk_session`, use `cargo add nym_sdk_session` to add it to your `Cargo.toml`
[INFO] [stdout] 
[INFO] [stdout] 
[INFO] [stdout] error[E0432]: unresolved import `nym_network_defaults`
[INFO] [stdout]   --> examples/common/mod.rs:23:5
[INFO] [stdout]    |
[INFO] [stdout] 23 | use nym_network_defaults::NymNetworkDetails;
[INFO] [stdout]    |     ^^^^^^^^^^^^^^^^^^^^ use of unresolved module or unlinked crate `nym_network_defaults`
[INFO] [stdout]    |
[INFO] [stdout]    = help: if you wanted to use a crate named `nym_network_defaults`, use `cargo add nym_network_defaults` to add it to your `Cargo.toml`
[INFO] [stdout] 
[INFO] [stdout] 
[INFO] [stdout] error[E0432]: unresolved import `nym_sdk_session`
[INFO] [stdout]   --> examples/common/mod.rs:24:5
[INFO] [stdout]    |
[INFO] [stdout] 24 | use nym_sdk_session::{
[INFO] [stdout]    |     ^^^^^^^^^^^^^^^ use of unresolved module or unlinked crate `nym_sdk_session`
[INFO] [stdout]    |
[INFO] [stdout]    = help: if you wanted to use a crate named `nym_sdk_session`, use `cargo add nym_sdk_session` to add it to your `Cargo.toml`
[INFO] [stdout] 
[INFO] [stdout] 
[INFO] [stdout] error[E0432]: unresolved import `tokio_rustls`
[INFO] [stdout]   --> examples/common/mod.rs:31:5
[INFO] [stdout]    |
[INFO] [stdout] 31 | use tokio_rustls::TlsConnector;
[INFO] [stdout]    |     ^^^^^^^^^^^^ use of unresolved module or unlinked crate `tokio_rustls`
[INFO] [stdout]    |
[INFO] [stdout] help: there is a crate or module with a similar name
[INFO] [stdout]    |
[INFO] [stdout] 31 - use tokio_rustls::TlsConnector;
[INFO] [stdout] 31 + use tokio_util::TlsConnector;
[INFO] [stdout]    |
[INFO] [stdout] 
[INFO] [stdout] 
[INFO] [stdout] error[E0433]: cannot find module or crate `tonic` in this scope
[INFO] [stdout]   --> examples/zcash-sync.rs:24:5
[INFO] [stdout]    |
[INFO] [stdout] 24 | use tonic::client::Grpc;
[INFO] [stdout]    |     ^^^^^ use of unresolved module or unlinked crate `tonic`
[INFO] [stdout]    |
[INFO] [stdout]    = help: if you wanted to use a crate named `tonic`, use `cargo add tonic` to add it to your `Cargo.toml`
[INFO] [stdout] 
[INFO] [stdout] 
[INFO] [stdout] error[E0433]: cannot find module or crate `tonic` in this scope
[INFO] [stdout]   --> examples/zcash-sync.rs:25:5
[INFO] [stdout]    |
[INFO] [stdout] 25 | use tonic::transport::{Channel, Endpoint};
[INFO] [stdout]    |     ^^^^^ use of unresolved module or unlinked crate `tonic`
[INFO] [stdout]    |
[INFO] [stdout]    = help: if you wanted to use a crate named `tonic`, use `cargo add tonic` to add it to your `Cargo.toml`
[INFO] [stdout] 
[INFO] [stdout] 
[INFO] [stdout] error[E0432]: unresolved import `tonic`
[INFO] [stdout]   --> examples/zcash-sync.rs:26:5
[INFO] [stdout]    |
[INFO] [stdout] 26 | use tonic::Request;
[INFO] [stdout]    |     ^^^^^ use of unresolved module or unlinked crate `tonic`
[INFO] [stdout]    |
[INFO] [stdout]    = help: if you wanted to use a crate named `tonic`, use `cargo add tonic` to add it to your `Cargo.toml`
[INFO] [stdout] 
[INFO] [stdout] 
[INFO] [stdout] error[E0432]: unresolved import `tonic_prost`
[INFO] [stdout]   --> examples/zcash-sync.rs:27:5
[INFO] [stdout]    |
[INFO] [stdout] 27 | use tonic_prost::ProstCodec;
[INFO] [stdout]    |     ^^^^^^^^^^^ use of unresolved module or unlinked crate `tonic_prost`
[INFO] [stdout]    |
[INFO] [stdout]    = help: if you wanted to use a crate named `tonic_prost`, use `cargo add tonic_prost` to add it to your `Cargo.toml`
[INFO] [stdout] 
[INFO] [stdout] 
[INFO] [stdout] error[E0432]: unresolved import `nym_network_defaults`
[INFO] [stdout]   --> examples/common/mod.rs:23:5
[INFO] [stdout]    |
[INFO] [stdout] 23 | use nym_network_defaults::NymNetworkDetails;
[INFO] [stdout]    |     ^^^^^^^^^^^^^^^^^^^^ use of unresolved module or unlinked crate `nym_network_defaults`
[INFO] [stdout]    |
[INFO] [stdout]    = help: if you wanted to use a crate named `nym_network_defaults`, use `cargo add nym_network_defaults` to add it to your `Cargo.toml`
[INFO] [stdout] 
[INFO] [stdout] 
[INFO] [stdout] error[E0432]: unresolved import `nym_sdk_session`
[INFO] [stdout]   --> examples/common/mod.rs:24:5
[INFO] [stdout]    |
[INFO] [stdout] 24 | use nym_sdk_session::{
[INFO] [stdout]    |     ^^^^^^^^^^^^^^^ use of unresolved module or unlinked crate `nym_sdk_session`
[INFO] [stdout]    |
[INFO] [stdout]    = help: if you wanted to use a crate named `nym_sdk_session`, use `cargo add nym_sdk_session` to add it to your `Cargo.toml`
[INFO] [stdout] 
[INFO] [stdout] 
[INFO] [stdout] error[E0432]: unresolved import `tokio_rustls`
[INFO] [stdout]   --> examples/common/mod.rs:31:5
[INFO] [stdout]    |
[INFO] [stdout] 31 | use tokio_rustls::TlsConnector;
[INFO] [stdout]    |     ^^^^^^^^^^^^ use of unresolved module or unlinked crate `tokio_rustls`
[INFO] [stdout]    |
[INFO] [stdout] help: there is a crate or module with a similar name
[INFO] [stdout]    |
[INFO] [stdout] 31 - use tokio_rustls::TlsConnector;
[INFO] [stdout] 31 + use tokio_util::TlsConnector;
[INFO] [stdout]    |
[INFO] [stdout] 
[INFO] [stdout] 
[INFO] [stdout] error[E0433]: cannot find module or crate `prost` in this scope
[INFO] [stdout]   --> examples/zcash-sync.rs:41:28
[INFO] [stdout]    |
[INFO] [stdout] 41 | #[derive(Clone, PartialEq, prost::Message)]
[INFO] [stdout]    |                            ^^^^^ use of unresolved module or unlinked crate `prost`
[INFO] [stdout] 
[INFO] [stdout] 
[INFO] [stdout] error[E0433]: cannot find module or crate `prost` in this scope
[INFO] [stdout]   --> examples/zcash-sync.rs:44:28
[INFO] [stdout]    |
[INFO] [stdout] 44 | #[derive(Clone, PartialEq, prost::Message)]
[INFO] [stdout]    |                            ^^^^^ use of unresolved module or unlinked crate `prost`
[INFO] [stdout] 
[INFO] [stdout] 
[INFO] [stdout] error[E0433]: cannot find module or crate `prost` in this scope
[INFO] [stdout]   --> examples/zcash-sync.rs:52:28
[INFO] [stdout]    |
[INFO] [stdout] 52 | #[derive(Clone, PartialEq, prost::Message)]
[INFO] [stdout]    |                            ^^^^^ use of unresolved module or unlinked crate `prost`
[INFO] [stdout] 
[INFO] [stdout] 
[INFO] [stdout] error[E0433]: cannot find module or crate `prost` in this scope
[INFO] [stdout]   --> examples/zcash-sync.rs:63:28
[INFO] [stdout]    |
[INFO] [stdout] 63 | #[derive(Clone, PartialEq, prost::Message)]
[INFO] [stdout]    |                            ^^^^^ use of unresolved module or unlinked crate `prost`
[INFO] [stdout] 
[INFO] [stdout] 
[INFO] [stdout] error[E0432]: unresolved import `nym_network_defaults`
[INFO] [stdout]   --> examples/smoldvpn-config.rs:23:5
[INFO] [stdout]    |
[INFO] [stdout] 23 | use nym_network_defaults::NymNetworkDetails;
[INFO] [stdout]    |     ^^^^^^^^^^^^^^^^^^^^ use of unresolved module or unlinked crate `nym_network_defaults`
[INFO] [stdout]    |
[INFO] [stdout]    = help: if you wanted to use a crate named `nym_network_defaults`, use `cargo add nym_network_defaults` to add it to your `Cargo.toml`
[INFO] [stdout] 
[INFO] [stdout] 
[INFO] [stdout] error[E0432]: unresolved import `nym_sdk_session`
[INFO] [stdout]   --> examples/smoldvpn-config.rs:24:5
[INFO] [stdout]    |
[INFO] [stdout] 24 | use nym_sdk_session::{GatewaySpec, Session, SessionConfig};
[INFO] [stdout]    |     ^^^^^^^^^^^^^^^ use of unresolved module or unlinked crate `nym_sdk_session`
[INFO] [stdout]    |
[INFO] [stdout]    = help: if you wanted to use a crate named `nym_sdk_session`, use `cargo add nym_sdk_session` to add it to your `Cargo.toml`
[INFO] [stdout] 
[INFO] [stdout] 
[INFO] [stdout] error[E0432]: unresolved import `nym_network_defaults`
[INFO] [stdout]   --> examples/smoldvpn-topup.rs:21:5
[INFO] [stdout]    |
[INFO] [stdout] 21 | use nym_network_defaults::NymNetworkDetails;
[INFO] [stdout]    |     ^^^^^^^^^^^^^^^^^^^^ use of unresolved module or unlinked crate `nym_network_defaults`
[INFO] [stdout]    |
[INFO] [stdout]    = help: if you wanted to use a crate named `nym_network_defaults`, use `cargo add nym_network_defaults` to add it to your `Cargo.toml`
[INFO] [stdout] 
[INFO] [stdout] 
[INFO] [stdout] error[E0432]: unresolved import `nym_sdk_session`
[INFO] [stdout]   --> examples/smoldvpn-topup.rs:22:5
[INFO] [stdout]    |
[INFO] [stdout] 22 | use nym_sdk_session::{Session, SessionConfig, WgRole};
[INFO] [stdout]    |     ^^^^^^^^^^^^^^^ use of unresolved module or unlinked crate `nym_sdk_session`
[INFO] [stdout]    |
[INFO] [stdout]    = help: if you wanted to use a crate named `nym_sdk_session`, use `cargo add nym_sdk_session` to add it to your `Cargo.toml`
[INFO] [stdout] 
[INFO] [stdout] 
[INFO] [stdout] error[E0432]: unresolved import `nym_network_defaults`
[INFO] [stdout]   --> examples/smoldvpn-grpc.rs:21:5
[INFO] [stdout]    |
[INFO] [stdout] 21 | use nym_network_defaults::NymNetworkDetails;
[INFO] [stdout]    |     ^^^^^^^^^^^^^^^^^^^^ use of unresolved module or unlinked crate `nym_network_defaults`
[INFO] [stdout]    |
[INFO] [stdout]    = help: if you wanted to use a crate named `nym_network_defaults`, use `cargo add nym_network_defaults` to add it to your `Cargo.toml`
[INFO] [stdout] 
[INFO] [stdout] 
[INFO] [stdout] error[E0433]: cannot find module or crate `tonic` in this scope
[INFO] [stdout]   --> examples/smoldvpn-grpc.rs:25:5
[INFO] [stdout]    |
[INFO] [stdout] 25 | use tonic::transport::Endpoint;
[INFO] [stdout]    |     ^^^^^ use of unresolved module or unlinked crate `tonic`
[INFO] [stdout]    |
[INFO] [stdout]    = help: if you wanted to use a crate named `tonic`, use `cargo add tonic` to add it to your `Cargo.toml`
[INFO] [stdout] 
[INFO] [stdout] 
[INFO] [stdout] error[E0433]: cannot find module or crate `tonic_health` in this scope
[INFO] [stdout]   --> examples/smoldvpn-grpc.rs:26:5
[INFO] [stdout]    |
[INFO] [stdout] 26 | use tonic_health::pb::{health_client::HealthClient, HealthCheckRequest};
[INFO] [stdout]    |     ^^^^^^^^^^^^ use of unresolved module or unlinked crate `tonic_health`
[INFO] [stdout]    |
[INFO] [stdout]    = help: if you wanted to use a crate named `tonic_health`, use `cargo add tonic_health` to add it to your `Cargo.toml`
[INFO] [stdout] 
[INFO] [stdout] 
[INFO] [stdout] error[E0432]: unresolved import `nym_sdk_session`
[INFO] [stdout]   --> examples/smoldvpn-grpc.rs:22:5
[INFO] [stdout]    |
[INFO] [stdout] 22 | use nym_sdk_session::{GatewaySpec, HopConfig, Session, SessionConfig, WgRole};
[INFO] [stdout]    |     ^^^^^^^^^^^^^^^ use of unresolved module or unlinked crate `nym_sdk_session`
[INFO] [stdout]    |
[INFO] [stdout]    = help: if you wanted to use a crate named `nym_sdk_session`, use `cargo add nym_sdk_session` to add it to your `Cargo.toml`
[INFO] [stdout] 
[INFO] [stdout] 
[INFO] [stdout] error: cannot find attribute `prost` in this scope
[INFO] [stdout]   --> examples/zcash-sync.rs:46:7
[INFO] [stdout]    |
[INFO] [stdout] 46 |     #[prost(uint64, tag = "1")]
[INFO] [stdout]    |       ^^^^^
[INFO] [stdout]    |
[INFO] [stdout]    = note: `prost` is an attribute that can be used by the derive macros `Enumeration`, `Message` and `Oneof`, you might be missing a `derive` attribute
[INFO] [stdout] 
[INFO] [stdout] 
[INFO] [stdout] error: cannot find attribute `prost` in this scope
[INFO] [stdout]   --> examples/zcash-sync.rs:48:7
[INFO] [stdout]    |
[INFO] [stdout] 48 |     #[prost(bytes = "vec", tag = "2")]
[INFO] [stdout]    |       ^^^^^
[INFO] [stdout]    |
[INFO] [stdout]    = note: `prost` is an attribute that can be used by the derive macros `Enumeration`, `Message` and `Oneof`, you might be missing a `derive` attribute
[INFO] [stdout] 
[INFO] [stdout] 
[INFO] [stdout] error[E0433]: cannot find module or crate `tracing_subscriber` in this scope
[INFO] [stdout]   --> examples/common/mod.rs:55:13
[INFO] [stdout]    |
[INFO] [stdout] 55 |             tracing_subscriber::EnvFilter::try_from_default_env().unwrap_or_else(|_| {
[INFO] [stdout]    |             ^^^^^^^^^^^^^^^^^^ use of unresolved module or unlinked crate `tracing_subscriber`
[INFO] [stdout]    |
[INFO] [stdout]    = help: if you wanted to use a crate named `tracing_subscriber`, use `cargo add tracing_subscriber` to add it to your `Cargo.toml`
[INFO] [stdout] 
[INFO] [stdout] 
[INFO] [stdout] error: cannot find attribute `prost` in this scope
[INFO] [stdout]   --> examples/zcash-sync.rs:54:7
[INFO] [stdout]    |
[INFO] [stdout] 54 |     #[prost(message, optional, tag = "1")]
[INFO] [stdout]    |       ^^^^^
[INFO] [stdout]    |
[INFO] [stdout]    = note: `prost` is an attribute that can be used by the derive macros `Enumeration`, `Message` and `Oneof`, you might be missing a `derive` attribute
[INFO] [stdout] 
[INFO] [stdout] 
[INFO] [stdout] error: cannot find attribute `prost` in this scope
[INFO] [stdout]   --> examples/zcash-sync.rs:56:7
[INFO] [stdout]    |
[INFO] [stdout] 56 |     #[prost(message, optional, tag = "2")]
[INFO] [stdout]    |       ^^^^^
[INFO] [stdout]    |
[INFO] [stdout]    = note: `prost` is an attribute that can be used by the derive macros `Enumeration`, `Message` and `Oneof`, you might be missing a `derive` attribute
[INFO] [stdout] 
[INFO] [stdout] 
[INFO] [stdout] error: cannot find attribute `prost` in this scope
[INFO] [stdout]   --> examples/zcash-sync.rs:65:7
[INFO] [stdout]    |
[INFO] [stdout] 65 |     #[prost(uint64, tag = "2")]
[INFO] [stdout]    |       ^^^^^
[INFO] [stdout]    |
[INFO] [stdout]    = note: `prost` is an attribute that can be used by the derive macros `Enumeration`, `Message` and `Oneof`, you might be missing a `derive` attribute
[INFO] [stdout] 
[INFO] [stdout] 
[INFO] [stdout] error[E0433]: cannot find module or crate `tracing_subscriber` in this scope
[INFO] [stdout]   --> examples/common/mod.rs:59:17
[INFO] [stdout]    |
[INFO] [stdout] 59 |                 tracing_subscriber::EnvFilter::new(format!(
[INFO] [stdout]    |                 ^^^^^^^^^^^^^^^^^^ use of unresolved module or unlinked crate `tracing_subscriber`
[INFO] [stdout]    |
[INFO] [stdout]    = help: if you wanted to use a crate named `tracing_subscriber`, use `cargo add tracing_subscriber` to add it to your `Cargo.toml`
[INFO] [stdout] 
[INFO] [stdout] 
[INFO] [stdout] error[E0433]: cannot find module or crate `tracing_subscriber` in this scope
[INFO] [stdout]   --> examples/smoldvpn-config.rs:75:13
[INFO] [stdout]    |
[INFO] [stdout] 75 |             tracing_subscriber::EnvFilter::try_from_default_env().unwrap_or_else(|_| {
[INFO] [stdout]    |             ^^^^^^^^^^^^^^^^^^ use of unresolved module or unlinked crate `tracing_subscriber`
[INFO] [stdout]    |
[INFO] [stdout]    = help: if you wanted to use a crate named `tracing_subscriber`, use `cargo add tracing_subscriber` to add it to your `Cargo.toml`
[INFO] [stdout] 
[INFO] [stdout] 
[INFO] [stdout] error[E0433]: cannot find module or crate `bip39` in this scope
[INFO] [stdout]   --> tests/live_bringup.rs:44:25
[INFO] [stdout]    |
[INFO] [stdout] 44 | fn mnemonic() -> Option<bip39::Mnemonic> {
[INFO] [stdout]    |                         ^^^^^ use of unresolved module or unlinked crate `bip39`
[INFO] [stdout]    |
[INFO] [stdout]    = help: if you wanted to use a crate named `bip39`, use `cargo add bip39` to add it to your `Cargo.toml`
[INFO] [stdout] 
[INFO] [stdout] 
[INFO] [stdout] Some errors have detailed explanations: E0432, E0433.
[INFO] [stdout] 
[INFO] [stdout] For more information about an error, try `rustc --explain E0432`.
[INFO] [stdout] 
[INFO] [stdout] error[E0433]: cannot find module or crate `tracing_subscriber` in this scope
[INFO] [stdout]   --> examples/smoldvpn-config.rs:78:17
[INFO] [stdout]    |
[INFO] [stdout] 78 |                 tracing_subscriber::EnvFilter::new(format!(
[INFO] [stdout]    |                 ^^^^^^^^^^^^^^^^^^ use of unresolved module or unlinked crate `tracing_subscriber`
[INFO] [stdout]    |
[INFO] [stdout]    = help: if you wanted to use a crate named `tracing_subscriber`, use `cargo add tracing_subscriber` to add it to your `Cargo.toml`
[INFO] [stdout] 
[INFO] [stdout] 
[INFO] [stderr] error: could not compile `nym-smoldvpn` (test "live_bringup") due to 3 previous errors
[INFO] [stdout] error[E0433]: cannot find module or crate `tracing_subscriber` in this scope
[INFO] [stdout]   --> examples/common/mod.rs:55:13
[INFO] [stdout]    |
[INFO] [stdout] 55 |             tracing_subscriber::EnvFilter::try_from_default_env().unwrap_or_else(|_| {
[INFO] [stdout]    |             ^^^^^^^^^^^^^^^^^^ use of unresolved module or unlinked crate `tracing_subscriber`
[INFO] [stdout]    |
[INFO] [stdout]    = help: if you wanted to use a crate named `tracing_subscriber`, use `cargo add tracing_subscriber` to add it to your `Cargo.toml`
[INFO] [stdout] 
[INFO] [stdout] 
[INFO] [stdout] error[E0433]: cannot find module or crate `tracing_subscriber` in this scope
[INFO] [stdout]   --> examples/smoldvpn-topup.rs:34:13
[INFO] [stdout]    |
[INFO] [stdout] 34 |             tracing_subscriber::EnvFilter::try_from_default_env().unwrap_or_else(|_| {
[INFO] [stdout]    |             ^^^^^^^^^^^^^^^^^^ use of unresolved module or unlinked crate `tracing_subscriber`
[INFO] [stdout]    |
[INFO] [stdout]    = help: if you wanted to use a crate named `tracing_subscriber`, use `cargo add tracing_subscriber` to add it to your `Cargo.toml`
[INFO] [stdout] 
[INFO] [stdout] 
[INFO] [stdout] error[E0433]: cannot find module or crate `tracing_subscriber` in this scope
[INFO] [stdout]   --> examples/smoldvpn-grpc.rs:41:13
[INFO] [stdout]    |
[INFO] [stdout] 41 |             tracing_subscriber::EnvFilter::try_from_default_env().unwrap_or_else(|_| {
[INFO] [stdout]    |             ^^^^^^^^^^^^^^^^^^ use of unresolved module or unlinked crate `tracing_subscriber`
[INFO] [stdout]    |
[INFO] [stdout]    = help: if you wanted to use a crate named `tracing_subscriber`, use `cargo add tracing_subscriber` to add it to your `Cargo.toml`
[INFO] [stdout] 
[INFO] [stdout] 
[INFO] [stdout] error[E0433]: cannot find module or crate `tracing_subscriber` in this scope
[INFO] [stdout]   --> examples/common/mod.rs:59:17
[INFO] [stdout]    |
[INFO] [stdout] 59 |                 tracing_subscriber::EnvFilter::new(format!(
[INFO] [stdout]    |                 ^^^^^^^^^^^^^^^^^^ use of unresolved module or unlinked crate `tracing_subscriber`
[INFO] [stdout]    |
[INFO] [stdout]    = help: if you wanted to use a crate named `tracing_subscriber`, use `cargo add tracing_subscriber` to add it to your `Cargo.toml`
[INFO] [stdout] 
[INFO] [stdout] 
[INFO] [stdout] error[E0433]: cannot find module or crate `tracing_subscriber` in this scope
[INFO] [stdout]   --> examples/smoldvpn-grpc.rs:44:17
[INFO] [stdout]    |
[INFO] [stdout] 44 |                 tracing_subscriber::EnvFilter::new(format!(
[INFO] [stdout]    |                 ^^^^^^^^^^^^^^^^^^ use of unresolved module or unlinked crate `tracing_subscriber`
[INFO] [stdout]    |
[INFO] [stdout]    = help: if you wanted to use a crate named `tracing_subscriber`, use `cargo add tracing_subscriber` to add it to your `Cargo.toml`
[INFO] [stdout] 
[INFO] [stdout] 
[INFO] [stdout] error[E0433]: cannot find module or crate `tokio_rustls` in this scope
[INFO] [stdout]    --> examples/common/mod.rs:558:29
[INFO] [stdout]     |
[INFO] [stdout] 558 |     type Response = TokioIo<tokio_rustls::client::TlsStream<S>>;
[INFO] [stdout]     |                             ^^^^^^^^^^^^ use of unresolved module or unlinked crate `tokio_rustls`
[INFO] [stdout]     |
[INFO] [stdout] help: there is a crate or module with a similar name
[INFO] [stdout]     |
[INFO] [stdout] 558 -     type Response = TokioIo<tokio_rustls::client::TlsStream<S>>;
[INFO] [stdout] 558 +     type Response = TokioIo<tokio_util::client::TlsStream<S>>;
[INFO] [stdout]     |
[INFO] [stdout] 
[INFO] [stdout] 
[INFO] [stdout] error[E0433]: cannot find module or crate `tracing_subscriber` in this scope
[INFO] [stdout]   --> examples/smoldvpn-topup.rs:37:17
[INFO] [stdout]    |
[INFO] [stdout] 37 |                 tracing_subscriber::EnvFilter::new(format!(
[INFO] [stdout]    |                 ^^^^^^^^^^^^^^^^^^ use of unresolved module or unlinked crate `tracing_subscriber`
[INFO] [stdout]    |
[INFO] [stdout]    = help: if you wanted to use a crate named `tracing_subscriber`, use `cargo add tracing_subscriber` to add it to your `Cargo.toml`
[INFO] [stdout] 
[INFO] [stdout] 
[INFO] [stdout] error[E0433]: cannot find module or crate `tokio_rustls` in this scope
[INFO] [stdout]    --> examples/common/mod.rs:558:29
[INFO] [stdout]     |
[INFO] [stdout] 558 |     type Response = TokioIo<tokio_rustls::client::TlsStream<S>>;
[INFO] [stdout]     |                             ^^^^^^^^^^^^ use of unresolved module or unlinked crate `tokio_rustls`
[INFO] [stdout]     |
[INFO] [stdout] help: there is a crate or module with a similar name
[INFO] [stdout]     |
[INFO] [stdout] 558 -     type Response = TokioIo<tokio_rustls::client::TlsStream<S>>;
[INFO] [stdout] 558 +     type Response = TokioIo<tokio_util::client::TlsStream<S>>;
[INFO] [stdout]     |
[INFO] [stdout] 
[INFO] [stdout] 
[INFO] [stdout] error[E0433]: cannot find module or crate `tracing_subscriber` in this scope
[INFO] [stdout]   --> examples/smoldvpn-topup.rs:31:13
[INFO] [stdout]    |
[INFO] [stdout] 31 |     let _ = tracing_subscriber::fmt()
[INFO] [stdout]    |             ^^^^^^^^^^^^^^^^^^ use of unresolved module or unlinked crate `tracing_subscriber`
[INFO] [stdout]    |
[INFO] [stdout]    = help: if you wanted to use a crate named `tracing_subscriber`, use `cargo add tracing_subscriber` to add it to your `Cargo.toml`
[INFO] [stdout] 
[INFO] [stdout] 
[INFO] [stdout] warning: method call on a diverging inference variable
[INFO] [stdout]    --> examples/common/mod.rs:462:9
[INFO] [stdout]     |
[INFO] [stdout] 462 |     tls.write_all(req.as_bytes()).await?;
[INFO] [stdout]     |         ^^^^^^^^^
[INFO] [stdout]     |
[INFO] [stdout]     = help: consider providing a type annotation
[INFO] [stdout]     = warning: this was previously accepted by the compiler but is being phased out; it will become a hard error in a future release!
[INFO] [stdout]     = note: for more information, see issue #156047 <https://github.com/rust-lang/rust/issues/156047>
[INFO] [stdout]     = note: `#[warn(method_call_on_diverging_infer_var)]` (part of `#[warn(future_incompatible)]`) on by default
[INFO] [stdout] 
[INFO] [stdout] 
[INFO] [stdout] error[E0433]: cannot find module or crate `tracing_subscriber` in this scope
[INFO] [stdout]   --> examples/smoldvpn-grpc.rs:38:13
[INFO] [stdout]    |
[INFO] [stdout] 38 |     let _ = tracing_subscriber::fmt()
[INFO] [stdout]    |             ^^^^^^^^^^^^^^^^^^ use of unresolved module or unlinked crate `tracing_subscriber`
[INFO] [stdout]    |
[INFO] [stdout]    = help: if you wanted to use a crate named `tracing_subscriber`, use `cargo add tracing_subscriber` to add it to your `Cargo.toml`
[INFO] [stdout] 
[INFO] [stdout] 
[INFO] [stdout] Some errors have detailed explanations: E0432, E0433.
[INFO] [stdout] 
[INFO] [stdout] For more information about an error, try `rustc --explain E0432`.
[INFO] [stdout] 
[INFO] [stderr] error: could not compile `nym-smoldvpn` (example "smoldvpn-topup") due to 5 previous errors
[INFO] [stdout] error[E0433]: cannot find module or crate `tracing_subscriber` in this scope
[INFO] [stdout]   --> examples/smoldvpn-config.rs:72:13
[INFO] [stdout]    |
[INFO] [stdout] 72 |     let _ = tracing_subscriber::fmt()
[INFO] [stdout]    |             ^^^^^^^^^^^^^^^^^^ use of unresolved module or unlinked crate `tracing_subscriber`
[INFO] [stdout]    |
[INFO] [stdout]    = help: if you wanted to use a crate named `tracing_subscriber`, use `cargo add tracing_subscriber` to add it to your `Cargo.toml`
[INFO] [stdout] 
[INFO] [stdout] 
[INFO] [stdout] warning: method call on a diverging inference variable
[INFO] [stdout]    --> examples/common/mod.rs:462:9
[INFO] [stdout]     |
[INFO] [stdout] 462 |     tls.write_all(req.as_bytes()).await?;
[INFO] [stdout]     |         ^^^^^^^^^
[INFO] [stdout]     |
[INFO] [stdout]     = help: consider providing a type annotation
[INFO] [stdout]     = warning: this was previously accepted by the compiler but is being phased out; it will become a hard error in a future release!
[INFO] [stdout]     = note: for more information, see issue #156047 <https://github.com/rust-lang/rust/issues/156047>
[INFO] [stdout]     = note: `#[warn(method_call_on_diverging_infer_var)]` (part of `#[warn(future_incompatible)]`) on by default
[INFO] [stdout] 
[INFO] [stdout] 
[INFO] [stdout] Some errors have detailed explanations: E0432, E0433.
[INFO] [stdout] 
[INFO] [stdout] For more information about an error, try `rustc --explain E0432`.
[INFO] [stdout] 
[INFO] [stderr] error: could not compile `nym-smoldvpn` (example "smoldvpn-config") due to 5 previous errors
[INFO] [stdout] Some errors have detailed explanations: E0432, E0433.
[INFO] [stdout] 
[INFO] [stdout] For more information about an error, try `rustc --explain E0432`.
[INFO] [stdout] 
[INFO] [stdout] error[E0599]: the method `write_all` exists for type `!`, but its trait bounds were not satisfied
[INFO] [stdout]    --> examples/common/mod.rs:462:9
[INFO] [stdout]     |
[INFO] [stdout] 462 |     tls.write_all(req.as_bytes()).await?;
[INFO] [stdout]     |         ^^^^^^^^^ method cannot be called on `!` due to unsatisfied trait bounds
[INFO] [stdout]     |
[INFO] [stdout]     = note: the following trait bounds were not satisfied:
[INFO] [stdout]             `!: AsyncWrite`
[INFO] [stdout]             which is required by `!: AsyncWriteExt`
[INFO] [stdout] 
[INFO] [stdout] 
[INFO] [stderr] error: could not compile `nym-smoldvpn` (example "smoldvpn-grpc") due to 7 previous errors
[INFO] [stdout] error[E0599]: the method `write_all` exists for type `!`, but its trait bounds were not satisfied
[INFO] [stdout]    --> examples/common/mod.rs:462:9
[INFO] [stdout]     |
[INFO] [stdout] 462 |     tls.write_all(req.as_bytes()).await?;
[INFO] [stdout]     |         ^^^^^^^^^ method cannot be called on `!` due to unsatisfied trait bounds
[INFO] [stdout]     |
[INFO] [stdout]     = note: the following trait bounds were not satisfied:
[INFO] [stdout]             `!: AsyncWrite`
[INFO] [stdout]             which is required by `!: AsyncWriteExt`
[INFO] [stdout] 
[INFO] [stdout] 
[INFO] [stdout] error[E0599]: the method `read` exists for type `!`, but its trait bounds were not satisfied
[INFO] [stdout]    --> examples/common/mod.rs:469:19
[INFO] [stdout]     |
[INFO] [stdout] 469 |         match tls.read(&mut chunk).await {
[INFO] [stdout]     |                   ^^^^ method cannot be called on `!` due to unsatisfied trait bounds
[INFO] [stdout]     |
[INFO] [stdout]     = note: the following trait bounds were not satisfied:
[INFO] [stdout]             `!: AsyncRead`
[INFO] [stdout]             which is required by `!: AsyncReadExt`
[INFO] [stdout] 
[INFO] [stdout] 
[INFO] [stdout] warning: unreachable expression
[INFO] [stdout]    --> examples/common/mod.rs:469:24
[INFO] [stdout]     |
[INFO] [stdout] 469 |         match tls.read(&mut chunk).await {
[INFO] [stdout]     |               ---      ^^^^^^^^^^ unreachable expression
[INFO] [stdout]     |               |
[INFO] [stdout]     |               any code following this expression is unreachable
[INFO] [stdout]     |
[INFO] [stdout]     = note: `#[warn(unreachable_code)]` (part of `#[warn(unused)]`) on by default
[INFO] [stdout] 
[INFO] [stdout] 
[INFO] [stdout] error[E0433]: cannot find module or crate `tracing_subscriber` in this scope
[INFO] [stdout]   --> examples/common/mod.rs:52:13
[INFO] [stdout]    |
[INFO] [stdout] 52 |     let _ = tracing_subscriber::fmt()
[INFO] [stdout]    |             ^^^^^^^^^^^^^^^^^^ use of unresolved module or unlinked crate `tracing_subscriber`
[INFO] [stdout]    |
[INFO] [stdout]    = help: if you wanted to use a crate named `tracing_subscriber`, use `cargo add tracing_subscriber` to add it to your `Cargo.toml`
[INFO] [stdout] 
[INFO] [stdout] 
[INFO] [stdout] error[E0599]: the method `read` exists for type `!`, but its trait bounds were not satisfied
[INFO] [stdout]    --> examples/common/mod.rs:469:19
[INFO] [stdout]     |
[INFO] [stdout] 469 |         match tls.read(&mut chunk).await {
[INFO] [stdout]     |                   ^^^^ method cannot be called on `!` due to unsatisfied trait bounds
[INFO] [stdout]     |
[INFO] [stdout]     = note: the following trait bounds were not satisfied:
[INFO] [stdout]             `!: AsyncRead`
[INFO] [stdout]             which is required by `!: AsyncReadExt`
[INFO] [stdout] 
[INFO] [stdout] 
[INFO] [stdout] warning: unreachable expression
[INFO] [stdout]    --> examples/common/mod.rs:469:24
[INFO] [stdout]     |
[INFO] [stdout] 469 |         match tls.read(&mut chunk).await {
[INFO] [stdout]     |               ---      ^^^^^^^^^^ unreachable expression
[INFO] [stdout]     |               |
[INFO] [stdout]     |               any code following this expression is unreachable
[INFO] [stdout]     |
[INFO] [stdout]     = note: `#[warn(unreachable_code)]` (part of `#[warn(unused)]`) on by default
[INFO] [stdout] 
[INFO] [stdout] 
[INFO] [stdout] error[E0433]: cannot find module or crate `webpki_roots` in this scope
[INFO] [stdout]    --> examples/common/mod.rs:439:18
[INFO] [stdout]     |
[INFO] [stdout] 439 |     roots.extend(webpki_roots::TLS_SERVER_ROOTS.iter().cloned());
[INFO] [stdout]     |                  ^^^^^^^^^^^^ use of unresolved module or unlinked crate `webpki_roots`
[INFO] [stdout]     |
[INFO] [stdout]     = help: if you wanted to use a crate named `webpki_roots`, use `cargo add webpki_roots` to add it to your `Cargo.toml`
[INFO] [stdout] 
[INFO] [stdout] 
[INFO] [stdout] warning: method call on a diverging inference variable
[INFO] [stdout]   --> examples/zcash-sync.rs:98:10
[INFO] [stdout]    |
[INFO] [stdout] 98 |         .into_inner();
[INFO] [stdout]    |          ^^^^^^^^^^
[INFO] [stdout]    |
[INFO] [stdout]    = help: consider providing a type annotation
[INFO] [stdout]    = warning: this was previously accepted by the compiler but is being phased out; it will become a hard error in a future release!
[INFO] [stdout]    = note: for more information, see issue #156047 <https://github.com/rust-lang/rust/issues/156047>
[INFO] [stdout] 
[INFO] [stdout] 
[INFO] [stdout] error[E0433]: cannot find module or crate `bip39` in this scope
[INFO] [stdout]   --> examples/common/mod.rs:70:22
[INFO] [stdout]    |
[INFO] [stdout] 70 | pub fn mnemonic() -> bip39::Mnemonic {
[INFO] [stdout]    |                      ^^^^^ use of unresolved module or unlinked crate `bip39`
[INFO] [stdout]    |
[INFO] [stdout]    = help: if you wanted to use a crate named `bip39`, use `cargo add bip39` to add it to your `Cargo.toml`
[INFO] [stdout] 
[INFO] [stdout] 
[INFO] [stdout] Some errors have detailed explanations: E0432, E0433, E0599.
[INFO] [stdout] 
[INFO] [stdout] For more information about an error, try `rustc --explain E0432`.
[INFO] [stdout] 
[INFO] [stdout] error[E0599]: no method named `into_inner` found for type `!` in the current scope
[INFO] [stdout]   --> examples/zcash-sync.rs:98:10
[INFO] [stdout]    |
[INFO] [stdout] 91 |     let latest: BlockId = grpc
[INFO] [stdout] 92 |         .unary(
[INFO] [stdout] 93 |             Request::new(ChainSpec {}),
[INFO] [stdout] 94 |             PathAndQuery::from_static(GET_LATEST_BLOCK),
[INFO] [stdout] 95 |             ProstCodec::<ChainSpec, BlockId>::default(),
[INFO] [stdout] 96 |         )
[INFO] [stdout] 97 |         .await?
[INFO] [stdout] 98 |         .into_inner();
[INFO] [stdout]    |          ^^^^^^^^^^
[INFO] [stdout]    |
[INFO] [stdout] help: there is a method `into_either` with a similar name, but with different arguments
[INFO] [stdout]   --> /opt/rustwide/cargo-home/registry/src/index.crates.io-1949cf8c6b5b557f/either-1.16.0/src/into_either.rs:29:5
[INFO] [stdout]    |
[INFO] [stdout] 29 |     fn into_either(self, into_left: bool) -> Either<Self, Self> {
[INFO] [stdout]    |     ^^^^^^^^^^^^^^^^^^^^^^^^^^^^^^^^^^^^^^^^^^^^^^^^^^^^^^^^^^^
[INFO] [stdout] 
[INFO] [stdout] 
[INFO] [stdout] warning: method call on a diverging inference variable
[INFO] [stdout]    --> examples/zcash-sync.rs:122:10
[INFO] [stdout]     |
[INFO] [stdout] 122 |         .into_inner();
[INFO] [stdout]     |          ^^^^^^^^^^
[INFO] [stdout]     |
[INFO] [stdout]     = help: consider providing a type annotation
[INFO] [stdout]     = warning: this was previously accepted by the compiler but is being phased out; it will become a hard error in a future release!
[INFO] [stdout]     = note: for more information, see issue #156047 <https://github.com/rust-lang/rust/issues/156047>
[INFO] [stdout] 
[INFO] [stdout] 
[INFO] [stderr] error: could not compile `nym-smoldvpn` (example "two-hop-ip") due to 11 previous errors; 3 warnings emitted
[INFO] [stdout] error[E0599]: no method named `into_inner` found for type `!` in the current scope
[INFO] [stdout]    --> examples/zcash-sync.rs:122:10
[INFO] [stdout]     |
[INFO] [stdout] 115 |     let mut stream = grpc
[INFO] [stdout] 116 |         .server_streaming(
[INFO] [stdout] 117 |             Request::new(range),
[INFO] [stdout] 118 |             PathAndQuery::from_static(GET_BLOCK_RANGE),
[INFO] [stdout] 119 |             ProstCodec::<BlockRange, CompactBlock>::default(),
[INFO] [stdout] 120 |         )
[INFO] [stdout] 121 |         .await?
[INFO] [stdout] 122 |         .into_inner();
[INFO] [stdout]     |          ^^^^^^^^^^
[INFO] [stdout]     |
[INFO] [stdout] help: there is a method `into_either` with a similar name, but with different arguments
[INFO] [stdout]    --> /opt/rustwide/cargo-home/registry/src/index.crates.io-1949cf8c6b5b557f/either-1.16.0/src/into_either.rs:29:5
[INFO] [stdout]     |
[INFO] [stdout]  29 |     fn into_either(self, into_left: bool) -> Either<Self, Self> {
[INFO] [stdout]     |     ^^^^^^^^^^^^^^^^^^^^^^^^^^^^^^^^^^^^^^^^^^^^^^^^^^^^^^^^^^^
[INFO] [stdout] 
[INFO] [stdout] 
[INFO] [stdout] error[E0433]: cannot find module or crate `tracing_subscriber` in this scope
[INFO] [stdout]   --> examples/common/mod.rs:52:13
[INFO] [stdout]    |
[INFO] [stdout] 52 |     let _ = tracing_subscriber::fmt()
[INFO] [stdout]    |             ^^^^^^^^^^^^^^^^^^ use of unresolved module or unlinked crate `tracing_subscriber`
[INFO] [stdout]    |
[INFO] [stdout]    = help: if you wanted to use a crate named `tracing_subscriber`, use `cargo add tracing_subscriber` to add it to your `Cargo.toml`
[INFO] [stdout] 
[INFO] [stdout] 
[INFO] [stdout] error[E0433]: cannot find module or crate `webpki_roots` in this scope
[INFO] [stdout]    --> examples/common/mod.rs:439:18
[INFO] [stdout]     |
[INFO] [stdout] 439 |     roots.extend(webpki_roots::TLS_SERVER_ROOTS.iter().cloned());
[INFO] [stdout]     |                  ^^^^^^^^^^^^ use of unresolved module or unlinked crate `webpki_roots`
[INFO] [stdout]     |
[INFO] [stdout]     = help: if you wanted to use a crate named `webpki_roots`, use `cargo add webpki_roots` to add it to your `Cargo.toml`
[INFO] [stdout] 
[INFO] [stdout] 
[INFO] [stdout] error[E0433]: cannot find module or crate `bip39` in this scope
[INFO] [stdout]   --> examples/common/mod.rs:70:22
[INFO] [stdout]    |
[INFO] [stdout] 70 | pub fn mnemonic() -> bip39::Mnemonic {
[INFO] [stdout]    |                      ^^^^^ use of unresolved module or unlinked crate `bip39`
[INFO] [stdout]    |
[INFO] [stdout]    = help: if you wanted to use a crate named `bip39`, use `cargo add bip39` to add it to your `Cargo.toml`
[INFO] [stdout] 
[INFO] [stdout] 
[INFO] [stdout] Some errors have detailed explanations: E0432, E0433, E0599.
[INFO] [stdout] 
[INFO] [stdout] For more information about an error, try `rustc --explain E0432`.
[INFO] [stdout] 
[INFO] [stderr] error: could not compile `nym-smoldvpn` (example "zcash-sync") due to 26 previous errors; 7 warnings emitted
[INFO] running `Command { std: "docker" "inspect" "7b14eaf5a39524ad7a253abf721aed7bd0af0cf4ae9c020d174e77c8dd0af050", kill_on_drop: false }`
[INFO] running `Command { std: "docker" "rm" "-f" "7b14eaf5a39524ad7a253abf721aed7bd0af0cf4ae9c020d174e77c8dd0af050", kill_on_drop: false }`
[INFO] [stdout] 7b14eaf5a39524ad7a253abf721aed7bd0af0cf4ae9c020d174e77c8dd0af050
