[INFO] fetching crate nym-geolocator-requests 1.21.6...
[INFO] checking nym-geolocator-requests-1.21.6 against 3154cc1a3e6424e44f438a95007d043ed5ceaaf6 for pr-133502-30
[INFO] extracting crate nym-geolocator-requests 1.21.6 into /workspace/builds/worker-1-tc2/source
[INFO] started tweaking crates.io crate nym-geolocator-requests 1.21.6
[INFO] finished tweaking crates.io crate nym-geolocator-requests 1.21.6
[INFO] tweaked toml for crates.io crate nym-geolocator-requests 1.21.6 written to /workspace/builds/worker-1-tc2/source/Cargo.toml
[INFO] validating manifest of crates.io crate nym-geolocator-requests 1.21.6 on toolchain 3154cc1a3e6424e44f438a95007d043ed5ceaaf6
[INFO] running `Command { std: CARGO_HOME="/workspace/cargo-home" RUSTUP_HOME="/workspace/rustup-home" "/workspace/cargo-home/bin/cargo" "+3154cc1a3e6424e44f438a95007d043ed5ceaaf6" "metadata" "--manifest-path" "Cargo.toml" "--no-deps", kill_on_drop: false }`
[INFO] crate crates.io crate nym-geolocator-requests 1.21.6 already has a lockfile, it will not be regenerated
[INFO] running `Command { std: CARGO_HOME="/workspace/cargo-home" RUSTUP_HOME="/workspace/rustup-home" "/workspace/cargo-home/bin/cargo" "+3154cc1a3e6424e44f438a95007d043ed5ceaaf6" "fetch" "--manifest-path" "Cargo.toml", kill_on_drop: false }`
[INFO] [stderr] warning: `package.homepage` is redundant with `package.documentation`
[INFO] [stderr]   --> Cargo.toml:70:12
[INFO] [stderr]    |
[INFO] [stderr] 68 | documentation = "https://nymtech.net"
[INFO] [stderr]    |                 ---------------------
[INFO] [stderr] 69 | edition = "2024"
[INFO] [stderr] 70 | homepage = "https://nymtech.net"
[INFO] [stderr]    |            ^^^^^^^^^^^^^^^^^^^^^
[INFO] [stderr]    |
[INFO] [stderr]    = note: `cargo::redundant_homepage` is set to `warn` by default
[INFO] [stderr] help: consider removing `package.homepage`
[INFO] [stderr] warning: `nym-geolocator-requests` (manifest) generated 1 warning
[INFO] running `Command { std: "docker" "create" "-v" "/var/lib/crater-agent-workspace/builds/worker-1-tc2/source:/opt/rustwide/workdir:ro,Z" "-v" "/var/lib/crater-agent-workspace/builds/worker-1-tc2/target:/opt/rustwide/target:rw,Z" "-v" "/var/lib/crater-agent-workspace/cargo-home:/opt/rustwide/cargo-home:ro,Z" "-v" "/var/lib/crater-agent-workspace/rustup-home:/opt/rustwide/rustup-home:ro,Z" "-m" "1610612736" "--network" "none" "ghcr.io/rust-lang/crates-build-env/linux@sha256:77db811e55d90add9212f6832c23229e3de5f1c1f9905e8cb07319ea15df73ac" "sleep" "infinity", kill_on_drop: false }`
[INFO] [stdout] 7b25232bda0a3d6030443238514a0a967a375d03ac877f697581fee0ae1488bd
[INFO] running `Command { std: "docker" "start" "7b25232bda0a3d6030443238514a0a967a375d03ac877f697581fee0ae1488bd", kill_on_drop: false }`
[INFO] running `Command { std: "docker" "inspect" "7b25232bda0a3d6030443238514a0a967a375d03ac877f697581fee0ae1488bd", kill_on_drop: false }`
[INFO] running `Command { std: "docker" "exec" "-e" "SOURCE_DIR=/opt/rustwide/workdir" "-e" "CARGO_HOME=/opt/rustwide/cargo-home" "-e" "RUSTUP_HOME=/opt/rustwide/rustup-home" "-e" "CARGO_TARGET_DIR=/opt/rustwide/target" "-w" "/opt/rustwide/workdir" "--user" "0:0" "7b25232bda0a3d6030443238514a0a967a375d03ac877f697581fee0ae1488bd" "/opt/rustwide/cargo-home/bin/cargo" "+3154cc1a3e6424e44f438a95007d043ed5ceaaf6" "metadata" "--no-deps" "--format-version=1", kill_on_drop: false }`
[INFO] running `Command { std: "docker" "inspect" "7b25232bda0a3d6030443238514a0a967a375d03ac877f697581fee0ae1488bd", kill_on_drop: false }`
[INFO] running `Command { std: "docker" "exec" "-e" "SOURCE_DIR=/opt/rustwide/workdir" "-e" "CARGO_HOME=/opt/rustwide/cargo-home" "-e" "RUSTUP_HOME=/opt/rustwide/rustup-home" "-e" "CARGO_TARGET_DIR=/opt/rustwide/target" "-e" "CARGO_INCREMENTAL=0" "-e" "RUST_BACKTRACE=full" "-e" "RUSTFLAGS=--cap-lints=forbid" "-e" "RUSTDOCFLAGS=--cap-lints=forbid" "-w" "/opt/rustwide/workdir" "--user" "0:0" "7b25232bda0a3d6030443238514a0a967a375d03ac877f697581fee0ae1488bd" "/opt/rustwide/cargo-home/bin/cargo" "+3154cc1a3e6424e44f438a95007d043ed5ceaaf6" "check" "--frozen" "--all" "--all-targets" "--message-format=json", kill_on_drop: false }`
[INFO] [stderr] warning: `package.homepage` is redundant with `package.documentation`
[INFO] [stderr]   --> Cargo.toml:70:12
[INFO] [stderr]    |
[INFO] [stderr] 68 | documentation = "https://nymtech.net"
[INFO] [stderr]    |                 ---------------------
[INFO] [stderr] 69 | edition = "2024"
[INFO] [stderr] 70 | homepage = "https://nymtech.net"
[INFO] [stderr]    |            ^^^^^^^^^^^^^^^^^^^^^
[INFO] [stderr]    |
[INFO] [stderr]    = note: `cargo::redundant_homepage` is set to `warn` by default
[INFO] [stderr] help: consider removing `package.homepage`
[INFO] [stderr] warning: `nym-geolocator-requests` (manifest) generated 1 warning
[INFO] [stderr]    Compiling proc-macro2 v1.0.107
[INFO] [stderr]    Compiling quote v1.0.47
[INFO] [stderr]    Compiling unicode-ident v1.0.24
[INFO] [stderr]    Compiling version_check v0.9.5
[INFO] [stderr]     Checking cfg-if v1.0.4
[INFO] [stderr]     Checking typenum v1.20.1
[INFO] [stderr]    Compiling libc v0.2.186
[INFO] [stderr]     Checking subtle v2.6.1
[INFO] [stderr]    Compiling autocfg v1.5.1
[INFO] [stderr]     Checking const-oid v0.9.6
[INFO] [stderr]    Compiling serde_core v1.0.229
[INFO] [stderr]    Compiling generic-array v0.14.7
[INFO] [stderr]    Compiling zerocopy v0.8.50
[INFO] [stderr]    Compiling serde v1.0.229
[INFO] [stderr]    Compiling num-traits v0.2.19
[INFO] [stderr]     Checking once_cell v1.21.4
[INFO] [stderr]    Compiling crossbeam-utils v0.8.21
[INFO] [stderr]    Compiling syn v1.0.109
[INFO] [stderr]    Compiling zmij v1.0.21
[INFO] [stderr]    Compiling syn v2.0.117
[INFO] [stderr]    Compiling syn v3.0.3
[INFO] [stderr]     Checking getrandom v0.2.17
[INFO] [stderr]     Checking rand_core v0.6.4
[INFO] [stderr]     Checking crossbeam-epoch v0.9.18
[INFO] [stderr]    Compiling rayon-core v1.13.0
[INFO] [stderr]     Checking crossbeam-deque v0.8.6
[INFO] [stderr]    Compiling ahash v0.8.12
[INFO] [stderr]     Checking either v1.16.0
[INFO] [stderr]     Checking cpufeatures v0.2.17
[INFO] [stderr]    Compiling thiserror v1.0.69
[INFO] [stderr]     Checking rayon v1.12.0
[INFO] [stderr]     Checking num-integer v0.1.46
[INFO] [stderr]     Checking ff v0.13.1
[INFO] [stderr]     Checking base16ct v0.2.0
[INFO] [stderr]    Compiling paste v1.0.15
[INFO] [stderr]    Compiling num-bigint v0.4.6
[INFO] [stderr]    Compiling semver v1.0.28
[INFO] [stderr]     Checking group v0.13.0
[INFO] [stderr]    Compiling rustc_version v0.4.1
[INFO] [stderr]    Compiling serde_derive v1.0.229
[INFO] [stderr]    Compiling curve25519-dalek v4.1.3
[INFO] [stderr]     Checking itertools v0.10.5
[INFO] [stderr]    Compiling serde_json v1.0.151
[INFO] [stderr]    Compiling indexmap v1.9.3
[INFO] [stderr]    Compiling memchr v2.8.1
[INFO] [stderr]     Checking itoa v1.0.18
[INFO] [stderr]    Compiling serde_derive_internals v0.29.1
[INFO] [stderr]     Checking ppv-lite86 v0.2.21
[INFO] [stderr]     Checking hashbrown v0.13.2
[INFO] [stderr]     Checking rand_chacha v0.3.1
[INFO] [stderr]    Compiling rustversion v1.0.22
[INFO] [stderr]     Checking rand v0.8.6
[INFO] [stderr]     Checking allocator-api2 v0.2.21
[INFO] [stderr]    Compiling schemars v0.8.22
[INFO] [stderr]     Checking hashbrown v0.12.3
[INFO] [stderr]     Checking dyn-clone v1.0.20
[INFO] [stderr]     Checking hashbrown v0.14.5
[INFO] [stderr]     Checking hex v0.4.3
[INFO] [stderr]     Checking ark-std v0.4.0
[INFO] [stderr]    Compiling camino v1.2.2
[INFO] [stderr]    Compiling unicode-xid v0.2.6
[INFO] [stderr]    Compiling aho-corasick v1.1.4
[INFO] [stderr]     Checking rmp v0.8.15
[INFO] [stderr]    Compiling zeroize_derive v1.5.0
[INFO] [stderr]    Compiling thiserror-impl v1.0.69
[INFO] [stderr]    Compiling ark-serialize-derive v0.4.2
[INFO] [stderr]    Compiling curve25519-dalek-derive v0.1.1
[INFO] [stderr]    Compiling ark-ff-macros v0.4.2
[INFO] [stderr]    Compiling ark-ff-asm v0.4.2
[INFO] [stderr]     Checking zeroize v1.9.0
[INFO] [stderr]    Compiling derivative v2.2.0
[INFO] [stderr]     Checking der v0.7.10
[INFO] [stderr]    Compiling schemars_derive v0.8.22
[INFO] [stderr]     Checking block-buffer v0.10.4
[INFO] [stderr]     Checking crypto-common v0.1.7
[INFO] [stderr]     Checking digest v0.10.7
[INFO] [stderr]     Checking crypto-bigint v0.5.5
[INFO] [stderr]    Compiling derive_more-impl v1.0.0
[INFO] [stderr]     Checking signature v2.2.0
[INFO] [stderr]     Checking sha2 v0.10.9
[INFO] [stderr]     Checking sec1 v0.7.3
[INFO] [stderr]     Checking hmac v0.12.1
[INFO] [stderr]     Checking ark-serialize v0.4.2
[INFO] [stderr]     Checking rfc6979 v0.4.0
[INFO] [stderr]     Checking ed25519 v2.2.3
[INFO] [stderr]    Compiling anyhow v1.0.104
[INFO] [stderr]     Checking base64 v0.22.1
[INFO] [stderr]     Checking cosmwasm-core v2.3.3
[INFO] [stderr]    Compiling regex-syntax v0.8.10
[INFO] [stderr]    Compiling cargo-platform v0.1.9
[INFO] [stderr]     Checking serde-json-wasm v1.0.1
[INFO] [stderr]     Checking ark-ff v0.4.2
[INFO] [stderr]     Checking rmp-serde v1.3.1
[INFO] [stderr]     Checking elliptic-curve v0.13.8
[INFO] [stderr]     Checking derive_more v1.0.0
[INFO] [stderr]    Compiling vergen v8.3.1
[INFO] [stderr]    Compiling cosmwasm-derive v2.3.3
[INFO] [stderr]     Checking ed25519-zebra v4.0.3
[INFO] [stderr]     Checking ecdsa v0.16.9
[INFO] [stderr]     Checking primeorder v0.13.6
[INFO] [stderr]    Compiling time-core v0.1.9
[INFO] [stderr]    Compiling num_threads v0.1.7
[INFO] [stderr]     Checking bnum v0.11.0
[INFO] [stderr]     Checking k256 v0.13.4
[INFO] [stderr]     Checking static_assertions v1.1.0
[INFO] [stderr]     Checking p256 v0.13.2
[INFO] [stderr]    Compiling deranged v0.5.8
[INFO] [stderr]    Compiling powerfmt v0.2.0
[INFO] [stderr]    Compiling num-conv v0.2.2
[INFO] [stderr]     Checking bech32 v0.11.1
[INFO] [stderr]    Compiling cargo_metadata v0.18.1
[INFO] [stderr]    Compiling cosmwasm-schema-derive v2.2.2
[INFO] [stderr]    Compiling thiserror v2.0.19
[INFO] [stderr]    Compiling regex-automata v0.4.14
[INFO] [stderr]    Compiling thiserror-impl v2.0.19
[INFO] [stderr]     Checking cosmwasm-schema v2.2.2
[INFO] [stderr]    Compiling time v0.3.54
[INFO] [stderr]     Checking bs58 v0.5.1
[INFO] [stderr]    Compiling tracing-attributes v0.1.31
[INFO] [stderr]     Checking tracing-core v0.1.36
[INFO] [stderr]     Checking base64 v0.13.1
[INFO] [stderr]     Checking equivalent v1.0.2
[INFO] [stderr]     Checking humantime v2.3.0
[INFO] [stderr]     Checking pin-project-lite v0.2.17
[INFO] [stderr]     Checking hashbrown v0.17.1
[INFO] [stderr]     Checking humantime-serde v1.1.1
[INFO] [stderr]     Checking tracing v0.1.44
[INFO] [stderr]    Compiling utoipa-gen v5.5.0
[INFO] [stderr]    Compiling serde_repr v0.1.21
[INFO] [stderr]    Compiling regex v1.12.3
[INFO] [stderr]     Checking indexmap v2.14.0
[INFO] [stderr]     Checking pem v0.8.3
[INFO] [stderr]     Checking nym-pemstore v1.21.6
[INFO] [stderr]     Checking x25519-dalek v2.0.1
[INFO] [stderr]     Checking ed25519-dalek v2.2.0
[INFO] [stderr]     Checking subtle-encoding v0.5.1
[INFO] [stderr]     Checking ark-poly v0.4.2
[INFO] [stderr]     Checking serde_bytes v0.11.19
[INFO] [stderr]     Checking nym-crypto v1.21.6
[INFO] [stderr]    Compiling nym-contracts-common v1.21.6
[INFO] [stderr]     Checking ark-ec v0.4.2
[INFO] [stderr]     Checking ark-bls12-381 v0.4.0
[INFO] [stderr]     Checking cosmwasm-crypto v2.3.3
[INFO] [stderr]     Checking cosmwasm-std v2.2.2
[INFO] [stderr]     Checking utoipa v5.5.0
[INFO] [stderr]     Checking cw-storage-plus v2.0.0
[INFO] [stderr]     Checking cw-utils v2.0.0
[INFO] [stderr]     Checking cw-controllers v2.0.0
[INFO] [stderr]     Checking nym-mixnet-contract-common v1.21.6
[INFO] [stderr]     Checking nym-geolocation-contract-common v1.21.6
[INFO] [stderr]     Checking nym-geolocator-requests v1.21.6 (/opt/rustwide/workdir)
[INFO] [stdout] error[E0433]: cannot find module or crate `nym_test_utils` in this scope
[INFO] [stdout]    --> src/models.rs:141:9
[INFO] [stdout]     |
[INFO] [stdout] 141 |     use nym_test_utils::helpers::deterministic_rng;
[INFO] [stdout]     |         ^^^^^^^^^^^^^^ use of unresolved module or unlinked crate `nym_test_utils`
[INFO] [stdout]     |
[INFO] [stdout]     = help: if you wanted to use a crate named `nym_test_utils`, use `cargo add nym_test_utils` to add it to your `Cargo.toml`
[INFO] [stdout] 
[INFO] [stdout] 
[INFO] [stdout] error[E0433]: cannot find module or crate `serde_json` in this scope
[INFO] [stdout]    --> src/models.rs:191:23
[INFO] [stdout]     |
[INFO] [stdout] 191 |         let encoded = serde_json::to_string(&request).unwrap();
[INFO] [stdout]     |                       ^^^^^^^^^^ use of unresolved module or unlinked crate `serde_json`
[INFO] [stdout]     |
[INFO] [stdout]     = help: if you wanted to use a crate named `serde_json`, use `cargo add serde_json` to add it to your `Cargo.toml`
[INFO] [stdout] 
[INFO] [stdout] 
[INFO] [stdout] error[E0433]: cannot find module or crate `serde_json` in this scope
[INFO] [stdout]    --> src/models.rs:192:43
[INFO] [stdout]     |
[INFO] [stdout] 192 |         let decoded: SignedCheckRequest = serde_json::from_str(&encoded).unwrap();
[INFO] [stdout]     |                                           ^^^^^^^^^^ use of unresolved module or unlinked crate `serde_json`
[INFO] [stdout]     |
[INFO] [stdout]     = help: if you wanted to use a crate named `serde_json`, use `cargo add serde_json` to add it to your `Cargo.toml`
[INFO] [stdout] 
[INFO] [stdout] 
[INFO] [stdout] error[E0599]: no associated function or constant named `new` found for struct `nym_crypto::asymmetric::ed25519::KeyPair` in the current scope
[INFO] [stdout]    --> src/models.rs:146:31
[INFO] [stdout]     |
[INFO] [stdout] 146 |             ed25519::KeyPair::new(&mut rng),
[INFO] [stdout]     |                               ^^^ associated function or constant not found in `nym_crypto::asymmetric::ed25519::KeyPair`
[INFO] [stdout]     |
[INFO] [stdout] note: if you're trying to build a new `nym_crypto::asymmetric::ed25519::KeyPair` consider using one of the following associated functions:
[INFO] [stdout]       nym_crypto::asymmetric::ed25519::KeyPair::from_secret
[INFO] [stdout]       nym_crypto::asymmetric::ed25519::KeyPair::from_bytes
[INFO] [stdout]    --> /opt/rustwide/cargo-home/registry/src/index.crates.io-1949cf8c6b5b557f/nym-crypto-1.21.6/src/asymmetric/ed25519/mod.rs:89:5
[INFO] [stdout]     |
[INFO] [stdout]  89 |     pub fn from_secret(secret: ed25519_dalek::SecretKey, index: u32) -> Self {
[INFO] [stdout]     |     ^^^^^^^^^^^^^^^^^^^^^^^^^^^^^^^^^^^^^^^^^^^^^^^^^^^^^^^^^^^^^^^^^^^^^^^^
[INFO] [stdout] ...
[INFO] [stdout] 107 |     pub fn from_bytes(priv_bytes: &[u8], pub_bytes: &[u8]) -> Result<Self, Ed25519RecoveryError> {
[INFO] [stdout]     |     ^^^^^^^^^^^^^^^^^^^^^^^^^^^^^^^^^^^^^^^^^^^^^^^^^^^^^^^^^^^^^^^^^^^^^^^^^^^^^^^^^^^^^^^^^^^^
[INFO] [stdout] 
[INFO] [stdout] 
[INFO] [stdout] error[E0599]: no associated function or constant named `new` found for struct `nym_crypto::asymmetric::ed25519::KeyPair` in the current scope
[INFO] [stdout]    --> src/models.rs:147:31
[INFO] [stdout]     |
[INFO] [stdout] 147 |             ed25519::KeyPair::new(&mut rng),
[INFO] [stdout]     |                               ^^^ associated function or constant not found in `nym_crypto::asymmetric::ed25519::KeyPair`
[INFO] [stdout]     |
[INFO] [stdout] note: if you're trying to build a new `nym_crypto::asymmetric::ed25519::KeyPair` consider using one of the following associated functions:
[INFO] [stdout]       nym_crypto::asymmetric::ed25519::KeyPair::from_secret
[INFO] [stdout]       nym_crypto::asymmetric::ed25519::KeyPair::from_bytes
[INFO] [stdout]    --> /opt/rustwide/cargo-home/registry/src/index.crates.io-1949cf8c6b5b557f/nym-crypto-1.21.6/src/asymmetric/ed25519/mod.rs:89:5
[INFO] [stdout]     |
[INFO] [stdout]  89 |     pub fn from_secret(secret: ed25519_dalek::SecretKey, index: u32) -> Self {
[INFO] [stdout]     |     ^^^^^^^^^^^^^^^^^^^^^^^^^^^^^^^^^^^^^^^^^^^^^^^^^^^^^^^^^^^^^^^^^^^^^^^^
[INFO] [stdout] ...
[INFO] [stdout] 107 |     pub fn from_bytes(priv_bytes: &[u8], pub_bytes: &[u8]) -> Result<Self, Ed25519RecoveryError> {
[INFO] [stdout]     |     ^^^^^^^^^^^^^^^^^^^^^^^^^^^^^^^^^^^^^^^^^^^^^^^^^^^^^^^^^^^^^^^^^^^^^^^^^^^^^^^^^^^^^^^^^^^^
[INFO] [stdout] 
[INFO] [stdout] 
[INFO] [stdout] Some errors have detailed explanations: E0433, E0599.
[INFO] [stdout] 
[INFO] [stdout] For more information about an error, try `rustc --explain E0433`.
[INFO] [stdout] 
[INFO] [stderr] error: could not compile `nym-geolocator-requests` (lib test) due to 5 previous errors
[INFO] running `Command { std: "docker" "inspect" "7b25232bda0a3d6030443238514a0a967a375d03ac877f697581fee0ae1488bd", kill_on_drop: false }`
[INFO] running `Command { std: "docker" "rm" "-f" "7b25232bda0a3d6030443238514a0a967a375d03ac877f697581fee0ae1488bd", kill_on_drop: false }`
[INFO] [stdout] 7b25232bda0a3d6030443238514a0a967a375d03ac877f697581fee0ae1488bd
