[INFO] fetching crate nxtrtc 0.1.1...
[INFO] checking nxtrtc-0.1.1 against 3154cc1a3e6424e44f438a95007d043ed5ceaaf6 for pr-133502-30
[INFO] extracting crate nxtrtc 0.1.1 into /workspace/builds/worker-2-tc2/source
[INFO] started tweaking crates.io crate nxtrtc 0.1.1
[INFO] removed 0 missing examples
[INFO] removed 0 missing tests
[INFO] finished tweaking crates.io crate nxtrtc 0.1.1
[INFO] tweaked toml for crates.io crate nxtrtc 0.1.1 written to /workspace/builds/worker-2-tc2/source/Cargo.toml
[INFO] validating manifest of crates.io crate nxtrtc 0.1.1 on toolchain 3154cc1a3e6424e44f438a95007d043ed5ceaaf6
[INFO] running `Command { std: CARGO_HOME="/workspace/cargo-home" RUSTUP_HOME="/workspace/rustup-home" "/workspace/cargo-home/bin/cargo" "+3154cc1a3e6424e44f438a95007d043ed5ceaaf6" "metadata" "--manifest-path" "Cargo.toml" "--no-deps", kill_on_drop: false }`
[INFO] crate crates.io crate nxtrtc 0.1.1 already has a lockfile, it will not be regenerated
[INFO] running `Command { std: CARGO_HOME="/workspace/cargo-home" RUSTUP_HOME="/workspace/rustup-home" "/workspace/cargo-home/bin/cargo" "+3154cc1a3e6424e44f438a95007d043ed5ceaaf6" "fetch" "--manifest-path" "Cargo.toml", kill_on_drop: false }`
[INFO] running `Command { std: "docker" "create" "-v" "/var/lib/crater-agent-workspace/builds/worker-2-tc2/source:/opt/rustwide/workdir:ro,Z" "-v" "/var/lib/crater-agent-workspace/builds/worker-2-tc2/target:/opt/rustwide/target:rw,Z" "-v" "/var/lib/crater-agent-workspace/cargo-home:/opt/rustwide/cargo-home:ro,Z" "-v" "/var/lib/crater-agent-workspace/rustup-home:/opt/rustwide/rustup-home:ro,Z" "-m" "1610612736" "--network" "none" "ghcr.io/rust-lang/crates-build-env/linux@sha256:77db811e55d90add9212f6832c23229e3de5f1c1f9905e8cb07319ea15df73ac" "sleep" "infinity", kill_on_drop: false }`
[INFO] [stdout] 3fecb3cba69475195095ffba142bd31d0c4f182e4eb9c7f025e5f42a268490ce
[INFO] running `Command { std: "docker" "start" "3fecb3cba69475195095ffba142bd31d0c4f182e4eb9c7f025e5f42a268490ce", kill_on_drop: false }`
[INFO] running `Command { std: "docker" "inspect" "3fecb3cba69475195095ffba142bd31d0c4f182e4eb9c7f025e5f42a268490ce", kill_on_drop: false }`
[INFO] running `Command { std: "docker" "exec" "-e" "SOURCE_DIR=/opt/rustwide/workdir" "-e" "CARGO_HOME=/opt/rustwide/cargo-home" "-e" "RUSTUP_HOME=/opt/rustwide/rustup-home" "-e" "CARGO_TARGET_DIR=/opt/rustwide/target" "-w" "/opt/rustwide/workdir" "--user" "0:0" "3fecb3cba69475195095ffba142bd31d0c4f182e4eb9c7f025e5f42a268490ce" "/opt/rustwide/cargo-home/bin/cargo" "+3154cc1a3e6424e44f438a95007d043ed5ceaaf6" "metadata" "--no-deps" "--format-version=1", kill_on_drop: false }`
[INFO] running `Command { std: "docker" "inspect" "3fecb3cba69475195095ffba142bd31d0c4f182e4eb9c7f025e5f42a268490ce", kill_on_drop: false }`
[INFO] running `Command { std: "docker" "exec" "-e" "SOURCE_DIR=/opt/rustwide/workdir" "-e" "CARGO_HOME=/opt/rustwide/cargo-home" "-e" "RUSTUP_HOME=/opt/rustwide/rustup-home" "-e" "CARGO_TARGET_DIR=/opt/rustwide/target" "-e" "CARGO_INCREMENTAL=0" "-e" "RUST_BACKTRACE=full" "-e" "RUSTFLAGS=--cap-lints=forbid" "-e" "RUSTDOCFLAGS=--cap-lints=forbid" "-w" "/opt/rustwide/workdir" "--user" "0:0" "3fecb3cba69475195095ffba142bd31d0c4f182e4eb9c7f025e5f42a268490ce" "/opt/rustwide/cargo-home/bin/cargo" "+3154cc1a3e6424e44f438a95007d043ed5ceaaf6" "check" "--frozen" "--all" "--all-targets" "--message-format=json", kill_on_drop: false }`
[INFO] [stderr]    Compiling libc v0.2.189
[INFO] [stderr]     Checking subtle v2.6.1
[INFO] [stderr]     Checking smallvec v1.15.2
[INFO] [stderr]     Checking log v0.4.33
[INFO] [stderr]     Checking bytes v1.12.1
[INFO] [stderr]    Compiling find-msvc-tools v0.1.9
[INFO] [stderr]     Checking futures-core v0.3.33
[INFO] [stderr]    Compiling zerocopy v0.8.55
[INFO] [stderr]     Checking futures-sink v0.3.33
[INFO] [stderr]    Compiling syn v3.0.3
[INFO] [stderr]     Checking stable_deref_trait v1.2.1
[INFO] [stderr]     Checking slab v0.4.12
[INFO] [stderr]     Checking ipnet v2.12.0
[INFO] [stderr]    Compiling zeroize_derive v1.5.0
[INFO] [stderr]    Compiling synstructure v0.13.2
[INFO] [stderr]    Compiling thiserror-impl v1.0.69
[INFO] [stderr]    Compiling zerovec-derive v0.11.3
[INFO] [stderr]    Compiling memoffset v0.7.1
[INFO] [stderr]     Checking futures-channel v0.3.33
[INFO] [stderr]    Compiling time-core v0.1.9
[INFO] [stderr]    Compiling portable-atomic v1.14.0
[INFO] [stderr]    Compiling num-conv v0.2.2
[INFO] [stderr]    Compiling futures-macro v0.3.33
[INFO] [stderr]     Checking futures-task v0.3.33
[INFO] [stderr]     Checking deranged v0.5.8
[INFO] [stderr]    Compiling time-macros v0.2.32
[INFO] [stderr]     Checking futures-io v0.3.33
[INFO] [stderr]     Checking bitflags v1.3.2
[INFO] [stderr]    Compiling serde_core v1.0.229
[INFO] [stderr]     Checking pin-utils v0.1.0
[INFO] [stderr]     Checking litemap v0.8.2
[INFO] [stderr]     Checking writeable v0.6.3
[INFO] [stderr]    Compiling pkg-config v0.3.33
[INFO] [stderr]     Checking nom v7.1.3
[INFO] [stderr]    Compiling zerofrom-derive v0.1.7
[INFO] [stderr]    Compiling yoke-derive v0.8.2
[INFO] [stderr]     Checking zeroize v1.9.0
[INFO] [stderr]     Checking generic-array v0.14.7
[INFO] [stderr]     Checking futures-util v0.3.33
[INFO] [stderr]    Compiling icu_properties_data v2.2.0
[INFO] [stderr]    Compiling icu_normalizer_data v2.2.0
[INFO] [stderr]    Compiling jobserver v0.1.35
[INFO] [stderr]     Checking percent-encoding v2.3.2
[INFO] [stderr]     Checking pem-rfc7468 v0.7.0
[INFO] [stderr]     Checking rustls-pki-types v1.15.1
[INFO] [stderr]     Checking thiserror v1.0.69
[INFO] [stderr]    Compiling tracing-attributes v0.1.31
[INFO] [stderr]    Compiling cc v1.4.0
[INFO] [stderr]    Compiling asn1-rs-impl v0.2.0
[INFO] [stderr]     Checking hybrid-array v0.4.14
[INFO] [stderr]     Checking block-buffer v0.10.4
[INFO] [stderr]     Checking block-padding v0.3.3
[INFO] [stderr]     Checking inout v0.1.4
[INFO] [stderr]    Compiling serde v1.0.229
[INFO] [stderr]     Checking der v0.7.10
[INFO] [stderr]     Checking http v1.5.0
[INFO] [stderr]    Compiling aws-lc-rs v1.17.3
[INFO] [stderr]     Checking form_urlencoded v1.2.2
[INFO] [stderr]     Checking num-integer v0.1.46
[INFO] [stderr]     Checking base16ct v0.2.0
[INFO] [stderr]    Compiling rustls v0.23.43
[INFO] [stderr]     Checking zerofrom v0.1.8
[INFO] [stderr]    Compiling asn1-rs-derive v0.5.1
[INFO] [stderr]     Checking yoke v0.8.3
[INFO] [stderr]     Checking time v0.3.55
[INFO] [stderr]    Compiling ptr_meta_derive v0.3.1
[INFO] [stderr]     Checking num-bigint v0.4.8
[INFO] [stderr]     Checking zerovec v0.11.6
[INFO] [stderr]     Checking aho-corasick v1.1.4
[INFO] [stderr]     Checking getrandom v0.2.17
[INFO] [stderr]     Checking parking_lot_core v0.9.12
[INFO] [stderr]     Checking rand_core v0.6.4
[INFO] [stderr]     Checking errno v0.3.14
[INFO] [stderr]     Checking mio v1.2.2
[INFO] [stderr]     Checking crypto-common v0.1.7
[INFO] [stderr]     Checking signal-hook-registry v1.4.8
[INFO] [stderr]     Checking parking_lot v0.12.5
[INFO] [stderr]     Checking socket2 v0.6.5
[INFO] [stderr]     Checking digest v0.10.7
[INFO] [stderr]     Checking getrandom v0.3.4
[INFO] [stderr]    Compiling cmake v0.1.58
[INFO] [stderr]     Checking nix v0.26.4
[INFO] [stderr]     Checking rand_core v0.9.5
[INFO] [stderr]     Checking hmac v0.12.1
[INFO] [stderr]     Checking cipher v0.4.4
[INFO] [stderr]     Checking tracing v0.1.44
[INFO] [stderr]     Checking universal-hash v0.5.1
[INFO] [stderr]     Checking spki v0.7.3
[INFO] [stderr]     Checking ff v0.13.1
[INFO] [stderr]     Checking pkcs8 v0.10.2
[INFO] [stderr]     Checking rusticata-macros v4.1.0
[INFO] [stderr]     Checking block-buffer v0.12.1
[INFO] [stderr]     Checking potential_utf v0.1.5
[INFO] [stderr]     Checking crypto-common v0.2.2
[INFO] [stderr]     Checking hkdf v0.12.4
[INFO] [stderr]     Checking group v0.13.0
[INFO] [stderr]     Checking aead v0.5.2
[INFO] [stderr]     Checking http-body v1.1.0
[INFO] [stderr]     Checking crypto-bigint v0.5.5
[INFO] [stderr]     Checking ctr v0.9.2
[INFO] [stderr]     Checking sec1 v0.7.3
[INFO] [stderr]     Checking polyval v0.6.2
[INFO] [stderr]    Compiling thiserror v2.0.19
[INFO] [stderr]     Checking crc-catalog v2.5.0
[INFO] [stderr]     Checking ctutils v0.4.2
[INFO] [stderr]     Checking indexmap v2.14.0
[INFO] [stderr]     Checking crc v3.4.0
[INFO] [stderr]     Checking ghash v0.5.1
[INFO] [stderr]     Checking regex-automata v0.4.16
[INFO] [stderr]     Checking aes v0.8.4
[INFO] [stderr]     Checking rfc6979 v0.4.0
[INFO] [stderr]     Checking signature v2.2.0
[INFO] [stderr]    Compiling ring v0.17.14
[INFO] [stderr]    Compiling aws-lc-sys v0.43.0
[INFO] [stderr]     Checking futures-executor v0.3.33
[INFO] [stderr]     Checking ptr_meta v0.3.1
[INFO] [stderr]    Compiling serde_json v1.0.151
[INFO] [stderr]    Compiling oid-registry v0.7.1
[INFO] [stderr]     Checking getrandom v0.4.3
[INFO] [stderr]     Checking futures v0.3.33
[INFO] [stderr]     Checking rancor v0.1.2
[INFO] [stderr]     Checking sha2 v0.10.9
[INFO] [stderr]    Compiling curve25519-dalek v4.1.3
[INFO] [stderr]     Checking pem v3.0.6
[INFO] [stderr]     Checking digest v0.11.3
[INFO] [stderr]    Compiling asn1-rs-derive v0.6.0
[INFO] [stderr]     Checking sync_wrapper v1.0.2
[INFO] [stderr]    Compiling bytecheck_derive v0.8.2
[INFO] [stderr]     Checking simdutf8 v0.1.5
[INFO] [stderr]    Compiling unicase v2.9.0
[INFO] [stderr]     Checking aes-gcm v0.10.3
[INFO] [stderr]     Checking arc-swap v1.9.2
[INFO] [stderr]     Checking http-body-util v0.1.4
[INFO] [stderr]     Checking md-5 v0.10.6
[INFO] [stderr]     Checking sha1 v0.10.7
[INFO] [stderr]    Compiling mime_guess v2.0.5
[INFO] [stderr]     Checking inout v0.2.2
[INFO] [stderr]    Compiling munge_macro v0.4.7
[INFO] [stderr]    Compiling curve25519-dalek-derive v0.1.1
[INFO] [stderr]    Compiling substring v1.4.5
[INFO] [stderr]    Compiling oid-registry v0.8.1
[INFO] [stderr]     Checking cipher v0.5.2
[INFO] [stderr]     Checking bytecheck v0.8.2
[INFO] [stderr]     Checking chacha20 v0.9.1
[INFO] [stderr]     Checking poly1305 v0.8.0
[INFO] [stderr]     Checking socket2 v0.5.10
[INFO] [stderr]     Checking munge v0.4.7
[INFO] [stderr]     Checking waitgroup v0.1.2
[INFO] [stderr]    Compiling rkyv_derive v0.8.17
[INFO] [stderr]     Checking encoding_rs v0.8.35
[INFO] [stderr]    Compiling multer v3.1.0
[INFO] [stderr]     Checking rend v0.5.4
[INFO] [stderr]     Checking utf8parse v0.2.2
[INFO] [stderr]    Compiling crc32fast v1.5.0
[INFO] [stderr]     Checking openssl-probe v0.2.1
[INFO] [stderr]    Compiling anyhow v1.0.104
[INFO] [stderr]     Checking rustls-native-certs v0.8.4
[INFO] [stderr]     Checking anstyle-parse v1.0.0
[INFO] [stderr]     Checking elliptic-curve v0.13.8
[INFO] [stderr]     Checking yasna v0.5.2
[INFO] [stderr]     Checking yasna v0.6.0
[INFO] [stderr]     Checking chacha20poly1305 v0.10.1
[INFO] [stderr]     Checking uuid v1.24.0
[INFO] [stderr]     Checking chacha20 v0.10.1
[INFO] [stderr]     Checking ccm v0.5.0
[INFO] [stderr]     Checking cbc v0.1.2
[INFO] [stderr]     Checking bitflags v2.13.1
[INFO] [stderr]     Checking jiff-core v0.1.0
[INFO] [stderr]     Checking primeorder v0.13.6
[INFO] [stderr]     Checking ecdsa v0.16.9
[INFO] [stderr]     Checking unicode-width v0.2.2
[INFO] [stderr]     Checking is_terminal_polyfill v1.70.2
[INFO] [stderr]     Checking anstyle-query v1.1.5
[INFO] [stderr]     Checking http-range-header v0.4.2
[INFO] [stderr]     Checking spin v0.9.9
[INFO] [stderr]     Checking colorchoice v1.0.5
[INFO] [stderr]     Checking aes v0.9.2
[INFO] [stderr]    Compiling displaydoc v0.2.7
[INFO] [stderr]    Compiling tokio-macros v2.7.2
[INFO] [stderr]    Compiling async-trait v0.1.91
[INFO] [stderr]    Compiling serde_derive v1.0.229
[INFO] [stderr]    Compiling thiserror-impl v2.0.19
[INFO] [stderr]     Checking p256 v0.13.2
[INFO] [stderr]     Checking p384 v0.13.1
[INFO] [stderr]     Checking x25519-dalek v2.0.1
[INFO] [stderr]     Checking tokio v1.53.1
[INFO] [stderr]     Checking regex v1.13.1
[INFO] [stderr]     Checking matchers v0.2.0
[INFO] [stderr]     Checking jiff v0.2.35
[INFO] [stderr]     Checking console v0.16.4
[INFO] [stderr]     Checking tinystr v0.8.3
[INFO] [stderr]     Checking zerotrie v0.2.4
[INFO] [stderr]     Checking icu_collections v2.2.0
[INFO] [stderr]     Checking asn1-rs v0.6.2
[INFO] [stderr]     Checking env_filter v2.0.0
[INFO] [stderr]     Checking icu_locale_core v2.2.0
[INFO] [stderr]     Checking anstream v1.0.0
[INFO] [stderr]     Checking rand v0.10.2
[INFO] [stderr]     Checking ppv-lite86 v0.2.21
[INFO] [stderr]     Checking ctr v0.10.1
[INFO] [stderr]     Checking axum-core v0.5.6
[INFO] [stderr]     Checking md-5 v0.11.0
[INFO] [stderr]     Checking sha1 v0.11.0
[INFO] [stderr]     Checking sha2 v0.11.0
[INFO] [stderr]     Checking hmac v0.13.0
[INFO] [stderr]     Checking serde_path_to_error v0.1.20
[INFO] [stderr]     Checking tracing-log v0.2.0
[INFO] [stderr]    Compiling serial_test_derive v3.5.0
[INFO] [stderr]     Checking matchit v0.8.4
[INFO] [stderr]     Checking asn1-rs v0.7.2
[INFO] [stderr]     Checking rand_chacha v0.9.0
[INFO] [stderr]     Checking icu_provider v2.2.0
[INFO] [stderr]     Checking unit-prefix v0.5.2
[INFO] [stderr]     Checking rand v0.9.5
[INFO] [stderr]     Checking indicatif v0.18.6
[INFO] [stderr]     Checking tracing-subscriber v0.3.23
[INFO] [stderr]     Checking icu_properties v2.2.0
[INFO] [stderr]     Checking icu_normalizer v2.2.0
[INFO] [stderr]     Checking serial_test v3.5.0
[INFO] [stderr]     Checking der-parser v9.0.0
[INFO] [stderr]     Checking der-parser v10.0.0
[INFO] [stderr]     Checking serde_urlencoded v0.7.1
[INFO] [stderr]     Checking smol_str v0.2.2
[INFO] [stderr]     Checking x509-parser v0.18.1
[INFO] [stderr]     Checking x509-parser v0.16.0
[INFO] [stderr]     Checking rcgen v0.14.8
[INFO] [stderr]     Checking env_logger v0.11.11
[INFO] [stderr]     Checking rkyv v0.8.17
[INFO] [stderr]     Checking idna_adapter v1.2.2
[INFO] [stderr]     Checking idna v1.1.0
[INFO] [stderr]     Checking rcgen v0.13.2
[INFO] [stderr]     Checking url v2.5.8
[INFO] [stderr]     Checking sdp v0.17.2
[INFO] [stderr]     Checking webrtc-util v0.17.2
[INFO] [stderr]     Checking tokio-util v0.7.19
[INFO] [stderr]     Checking tower v0.5.3
[INFO] [stderr]     Checking nxtrtc v0.1.1 (/opt/rustwide/workdir)
[INFO] [stderr]     Checking h2 v0.4.15
[INFO] [stderr]     Checking tower-http v0.6.11
[INFO] [stderr]     Checking rtp v0.17.2
[INFO] [stderr]     Checking rtcp v0.17.2
[INFO] [stderr]     Checking stun v0.17.2
[INFO] [stderr]     Checking webrtc-sctp v0.17.2
[INFO] [stderr]     Checking webrtc-mdns v0.17.2
[INFO] [stderr]     Checking turn v0.17.2
[INFO] [stderr]     Checking webrtc-media v0.17.2
[INFO] [stderr]     Checking webrtc-srtp v0.17.2
[INFO] [stderr]     Checking interceptor v0.17.2
[INFO] [stderr]     Checking webrtc-data v0.17.2
[INFO] [stderr]     Checking webrtc-ice v0.17.2
[INFO] [stderr]     Checking hyper v1.11.0
[INFO] [stdout] warning: use of deprecated method `std::sync::atomic::Atomic::<usize>::fetch_update`: renamed to `try_update` for consistency
[INFO] [stdout]     --> src/transports/sctp.rs:1786:22
[INFO] [stdout]      |
[INFO] [stdout] 1786 |                     .fetch_update(Ordering::SeqCst, Ordering::SeqCst, |f| {
[INFO] [stdout]      |                      ^^^^^^^^^^^^
[INFO] [stdout]      |
[INFO] [stdout]      = note: `#[warn(deprecated)]` on by default
[INFO] [stdout] help: replace the use of the deprecated method
[INFO] [stdout]      |
[INFO] [stdout] 1786 -                     .fetch_update(Ordering::SeqCst, Ordering::SeqCst, |f| {
[INFO] [stdout] 1786 +                     .try_update(Ordering::SeqCst, Ordering::SeqCst, |f| {
[INFO] [stdout]      |
[INFO] [stdout] 
[INFO] [stdout] 
[INFO] [stderr]     Checking hyper-util v0.1.20
[INFO] [stdout] warning: use of deprecated method `std::sync::atomic::Atomic::<usize>::fetch_update`: renamed to `try_update` for consistency
[INFO] [stdout]     --> src/transports/sctp.rs:3142:50
[INFO] [stdout]      |
[INFO] [stdout] 3142 |                         let _ = self.flight_size.fetch_update(
[INFO] [stdout]      |                                                  ^^^^^^^^^^^^
[INFO] [stdout]      |
[INFO] [stdout] help: replace the use of the deprecated method
[INFO] [stdout]      |
[INFO] [stdout] 3142 -                         let _ = self.flight_size.fetch_update(
[INFO] [stdout] 3142 +                         let _ = self.flight_size.try_update(
[INFO] [stdout]      |
[INFO] [stdout] 
[INFO] [stdout] 
[INFO] [stderr]     Checking axum v0.8.9
[INFO] [stderr]     Checking rustls-webpki v0.103.13
[INFO] [stderr]     Checking tokio-rustls v0.26.4
[INFO] [stderr]     Checking rustls-platform-verifier v0.7.0
[INFO] [stderr]     Checking dtls v0.17.2
[INFO] [stderr]     Checking hyper-rustls v0.27.9
[INFO] [stderr]     Checking reqwest v0.13.4
[INFO] [stderr]     Checking webrtc v0.17.2
[INFO] [stdout] error[E0433]: cannot find module or crate `nxtmpeg` in this scope
[INFO] [stdout]   --> examples/video_streamer.rs:23:5
[INFO] [stdout]    |
[INFO] [stdout] 23 | use nxtmpeg::libc::c_int;
[INFO] [stdout]    |     ^^^^^^^ use of unresolved module or unlinked crate `nxtmpeg`
[INFO] [stdout]    |
[INFO] [stdout]    = help: if you wanted to use a crate named `nxtmpeg`, use `cargo add nxtmpeg` to add it to your `Cargo.toml`
[INFO] [stdout] 
[INFO] [stdout] 
[INFO] [stdout] error[E0433]: cannot find module or crate `nxtmpeg` in this scope
[INFO] [stdout]   --> examples/video_streamer.rs:24:5
[INFO] [stdout]    |
[INFO] [stdout] 24 | use nxtmpeg::{avcodec::*, avformat::*, avutil::*};
[INFO] [stdout]    |     ^^^^^^^ use of unresolved module or unlinked crate `nxtmpeg`
[INFO] [stdout]    |
[INFO] [stdout]    = help: if you wanted to use a crate named `nxtmpeg`, use `cargo add nxtmpeg` to add it to your `Cargo.toml`
[INFO] [stdout] 
[INFO] [stdout] 
[INFO] [stdout] error[E0432]: unresolved imports `nxtmpeg::libc::c_int`, `nxtmpeg::avcodec::*`, `nxtmpeg::avformat::*`, `nxtmpeg::avutil::*`
[INFO] [stdout]   --> examples/video_streamer.rs:23:5
[INFO] [stdout]    |
[INFO] [stdout] 23 | use nxtmpeg::libc::c_int;
[INFO] [stdout]    |     ^^^^^^^^^^^^^^^^^^^^
[INFO] [stdout] 24 | use nxtmpeg::{avcodec::*, avformat::*, avutil::*};
[INFO] [stdout]    |               ^^^^^^^^^^  ^^^^^^^^^^^  ^^^^^^^^^
[INFO] [stdout] 
[INFO] [stdout] 
[INFO] [stdout] error[E0004]: non-exhaustive patterns: `nxtrtc::PeerConnectionEvent::NegotiationNeeded` not covered
[INFO] [stdout]    --> examples/rtp_track_event.rs:83:23
[INFO] [stdout]     |
[INFO] [stdout]  83 |                 match event {
[INFO] [stdout]     |                       ^^^^^ pattern `nxtrtc::PeerConnectionEvent::NegotiationNeeded` not covered
[INFO] [stdout]     |
[INFO] [stdout] note: `nxtrtc::PeerConnectionEvent` defined here
[INFO] [stdout]    --> src/peer_connection.rs:288:1
[INFO] [stdout]     |
[INFO] [stdout] 288 | pub enum PeerConnectionEvent {
[INFO] [stdout]     | ^^^^^^^^^^^^^^^^^^^^^^^^^^^^
[INFO] [stdout] ...
[INFO] [stdout] 291 |     NegotiationNeeded,
[INFO] [stdout]     |     ----------------- not covered
[INFO] [stdout]     = note: the matched value is of type `nxtrtc::PeerConnectionEvent`
[INFO] [stdout] help: ensure that all possible cases are being handled by adding a match arm with a wildcard pattern or an explicit pattern as shown
[INFO] [stdout]     |
[INFO] [stdout]  97 ~                     },
[INFO] [stdout]  98 +                     nxtrtc::PeerConnectionEvent::NegotiationNeeded => todo!()
[INFO] [stdout]     |
[INFO] [stdout] 
[INFO] [stdout] 
[INFO] [stdout] warning: unused variable: `pc_clone`
[INFO] [stdout]   --> examples/rtp_track_event.rs:77:9
[INFO] [stdout]    |
[INFO] [stdout] 77 |     let pc_clone = pc.clone();
[INFO] [stdout]    |         ^^^^^^^^ help: if this is intentional, prefix it with an underscore: `_pc_clone`
[INFO] [stdout]    |
[INFO] [stdout]    = note: `#[warn(unused_variables)]` (part of `#[warn(unused)]`) on by default
[INFO] [stdout] 
[INFO] [stdout] 
[INFO] [stdout] For more information about this error, try `rustc --explain E0004`.
[INFO] [stdout] 
[INFO] [stderr] error: could not compile `nxtrtc` (example "rtp_track_event") due to 1 previous error; 1 warning emitted
[INFO] [stderr] warning: build failed, waiting for other jobs to finish...
[INFO] [stdout] error[E0433]: cannot find module or crate `nxtmpeg` in this scope
[INFO] [stdout]   --> examples/audio_streamer.rs:20:5
[INFO] [stdout]    |
[INFO] [stdout] 20 | use nxtmpeg::libc::c_int;
[INFO] [stdout]    |     ^^^^^^^ use of unresolved module or unlinked crate `nxtmpeg`
[INFO] [stdout]    |
[INFO] [stdout]    = help: if you wanted to use a crate named `nxtmpeg`, use `cargo add nxtmpeg` to add it to your `Cargo.toml`
[INFO] [stdout] 
[INFO] [stdout] 
[INFO] [stdout] error[E0433]: cannot find module or crate `nxtmpeg` in this scope
[INFO] [stdout]   --> examples/audio_streamer.rs:21:5
[INFO] [stdout]    |
[INFO] [stdout] 21 | use nxtmpeg::{avcodec::*, avformat::*, avutil::*};
[INFO] [stdout]    |     ^^^^^^^ use of unresolved module or unlinked crate `nxtmpeg`
[INFO] [stdout]    |
[INFO] [stdout]    = help: if you wanted to use a crate named `nxtmpeg`, use `cargo add nxtmpeg` to add it to your `Cargo.toml`
[INFO] [stdout] 
[INFO] [stdout] 
[INFO] [stdout] error[E0432]: unresolved imports `nxtmpeg::libc::c_int`, `nxtmpeg::avcodec::*`, `nxtmpeg::avformat::*`, `nxtmpeg::avutil::*`
[INFO] [stdout]   --> examples/audio_streamer.rs:20:5
[INFO] [stdout]    |
[INFO] [stdout] 20 | use nxtmpeg::libc::c_int;
[INFO] [stdout]    |     ^^^^^^^^^^^^^^^^^^^^
[INFO] [stdout] 21 | use nxtmpeg::{avcodec::*, avformat::*, avutil::*};
[INFO] [stdout]    |               ^^^^^^^^^^  ^^^^^^^^^^^  ^^^^^^^^^
[INFO] [stdout] 
[INFO] [stdout] 
[INFO] [stdout] error[E0004]: non-exhaustive patterns: `PeerConnectionEvent::NegotiationNeeded` not covered
[INFO] [stdout]    --> examples/interop_pion.rs:69:19
[INFO] [stdout]     |
[INFO] [stdout]  69 |             match event {
[INFO] [stdout]     |                   ^^^^^ pattern `PeerConnectionEvent::NegotiationNeeded` not covered
[INFO] [stdout]     |
[INFO] [stdout] note: `PeerConnectionEvent` defined here
[INFO] [stdout]    --> src/peer_connection.rs:288:1
[INFO] [stdout]     |
[INFO] [stdout] 288 | pub enum PeerConnectionEvent {
[INFO] [stdout]     | ^^^^^^^^^^^^^^^^^^^^^^^^^^^^
[INFO] [stdout] ...
[INFO] [stdout] 291 |     NegotiationNeeded,
[INFO] [stdout]     |     ----------------- not covered
[INFO] [stdout]     = note: the matched value is of type `PeerConnectionEvent`
[INFO] [stdout] help: ensure that all possible cases are being handled by adding a match arm with a wildcard pattern or an explicit pattern as shown
[INFO] [stdout]     |
[INFO] [stdout] 102 ~                 },
[INFO] [stdout] 103 +                 PeerConnectionEvent::NegotiationNeeded => todo!()
[INFO] [stdout]     |
[INFO] [stdout] 
[INFO] [stdout] 
[INFO] [stdout] error[E0004]: non-exhaustive patterns: `DataChannelEvent::BufferedAmountLow` not covered
[INFO] [stdout]    --> examples/interop_pion.rs:76:35
[INFO] [stdout]     |
[INFO] [stdout]  76 | ...                   match event {
[INFO] [stdout]     |                             ^^^^^ pattern `DataChannelEvent::BufferedAmountLow` not covered
[INFO] [stdout]     |
[INFO] [stdout] note: `DataChannelEvent` defined here
[INFO] [stdout]    --> src/transports/datachannel.rs:108:1
[INFO] [stdout]     |
[INFO] [stdout] 108 | pub enum DataChannelEvent {
[INFO] [stdout]     | ^^^^^^^^^^^^^^^^^^^^^^^^^
[INFO] [stdout] ...
[INFO] [stdout] 111 |     BufferedAmountLow,
[INFO] [stdout]     |     ----------------- not covered
[INFO] [stdout]     = note: the matched value is of type `DataChannelEvent`
[INFO] [stdout] help: ensure that all possible cases are being handled by adding a match arm with a wildcard pattern or an explicit pattern as shown
[INFO] [stdout]     |
[INFO] [stdout]  86 ~                                 },
[INFO] [stdout]  87 +                                 DataChannelEvent::BufferedAmountLow => todo!()
[INFO] [stdout]     |
[INFO] [stdout] 
[INFO] [stdout] 
[INFO] [stdout] warning: unused variable: `pc_clone`
[INFO] [stdout]   --> examples/interop_pion.rs:66:9
[INFO] [stdout]    |
[INFO] [stdout] 66 |     let pc_clone = pc.clone();
[INFO] [stdout]    |         ^^^^^^^^ help: if this is intentional, prefix it with an underscore: `_pc_clone`
[INFO] [stdout]    |
[INFO] [stdout]    = note: `#[warn(unused_variables)]` (part of `#[warn(unused)]`) on by default
[INFO] [stdout] 
[INFO] [stdout] 
[INFO] [stdout] error[E0425]: cannot find value `AV_LOG_WARNING` in this scope
[INFO] [stdout]    --> examples/video_streamer.rs:316:22
[INFO] [stdout]     |
[INFO] [stdout] 316 |     av_log_set_level(AV_LOG_WARNING);
[INFO] [stdout]     |                      ^^^^^^^^^^^^^^ not found in this scope
[INFO] [stdout] 
[INFO] [stdout] 
[INFO] [stdout] error[E0425]: cannot find type `AVFormatContext` in this scope
[INFO] [stdout]    --> examples/video_streamer.rs:324:27
[INFO] [stdout]     |
[INFO] [stdout] 324 |     let mut out_ctx: *mut AVFormatContext = ptr::null_mut();
[INFO] [stdout]     |                           ^^^^^^^^^^^^^^^ not found in this scope
[INFO] [stdout] 
[INFO] [stdout] 
[INFO] [stdout] error[E0425]: cannot find value `AVFMT_NOFILE` in this scope
[INFO] [stdout]    --> examples/video_streamer.rs:350:38
[INFO] [stdout]     |
[INFO] [stdout] 350 |     if (*(*out_ctx).oformat).flags & AVFMT_NOFILE == 0 {
[INFO] [stdout]     |                                      ^^^^^^^^^^^^ not found in this scope
[INFO] [stdout] 
[INFO] [stdout] 
[INFO] [stdout] error[E0425]: cannot find value `AVIO_FLAG_WRITE` in this scope
[INFO] [stdout]    --> examples/video_streamer.rs:352:62
[INFO] [stdout]     |
[INFO] [stdout] 352 |             avio_open(&mut (*out_ctx).pb, output_c.as_ptr(), AVIO_FLAG_WRITE),
[INFO] [stdout]     |                                                              ^^^^^^^^^^^^^^^ not found in this scope
[INFO] [stdout] 
[INFO] [stdout] 
[INFO] [stdout] error[E0425]: cannot find type `AVPacket` in this scope
[INFO] [stdout]    --> examples/video_streamer.rs:373:38
[INFO] [stdout]     |
[INFO] [stdout] 373 |     av_packet_free(&mut (pkt as *mut AVPacket));
[INFO] [stdout]     |                                      ^^^^^^^^ not found in this scope
[INFO] [stdout] 
[INFO] [stdout] 
[INFO] [stdout] error[E0425]: cannot find value `AVFMT_NOFILE` in this scope
[INFO] [stdout]    --> examples/video_streamer.rs:374:38
[INFO] [stdout]     |
[INFO] [stdout] 374 |     if (*(*out_ctx).oformat).flags & AVFMT_NOFILE == 0 {
[INFO] [stdout]     |                                      ^^^^^^^^^^^^ not found in this scope
[INFO] [stdout] 
[INFO] [stdout] 
[INFO] [stdout] error[E0425]: cannot find type `AVPacket` in this scope
[INFO] [stdout]    --> examples/video_streamer.rs:384:15
[INFO] [stdout]     |
[INFO] [stdout] 384 |     pkt: *mut AVPacket,
[INFO] [stdout]     |               ^^^^^^^^ not found in this scope
[INFO] [stdout] 
[INFO] [stdout] 
[INFO] [stdout] error[E0425]: cannot find type `AVStream` in this scope
[INFO] [stdout]    --> examples/video_streamer.rs:385:18
[INFO] [stdout]     |
[INFO] [stdout] 385 |     stream: *mut AVStream,
[INFO] [stdout]     |                  ^^^^^^^^ not found in this scope
[INFO] [stdout] 
[INFO] [stdout] 
[INFO] [stdout] error[E0425]: cannot find type `AVFormatContext` in this scope
[INFO] [stdout]    --> examples/video_streamer.rs:386:19
[INFO] [stdout]     |
[INFO] [stdout] 386 |     out_ctx: *mut AVFormatContext,
[INFO] [stdout]     |                   ^^^^^^^^^^^^^^^ not found in this scope
[INFO] [stdout] 
[INFO] [stdout] 
[INFO] [stdout] error[E0425]: cannot find value `AV_PKT_FLAG_KEY` in this scope
[INFO] [stdout]    --> examples/video_streamer.rs:402:37
[INFO] [stdout]     |
[INFO] [stdout] 402 |     (*pkt).flags = if encoded.key { AV_PKT_FLAG_KEY } else { 0 };
[INFO] [stdout]     |                                     ^^^^^^^^^^^^^^^ not found in this scope
[INFO] [stdout] 
[INFO] [stdout] 
[INFO] [stdout] For more information about this error, try `rustc --explain E0004`.
[INFO] [stdout] 
[INFO] [stdout] error[E0004]: non-exhaustive patterns: `PeerConnectionEvent::NegotiationNeeded` not covered
[INFO] [stdout]    --> tests/interop_datachannel.rs:350:15
[INFO] [stdout]     |
[INFO] [stdout] 350 |         match event {
[INFO] [stdout]     |               ^^^^^ pattern `PeerConnectionEvent::NegotiationNeeded` not covered
[INFO] [stdout]     |
[INFO] [stdout] note: `PeerConnectionEvent` defined here
[INFO] [stdout]    --> src/peer_connection.rs:288:1
[INFO] [stdout]     |
[INFO] [stdout] 288 | pub enum PeerConnectionEvent {
[INFO] [stdout]     | ^^^^^^^^^^^^^^^^^^^^^^^^^^^^
[INFO] [stdout] ...
[INFO] [stdout] 291 |     NegotiationNeeded,
[INFO] [stdout]     |     ----------------- not covered
[INFO] [stdout]     = note: the matched value is of type `PeerConnectionEvent`
[INFO] [stdout] help: ensure that all possible cases are being handled by adding a match arm with a wildcard pattern or an explicit pattern as shown
[INFO] [stdout]     |
[INFO] [stdout] 361 ~             },
[INFO] [stdout] 362 +             PeerConnectionEvent::NegotiationNeeded => todo!()
[INFO] [stdout]     |
[INFO] [stdout] 
[INFO] [stdout] 
[INFO] [stdout] For more information about this error, try `rustc --explain E0004`.
[INFO] [stdout] 
[INFO] [stderr] error: could not compile `nxtrtc` (example "interop_pion") due to 2 previous errors; 1 warning emitted
[INFO] [stderr] error: could not compile `nxtrtc` (test "interop_datachannel") due to 1 previous error
[INFO] [stdout] error[E0004]: non-exhaustive patterns: `PeerConnectionEvent::NegotiationNeeded` not covered
[INFO] [stdout]    --> examples/nxtrtc_sfu.rs:335:19
[INFO] [stdout]     |
[INFO] [stdout] 335 |             match event {
[INFO] [stdout]     |                   ^^^^^ pattern `PeerConnectionEvent::NegotiationNeeded` not covered
[INFO] [stdout]     |
[INFO] [stdout] note: `PeerConnectionEvent` defined here
[INFO] [stdout]    --> src/peer_connection.rs:288:1
[INFO] [stdout]     |
[INFO] [stdout] 288 | pub enum PeerConnectionEvent {
[INFO] [stdout]     | ^^^^^^^^^^^^^^^^^^^^^^^^^^^^
[INFO] [stdout] ...
[INFO] [stdout] 291 |     NegotiationNeeded,
[INFO] [stdout]     |     ----------------- not covered
[INFO] [stdout]     = note: the matched value is of type `PeerConnectionEvent`
[INFO] [stdout] help: ensure that all possible cases are being handled by adding a match arm with a wildcard pattern or an explicit pattern as shown
[INFO] [stdout]     |
[INFO] [stdout] 537 ~                 },
[INFO] [stdout] 538 +                 PeerConnectionEvent::NegotiationNeeded => todo!()
[INFO] [stdout]     |
[INFO] [stdout] 
[INFO] [stdout] 
[INFO] [stdout] error[E0425]: cannot find value `AV_LOG_WARNING` in this scope
[INFO] [stdout]    --> examples/audio_streamer.rs:277:22
[INFO] [stdout]     |
[INFO] [stdout] 277 |     av_log_set_level(AV_LOG_WARNING);
[INFO] [stdout]     |                      ^^^^^^^^^^^^^^ not found in this scope
[INFO] [stdout] 
[INFO] [stdout] 
[INFO] [stdout] error[E0425]: cannot find type `AVFormatContext` in this scope
[INFO] [stdout]    --> examples/audio_streamer.rs:285:27
[INFO] [stdout]     |
[INFO] [stdout] 285 |     let mut out_ctx: *mut AVFormatContext = ptr::null_mut();
[INFO] [stdout]     |                           ^^^^^^^^^^^^^^^ not found in this scope
[INFO] [stdout] 
[INFO] [stdout] 
[INFO] [stdout] error[E0425]: cannot find value `AVFMT_NOFILE` in this scope
[INFO] [stdout]    --> examples/audio_streamer.rs:310:38
[INFO] [stdout]     |
[INFO] [stdout] 310 |     if (*(*out_ctx).oformat).flags & AVFMT_NOFILE == 0 {
[INFO] [stdout]     |                                      ^^^^^^^^^^^^ not found in this scope
[INFO] [stdout] 
[INFO] [stdout] 
[INFO] [stdout] error[E0425]: cannot find value `AVIO_FLAG_WRITE` in this scope
[INFO] [stdout]    --> examples/audio_streamer.rs:312:62
[INFO] [stdout]     |
[INFO] [stdout] 312 |             avio_open(&mut (*out_ctx).pb, output_c.as_ptr(), AVIO_FLAG_WRITE),
[INFO] [stdout]     |                                                              ^^^^^^^^^^^^^^^ not found in this scope
[INFO] [stdout] 
[INFO] [stdout] 
[INFO] [stdout] error[E0425]: cannot find type `AVPacket` in this scope
[INFO] [stdout]    --> examples/audio_streamer.rs:333:38
[INFO] [stdout]     |
[INFO] [stdout] 333 |     av_packet_free(&mut (pkt as *mut AVPacket));
[INFO] [stdout]     |                                      ^^^^^^^^ not found in this scope
[INFO] [stdout] 
[INFO] [stdout] 
[INFO] [stdout] error[E0425]: cannot find value `AVFMT_NOFILE` in this scope
[INFO] [stdout]    --> examples/audio_streamer.rs:334:38
[INFO] [stdout]     |
[INFO] [stdout] 334 |     if (*(*out_ctx).oformat).flags & AVFMT_NOFILE == 0 {
[INFO] [stdout]     |                                      ^^^^^^^^^^^^ not found in this scope
[INFO] [stdout] 
[INFO] [stdout] 
[INFO] [stdout] error[E0425]: cannot find type `AVCodecParameters` in this scope
[INFO] [stdout]    --> examples/audio_streamer.rs:343:45
[INFO] [stdout]     |
[INFO] [stdout] 343 | unsafe fn set_opus_extradata(codecpar: *mut AVCodecParameters, channels: u8) -> Result<()> {
[INFO] [stdout]     |                                             ^^^^^^^^^^^^^^^^^ not found in this scope
[INFO] [stdout] 
[INFO] [stdout] 
[INFO] [stdout] error[E0425]: cannot find type `AVPacket` in this scope
[INFO] [stdout]    --> examples/audio_streamer.rs:366:15
[INFO] [stdout]     |
[INFO] [stdout] 366 |     pkt: *mut AVPacket,
[INFO] [stdout]     |               ^^^^^^^^ not found in this scope
[INFO] [stdout] 
[INFO] [stdout] 
[INFO] [stdout] error[E0425]: cannot find type `AVStream` in this scope
[INFO] [stdout]    --> examples/audio_streamer.rs:367:18
[INFO] [stdout]     |
[INFO] [stdout] 367 |     stream: *mut AVStream,
[INFO] [stdout]     |                  ^^^^^^^^ not found in this scope
[INFO] [stdout] 
[INFO] [stdout] 
[INFO] [stdout] error[E0425]: cannot find type `AVFormatContext` in this scope
[INFO] [stdout]    --> examples/audio_streamer.rs:368:19
[INFO] [stdout]     |
[INFO] [stdout] 368 |     out_ctx: *mut AVFormatContext,
[INFO] [stdout]     |                   ^^^^^^^^^^^^^^^ not found in this scope
[INFO] [stdout] 
[INFO] [stdout] 
[INFO] [stdout] error[E0425]: cannot find function `av_log_set_level` in this scope
[INFO] [stdout]    --> examples/video_streamer.rs:316:5
[INFO] [stdout]     |
[INFO] [stdout] 316 |     av_log_set_level(AV_LOG_WARNING);
[INFO] [stdout]     |     ^^^^^^^^^^^^^^^^ not found in this scope
[INFO] [stdout] 
[INFO] [stdout] 
[INFO] [stdout] error[E0425]: cannot find function `avformat_network_init` in this scope
[INFO] [stdout]    --> examples/video_streamer.rs:319:9
[INFO] [stdout]     |
[INFO] [stdout] 319 |         avformat_network_init();
[INFO] [stdout]     |         ^^^^^^^^^^^^^^^^^^^^^ not found in this scope
[INFO] [stdout] 
[INFO] [stdout] 
[INFO] [stdout] error[E0425]: cannot find function `avformat_alloc_output_context2` in this scope
[INFO] [stdout]    --> examples/video_streamer.rs:326:9
[INFO] [stdout]     |
[INFO] [stdout] 326 |         avformat_alloc_output_context2(
[INFO] [stdout]     |         ^^^^^^^^^^^^^^^^^^^^^^^^^^^^^^ not found in this scope
[INFO] [stdout] 
[INFO] [stdout] 
[INFO] [stdout] error[E0425]: cannot find function `avformat_new_stream` in this scope
[INFO] [stdout]    --> examples/video_streamer.rs:338:18
[INFO] [stdout]     |
[INFO] [stdout] 338 |     let stream = avformat_new_stream(out_ctx, ptr::null());
[INFO] [stdout]     |                  ^^^^^^^^^^^^^^^^^^^ not found in this scope
[INFO] [stdout] 
[INFO] [stdout] 
[INFO] [stdout] error[E0433]: cannot find type `AVRational` in this scope
[INFO] [stdout]    --> examples/video_streamer.rs:342:27
[INFO] [stdout]     |
[INFO] [stdout] 342 |     (*stream).time_base = AVRational::new(1, 90000);
[INFO] [stdout]     |                           ^^^^^^^^^^ use of undeclared type `AVRational`
[INFO] [stdout] 
[INFO] [stdout] 
[INFO] [stdout] error[E0433]: cannot find type `AVMediaType` in this scope
[INFO] [stdout]    --> examples/video_streamer.rs:344:30
[INFO] [stdout]     |
[INFO] [stdout] 344 |     (*codecpar).codec_type = AVMediaType::AVMEDIA_TYPE_VIDEO;
[INFO] [stdout]     |                              ^^^^^^^^^^^ use of undeclared type `AVMediaType`
[INFO] [stdout] 
[INFO] [stdout] 
[INFO] [stdout] error[E0433]: cannot find type `AVCodecID` in this scope
[INFO] [stdout]    --> examples/video_streamer.rs:345:28
[INFO] [stdout]     |
[INFO] [stdout] 345 |     (*codecpar).codec_id = AVCodecID::AV_CODEC_ID_H264;
[INFO] [stdout]     |                            ^^^^^^^^^ use of undeclared type `AVCodecID`
[INFO] [stdout] 
[INFO] [stdout] 
[INFO] [stdout] error[E0425]: cannot find function `avio_open` in this scope
[INFO] [stdout]    --> examples/video_streamer.rs:352:13
[INFO] [stdout]     |
[INFO] [stdout] 352 |             avio_open(&mut (*out_ctx).pb, output_c.as_ptr(), AVIO_FLAG_WRITE),
[INFO] [stdout]     |             ^^^^^^^^^ not found in this scope
[INFO] [stdout] 
[INFO] [stdout] 
[INFO] [stdout] error[E0425]: cannot find function `avformat_write_header` in this scope
[INFO] [stdout]    --> examples/video_streamer.rs:357:9
[INFO] [stdout]     |
[INFO] [stdout] 357 |         avformat_write_header(out_ctx, ptr::null_mut()),
[INFO] [stdout]     |         ^^^^^^^^^^^^^^^^^^^^^ not found in this scope
[INFO] [stdout] 
[INFO] [stdout] 
[INFO] [stdout] error[E0425]: cannot find function `av_packet_alloc` in this scope
[INFO] [stdout]    --> examples/video_streamer.rs:361:15
[INFO] [stdout]     |
[INFO] [stdout] 361 |     let pkt = av_packet_alloc();
[INFO] [stdout]     |               ^^^^^^^^^^^^^^^ not found in this scope
[INFO] [stdout] 
[INFO] [stdout] 
[INFO] [stdout] error[E0425]: cannot find function `av_write_trailer` in this scope
[INFO] [stdout]    --> examples/video_streamer.rs:372:11
[INFO] [stdout]     |
[INFO] [stdout] 372 |     check(av_write_trailer(out_ctx), "write trailer")?;
[INFO] [stdout]     |           ^^^^^^^^^^^^^^^^ not found in this scope
[INFO] [stdout] 
[INFO] [stdout] 
[INFO] [stdout] error[E0425]: cannot find function `av_packet_free` in this scope
[INFO] [stdout]    --> examples/video_streamer.rs:373:5
[INFO] [stdout]     |
[INFO] [stdout] 373 |     av_packet_free(&mut (pkt as *mut AVPacket));
[INFO] [stdout]     |     ^^^^^^^^^^^^^^ not found in this scope
[INFO] [stdout] 
[INFO] [stdout] 
[INFO] [stdout] error[E0425]: cannot find function `avio_closep` in this scope
[INFO] [stdout]    --> examples/video_streamer.rs:375:9
[INFO] [stdout]     |
[INFO] [stdout] 375 |         avio_closep(&mut (*out_ctx).pb);
[INFO] [stdout]     |         ^^^^^^^^^^^ not found in this scope
[INFO] [stdout] 
[INFO] [stdout] 
[INFO] [stdout] error[E0425]: cannot find function `avformat_free_context` in this scope
[INFO] [stdout]    --> examples/video_streamer.rs:377:5
[INFO] [stdout]     |
[INFO] [stdout] 377 |     avformat_free_context(out_ctx);
[INFO] [stdout]     |     ^^^^^^^^^^^^^^^^^^^^^ not found in this scope
[INFO] [stdout] 
[INFO] [stdout] 
[INFO] [stdout] error[E0425]: cannot find function `av_packet_unref` in this scope
[INFO] [stdout]    --> examples/video_streamer.rs:390:5
[INFO] [stdout]     |
[INFO] [stdout] 390 |     av_packet_unref(pkt);
[INFO] [stdout]     |     ^^^^^^^^^^^^^^^ not found in this scope
[INFO] [stdout] 
[INFO] [stdout] 
[INFO] [stdout] error[E0425]: cannot find function `av_new_packet` in this scope
[INFO] [stdout]    --> examples/video_streamer.rs:392:9
[INFO] [stdout]     |
[INFO] [stdout] 392 |         av_new_packet(pkt, encoded.data.len() as c_int),
[INFO] [stdout]     |         ^^^^^^^^^^^^^ not found in this scope
[INFO] [stdout] 
[INFO] [stdout] 
[INFO] [stdout] error[E0425]: cannot find function `av_interleaved_write_frame` in this scope
[INFO] [stdout]    --> examples/video_streamer.rs:403:11
[INFO] [stdout]     |
[INFO] [stdout] 403 |     check(av_interleaved_write_frame(out_ctx, pkt), "write packet")?;
[INFO] [stdout]     |           ^^^^^^^^^^^^^^^^^^^^^^^^^^ not found in this scope
[INFO] [stdout] 
[INFO] [stdout] 
[INFO] [stdout] error[E0425]: cannot find function `av_strerror` in this scope
[INFO] [stdout]    --> examples/video_streamer.rs:486:9
[INFO] [stdout]     |
[INFO] [stdout] 486 |         av_strerror(err, buf.as_mut_ptr(), buf.len());
[INFO] [stdout]     |         ^^^^^^^^^^^ not found in this scope
[INFO] [stdout] 
[INFO] [stdout] 
[INFO] [stdout] Some errors have detailed explanations: E0425, E0432, E0433.
[INFO] [stdout] 
[INFO] [stdout] For more information about an error, try `rustc --explain E0425`.
[INFO] [stdout] 
[INFO] [stderr] error: could not compile `nxtrtc` (example "video_streamer") due to 31 previous errors
[INFO] [stdout] error[E0425]: cannot find function `av_log_set_level` in this scope
[INFO] [stdout]    --> examples/audio_streamer.rs:277:5
[INFO] [stdout]     |
[INFO] [stdout] 277 |     av_log_set_level(AV_LOG_WARNING);
[INFO] [stdout]     |     ^^^^^^^^^^^^^^^^ not found in this scope
[INFO] [stdout] 
[INFO] [stdout] 
[INFO] [stdout] error[E0425]: cannot find function `avformat_network_init` in this scope
[INFO] [stdout]    --> examples/audio_streamer.rs:280:9
[INFO] [stdout]     |
[INFO] [stdout] 280 |         avformat_network_init();
[INFO] [stdout]     |         ^^^^^^^^^^^^^^^^^^^^^ not found in this scope
[INFO] [stdout] 
[INFO] [stdout] 
[INFO] [stdout] error[E0425]: cannot find function `avformat_alloc_output_context2` in this scope
[INFO] [stdout]    --> examples/audio_streamer.rs:287:9
[INFO] [stdout]     |
[INFO] [stdout] 287 |         avformat_alloc_output_context2(
[INFO] [stdout]     |         ^^^^^^^^^^^^^^^^^^^^^^^^^^^^^^ not found in this scope
[INFO] [stdout] 
[INFO] [stdout] 
[INFO] [stdout] error[E0425]: cannot find function `avformat_new_stream` in this scope
[INFO] [stdout]    --> examples/audio_streamer.rs:299:18
[INFO] [stdout]     |
[INFO] [stdout] 299 |     let stream = avformat_new_stream(out_ctx, ptr::null());
[INFO] [stdout]     |                  ^^^^^^^^^^^^^^^^^^^ not found in this scope
[INFO] [stdout] 
[INFO] [stdout] 
[INFO] [stdout] error[E0433]: cannot find type `AVRational` in this scope
[INFO] [stdout]    --> examples/audio_streamer.rs:303:27
[INFO] [stdout]     |
[INFO] [stdout] 303 |     (*stream).time_base = AVRational::new(1, 48000);
[INFO] [stdout]     |                           ^^^^^^^^^^ use of undeclared type `AVRational`
[INFO] [stdout] 
[INFO] [stdout] 
[INFO] [stdout] error[E0433]: cannot find type `AVMediaType` in this scope
[INFO] [stdout]    --> examples/audio_streamer.rs:305:30
[INFO] [stdout]     |
[INFO] [stdout] 305 |     (*codecpar).codec_type = AVMediaType::AVMEDIA_TYPE_AUDIO;
[INFO] [stdout]     |                              ^^^^^^^^^^^ use of undeclared type `AVMediaType`
[INFO] [stdout] 
[INFO] [stdout] 
[INFO] [stdout] error[E0433]: cannot find type `AVCodecID` in this scope
[INFO] [stdout]    --> examples/audio_streamer.rs:306:28
[INFO] [stdout]     |
[INFO] [stdout] 306 |     (*codecpar).codec_id = AVCodecID::AV_CODEC_ID_OPUS;
[INFO] [stdout]     |                            ^^^^^^^^^ use of undeclared type `AVCodecID`
[INFO] [stdout] 
[INFO] [stdout] 
[INFO] [stdout] error[E0425]: cannot find function `avio_open` in this scope
[INFO] [stdout]    --> examples/audio_streamer.rs:312:13
[INFO] [stdout]     |
[INFO] [stdout] 312 |             avio_open(&mut (*out_ctx).pb, output_c.as_ptr(), AVIO_FLAG_WRITE),
[INFO] [stdout]     |             ^^^^^^^^^ not found in this scope
[INFO] [stdout] 
[INFO] [stdout] 
[INFO] [stdout] error[E0425]: cannot find function `avformat_write_header` in this scope
[INFO] [stdout]    --> examples/audio_streamer.rs:317:9
[INFO] [stdout]     |
[INFO] [stdout] 317 |         avformat_write_header(out_ctx, ptr::null_mut()),
[INFO] [stdout]     |         ^^^^^^^^^^^^^^^^^^^^^ not found in this scope
[INFO] [stdout] 
[INFO] [stdout] 
[INFO] [stdout] error[E0425]: cannot find function `av_packet_alloc` in this scope
[INFO] [stdout]    --> examples/audio_streamer.rs:321:15
[INFO] [stdout]     |
[INFO] [stdout] 321 |     let pkt = av_packet_alloc();
[INFO] [stdout]     |               ^^^^^^^^^^^^^^^ not found in this scope
[INFO] [stdout] 
[INFO] [stdout] 
[INFO] [stdout] error[E0425]: cannot find function `av_write_trailer` in this scope
[INFO] [stdout]    --> examples/audio_streamer.rs:332:11
[INFO] [stdout]     |
[INFO] [stdout] 332 |     check(av_write_trailer(out_ctx), "write trailer")?;
[INFO] [stdout]     |           ^^^^^^^^^^^^^^^^ not found in this scope
[INFO] [stdout] 
[INFO] [stdout] 
[INFO] [stdout] error[E0425]: cannot find function `av_packet_free` in this scope
[INFO] [stdout]    --> examples/audio_streamer.rs:333:5
[INFO] [stdout]     |
[INFO] [stdout] 333 |     av_packet_free(&mut (pkt as *mut AVPacket));
[INFO] [stdout]     |     ^^^^^^^^^^^^^^ not found in this scope
[INFO] [stdout] 
[INFO] [stdout] 
[INFO] [stdout] error[E0425]: cannot find function `avio_closep` in this scope
[INFO] [stdout]    --> examples/audio_streamer.rs:335:9
[INFO] [stdout]     |
[INFO] [stdout] 335 |         avio_closep(&mut (*out_ctx).pb);
[INFO] [stdout]     |         ^^^^^^^^^^^ not found in this scope
[INFO] [stdout] 
[INFO] [stdout] 
[INFO] [stdout] error[E0425]: cannot find function `avformat_free_context` in this scope
[INFO] [stdout]    --> examples/audio_streamer.rs:337:5
[INFO] [stdout]     |
[INFO] [stdout] 337 |     avformat_free_context(out_ctx);
[INFO] [stdout]     |     ^^^^^^^^^^^^^^^^^^^^^ not found in this scope
[INFO] [stdout] 
[INFO] [stdout] 
[INFO] [stdout] error[E0425]: cannot find function `av_mallocz` in this scope
[INFO] [stdout]    --> examples/audio_streamer.rs:354:16
[INFO] [stdout]     |
[INFO] [stdout] 354 |     let data = av_mallocz(opus_head.len() + padding) as *mut u8;
[INFO] [stdout]     |                ^^^^^^^^^^ not found in this scope
[INFO] [stdout] 
[INFO] [stdout] 
[INFO] [stdout] error[E0425]: cannot find function `av_packet_unref` in this scope
[INFO] [stdout]    --> examples/audio_streamer.rs:372:5
[INFO] [stdout]     |
[INFO] [stdout] 372 |     av_packet_unref(pkt);
[INFO] [stdout]     |     ^^^^^^^^^^^^^^^ not found in this scope
[INFO] [stdout] 
[INFO] [stdout] 
[INFO] [stdout] error[E0425]: cannot find function `av_new_packet` in this scope
[INFO] [stdout]    --> examples/audio_streamer.rs:374:9
[INFO] [stdout]     |
[INFO] [stdout] 374 |         av_new_packet(pkt, encoded.data.len() as c_int),
[INFO] [stdout]     |         ^^^^^^^^^^^^^ not found in this scope
[INFO] [stdout] 
[INFO] [stdout] 
[INFO] [stdout] error[E0425]: cannot find function `av_interleaved_write_frame` in this scope
[INFO] [stdout]    --> examples/audio_streamer.rs:385:11
[INFO] [stdout]     |
[INFO] [stdout] 385 |     check(av_interleaved_write_frame(out_ctx, pkt), "write packet")?;
[INFO] [stdout]     |           ^^^^^^^^^^^^^^^^^^^^^^^^^^ not found in this scope
[INFO] [stdout] 
[INFO] [stdout] 
[INFO] [stdout] error[E0425]: cannot find function `av_strerror` in this scope
[INFO] [stdout]    --> examples/audio_streamer.rs:436:9
[INFO] [stdout]     |
[INFO] [stdout] 436 |         av_strerror(err, buf.as_mut_ptr(), buf.len());
[INFO] [stdout]     |         ^^^^^^^^^^^ not found in this scope
[INFO] [stdout] 
[INFO] [stdout] 
[INFO] [stdout] Some errors have detailed explanations: E0425, E0432, E0433.
[INFO] [stdout] 
[INFO] [stdout] For more information about an error, try `rustc --explain E0425`.
[INFO] [stdout] 
[INFO] [stderr] error: could not compile `nxtrtc` (example "audio_streamer") due to 32 previous errors
[INFO] [stdout] warning: unused variable: `room_clone`
[INFO] [stdout]    --> examples/nxtrtc_sfu.rs:307:9
[INFO] [stdout]     |
[INFO] [stdout] 307 |     let room_clone = room.clone();
[INFO] [stdout]     |         ^^^^^^^^^^ help: if this is intentional, prefix it with an underscore: `_room_clone`
[INFO] [stdout]     |
[INFO] [stdout]     = note: `#[warn(unused_variables)]` (part of `#[warn(unused)]`) on by default
[INFO] [stdout] 
[INFO] [stdout] 
[INFO] [stdout] warning: unused variable: `peer_clone`
[INFO] [stdout]    --> examples/nxtrtc_sfu.rs:308:9
[INFO] [stdout]     |
[INFO] [stdout] 308 |     let peer_clone = peer.clone();
[INFO] [stdout]     |         ^^^^^^^^^^ help: if this is intentional, prefix it with an underscore: `_peer_clone`
[INFO] [stdout] 
[INFO] [stdout] 
[INFO] [stdout] For more information about this error, try `rustc --explain E0004`.
[INFO] [stdout] 
[INFO] [stderr] error: could not compile `nxtrtc` (example "nxtrtc_sfu") due to 1 previous error; 2 warnings emitted
[INFO] [stdout] warning: use of deprecated method `std::sync::atomic::Atomic::<usize>::fetch_update`: renamed to `try_update` for consistency
[INFO] [stdout]     --> src/transports/sctp.rs:1786:22
[INFO] [stdout]      |
[INFO] [stdout] 1786 |                     .fetch_update(Ordering::SeqCst, Ordering::SeqCst, |f| {
[INFO] [stdout]      |                      ^^^^^^^^^^^^
[INFO] [stdout]      |
[INFO] [stdout]      = note: `#[warn(deprecated)]` on by default
[INFO] [stdout] help: replace the use of the deprecated method
[INFO] [stdout]      |
[INFO] [stdout] 1786 -                     .fetch_update(Ordering::SeqCst, Ordering::SeqCst, |f| {
[INFO] [stdout] 1786 +                     .try_update(Ordering::SeqCst, Ordering::SeqCst, |f| {
[INFO] [stdout]      |
[INFO] [stdout] 
[INFO] [stdout] 
[INFO] [stdout] warning: use of deprecated method `std::sync::atomic::Atomic::<usize>::fetch_update`: renamed to `try_update` for consistency
[INFO] [stdout]     --> src/transports/sctp.rs:3142:50
[INFO] [stdout]      |
[INFO] [stdout] 3142 |                         let _ = self.flight_size.fetch_update(
[INFO] [stdout]      |                                                  ^^^^^^^^^^^^
[INFO] [stdout]      |
[INFO] [stdout] help: replace the use of the deprecated method
[INFO] [stdout]      |
[INFO] [stdout] 3142 -                         let _ = self.flight_size.fetch_update(
[INFO] [stdout] 3142 +                         let _ = self.flight_size.try_update(
[INFO] [stdout]      |
[INFO] [stdout] 
[INFO] [stdout] 
[INFO] running `Command { std: "docker" "inspect" "3fecb3cba69475195095ffba142bd31d0c4f182e4eb9c7f025e5f42a268490ce", kill_on_drop: false }`
[INFO] running `Command { std: "docker" "rm" "-f" "3fecb3cba69475195095ffba142bd31d0c4f182e4eb9c7f025e5f42a268490ce", kill_on_drop: false }`
[INFO] [stdout] 3fecb3cba69475195095ffba142bd31d0c4f182e4eb9c7f025e5f42a268490ce
