[INFO] fetching crate ntkd 0.1.9...
[INFO] checking ntkd-0.1.9 against 3154cc1a3e6424e44f438a95007d043ed5ceaaf6 for pr-133502-30
[INFO] extracting crate ntkd 0.1.9 into /workspace/builds/worker-2-tc2/source
[INFO] started tweaking crates.io crate ntkd 0.1.9
[INFO] removed 0 missing tests
[INFO] finished tweaking crates.io crate ntkd 0.1.9
[INFO] tweaked toml for crates.io crate ntkd 0.1.9 written to /workspace/builds/worker-2-tc2/source/Cargo.toml
[INFO] validating manifest of crates.io crate ntkd 0.1.9 on toolchain 3154cc1a3e6424e44f438a95007d043ed5ceaaf6
[INFO] running `Command { std: CARGO_HOME="/workspace/cargo-home" RUSTUP_HOME="/workspace/rustup-home" "/workspace/cargo-home/bin/cargo" "+3154cc1a3e6424e44f438a95007d043ed5ceaaf6" "metadata" "--manifest-path" "Cargo.toml" "--no-deps", kill_on_drop: false }`
[INFO] crate crates.io crate ntkd 0.1.9 already has a lockfile, it will not be regenerated
[INFO] running `Command { std: CARGO_HOME="/workspace/cargo-home" RUSTUP_HOME="/workspace/rustup-home" "/workspace/cargo-home/bin/cargo" "+3154cc1a3e6424e44f438a95007d043ed5ceaaf6" "fetch" "--manifest-path" "Cargo.toml", kill_on_drop: false }`
[INFO] [stderr] warning: `package.homepage` is redundant with `package.repository`
[INFO] [stderr]    --> Cargo.toml:130:12
[INFO] [stderr]     |
[INFO] [stderr] 130 | homepage = "https://github.com/M0Rf30/netsukuku-rs"
[INFO] [stderr]     |            ^^^^^^^^^^^^^^^^^^^^^^^^^^^^^^^^^^^^^^^^
[INFO] [stderr] ...
[INFO] [stderr] 135 | repository = "https://github.com/M0Rf30/netsukuku-rs"
[INFO] [stderr]     |              ----------------------------------------
[INFO] [stderr]     |
[INFO] [stderr]     = note: `cargo::redundant_homepage` is set to `warn` by default
[INFO] [stderr] help: consider removing `package.homepage`
[INFO] [stderr] warning: `ntkd` (manifest) generated 1 warning
[INFO] running `Command { std: "docker" "create" "-v" "/var/lib/crater-agent-workspace/builds/worker-2-tc2/source:/opt/rustwide/workdir:ro,Z" "-v" "/var/lib/crater-agent-workspace/builds/worker-2-tc2/target:/opt/rustwide/target:rw,Z" "-v" "/var/lib/crater-agent-workspace/cargo-home:/opt/rustwide/cargo-home:ro,Z" "-v" "/var/lib/crater-agent-workspace/rustup-home:/opt/rustwide/rustup-home:ro,Z" "-m" "1610612736" "--network" "none" "ghcr.io/rust-lang/crates-build-env/linux@sha256:77db811e55d90add9212f6832c23229e3de5f1c1f9905e8cb07319ea15df73ac" "sleep" "infinity", kill_on_drop: false }`
[INFO] [stdout] 42f821125dea06877c6738ff4d9e547d777a4d7dde99bf6ea84c283c259d6963
[INFO] running `Command { std: "docker" "start" "42f821125dea06877c6738ff4d9e547d777a4d7dde99bf6ea84c283c259d6963", kill_on_drop: false }`
[INFO] running `Command { std: "docker" "inspect" "42f821125dea06877c6738ff4d9e547d777a4d7dde99bf6ea84c283c259d6963", kill_on_drop: false }`
[INFO] running `Command { std: "docker" "exec" "-e" "SOURCE_DIR=/opt/rustwide/workdir" "-e" "CARGO_HOME=/opt/rustwide/cargo-home" "-e" "RUSTUP_HOME=/opt/rustwide/rustup-home" "-e" "CARGO_TARGET_DIR=/opt/rustwide/target" "-w" "/opt/rustwide/workdir" "--user" "0:0" "42f821125dea06877c6738ff4d9e547d777a4d7dde99bf6ea84c283c259d6963" "/opt/rustwide/cargo-home/bin/cargo" "+3154cc1a3e6424e44f438a95007d043ed5ceaaf6" "metadata" "--no-deps" "--format-version=1", kill_on_drop: false }`
[INFO] running `Command { std: "docker" "inspect" "42f821125dea06877c6738ff4d9e547d777a4d7dde99bf6ea84c283c259d6963", kill_on_drop: false }`
[INFO] running `Command { std: "docker" "exec" "-e" "SOURCE_DIR=/opt/rustwide/workdir" "-e" "CARGO_HOME=/opt/rustwide/cargo-home" "-e" "RUSTUP_HOME=/opt/rustwide/rustup-home" "-e" "CARGO_TARGET_DIR=/opt/rustwide/target" "-e" "CARGO_INCREMENTAL=0" "-e" "RUST_BACKTRACE=full" "-e" "RUSTFLAGS=--cap-lints=forbid" "-e" "RUSTDOCFLAGS=--cap-lints=forbid" "-w" "/opt/rustwide/workdir" "--user" "0:0" "42f821125dea06877c6738ff4d9e547d777a4d7dde99bf6ea84c283c259d6963" "/opt/rustwide/cargo-home/bin/cargo" "+3154cc1a3e6424e44f438a95007d043ed5ceaaf6" "check" "--frozen" "--all" "--all-targets" "--message-format=json", kill_on_drop: false }`
[INFO] [stderr] warning: `package.homepage` is redundant with `package.repository`
[INFO] [stderr]    --> Cargo.toml:130:12
[INFO] [stderr]     |
[INFO] [stderr] 130 | homepage = "https://github.com/M0Rf30/netsukuku-rs"
[INFO] [stderr]     |            ^^^^^^^^^^^^^^^^^^^^^^^^^^^^^^^^^^^^^^^^
[INFO] [stderr] ...
[INFO] [stderr] 135 | repository = "https://github.com/M0Rf30/netsukuku-rs"
[INFO] [stderr]     |              ----------------------------------------
[INFO] [stderr]     |
[INFO] [stderr]     = note: `cargo::redundant_homepage` is set to `warn` by default
[INFO] [stderr] help: consider removing `package.homepage`
[INFO] [stderr] warning: `ntkd` (manifest) generated 1 warning
[INFO] [stderr]    Compiling proc-macro2 v1.0.107
[INFO] [stderr]    Compiling unicode-ident v1.0.26
[INFO] [stderr]    Compiling quote v1.0.47
[INFO] [stderr]    Compiling regex-syntax v0.8.11
[INFO] [stderr]    Compiling semver v1.0.28
[INFO] [stderr]    Compiling libc v0.2.190
[INFO] [stderr]    Compiling anyhow v1.0.104
[INFO] [stderr]    Compiling thiserror v2.0.21
[INFO] [stderr]    Compiling either v1.18.0
[INFO] [stderr]    Compiling fnv v1.0.7
[INFO] [stderr]    Compiling memchr v2.8.3
[INFO] [stderr]    Compiling rustix v1.1.5
[INFO] [stderr]    Compiling bytes v1.12.1
[INFO] [stderr]    Compiling beef v0.5.2
[INFO] [stderr]    Compiling lazy_static v1.5.1
[INFO] [stderr]     Checking cfg-if v1.0.5
[INFO] [stderr]    Compiling unicode-width v0.1.14
[INFO] [stderr]    Compiling equivalent v1.0.2
[INFO] [stderr]    Compiling prettyplease v0.2.37
[INFO] [stderr]    Compiling foldhash v0.1.5
[INFO] [stderr]    Compiling heck v0.5.0
[INFO] [stderr]    Compiling linux-raw-sys v0.12.1
[INFO] [stderr]    Compiling hashbrown v0.17.1
[INFO] [stderr]    Compiling bitflags v2.13.2
[INFO] [stderr]    Compiling hashbrown v0.15.5
[INFO] [stderr]    Compiling itertools v0.14.0
[INFO] [stderr]    Compiling fastrand v2.5.0
[INFO] [stderr]    Compiling once_cell v1.21.4
[INFO] [stderr]    Compiling fixedbitset v0.5.7
[INFO] [stderr]    Compiling rustc_version v0.4.1
[INFO] [stderr]    Compiling multimap v0.10.1
[INFO] [stderr]    Compiling log v0.4.34
[INFO] [stderr]     Checking rand_core v0.10.1
[INFO] [stderr]     Checking pin-project-lite v0.2.17
[INFO] [stderr]     Checking futures-core v0.3.34
[INFO] [stderr]     Checking futures-sink v0.3.34
[INFO] [stderr]     Checking futures-io v0.3.34
[INFO] [stderr]     Checking futures-channel v0.3.34
[INFO] [stderr]     Checking slab v0.4.12
[INFO] [stderr]     Checking futures-task v0.3.34
[INFO] [stderr]     Checking typenum v1.20.1
[INFO] [stderr]    Compiling serde_core v1.0.229
[INFO] [stderr]    Compiling logos-codegen v0.15.1
[INFO] [stderr]     Checking cpufeatures v0.3.1
[INFO] [stderr]    Compiling shlex v2.0.1
[INFO] [stderr]    Compiling find-msvc-tools v0.1.14
[INFO] [stderr]     Checking tracing-core v0.1.36
[INFO] [stderr]    Compiling curve25519-dalek v5.0.0
[INFO] [stderr]    Compiling aho-corasick v1.1.5
[INFO] [stderr]    Compiling cc v1.6.0
[INFO] [stderr]    Compiling serde v1.0.229
[INFO] [stderr]    Compiling zerocopy v0.8.59
[INFO] [stderr]    Compiling indexmap v2.14.2
[INFO] [stderr]     Checking signature v3.0.0
[INFO] [stderr]     Checking zeroize v1.9.0
[INFO] [stderr]     Checking subtle v2.6.1
[INFO] [stderr]     Checking arrayvec v0.7.8
[INFO] [stderr]     Checking ed25519 v3.0.0
[INFO] [stderr]     Checking constant_time_eq v0.4.2
[INFO] [stderr]    Compiling cfg_aliases v0.2.2
[INFO] [stderr]     Checking netlink-packet-core v0.9.0
[INFO] [stderr]    Compiling getrandom v0.4.3
[INFO] [stderr]    Compiling syn v2.0.119
[INFO] [stderr]    Compiling syn v3.0.6
[INFO] [stderr]    Compiling nix v0.30.1
[INFO] [stderr]    Compiling getrandom v0.3.4
[INFO] [stderr]     Checking utf8parse v0.2.2
[INFO] [stderr]     Checking anstyle-parse v1.0.0
[INFO] [stderr]     Checking is_terminal_polyfill v1.70.2
[INFO] [stderr]     Checking anstyle v1.0.14
[INFO] [stderr]     Checking anstyle-query v1.1.5
[INFO] [stderr]     Checking colorchoice v1.0.5
[INFO] [stderr]     Checking chacha20 v0.10.2
[INFO] [stderr]    Compiling autocfg v1.5.1
[INFO] [stderr]     Checking anstream v1.0.0
[INFO] [stderr]     Checking strsim v0.11.1
[INFO] [stderr]     Checking winnow v1.0.4
[INFO] [stderr]    Compiling thiserror v1.0.69
[INFO] [stderr]     Checking clap_lex v1.1.1
[INFO] [stderr]    Compiling petgraph v0.8.3
[INFO] [stderr]     Checking toml_parser v1.1.3+spec-1.1.0
[INFO] [stderr]     Checking clap_builder v4.6.7
[INFO] [stderr]    Compiling num-traits v0.2.19
[INFO] [stderr]     Checking sharded-slab v0.1.7
[INFO] [stderr]     Checking errno v0.3.14
[INFO] [stderr]     Checking mio v1.2.4
[INFO] [stderr]    Compiling regex-automata v0.4.18
[INFO] [stderr]     Checking signal-hook-registry v1.4.8
[INFO] [stderr]     Checking socket2 v0.6.5
[INFO] [stderr]    Compiling blake3 v1.8.7
[INFO] [stderr]    Compiling tempfile v3.27.0
[INFO] [stderr]     Checking hybrid-array v0.4.15
[INFO] [stderr]     Checking rand_core v0.9.5
[INFO] [stderr]     Checking rand v0.10.3
[INFO] [stderr]     Checking tracing-log v0.2.0
[INFO] [stderr]     Checking thread_local v1.1.10
[INFO] [stderr]     Checking smallvec v1.16.2
[INFO] [stderr]     Checking nu-ansi-term v0.50.3
[INFO] [stderr]     Checking toml_writer v1.1.2+spec-1.1.0
[INFO] [stderr]     Checking wait-timeout v0.2.1
[INFO] [stderr]    Compiling nix v0.31.3
[INFO] [stderr]     Checking bit-vec v0.8.0
[INFO] [stderr]     Checking quick-error v1.2.3
[INFO] [stderr]     Checking rand v0.9.5
[INFO] [stderr]     Checking crypto-common v0.2.2
[INFO] [stderr]     Checking block-buffer v0.12.1
[INFO] [stderr]     Checking bit-set v0.8.0
[INFO] [stderr]     Checking rand_xorshift v0.4.0
[INFO] [stderr]     Checking unarray v0.1.4
[INFO] [stderr]     Checking digest v0.11.3
[INFO] [stderr]     Checking sha2 v0.11.0
[INFO] [stderr]     Checking matchers v0.2.0
[INFO] [stderr]     Checking rusty-fork v0.3.1
[INFO] [stderr]     Checking toml_datetime v1.1.1+spec-1.1.0
[INFO] [stderr]     Checking serde_spanned v1.1.1
[INFO] [stderr]     Checking toml v1.1.6+spec-1.1.0
[INFO] [stderr]    Compiling thiserror-impl v2.0.21
[INFO] [stderr]    Compiling futures-macro v0.3.34
[INFO] [stderr]    Compiling tokio-macros v2.7.2
[INFO] [stderr]    Compiling serde_derive v1.0.229
[INFO] [stderr]    Compiling clap_derive v4.6.7
[INFO] [stderr]    Compiling regex v1.13.1
[INFO] [stderr]     Checking tokio v1.53.2
[INFO] [stderr]     Checking futures-util v0.3.34
[INFO] [stderr]    Compiling logos-codegen v0.16.1
[INFO] [stderr]    Compiling prost-derive v0.14.4
[INFO] [stderr]    Compiling miette-derive v7.6.0
[INFO] [stderr]    Compiling zerocopy-derive v0.8.59
[INFO] [stderr]    Compiling curve25519-dalek-derive v0.1.1
[INFO] [stderr]    Compiling tracing-attributes v0.1.31
[INFO] [stderr]    Compiling thiserror-impl v1.0.69
[INFO] [stderr]     Checking clap v4.6.7
[INFO] [stderr]    Compiling miette v7.6.0
[INFO] [stderr]    Compiling logos-derive v0.16.1
[INFO] [stderr]    Compiling logos-derive v0.15.1
[INFO] [stderr]     Checking tracing v0.1.44
[INFO] [stderr]    Compiling logos v0.16.1
[INFO] [stderr]     Checking ed25519-dalek v3.0.0
[INFO] [stderr]    Compiling logos v0.15.1
[INFO] [stderr]     Checking tracing-subscriber v0.3.23
[INFO] [stderr]    Compiling prost v0.14.4
[INFO] [stderr]    Compiling prost-types v0.14.4
[INFO] [stderr]     Checking futures-executor v0.3.34
[INFO] [stderr]     Checking futures v0.3.34
[INFO] [stderr]     Checking ntk-common v0.1.9
[INFO] [stderr]    Compiling prost-reflect v0.16.5
[INFO] [stderr]    Compiling protox-parse v0.9.0
[INFO] [stderr]    Compiling prost-build v0.14.4
[INFO] [stderr]     Checking tokio-util v0.7.19
[INFO] [stderr]     Checking netlink-sys v0.9.0
[INFO] [stderr]     Checking netlink-proto v0.13.0
[INFO] [stderr]    Compiling protox v0.9.1
[INFO] [stderr]    Compiling ntk-proto v0.1.9
[INFO] [stderr]    Compiling ntk-peerservices v0.1.9
[INFO] [stderr]    Compiling ntk-coordinator v0.1.9
[INFO] [stderr]    Compiling ntk-andna v0.1.9
[INFO] [stderr]    Compiling ntk-hooking v0.1.9
[INFO] [stderr]    Compiling ntk-neighborhood v0.1.9
[INFO] [stderr]    Compiling ntk-qspn v0.1.9
[INFO] [stderr]    Compiling ntk-identities v0.1.9
[INFO] [stderr]     Checking ntk-rpc v0.1.9
[INFO] [stderr]     Checking netlink-packet-route v0.33.0
[INFO] [stderr]     Checking netlink-packet-generic v0.5.0
[INFO] [stderr]     Checking ppv-lite86 v0.2.21
[INFO] [stderr]     Checking genetlink v0.3.0
[INFO] [stderr]     Checking wl-nl80211 v0.8.0
[INFO] [stderr]     Checking rand_chacha v0.9.0
[INFO] [stderr]     Checking proptest v1.11.0
[INFO] [stderr]     Checking rtnetlink v0.23.0
[INFO] [stderr]     Checking ntk-netlink v0.1.9
[INFO] [stderr]     Checking ntkd v0.1.9 (/opt/rustwide/workdir)
[INFO] [stdout] error[E0599]: no method named `kernel_ref` found for struct `RouteInstaller<K>` in the current scope
[INFO] [stdout]   --> tests/kernel_routes.rs:93:15
[INFO] [stdout]    |
[INFO] [stdout] 93 |     installer.kernel_ref().clear_operations();
[INFO] [stdout]    |               ^^^^^^^^^^ method not found in `RouteInstaller<FakeNetlink>`
[INFO] [stdout] 
[INFO] [stdout] 
[INFO] [stdout] error[E0599]: no method named `kernel_ref` found for struct `RouteInstaller<K>` in the current scope
[INFO] [stdout]   --> tests/kernel_routes.rs:96:23
[INFO] [stdout]    |
[INFO] [stdout] 96 |     assert!(installer.kernel_ref().operations().is_empty());
[INFO] [stdout]    |                       ^^^^^^^^^^ method not found in `RouteInstaller<FakeNetlink>`
[INFO] [stdout] 
[INFO] [stdout] 
[INFO] [stdout] error[E0599]: no method named `kernel_ref` found for struct `RouteInstaller<K>` in the current scope
[INFO] [stdout]    --> tests/kernel_routes.rs:115:15
[INFO] [stdout]     |
[INFO] [stdout] 115 |     installer.kernel_ref().clear_operations();
[INFO] [stdout]     |               ^^^^^^^^^^ method not found in `RouteInstaller<FakeNetlink>`
[INFO] [stdout] 
[INFO] [stdout] 
[INFO] [stdout] error[E0599]: no method named `kernel_ref` found for struct `RouteInstaller<K>` in the current scope
[INFO] [stdout]    --> tests/kernel_routes.rs:128:25
[INFO] [stdout]     |
[INFO] [stdout] 128 |     let ops = installer.kernel_ref().operations();
[INFO] [stdout]     |                         ^^^^^^^^^^ method not found in `RouteInstaller<FakeNetlink>`
[INFO] [stdout] 
[INFO] [stdout] 
[INFO] [stdout] error[E0599]: no method named `kernel_ref` found for struct `RouteInstaller<K>` in the current scope
[INFO] [stdout]    --> tests/kernel_routes.rs:151:19
[INFO] [stdout]     |
[INFO] [stdout] 151 |         installer.kernel_ref().operations().as_slice(),
[INFO] [stdout]     |                   ^^^^^^^^^^ method not found in `RouteInstaller<FakeNetlink>`
[INFO] [stdout] 
[INFO] [stdout] 
[INFO] [stdout] error[E0599]: no method named `kernel_ref` found for struct `RouteInstaller<K>` in the current scope
[INFO] [stdout]    --> tests/kernel_routes.rs:155:15
[INFO] [stdout]     |
[INFO] [stdout] 155 |     installer.kernel_ref().clear_operations();
[INFO] [stdout]     |               ^^^^^^^^^^ method not found in `RouteInstaller<FakeNetlink>`
[INFO] [stdout] 
[INFO] [stdout] 
[INFO] [stdout] error[E0599]: no method named `kernel_ref` found for struct `RouteInstaller<K>` in the current scope
[INFO] [stdout]    --> tests/kernel_routes.rs:159:25
[INFO] [stdout]     |
[INFO] [stdout] 159 |     let ops = installer.kernel_ref().operations();
[INFO] [stdout]     |                         ^^^^^^^^^^ method not found in `RouteInstaller<FakeNetlink>`
[INFO] [stdout] 
[INFO] [stdout] 
[INFO] [stdout] error[E0599]: no method named `kernel_ref` found for struct `RouteInstaller<K>` in the current scope
[INFO] [stdout]    --> tests/kernel_routes.rs:192:25
[INFO] [stdout]     |
[INFO] [stdout] 192 |     let ops = installer.kernel_ref().operations();
[INFO] [stdout]     |                         ^^^^^^^^^^ method not found in `RouteInstaller<FakeNetlink>`
[INFO] [stdout] 
[INFO] [stdout] 
[INFO] [stdout] error[E0599]: no method named `kernel_ref` found for struct `RouteInstaller<K>` in the current scope
[INFO] [stdout]    --> tests/kernel_routes.rs:225:25
[INFO] [stdout]     |
[INFO] [stdout] 225 |     let ops = installer.kernel_ref().operations();
[INFO] [stdout]     |                         ^^^^^^^^^^ method not found in `RouteInstaller<FakeNetlink>`
[INFO] [stdout] 
[INFO] [stdout] 
[INFO] [stdout] error[E0599]: no method named `kernel_ref` found for struct `RouteInstaller<K>` in the current scope
[INFO] [stdout]    --> tests/kernel_routes.rs:231:15
[INFO] [stdout]     |
[INFO] [stdout] 231 |     installer.kernel_ref().clear_operations();
[INFO] [stdout]     |               ^^^^^^^^^^ method not found in `RouteInstaller<FakeNetlink>`
[INFO] [stdout] 
[INFO] [stdout] 
[INFO] [stdout] error[E0599]: no method named `kernel_ref` found for struct `RouteInstaller<K>` in the current scope
[INFO] [stdout]    --> tests/kernel_routes.rs:239:25
[INFO] [stdout]     |
[INFO] [stdout] 239 |     let ops = installer.kernel_ref().operations();
[INFO] [stdout]     |                         ^^^^^^^^^^ method not found in `RouteInstaller<FakeNetlink>`
[INFO] [stdout] 
[INFO] [stdout] 
[INFO] [stdout] error[E0599]: no method named `kernel_ref` found for struct `RouteInstaller<K>` in the current scope
[INFO] [stdout]    --> tests/kernel_routes.rs:262:48
[INFO] [stdout]     |
[INFO] [stdout] 262 |     let Operation::AddRoute(spec) = &installer.kernel_ref().operations()[0] else {
[INFO] [stdout]     |                                                ^^^^^^^^^^ method not found in `RouteInstaller<FakeNetlink>`
[INFO] [stdout] 
[INFO] [stdout] 
[INFO] [stdout] error[E0599]: no method named `kernel_ref` found for struct `RouteInstaller<K>` in the current scope
[INFO] [stdout]    --> tests/kernel_routes.rs:267:15
[INFO] [stdout]     |
[INFO] [stdout] 267 |     installer.kernel_ref().clear_operations();
[INFO] [stdout]     |               ^^^^^^^^^^ method not found in `RouteInstaller<FakeNetlink>`
[INFO] [stdout] 
[INFO] [stdout] 
[INFO] [stdout] error[E0599]: no method named `kernel_ref` found for struct `RouteInstaller<K>` in the current scope
[INFO] [stdout]    --> tests/kernel_routes.rs:271:51
[INFO] [stdout]     |
[INFO] [stdout] 271 |     let Operation::ChangeRoute(spec) = &installer.kernel_ref().operations()[0] else {
[INFO] [stdout]     |                                                   ^^^^^^^^^^ method not found in `RouteInstaller<FakeNetlink>`
[INFO] [stdout] 
[INFO] [stdout] 
[INFO] [stdout] error[E0599]: no method named `kernel_ref` found for struct `RouteInstaller<K>` in the current scope
[INFO] [stdout]    --> tests/kernel_routes.rs:306:26
[INFO] [stdout]     |
[INFO] [stdout] 306 |     assert_eq!(installer.kernel_ref().operations(), expected);
[INFO] [stdout]     |                          ^^^^^^^^^^ method not found in `RouteInstaller<FakeNetlink>`
[INFO] [stdout] 
[INFO] [stdout] 
[INFO] [stdout] error[E0599]: no method named `kernel_ref` found for struct `RouteInstaller<K>` in the current scope
[INFO] [stdout]    --> tests/kernel_routes.rs:336:15
[INFO] [stdout]     |
[INFO] [stdout] 336 |     installer.kernel_ref().arm_route_failure(
[INFO] [stdout]     |               ^^^^^^^^^^ method not found in `RouteInstaller<FakeNetlink>`
[INFO] [stdout] 
[INFO] [stdout] 
[INFO] [stdout] error[E0599]: no method named `kernel_ref` found for struct `RouteInstaller<K>` in the current scope
[INFO] [stdout]    --> tests/kernel_routes.rs:343:25
[INFO] [stdout]     |
[INFO] [stdout] 343 |     let ops = installer.kernel_ref().operations();
[INFO] [stdout]     |                         ^^^^^^^^^^ method not found in `RouteInstaller<FakeNetlink>`
[INFO] [stdout] 
[INFO] [stdout] 
[INFO] [stdout] error[E0599]: no method named `kernel_ref` found for struct `RouteInstaller<K>` in the current scope
[INFO] [stdout]    --> tests/kernel_routes.rs:352:15
[INFO] [stdout]     |
[INFO] [stdout] 352 |     installer.kernel_ref().clear_operations();
[INFO] [stdout]     |               ^^^^^^^^^^ method not found in `RouteInstaller<FakeNetlink>`
[INFO] [stdout] 
[INFO] [stdout] 
[INFO] [stdout] error[E0599]: no method named `kernel_ref` found for struct `RouteInstaller<K>` in the current scope
[INFO] [stdout]    --> tests/kernel_routes.rs:357:25
[INFO] [stdout]     |
[INFO] [stdout] 357 |     let ops = installer.kernel_ref().operations();
[INFO] [stdout]     |                         ^^^^^^^^^^ method not found in `RouteInstaller<FakeNetlink>`
[INFO] [stdout] 
[INFO] [stdout] 
[INFO] [stdout] error[E0599]: no method named `kernel_ref` found for struct `RouteInstaller<K>` in the current scope
[INFO] [stdout]    --> tests/kernel_routes.rs:364:15
[INFO] [stdout]     |
[INFO] [stdout] 364 |     installer.kernel_ref().clear_operations();
[INFO] [stdout]     |               ^^^^^^^^^^ method not found in `RouteInstaller<FakeNetlink>`
[INFO] [stdout] 
[INFO] [stdout] 
[INFO] [stdout] error[E0599]: no method named `kernel_ref` found for struct `RouteInstaller<K>` in the current scope
[INFO] [stdout]    --> tests/kernel_routes.rs:367:23
[INFO] [stdout]     |
[INFO] [stdout] 367 |     assert!(installer.kernel_ref().operations().is_empty());
[INFO] [stdout]     |                       ^^^^^^^^^^ method not found in `RouteInstaller<FakeNetlink>`
[INFO] [stdout] 
[INFO] [stdout] 
[INFO] [stdout] error[E0599]: no method named `kernel_ref` found for struct `RouteInstaller<K>` in the current scope
[INFO] [stdout]    --> tests/kernel_routes.rs:386:15
[INFO] [stdout]     |
[INFO] [stdout] 386 |     installer.kernel_ref().arm_route_failure(
[INFO] [stdout]     |               ^^^^^^^^^^ method not found in `RouteInstaller<FakeNetlink>`
[INFO] [stdout] 
[INFO] [stdout] 
[INFO] [stdout] error[E0599]: no method named `kernel_ref` found for struct `RouteInstaller<K>` in the current scope
[INFO] [stdout]    --> tests/kernel_routes.rs:394:23
[INFO] [stdout]     |
[INFO] [stdout] 394 |     assert!(installer.kernel_ref().operations().is_empty());
[INFO] [stdout]     |                       ^^^^^^^^^^ method not found in `RouteInstaller<FakeNetlink>`
[INFO] [stdout] 
[INFO] [stdout] 
[INFO] [stdout] error[E0599]: no method named `kernel_ref` found for struct `RouteInstaller<K>` in the current scope
[INFO] [stdout]    --> tests/kernel_routes.rs:400:15
[INFO] [stdout]     |
[INFO] [stdout] 400 |     installer.kernel_ref().clear_operations();
[INFO] [stdout]     |               ^^^^^^^^^^ method not found in `RouteInstaller<FakeNetlink>`
[INFO] [stdout] 
[INFO] [stdout] 
[INFO] [stdout] error[E0599]: no method named `kernel_ref` found for struct `RouteInstaller<K>` in the current scope
[INFO] [stdout]    --> tests/kernel_routes.rs:404:23
[INFO] [stdout]     |
[INFO] [stdout] 404 |     assert!(installer.kernel_ref().operations().is_empty());
[INFO] [stdout]     |                       ^^^^^^^^^^ method not found in `RouteInstaller<FakeNetlink>`
[INFO] [stdout] 
[INFO] [stdout] 
[INFO] [stdout] For more information about this error, try `rustc --explain E0599`.
[INFO] [stdout] 
[INFO] [stderr] error: could not compile `ntkd` (test "kernel_routes") due to 25 previous errors
[INFO] [stderr] warning: build failed, waiting for other jobs to finish...
[INFO] running `Command { std: "docker" "inspect" "42f821125dea06877c6738ff4d9e547d777a4d7dde99bf6ea84c283c259d6963", kill_on_drop: false }`
[INFO] running `Command { std: "docker" "rm" "-f" "42f821125dea06877c6738ff4d9e547d777a4d7dde99bf6ea84c283c259d6963", kill_on_drop: false }`
[INFO] [stdout] 42f821125dea06877c6738ff4d9e547d777a4d7dde99bf6ea84c283c259d6963
