[INFO] fetching crate nrf52840-ble-beacon 0.0.1...
[INFO] checking nrf52840-ble-beacon-0.0.1 against 3154cc1a3e6424e44f438a95007d043ed5ceaaf6 for pr-133502-30
[INFO] extracting crate nrf52840-ble-beacon 0.0.1 into /workspace/builds/worker-4-tc2/source
[INFO] started tweaking crates.io crate nrf52840-ble-beacon 0.0.1
[INFO] finished tweaking crates.io crate nrf52840-ble-beacon 0.0.1
[INFO] tweaked toml for crates.io crate nrf52840-ble-beacon 0.0.1 written to /workspace/builds/worker-4-tc2/source/Cargo.toml
[INFO] validating manifest of crates.io crate nrf52840-ble-beacon 0.0.1 on toolchain 3154cc1a3e6424e44f438a95007d043ed5ceaaf6
[INFO] running `Command { std: CARGO_HOME="/workspace/cargo-home" RUSTUP_HOME="/workspace/rustup-home" "/workspace/cargo-home/bin/cargo" "+3154cc1a3e6424e44f438a95007d043ed5ceaaf6" "metadata" "--manifest-path" "Cargo.toml" "--no-deps", kill_on_drop: false }`
[INFO] crate crates.io crate nrf52840-ble-beacon 0.0.1 already has a lockfile, it will not be regenerated
[INFO] running `Command { std: CARGO_HOME="/workspace/cargo-home" RUSTUP_HOME="/workspace/rustup-home" "/workspace/cargo-home/bin/cargo" "+3154cc1a3e6424e44f438a95007d043ed5ceaaf6" "fetch" "--manifest-path" "Cargo.toml", kill_on_drop: false }`
[INFO] running `Command { std: "docker" "create" "-v" "/var/lib/crater-agent-workspace/builds/worker-4-tc2/source:/opt/rustwide/workdir:ro,Z" "-v" "/var/lib/crater-agent-workspace/builds/worker-4-tc2/target:/opt/rustwide/target:rw,Z" "-v" "/var/lib/crater-agent-workspace/cargo-home:/opt/rustwide/cargo-home:ro,Z" "-v" "/var/lib/crater-agent-workspace/rustup-home:/opt/rustwide/rustup-home:ro,Z" "-m" "1610612736" "--network" "none" "ghcr.io/rust-lang/crates-build-env/linux@sha256:77db811e55d90add9212f6832c23229e3de5f1c1f9905e8cb07319ea15df73ac" "sleep" "infinity", kill_on_drop: false }`
[INFO] [stdout] 17bf52ba979c25f572be0ae9710b9472f76f8d945a70e15e365916c46ec77934
[INFO] running `Command { std: "docker" "start" "17bf52ba979c25f572be0ae9710b9472f76f8d945a70e15e365916c46ec77934", kill_on_drop: false }`
[INFO] running `Command { std: "docker" "inspect" "17bf52ba979c25f572be0ae9710b9472f76f8d945a70e15e365916c46ec77934", kill_on_drop: false }`
[INFO] running `Command { std: "docker" "exec" "-e" "SOURCE_DIR=/opt/rustwide/workdir" "-e" "CARGO_HOME=/opt/rustwide/cargo-home" "-e" "RUSTUP_HOME=/opt/rustwide/rustup-home" "-e" "CARGO_TARGET_DIR=/opt/rustwide/target" "-w" "/opt/rustwide/workdir" "--user" "0:0" "17bf52ba979c25f572be0ae9710b9472f76f8d945a70e15e365916c46ec77934" "/opt/rustwide/cargo-home/bin/cargo" "+3154cc1a3e6424e44f438a95007d043ed5ceaaf6" "metadata" "--no-deps" "--format-version=1", kill_on_drop: false }`
[INFO] running `Command { std: "docker" "inspect" "17bf52ba979c25f572be0ae9710b9472f76f8d945a70e15e365916c46ec77934", kill_on_drop: false }`
[INFO] running `Command { std: "docker" "exec" "-e" "SOURCE_DIR=/opt/rustwide/workdir" "-e" "CARGO_HOME=/opt/rustwide/cargo-home" "-e" "RUSTUP_HOME=/opt/rustwide/rustup-home" "-e" "CARGO_TARGET_DIR=/opt/rustwide/target" "-e" "CARGO_INCREMENTAL=0" "-e" "RUST_BACKTRACE=full" "-e" "RUSTFLAGS=--cap-lints=forbid" "-e" "RUSTDOCFLAGS=--cap-lints=forbid" "-w" "/opt/rustwide/workdir" "--user" "0:0" "17bf52ba979c25f572be0ae9710b9472f76f8d945a70e15e365916c46ec77934" "/opt/rustwide/cargo-home/bin/cargo" "+3154cc1a3e6424e44f438a95007d043ed5ceaaf6" "check" "--frozen" "--all" "--all-targets" "--message-format=json", kill_on_drop: false }`
[INFO] [stderr]    Compiling proc-macro2 v1.0.107
[INFO] [stderr]    Compiling unicode-ident v1.0.24
[INFO] [stderr]    Compiling quote v1.0.47
[INFO] [stderr]    Compiling semver-parser v0.7.0
[INFO] [stderr]    Compiling cortex-m v0.7.8
[INFO] [stderr]    Compiling cortex-m-macros v0.7.8
[INFO] [stderr]    Compiling cortex-m-rt v0.7.6
[INFO] [stderr]     Checking nb v1.1.0
[INFO] [stderr]     Checking vcell v0.1.3
[INFO] [stderr]     Checking void v1.0.2
[INFO] [stderr]     Checking embedded-hal v1.0.0
[INFO] [stderr]    Compiling nrf52840-pac v0.12.2
[INFO] [stderr]     Checking critical-section v1.2.0
[INFO] [stderr]     Checking bitfield v0.13.2
[INFO] [stderr]     Checking nb v0.1.3
[INFO] [stderr]     Checking volatile-register v0.2.2
[INFO] [stderr]     Checking embedded-hal v0.2.7
[INFO] [stderr]    Compiling semver v0.9.0
[INFO] [stderr]    Compiling rustc_version v0.2.3
[INFO] [stderr]    Compiling bare-metal v0.2.5
[INFO] [stderr]    Compiling syn v2.0.119
[INFO] [stderr]    Compiling cortex-m-rt-macros v0.7.6
[INFO] [stderr]     Checking nrf52840-ble-beacon v0.0.1 (/opt/rustwide/workdir)
[INFO] [stdout] error[E0599]: no method named `raw_addr` found for struct `MutexCell<T>` in the current scope
[INFO] [stdout]   --> src/ble/radio.rs:87:87
[INFO] [stdout]    |
[INFO] [stdout] 87 |         self.radio.packetptr.write(|writer| writer.packetptr().variant(TX_ADV_EXT_IND.raw_addr()));
[INFO] [stdout]    |                                                                                       ^^^^^^^^ method not found in `MutexCell<RawPacket>`
[INFO] [stdout]    |
[INFO] [stdout]   ::: src/cell.rs:7:1
[INFO] [stdout]    |
[INFO] [stdout]  7 | pub struct MutexCell<T> {
[INFO] [stdout]    | ----------------------- method `raw_addr` not found for this struct
[INFO] [stdout] 
[INFO] [stdout] 
[INFO] [stdout] error[E0599]: no method named `raw_addr` found for struct `MutexCell<T>` in the current scope
[INFO] [stdout]   --> src/ble/radio.rs:87:87
[INFO] [stdout]    |
[INFO] [stdout] 87 |         self.radio.packetptr.write(|writer| writer.packetptr().variant(TX_ADV_EXT_IND.raw_addr()));
[INFO] [stdout]    |                                                                                       ^^^^^^^^ method not found in `MutexCell<RawPacket>`
[INFO] [stdout]    |
[INFO] [stdout]   ::: src/cell.rs:7:1
[INFO] [stdout]    |
[INFO] [stdout]  7 | pub struct MutexCell<T> {
[INFO] [stdout]    | ----------------------- method `raw_addr` not found for this struct
[INFO] [stdout] 
[INFO] [stdout] 
[INFO] [stdout] error[E0599]: no method named `raw_addr` found for struct `MutexCell<T>` in the current scope
[INFO] [stdout]    --> src/ble/radio.rs:122:87
[INFO] [stdout]     |
[INFO] [stdout] 122 |         self.radio.packetptr.write(|writer| writer.packetptr().variant(RX_ADV_EXT_IND.raw_addr()));
[INFO] [stdout]     |                                                                                       ^^^^^^^^ method not found in `MutexCell<RawPacket>`
[INFO] [stdout]     |
[INFO] [stdout]    ::: src/cell.rs:7:1
[INFO] [stdout]     |
[INFO] [stdout]   7 | pub struct MutexCell<T> {
[INFO] [stdout]     | ----------------------- method `raw_addr` not found for this struct
[INFO] [stdout] 
[INFO] [stdout] 
[INFO] [stdout] error[E0599]: no method named `raw_addr` found for struct `MutexCell<T>` in the current scope
[INFO] [stdout]    --> src/ble/radio.rs:155:87
[INFO] [stdout]     |
[INFO] [stdout] 155 |         self.radio.packetptr.write(|writer| writer.packetptr().variant(RX_AUX_ADV_IND.raw_addr()));
[INFO] [stdout]     |                                                                                       ^^^^^^^^ method not found in `MutexCell<RawPacket>`
[INFO] [stdout]     |
[INFO] [stdout]    ::: src/cell.rs:7:1
[INFO] [stdout]     |
[INFO] [stdout]   7 | pub struct MutexCell<T> {
[INFO] [stdout]     | ----------------------- method `raw_addr` not found for this struct
[INFO] [stdout] 
[INFO] [stdout] 
[INFO] [stdout] error[E0599]: no method named `raw_addr` found for struct `MutexCell<T>` in the current scope
[INFO] [stdout]    --> src/ble/radio.rs:122:87
[INFO] [stdout]     |
[INFO] [stdout] 122 |         self.radio.packetptr.write(|writer| writer.packetptr().variant(RX_ADV_EXT_IND.raw_addr()));
[INFO] [stdout]     |                                                                                       ^^^^^^^^ method not found in `MutexCell<RawPacket>`
[INFO] [stdout]     |
[INFO] [stdout]    ::: src/cell.rs:7:1
[INFO] [stdout]     |
[INFO] [stdout]   7 | pub struct MutexCell<T> {
[INFO] [stdout]     | ----------------------- method `raw_addr` not found for this struct
[INFO] [stdout] 
[INFO] [stdout] 
[INFO] [stdout] error[E0599]: no method named `raw_addr` found for struct `MutexCell<T>` in the current scope
[INFO] [stdout]    --> src/ble/radio.rs:155:87
[INFO] [stdout]     |
[INFO] [stdout] 155 |         self.radio.packetptr.write(|writer| writer.packetptr().variant(RX_AUX_ADV_IND.raw_addr()));
[INFO] [stdout]     |                                                                                       ^^^^^^^^ method not found in `MutexCell<RawPacket>`
[INFO] [stdout]     |
[INFO] [stdout]    ::: src/cell.rs:7:1
[INFO] [stdout]     |
[INFO] [stdout]   7 | pub struct MutexCell<T> {
[INFO] [stdout]     | ----------------------- method `raw_addr` not found for this struct
[INFO] [stdout] 
[INFO] [stdout] 
[INFO] [stdout] error[E0599]: no method named `raw_addr` found for struct `MutexCell<T>` in the current scope
[INFO] [stdout]    --> src/ble/radio.rs:287:95
[INFO] [stdout]     |
[INFO] [stdout] 287 |                 self.radio.packetptr.write(|writer| writer.packetptr().variant(TX_AUX_ADV_IND.raw_addr()));
[INFO] [stdout]     |                                                                                               ^^^^^^^^ method not found in `MutexCell<RawPacket>`
[INFO] [stdout]     |
[INFO] [stdout]    ::: src/cell.rs:7:1
[INFO] [stdout]     |
[INFO] [stdout]   7 | pub struct MutexCell<T> {
[INFO] [stdout]     | ----------------------- method `raw_addr` not found for this struct
[INFO] [stdout] 
[INFO] [stdout] 
[INFO] [stdout] error[E0599]: no method named `raw_addr` found for struct `MutexCell<T>` in the current scope
[INFO] [stdout]    --> src/ble/radio.rs:287:95
[INFO] [stdout]     |
[INFO] [stdout] 287 |                 self.radio.packetptr.write(|writer| writer.packetptr().variant(TX_AUX_ADV_IND.raw_addr()));
[INFO] [stdout]     |                                                                                               ^^^^^^^^ method not found in `MutexCell<RawPacket>`
[INFO] [stdout]     |
[INFO] [stdout]    ::: src/cell.rs:7:1
[INFO] [stdout]     |
[INFO] [stdout]   7 | pub struct MutexCell<T> {
[INFO] [stdout]     | ----------------------- method `raw_addr` not found for this struct
[INFO] [stdout] 
[INFO] [stdout] 
[INFO] [stdout] For more information about this error, try `rustc --explain E0599`.
[INFO] [stdout] 
[INFO] [stdout] For more information about this error, try `rustc --explain E0599`.
[INFO] [stdout] 
[INFO] [stderr] error: could not compile `nrf52840-ble-beacon` (lib) due to 4 previous errors
[INFO] [stderr] warning: build failed, waiting for other jobs to finish...
[INFO] [stderr] error: could not compile `nrf52840-ble-beacon` (lib test) due to 4 previous errors
[INFO] running `Command { std: "docker" "inspect" "17bf52ba979c25f572be0ae9710b9472f76f8d945a70e15e365916c46ec77934", kill_on_drop: false }`
[INFO] running `Command { std: "docker" "rm" "-f" "17bf52ba979c25f572be0ae9710b9472f76f8d945a70e15e365916c46ec77934", kill_on_drop: false }`
[INFO] [stdout] 17bf52ba979c25f572be0ae9710b9472f76f8d945a70e15e365916c46ec77934
