[INFO] fetching crate noxid-workspace 0.2.0...
[INFO] checking noxid-workspace-0.2.0 against 3154cc1a3e6424e44f438a95007d043ed5ceaaf6+rustflags=-Znext-solver=coherence for pr-133502-30
[INFO] extracting crate noxid-workspace 0.2.0 into /workspace/builds/worker-0-tc1/source
[INFO] started tweaking crates.io crate noxid-workspace 0.2.0
[INFO] removed 0 missing tests
[INFO] finished tweaking crates.io crate noxid-workspace 0.2.0
[INFO] tweaked toml for crates.io crate noxid-workspace 0.2.0 written to /workspace/builds/worker-0-tc1/source/Cargo.toml
[INFO] validating manifest of crates.io crate noxid-workspace 0.2.0 on toolchain 3154cc1a3e6424e44f438a95007d043ed5ceaaf6
[INFO] running `Command { std: CARGO_HOME="/workspace/cargo-home" RUSTUP_HOME="/workspace/rustup-home" "/workspace/cargo-home/bin/cargo" "+3154cc1a3e6424e44f438a95007d043ed5ceaaf6" "metadata" "--manifest-path" "Cargo.toml" "--no-deps", kill_on_drop: false }`
[INFO] crate crates.io crate noxid-workspace 0.2.0 already has a lockfile, it will not be regenerated
[INFO] running `Command { std: CARGO_HOME="/workspace/cargo-home" RUSTUP_HOME="/workspace/rustup-home" "/workspace/cargo-home/bin/cargo" "+3154cc1a3e6424e44f438a95007d043ed5ceaaf6" "fetch" "--manifest-path" "Cargo.toml", kill_on_drop: false }`
[INFO] [stderr]     Updating crates.io index
[INFO] [stderr]  Downloading crates ...
[INFO] [stderr]   Downloaded noxid-source v0.2.0
[INFO] [stderr]   Downloaded noxid-lexer v0.2.0
[INFO] [stderr]   Downloaded noxid-types v0.2.0
[INFO] [stderr]   Downloaded noxid-ast v0.2.0
[INFO] [stderr]   Downloaded noxid-parser v0.2.0
[INFO] [stderr]   Downloaded noxid-codegen-validation-js v0.2.0
[INFO] [stderr]   Downloaded noxid-graph v0.2.0
[INFO] [stderr]   Downloaded noxid-execution-ir v0.2.0
[INFO] [stderr]   Downloaded noxid-codegen-resource-js v0.2.0
[INFO] [stderr]   Downloaded noxid-css-ir v0.2.0
[INFO] [stderr]   Downloaded noxid-dom-ir v0.2.0
[INFO] [stderr]   Downloaded noxid-codegen-stream-js v0.2.0
[INFO] [stderr]   Downloaded noxid-codegen-agent-js v0.2.0
[INFO] [stderr]   Downloaded noxid-agent-ir v0.2.0
[INFO] [stderr]   Downloaded noxid-validation-ir v0.2.0
[INFO] [stderr]   Downloaded noxid-resource-ir v0.2.0
[INFO] [stderr]   Downloaded noxid-design-ir v0.2.0
[INFO] [stderr]   Downloaded noxid-css-syntax v0.2.0
[INFO] [stderr]   Downloaded noxid-codegen-js v0.2.0
[INFO] [stderr]   Downloaded noxid-model-ir v0.2.0
[INFO] [stderr]   Downloaded noxid-interaction-ir v0.2.0
[INFO] [stderr]   Downloaded noxid-codegen-css v0.2.0
[INFO] [stderr]   Downloaded noxid-stream-ir v0.2.0
[INFO] [stderr]   Downloaded noxid-metadata v0.2.0
[INFO] [stderr]   Downloaded noxid-devtools-protocol v0.2.0
[INFO] [stderr]   Downloaded noxid-a11y v0.2.0
[INFO] [stderr]   Downloaded noxid-ir v0.2.0
[INFO] [stderr]   Downloaded noxid-runtime v0.2.0
[INFO] [stderr]   Downloaded noxid-compiler-core v0.2.0
[INFO] [stderr]   Downloaded noxid-semantics v0.2.0
[INFO] running `Command { std: "docker" "create" "-v" "/var/lib/crater-agent-workspace/builds/worker-0-tc1/source:/opt/rustwide/workdir:ro,Z" "-v" "/var/lib/crater-agent-workspace/builds/worker-0-tc1/target:/opt/rustwide/target:rw,Z" "-v" "/var/lib/crater-agent-workspace/cargo-home:/opt/rustwide/cargo-home:ro,Z" "-v" "/var/lib/crater-agent-workspace/rustup-home:/opt/rustwide/rustup-home:ro,Z" "-m" "1610612736" "--network" "none" "ghcr.io/rust-lang/crates-build-env/linux@sha256:77db811e55d90add9212f6832c23229e3de5f1c1f9905e8cb07319ea15df73ac" "sleep" "infinity", kill_on_drop: false }`
[INFO] [stdout] c3bf564943c57b2a28ec62ddd16dc6141bf03aa27ff54d4213a7b9268874b892
[INFO] running `Command { std: "docker" "start" "c3bf564943c57b2a28ec62ddd16dc6141bf03aa27ff54d4213a7b9268874b892", kill_on_drop: false }`
[INFO] running `Command { std: "docker" "inspect" "c3bf564943c57b2a28ec62ddd16dc6141bf03aa27ff54d4213a7b9268874b892", kill_on_drop: false }`
[INFO] running `Command { std: "docker" "exec" "-e" "SOURCE_DIR=/opt/rustwide/workdir" "-e" "CARGO_HOME=/opt/rustwide/cargo-home" "-e" "RUSTUP_HOME=/opt/rustwide/rustup-home" "-e" "CARGO_TARGET_DIR=/opt/rustwide/target" "-w" "/opt/rustwide/workdir" "--user" "0:0" "c3bf564943c57b2a28ec62ddd16dc6141bf03aa27ff54d4213a7b9268874b892" "/opt/rustwide/cargo-home/bin/cargo" "+3154cc1a3e6424e44f438a95007d043ed5ceaaf6" "metadata" "--no-deps" "--format-version=1", kill_on_drop: false }`
[INFO] running `Command { std: "docker" "inspect" "c3bf564943c57b2a28ec62ddd16dc6141bf03aa27ff54d4213a7b9268874b892", kill_on_drop: false }`
[INFO] running `Command { std: "docker" "exec" "-e" "SOURCE_DIR=/opt/rustwide/workdir" "-e" "CARGO_HOME=/opt/rustwide/cargo-home" "-e" "RUSTUP_HOME=/opt/rustwide/rustup-home" "-e" "CARGO_TARGET_DIR=/opt/rustwide/target" "-e" "CARGO_INCREMENTAL=0" "-e" "RUST_BACKTRACE=full" "-e" "RUSTFLAGS=--cap-lints=forbid -Znext-solver=coherence" "-e" "RUSTDOCFLAGS=--cap-lints=forbid" "-w" "/opt/rustwide/workdir" "--user" "0:0" "c3bf564943c57b2a28ec62ddd16dc6141bf03aa27ff54d4213a7b9268874b892" "/opt/rustwide/cargo-home/bin/cargo" "+3154cc1a3e6424e44f438a95007d043ed5ceaaf6" "check" "--frozen" "--all" "--all-targets" "--message-format=json", kill_on_drop: false }`
[INFO] [stderr]     Checking noxid-source v0.2.0
[INFO] [stderr]     Checking noxid-types v0.2.0
[INFO] [stderr]     Checking noxid-runtime v0.2.0
[INFO] [stderr]     Checking noxid-ir v0.2.0
[INFO] [stderr]     Checking noxid-ast v0.2.0
[INFO] [stderr]     Checking noxid-css-syntax v0.2.0
[INFO] [stderr]     Checking noxid-lexer v0.2.0
[INFO] [stderr]     Checking noxid-parser v0.2.0
[INFO] [stderr]     Checking noxid-graph v0.2.0
[INFO] [stderr]     Checking noxid-validation-ir v0.2.0
[INFO] [stderr]     Checking noxid-stream-ir v0.2.0
[INFO] [stderr]     Checking noxid-agent-ir v0.2.0
[INFO] [stderr]     Checking noxid-dom-ir v0.2.0
[INFO] [stderr]     Checking noxid-resource-ir v0.2.0
[INFO] [stderr]     Checking noxid-metadata v0.2.0
[INFO] [stderr]     Checking noxid-execution-ir v0.2.0
[INFO] [stderr]     Checking noxid-interaction-ir v0.2.0
[INFO] [stderr]     Checking noxid-codegen-agent-js v0.2.0
[INFO] [stderr]     Checking noxid-design-ir v0.2.0
[INFO] [stderr]     Checking noxid-codegen-resource-js v0.2.0
[INFO] [stderr]     Checking noxid-codegen-stream-js v0.2.0
[INFO] [stderr]     Checking noxid-semantics v0.2.0
[INFO] [stderr]     Checking noxid-a11y v0.2.0
[INFO] [stderr]     Checking noxid-css-ir v0.2.0
[INFO] [stderr]     Checking noxid-model-ir v0.2.0
[INFO] [stderr]     Checking noxid-codegen-validation-js v0.2.0
[INFO] [stderr]     Checking noxid-codegen-js v0.2.0
[INFO] [stderr]     Checking noxid-codegen-css v0.2.0
[INFO] [stderr]     Checking noxid-devtools-protocol v0.2.0
[INFO] [stderr]     Checking noxid-compiler-core v0.2.0
[INFO] [stderr]     Checking noxid-workspace v0.2.0 (/opt/rustwide/workdir)
[INFO] [stdout] error[E0433]: cannot find module or crate `noxid_runtime` in this scope
[INFO] [stdout]    --> tests/wo05_cross_file_imports.rs:179:9
[INFO] [stdout]     |
[INFO] [stdout] 179 |         noxid_runtime::NODE_TEST_DOM
[INFO] [stdout]     |         ^^^^^^^^^^^^^ use of unresolved module or unlinked crate `noxid_runtime`
[INFO] [stdout]     |
[INFO] [stdout]     = help: if you wanted to use a crate named `noxid_runtime`, use `cargo add noxid_runtime` to add it to your `Cargo.toml`
[INFO] [stdout] 
[INFO] [stdout] 
[INFO] [stdout] error[E0433]: cannot find module or crate `noxid_runtime` in this scope
[INFO] [stdout]   --> tests/wo05_cross_file_imports_qa_round2.rs:93:9
[INFO] [stdout]    |
[INFO] [stdout] 93 |         noxid_runtime::NODE_TEST_DOM,
[INFO] [stdout]    |         ^^^^^^^^^^^^^ use of unresolved module or unlinked crate `noxid_runtime`
[INFO] [stdout]    |
[INFO] [stdout]    = help: if you wanted to use a crate named `noxid_runtime`, use `cargo add noxid_runtime` to add it to your `Cargo.toml`
[INFO] [stdout] 
[INFO] [stdout] 
[INFO] [stdout] For more information about this error, try `rustc --explain E0433`.
[INFO] [stdout] 
[INFO] [stderr] error: could not compile `noxid-workspace` (test "wo05_cross_file_imports") due to 1 previous error
[INFO] [stderr] warning: build failed, waiting for other jobs to finish...
[INFO] [stdout] For more information about this error, try `rustc --explain E0433`.
[INFO] [stdout] 
[INFO] [stderr] error: could not compile `noxid-workspace` (test "wo05_cross_file_imports_qa_round2") due to 1 previous error
[INFO] [stdout] error[E0433]: cannot find module or crate `noxid_runtime` in this scope
[INFO] [stdout]    --> tests/wo05_cross_file_imports_qa_round1.rs:151:9
[INFO] [stdout]     |
[INFO] [stdout] 151 |         noxid_runtime::NODE_TEST_DOM,
[INFO] [stdout]     |         ^^^^^^^^^^^^^ use of unresolved module or unlinked crate `noxid_runtime`
[INFO] [stdout]     |
[INFO] [stdout]     = help: if you wanted to use a crate named `noxid_runtime`, use `cargo add noxid_runtime` to add it to your `Cargo.toml`
[INFO] [stdout] 
[INFO] [stdout] 
[INFO] [stdout] error[E0433]: cannot find module or crate `noxid_runtime` in this scope
[INFO] [stdout]    --> tests/wo05_cross_file_imports_qa_round1.rs:310:9
[INFO] [stdout]     |
[INFO] [stdout] 310 |         noxid_runtime::NODE_TEST_DOM,
[INFO] [stdout]     |         ^^^^^^^^^^^^^ use of unresolved module or unlinked crate `noxid_runtime`
[INFO] [stdout]     |
[INFO] [stdout]     = help: if you wanted to use a crate named `noxid_runtime`, use `cargo add noxid_runtime` to add it to your `Cargo.toml`
[INFO] [stdout] 
[INFO] [stdout] 
[INFO] [stdout] error[E0433]: cannot find module or crate `noxid_runtime` in this scope
[INFO] [stdout]    --> tests/wo05_cross_file_imports_qa_round1.rs:345:13
[INFO] [stdout]     |
[INFO] [stdout] 345 |             noxid_runtime::NODE_TEST_DOM,
[INFO] [stdout]     |             ^^^^^^^^^^^^^ use of unresolved module or unlinked crate `noxid_runtime`
[INFO] [stdout]     |
[INFO] [stdout]     = help: if you wanted to use a crate named `noxid_runtime`, use `cargo add noxid_runtime` to add it to your `Cargo.toml`
[INFO] [stdout] 
[INFO] [stdout] 
[INFO] [stdout] For more information about this error, try `rustc --explain E0433`.
[INFO] [stdout] 
[INFO] [stderr] error: could not compile `noxid-workspace` (test "wo05_cross_file_imports_qa_round1") due to 3 previous errors
[INFO] running `Command { std: "docker" "inspect" "c3bf564943c57b2a28ec62ddd16dc6141bf03aa27ff54d4213a7b9268874b892", kill_on_drop: false }`
[INFO] running `Command { std: "docker" "rm" "-f" "c3bf564943c57b2a28ec62ddd16dc6141bf03aa27ff54d4213a7b9268874b892", kill_on_drop: false }`
[INFO] [stdout] c3bf564943c57b2a28ec62ddd16dc6141bf03aa27ff54d4213a7b9268874b892
