[INFO] fetching crate noxid-ai-eval 0.2.0...
[INFO] checking noxid-ai-eval-0.2.0 against 3154cc1a3e6424e44f438a95007d043ed5ceaaf6 for pr-133502-30
[INFO] extracting crate noxid-ai-eval 0.2.0 into /workspace/builds/worker-4-tc2/source
[INFO] started tweaking crates.io crate noxid-ai-eval 0.2.0
[INFO] removed 0 missing tests
[INFO] finished tweaking crates.io crate noxid-ai-eval 0.2.0
[INFO] tweaked toml for crates.io crate noxid-ai-eval 0.2.0 written to /workspace/builds/worker-4-tc2/source/Cargo.toml
[INFO] validating manifest of crates.io crate noxid-ai-eval 0.2.0 on toolchain 3154cc1a3e6424e44f438a95007d043ed5ceaaf6
[INFO] running `Command { std: CARGO_HOME="/workspace/cargo-home" RUSTUP_HOME="/workspace/rustup-home" "/workspace/cargo-home/bin/cargo" "+3154cc1a3e6424e44f438a95007d043ed5ceaaf6" "metadata" "--manifest-path" "Cargo.toml" "--no-deps", kill_on_drop: false }`
[INFO] crate crates.io crate noxid-ai-eval 0.2.0 already has a lockfile, it will not be regenerated
[INFO] running `Command { std: CARGO_HOME="/workspace/cargo-home" RUSTUP_HOME="/workspace/rustup-home" "/workspace/cargo-home/bin/cargo" "+3154cc1a3e6424e44f438a95007d043ed5ceaaf6" "fetch" "--manifest-path" "Cargo.toml", kill_on_drop: false }`
[INFO] running `Command { std: "docker" "create" "-v" "/var/lib/crater-agent-workspace/builds/worker-4-tc2/source:/opt/rustwide/workdir:ro,Z" "-v" "/var/lib/crater-agent-workspace/builds/worker-4-tc2/target:/opt/rustwide/target:rw,Z" "-v" "/var/lib/crater-agent-workspace/cargo-home:/opt/rustwide/cargo-home:ro,Z" "-v" "/var/lib/crater-agent-workspace/rustup-home:/opt/rustwide/rustup-home:ro,Z" "-m" "1610612736" "--network" "none" "ghcr.io/rust-lang/crates-build-env/linux@sha256:77db811e55d90add9212f6832c23229e3de5f1c1f9905e8cb07319ea15df73ac" "sleep" "infinity", kill_on_drop: false }`
[INFO] [stdout] 4f5fbe69b0827b91e564c52542e759cfe93eb5b8cc8e91140d888c1f5a4414f6
[INFO] running `Command { std: "docker" "start" "4f5fbe69b0827b91e564c52542e759cfe93eb5b8cc8e91140d888c1f5a4414f6", kill_on_drop: false }`
[INFO] running `Command { std: "docker" "inspect" "4f5fbe69b0827b91e564c52542e759cfe93eb5b8cc8e91140d888c1f5a4414f6", kill_on_drop: false }`
[INFO] running `Command { std: "docker" "exec" "-e" "SOURCE_DIR=/opt/rustwide/workdir" "-e" "CARGO_HOME=/opt/rustwide/cargo-home" "-e" "RUSTUP_HOME=/opt/rustwide/rustup-home" "-e" "CARGO_TARGET_DIR=/opt/rustwide/target" "-w" "/opt/rustwide/workdir" "--user" "0:0" "4f5fbe69b0827b91e564c52542e759cfe93eb5b8cc8e91140d888c1f5a4414f6" "/opt/rustwide/cargo-home/bin/cargo" "+3154cc1a3e6424e44f438a95007d043ed5ceaaf6" "metadata" "--no-deps" "--format-version=1", kill_on_drop: false }`
[INFO] running `Command { std: "docker" "inspect" "4f5fbe69b0827b91e564c52542e759cfe93eb5b8cc8e91140d888c1f5a4414f6", kill_on_drop: false }`
[INFO] running `Command { std: "docker" "exec" "-e" "SOURCE_DIR=/opt/rustwide/workdir" "-e" "CARGO_HOME=/opt/rustwide/cargo-home" "-e" "RUSTUP_HOME=/opt/rustwide/rustup-home" "-e" "CARGO_TARGET_DIR=/opt/rustwide/target" "-e" "CARGO_INCREMENTAL=0" "-e" "RUST_BACKTRACE=full" "-e" "RUSTFLAGS=--cap-lints=forbid" "-e" "RUSTDOCFLAGS=--cap-lints=forbid" "-w" "/opt/rustwide/workdir" "--user" "0:0" "4f5fbe69b0827b91e564c52542e759cfe93eb5b8cc8e91140d888c1f5a4414f6" "/opt/rustwide/cargo-home/bin/cargo" "+3154cc1a3e6424e44f438a95007d043ed5ceaaf6" "check" "--frozen" "--all" "--all-targets" "--message-format=json", kill_on_drop: false }`
[INFO] [stderr]     Checking noxid-source v0.2.0
[INFO] [stderr]     Checking noxid-types v0.2.0
[INFO] [stderr]     Checking noxid-ir v0.2.0
[INFO] [stderr]     Checking noxid-graph v0.2.0
[INFO] [stderr]     Checking noxid-ai-eval v0.2.0 (/opt/rustwide/workdir)
[INFO] [stdout] error: couldn't read `src/../../../examples/product-semantics/Counter.nox`: No such file or directory (os error 2)
[INFO] [stdout]    --> src/index.rs:581:13
[INFO] [stdout]     |
[INFO] [stdout] 581 |             include_str!("../../../examples/product-semantics/Counter.nox"),
[INFO] [stdout]     |             ^^^^^^^^^^^^^^^^^^^^^^^^^^^^^^^^^^^^^^^^^^^^^^^^^^^^^^^^^^^^^^^
[INFO] [stdout] 
[INFO] [stdout] 
[INFO] [stdout] error: couldn't read `src/../../../examples/product-semantics/Counter.nox`: No such file or directory (os error 2)
[INFO] [stdout]    --> src/scenario_runner.rs:438:13
[INFO] [stdout]     |
[INFO] [stdout] 438 |             include_str!("../../../examples/product-semantics/Counter.nox"),
[INFO] [stdout]     |             ^^^^^^^^^^^^^^^^^^^^^^^^^^^^^^^^^^^^^^^^^^^^^^^^^^^^^^^^^^^^^^^
[INFO] [stdout] 
[INFO] [stdout] 
[INFO] [stdout] error: couldn't read `src/../../../examples/product-semantics/Counter.nox`: No such file or directory (os error 2)
[INFO] [stdout]     --> src/lib.rs:1114:13
[INFO] [stdout]      |
[INFO] [stdout] 1114 |             include_str!("../../../examples/product-semantics/Counter.nox"),
[INFO] [stdout]      |             ^^^^^^^^^^^^^^^^^^^^^^^^^^^^^^^^^^^^^^^^^^^^^^^^^^^^^^^^^^^^^^^
[INFO] [stdout] 
[INFO] [stdout] 
[INFO] [stdout] error: couldn't read `src/../../../tests/fixtures/valid/RequestMachine.nox`: No such file or directory (os error 2)
[INFO] [stdout]     --> src/lib.rs:1210:13
[INFO] [stdout]      |
[INFO] [stdout] 1210 |             include_str!("../../../tests/fixtures/valid/RequestMachine.nox"),
[INFO] [stdout]      |             ^^^^^^^^^^^^^^^^^^^^^^^^^^^^^^^^^^^^^^^^^^^^^^^^^^^^^^^^^^^^^^^^
[INFO] [stdout] 
[INFO] [stdout] 
[INFO] [stdout] error[E0432]: unresolved import `noxid_compiler_core`
[INFO] [stdout]    --> src/index.rs:572:9
[INFO] [stdout]     |
[INFO] [stdout] 572 |     use noxid_compiler_core::compile;
[INFO] [stdout]     |         ^^^^^^^^^^^^^^^^^^^ use of unresolved module or unlinked crate `noxid_compiler_core`
[INFO] [stdout]     |
[INFO] [stdout]     = help: if you wanted to use a crate named `noxid_compiler_core`, use `cargo add noxid_compiler_core` to add it to your `Cargo.toml`
[INFO] [stdout] 
[INFO] [stdout] 
[INFO] [stdout] error[E0432]: unresolved import `noxid_compiler_core`
[INFO] [stdout]    --> src/scenario_runner.rs:431:9
[INFO] [stdout]     |
[INFO] [stdout] 431 |     use noxid_compiler_core::compile;
[INFO] [stdout]     |         ^^^^^^^^^^^^^^^^^^^ use of unresolved module or unlinked crate `noxid_compiler_core`
[INFO] [stdout]     |
[INFO] [stdout]     = help: if you wanted to use a crate named `noxid_compiler_core`, use `cargo add noxid_compiler_core` to add it to your `Cargo.toml`
[INFO] [stdout] 
[INFO] [stdout] 
[INFO] [stdout] error[E0432]: unresolved import `noxid_compiler_core`
[INFO] [stdout]     --> src/lib.rs:1107:9
[INFO] [stdout]      |
[INFO] [stdout] 1107 |     use noxid_compiler_core::compile;
[INFO] [stdout]      |         ^^^^^^^^^^^^^^^^^^^ use of unresolved module or unlinked crate `noxid_compiler_core`
[INFO] [stdout]      |
[INFO] [stdout]      = help: if you wanted to use a crate named `noxid_compiler_core`, use `cargo add noxid_compiler_core` to add it to your `Cargo.toml`
[INFO] [stdout] 
[INFO] [stdout] 
[INFO] [stdout] error[E0433]: cannot find module or crate `noxid_compiler_core` in this scope
[INFO] [stdout]    --> src/scenario_runner.rs:434:21
[INFO] [stdout]     |
[INFO] [stdout] 434 |     fn product() -> noxid_compiler_core::Compilation {
[INFO] [stdout]     |                     ^^^^^^^^^^^^^^^^^^^ use of unresolved module or unlinked crate `noxid_compiler_core`
[INFO] [stdout]     |
[INFO] [stdout]     = help: if you wanted to use a crate named `noxid_compiler_core`, use `cargo add noxid_compiler_core` to add it to your `Cargo.toml`
[INFO] [stdout] 
[INFO] [stdout] 
[INFO] [stdout] error[E0433]: cannot find module or crate `noxid_compiler_core` in this scope
[INFO] [stdout]     --> src/lib.rs:1110:29
[INFO] [stdout]      |
[INFO] [stdout] 1110 |     fn compile_product() -> noxid_compiler_core::Compilation {
[INFO] [stdout]      |                             ^^^^^^^^^^^^^^^^^^^ use of unresolved module or unlinked crate `noxid_compiler_core`
[INFO] [stdout]      |
[INFO] [stdout]      = help: if you wanted to use a crate named `noxid_compiler_core`, use `cargo add noxid_compiler_core` to add it to your `Cargo.toml`
[INFO] [stdout] 
[INFO] [stdout] 
[INFO] [stdout] Some errors have detailed explanations: E0432, E0433.
[INFO] [stdout] 
[INFO] [stdout] For more information about an error, try `rustc --explain E0432`.
[INFO] [stdout] 
[INFO] [stderr] error: could not compile `noxid-ai-eval` (lib test) due to 9 previous errors
[INFO] [stderr] warning: build failed, waiting for other jobs to finish...
[INFO] running `Command { std: "docker" "inspect" "4f5fbe69b0827b91e564c52542e759cfe93eb5b8cc8e91140d888c1f5a4414f6", kill_on_drop: false }`
[INFO] running `Command { std: "docker" "rm" "-f" "4f5fbe69b0827b91e564c52542e759cfe93eb5b8cc8e91140d888c1f5a4414f6", kill_on_drop: false }`
[INFO] [stdout] 4f5fbe69b0827b91e564c52542e759cfe93eb5b8cc8e91140d888c1f5a4414f6
