[INFO] fetching crate notedthat-server 0.12.3...
[INFO] checking notedthat-server-0.12.3 against 3154cc1a3e6424e44f438a95007d043ed5ceaaf6+rustflags=-Znext-solver=coherence for pr-133502-30
[INFO] extracting crate notedthat-server 0.12.3 into /workspace/builds/worker-0-tc1/source
[INFO] started tweaking crates.io crate notedthat-server 0.12.3
[INFO] removed 0 missing tests
[INFO] finished tweaking crates.io crate notedthat-server 0.12.3
[INFO] tweaked toml for crates.io crate notedthat-server 0.12.3 written to /workspace/builds/worker-0-tc1/source/Cargo.toml
[INFO] validating manifest of crates.io crate notedthat-server 0.12.3 on toolchain 3154cc1a3e6424e44f438a95007d043ed5ceaaf6
[INFO] running `Command { std: CARGO_HOME="/workspace/cargo-home" RUSTUP_HOME="/workspace/rustup-home" "/workspace/cargo-home/bin/cargo" "+3154cc1a3e6424e44f438a95007d043ed5ceaaf6" "metadata" "--manifest-path" "Cargo.toml" "--no-deps", kill_on_drop: false }`
[INFO] crate crates.io crate notedthat-server 0.12.3 already has a lockfile, it will not be regenerated
[INFO] running `Command { std: CARGO_HOME="/workspace/cargo-home" RUSTUP_HOME="/workspace/rustup-home" "/workspace/cargo-home/bin/cargo" "+3154cc1a3e6424e44f438a95007d043ed5ceaaf6" "fetch" "--manifest-path" "Cargo.toml", kill_on_drop: false }`
[INFO] [stderr] warning: `package.homepage` is redundant with `package.repository`
[INFO] [stderr]    --> Cargo.toml:181:12
[INFO] [stderr]     |
[INFO] [stderr] 181 | homepage = "https://github.com/NotedThat/NotedThat"
[INFO] [stderr]     |            ^^^^^^^^^^^^^^^^^^^^^^^^^^^^^^^^^^^^^^^^
[INFO] [stderr] ...
[INFO] [stderr] 185 | repository = "https://github.com/NotedThat/NotedThat"
[INFO] [stderr]     |              ----------------------------------------
[INFO] [stderr]     |
[INFO] [stderr]     = note: `cargo::redundant_homepage` is set to `warn` by default
[INFO] [stderr] help: consider removing `package.homepage`
[INFO] [stderr] warning: `notedthat-server` (manifest) generated 1 warning
[INFO] [stderr]     Updating crates.io index
[INFO] [stderr]  Downloading crates ...
[INFO] [stderr]   Downloaded wiremock v0.6.5
[INFO] [stderr]   Downloaded deadpool-runtime v0.1.4
[INFO] [stderr]   Downloaded assert-json-diff v2.0.2
[INFO] [stderr]   Downloaded num_cpus v1.17.0
[INFO] [stderr]   Downloaded http-body v1.0.1
[INFO] [stderr]   Downloaded bytes v1.12.0
[INFO] [stderr]   Downloaded parse-display v0.9.1
[INFO] [stderr]   Downloaded hermit-abi v0.5.2
[INFO] [stderr]   Downloaded http-body-util v0.1.3
[INFO] [stderr]   Downloaded parse-display-derive v0.9.1
[INFO] [stderr]   Downloaded serde_with_macros v3.21.0
[INFO] [stderr]   Downloaded num-iter v0.1.45
[INFO] [stderr]   Downloaded socket2 v0.6.4
[INFO] [stderr]   Downloaded deadpool v0.12.3
[INFO] [stderr]   Downloaded tinyvec v1.11.0
[INFO] [stderr]   Downloaded hyper-named-pipe v0.1.0
[INFO] [stderr]   Downloaded serde_repr v0.1.20
[INFO] [stderr]   Downloaded temp-env v0.3.6
[INFO] [stderr]   Downloaded mio v1.2.1
[INFO] [stderr]   Downloaded memchr v2.8.2
[INFO] [stderr]   Downloaded cc v1.2.65
[INFO] [stderr]   Downloaded zerocopy-derive v0.8.52
[INFO] [stderr]   Downloaded ureq-proto v0.6.0
[INFO] [stderr]   Downloaded core_maths v0.1.1
[INFO] [stderr]   Downloaded regex v1.12.4
[INFO] [stderr]   Downloaded testcontainers v0.27.3
[INFO] [stderr]   Downloaded bollard v0.20.2
[INFO] [stderr]   Downloaded bollard-stubs v1.52.1-rc.29.1.3
[INFO] [stderr]   Downloaded bollard-buildkit-proto v0.7.0
[INFO] [stderr]   Downloaded astral-tokio-tar v0.6.3
[INFO] [stderr]   Downloaded wasm-streams v0.4.2
[INFO] [stderr]   Downloaded quinn-udp v0.5.14
[INFO] [stderr]   Downloaded icu_locale v2.2.0
[INFO] [stderr]   Downloaded derive_utils v0.15.1
[INFO] [stderr]   Downloaded syn v2.0.118
[INFO] [stderr]   Downloaded portable-atomic v1.13.1
[INFO] [stderr]   Downloaded zerocopy v0.8.52
[INFO] [stderr]   Downloaded webpki-roots v1.0.8
[INFO] [stderr]   Downloaded ureq v3.3.0
[INFO] [stderr]   Downloaded quinn-proto v0.11.15
[INFO] [stderr]   Downloaded notedthat-write v0.12.3
[INFO] [stderr]   Downloaded notedthat-indexer v0.12.3
[INFO] [stderr]   Downloaded text-splitter v0.32.0
[INFO] [stderr]   Downloaded icu_locale_data v2.2.0
[INFO] [stderr]   Downloaded auto_enums v0.8.9
[INFO] [stderr]   Downloaded serde_yaml_ng v0.10.0
[INFO] [stderr]   Downloaded qdrant-client v1.15.0
[INFO] [stderr]   Downloaded rand v0.8.6
[INFO] [stderr]   Downloaded simd-adler32 v0.3.9
[INFO] [stderr]   Downloaded notedthat-core v0.12.3
[INFO] [stderr]   Downloaded metrics v0.24.6
[INFO] [stderr]   Downloaded notedthat-webdav v0.12.3
[INFO] [stderr]   Downloaded xmltree v0.12.0
[INFO] [stderr]   Downloaded xml v1.3.0
[INFO] [stderr]   Downloaded xml-rs v1.0.0
[INFO] [stderr]   Downloaded mime_guess v2.0.5
[INFO] [stderr]   Downloaded headers-core v0.3.0
[INFO] [stderr]   Downloaded bytes-utils v0.1.4
[INFO] [stderr]   Downloaded aws-smithy-runtime-api-macros v1.0.0
[INFO] [stderr]   Downloaded lru v0.16.4
[INFO] [stderr]   Downloaded uuid v1.23.4
[INFO] [stderr]   Downloaded tower-http v0.5.2
[INFO] [stderr]   Downloaded dav-server v0.11.0
[INFO] [stderr]   Downloaded htmlescape v0.3.1
[INFO] [stderr]   Downloaded sha1 v0.10.6
[INFO] [stderr]   Downloaded derive-where v1.6.1
[INFO] [stderr]   Downloaded notedthat-storage-s3 v0.12.3
[INFO] [stderr]   Downloaded http-body v0.4.6
[INFO] [stderr]   Downloaded http v0.2.12
[INFO] [stderr]   Downloaded base64-simd v0.8.0
[INFO] [stderr]   Downloaded aws-smithy-async v1.2.14
[INFO] [stderr]   Downloaded sha2 v0.11.0
[INFO] [stderr]   Downloaded const-oid v0.10.2
[INFO] [stderr]   Downloaded regex-lite v0.1.9
[INFO] [stderr]   Downloaded aws-types v1.3.16
[INFO] [stderr]   Downloaded aws-smithy-schema v0.1.0
[INFO] [stderr]   Downloaded aws-credential-types v1.2.14
[INFO] [stderr]   Downloaded aws-smithy-xml v0.60.15
[INFO] [stderr]   Downloaded xmlparser v0.13.6
[INFO] [stderr]   Downloaded aws-smithy-observability v0.2.6
[INFO] [stderr]   Downloaded aws-smithy-eventstream v0.60.21
[INFO] [stderr]   Downloaded aws-smithy-checksums v0.64.8
[INFO] [stderr]   Downloaded sha1 v0.11.0
[INFO] [stderr]   Downloaded aws-smithy-query v0.60.15
[INFO] [stderr]   Downloaded notedthat-api-http v0.12.3
[INFO] [stderr]   Downloaded headers v0.4.1
[INFO] [stderr]   Downloaded aws-smithy-types v1.5.0
[INFO] [stderr]   Downloaded aws-smithy-runtime-api v1.12.3
[INFO] [stderr]   Downloaded hmac v0.13.0
[INFO] [stderr]   Downloaded aws-smithy-http-client v1.1.13
[INFO] [stderr]   Downloaded aws-smithy-http v0.63.6
[INFO] [stderr]   Downloaded aws-smithy-json v0.62.7
[INFO] [stderr]   Downloaded md-5 v0.11.0
[INFO] [stderr]   Downloaded spin v0.10.1
[INFO] [stderr]   Downloaded aws-sigv4 v1.4.5
[INFO] [stderr]   Downloaded aws-sdk-sts v1.107.0
[INFO] [stderr]   Downloaded aws-smithy-runtime v1.11.3
[INFO] [stderr]   Downloaded notedthat-storage-fs v0.12.3
[INFO] [stderr]   Downloaded tokio-websockets v0.10.1
[INFO] [stderr]   Downloaded nuid v0.5.0
[INFO] [stderr]   Downloaded data-encoding v2.11.1
[INFO] [stderr]   Downloaded aws-runtime v1.7.5
[INFO] [stderr]   Downloaded aws-config v1.8.18
[INFO] [stderr]   Downloaded inotify v0.11.5
[INFO] [stderr]   Downloaded sse-stream v0.2.3
[INFO] [stderr]   Downloaded rmcp-macros v2.1.0
[INFO] [stderr]   Downloaded tryhard v0.5.2
[INFO] [stderr]   Downloaded serde_nanos v0.1.4
[INFO] [stderr]   Downloaded ed25519 v2.2.3
[INFO] [stderr]   Downloaded curve25519-dalek-derive v0.1.1
[INFO] [stderr]   Downloaded kqueue v1.2.1
[INFO] [stderr]   Downloaded notedthat-events v0.12.3
[INFO] [stderr]   Downloaded nkeys v0.4.5
[INFO] [stderr]   Downloaded ed25519-dalek v2.2.0
[INFO] [stderr]   Downloaded notedthat-mcp v0.12.3
[INFO] [stderr]   Downloaded signatory v0.27.1
[INFO] [stderr]   Downloaded icu_segmenter v2.2.0
[INFO] [stderr]   Downloaded curve25519-dalek v4.1.3
[INFO] [stderr]   Downloaded rmcp v2.1.0
[INFO] [stderr]   Downloaded async-nats v0.50.0
[INFO] [stderr]   Downloaded fiat-crypto v0.2.9
[INFO] [stderr]   Downloaded crc-fast v1.10.0
[INFO] [stderr]   Downloaded sketches-ddsketch v0.3.1
[INFO] [stderr]   Downloaded aws-sdk-s3 v1.137.0
[INFO] [stderr]   Downloaded nibble_vec v0.1.0
[INFO] [stderr]   Downloaded endian-type v0.1.2
[INFO] [stderr]   Downloaded quanta v0.12.6
[INFO] [stderr]   Downloaded ordered-float v5.5.0
[INFO] [stderr]   Downloaded raw-cpuid v11.6.0
[INFO] [stderr]   Downloaded crossbeam-epoch v0.9.21
[INFO] [stderr]   Downloaded evmap v11.0.0
[INFO] [stderr]   Downloaded icu_segmenter_data v2.2.0
[INFO] [stderr]   Downloaded metrics-exporter-prometheus v0.18.3
[INFO] [stderr]   Downloaded radix_trie v0.2.1
[INFO] [stderr]   Downloaded scoped-tls v1.0.1
[INFO] [stderr]   Downloaded generator v0.8.10
[INFO] [stderr]   Downloaded syn v3.0.5
[INFO] [stderr]   Downloaded left-right v0.11.8
[INFO] [stderr]   Downloaded hashbag v0.1.13
[INFO] [stderr]   Downloaded clap v4.6.6
[INFO] [stderr]   Downloaded clap_builder v4.6.6
[INFO] [stderr]   Downloaded loom v0.7.2
[INFO] [stderr]   Downloaded metrics-util v0.20.4
[INFO] running `Command { std: "docker" "create" "-v" "/var/lib/crater-agent-workspace/builds/worker-0-tc1/source:/opt/rustwide/workdir:ro,Z" "-v" "/var/lib/crater-agent-workspace/builds/worker-0-tc1/target:/opt/rustwide/target:rw,Z" "-v" "/var/lib/crater-agent-workspace/cargo-home:/opt/rustwide/cargo-home:ro,Z" "-v" "/var/lib/crater-agent-workspace/rustup-home:/opt/rustwide/rustup-home:ro,Z" "-m" "1610612736" "--network" "none" "ghcr.io/rust-lang/crates-build-env/linux@sha256:77db811e55d90add9212f6832c23229e3de5f1c1f9905e8cb07319ea15df73ac" "sleep" "infinity", kill_on_drop: false }`
[INFO] [stdout] 9e0da72c0d775c957d311c140873158a524b157acb2124802669b6e12cf34ab2
[INFO] running `Command { std: "docker" "start" "9e0da72c0d775c957d311c140873158a524b157acb2124802669b6e12cf34ab2", kill_on_drop: false }`
[INFO] running `Command { std: "docker" "inspect" "9e0da72c0d775c957d311c140873158a524b157acb2124802669b6e12cf34ab2", kill_on_drop: false }`
[INFO] running `Command { std: "docker" "exec" "-e" "SOURCE_DIR=/opt/rustwide/workdir" "-e" "CARGO_HOME=/opt/rustwide/cargo-home" "-e" "RUSTUP_HOME=/opt/rustwide/rustup-home" "-e" "CARGO_TARGET_DIR=/opt/rustwide/target" "-w" "/opt/rustwide/workdir" "--user" "0:0" "9e0da72c0d775c957d311c140873158a524b157acb2124802669b6e12cf34ab2" "/opt/rustwide/cargo-home/bin/cargo" "+3154cc1a3e6424e44f438a95007d043ed5ceaaf6" "metadata" "--no-deps" "--format-version=1", kill_on_drop: false }`
[INFO] running `Command { std: "docker" "inspect" "9e0da72c0d775c957d311c140873158a524b157acb2124802669b6e12cf34ab2", kill_on_drop: false }`
[INFO] running `Command { std: "docker" "exec" "-e" "SOURCE_DIR=/opt/rustwide/workdir" "-e" "CARGO_HOME=/opt/rustwide/cargo-home" "-e" "RUSTUP_HOME=/opt/rustwide/rustup-home" "-e" "CARGO_TARGET_DIR=/opt/rustwide/target" "-e" "CARGO_INCREMENTAL=0" "-e" "RUST_BACKTRACE=full" "-e" "RUSTFLAGS=--cap-lints=forbid -Znext-solver=coherence" "-e" "RUSTDOCFLAGS=--cap-lints=forbid" "-w" "/opt/rustwide/workdir" "--user" "0:0" "9e0da72c0d775c957d311c140873158a524b157acb2124802669b6e12cf34ab2" "/opt/rustwide/cargo-home/bin/cargo" "+3154cc1a3e6424e44f438a95007d043ed5ceaaf6" "check" "--frozen" "--all" "--all-targets" "--message-format=json", kill_on_drop: false }`
[INFO] [stderr] warning: `package.homepage` is redundant with `package.repository`
[INFO] [stderr]    --> Cargo.toml:181:12
[INFO] [stderr]     |
[INFO] [stderr] 181 | homepage = "https://github.com/NotedThat/NotedThat"
[INFO] [stderr]     |            ^^^^^^^^^^^^^^^^^^^^^^^^^^^^^^^^^^^^^^^^
[INFO] [stderr] ...
[INFO] [stderr] 185 | repository = "https://github.com/NotedThat/NotedThat"
[INFO] [stderr]     |              ----------------------------------------
[INFO] [stderr]     |
[INFO] [stderr]     = note: `cargo::redundant_homepage` is set to `warn` by default
[INFO] [stderr] help: consider removing `package.homepage`
[INFO] [stderr] warning: `notedthat-server` (manifest) generated 1 warning
[INFO] [stderr]    Compiling proc-macro2 v1.0.106
[INFO] [stderr]    Compiling quote v1.0.46
[INFO] [stderr]    Compiling libc v0.2.186
[INFO] [stderr]    Compiling serde_core v1.0.228
[INFO] [stderr]    Compiling serde v1.0.228
[INFO] [stderr]     Checking cfg-if v1.0.4
[INFO] [stderr]     Checking memchr v2.8.2
[INFO] [stderr]     Checking pin-project-lite v0.2.17
[INFO] [stderr]     Checking futures-core v0.3.32
[INFO] [stderr]     Checking log v0.4.33
[INFO] [stderr]     Checking once_cell v1.21.4
[INFO] [stderr]     Checking slab v0.4.12
[INFO] [stderr]     Checking futures-sink v0.3.32
[INFO] [stderr]     Checking futures-io v0.3.32
[INFO] [stderr]     Checking futures-task v0.3.32
[INFO] [stderr]     Checking zeroize v1.9.0
[INFO] [stderr]     Checking smallvec v1.15.2
[INFO] [stderr]     Checking fnv v1.0.7
[INFO] [stderr]     Checking base64 v0.22.1
[INFO] [stderr]    Compiling num-traits v0.2.19
[INFO] [stderr]     Checking futures-channel v0.3.32
[INFO] [stderr]     Checking typenum v1.20.1
[INFO] [stderr]    Compiling find-msvc-tools v0.1.9
[INFO] [stderr]     Checking tracing-core v0.1.36
[INFO] [stderr]     Checking percent-encoding v2.3.2
[INFO] [stderr]     Checking equivalent v1.0.2
[INFO] [stderr]     Checking hashbrown v0.17.1
[INFO] [stderr]     Checking tower-service v0.3.3
[INFO] [stderr]    Compiling httparse v1.10.1
[INFO] [stderr]     Checking ryu v1.0.23
[INFO] [stderr]     Checking httpdate v1.0.3
[INFO] [stderr]    Compiling fs_extra v1.3.0
[INFO] [stderr]    Compiling dunce v1.0.5
[INFO] [stderr]    Compiling zmij v1.0.21
[INFO] [stderr]     Checking stable_deref_trait v1.2.1
[INFO] [stderr]     Checking rustls-pki-types v1.15.0
[INFO] [stderr]     Checking subtle v2.6.1
[INFO] [stderr]     Checking bitflags v2.13.0
[INFO] [stderr]    Compiling aws-lc-rs v1.18.1
[INFO] [stderr]     Checking tower-layer v0.3.3
[INFO] [stderr]     Checking untrusted v0.9.0
[INFO] [stderr]     Checking try-lock v0.2.5
[INFO] [stderr]     Checking atomic-waker v1.1.2
[INFO] [stderr]     Checking want v0.3.1
[INFO] [stderr]    Compiling num-conv v0.2.2
[INFO] [stderr]    Compiling serde_json v1.0.150
[INFO] [stderr]     Checking writeable v0.6.3
[INFO] [stderr]    Compiling time-core v0.1.9
[INFO] [stderr]    Compiling syn v2.0.118
[INFO] [stderr]    Compiling generic-array v0.14.7
[INFO] [stderr]     Checking indexmap v2.14.0
[INFO] [stderr]     Checking sync_wrapper v1.0.2
[INFO] [stderr]     Checking either v1.16.0
[INFO] [stderr]     Checking ipnet v2.12.0
[INFO] [stderr]     Checking powerfmt v0.2.0
[INFO] [stderr]    Compiling rustls v0.23.45
[INFO] [stderr]    Compiling time-macros v0.2.31
[INFO] [stderr]     Checking form_urlencoded v1.2.2
[INFO] [stderr]     Checking litemap v0.8.2
[INFO] [stderr]    Compiling zerocopy v0.8.52
[INFO] [stderr]     Checking utf8_iter v1.0.4
[INFO] [stderr]     Checking rand_core v0.10.1
[INFO] [stderr]    Compiling getrandom v0.4.3
[INFO] [stderr]    Compiling icu_properties_data v2.2.0
[INFO] [stderr]    Compiling icu_normalizer_data v2.2.0
[INFO] [stderr]     Checking num-integer v0.1.46
[INFO] [stderr]     Checking openssl-probe v0.2.1
[INFO] [stderr]    Compiling anyhow v1.0.103
[INFO] [stderr]     Checking webpki-roots v1.0.8
[INFO] [stderr]    Compiling rustversion v1.0.22
[INFO] [stderr]     Checking rustls-native-certs v0.8.4
[INFO] [stderr]     Checking vsimd v0.8.0
[INFO] [stderr]     Checking outref v0.5.2
[INFO] [stderr]     Checking mime v0.3.17
[INFO] [stderr]    Compiling thiserror v2.0.18
[INFO] [stderr]     Checking pin-utils v0.1.0
[INFO] [stderr]    Compiling crc32fast v1.5.0
[INFO] [stderr]     Checking hex v0.4.3
[INFO] [stderr]    Compiling rustix v1.1.4
[INFO] [stderr]    Compiling jobserver v0.1.34
[INFO] [stderr]     Checking linux-raw-sys v0.12.1
[INFO] [stderr]     Checking base64-simd v0.8.0
[INFO] [stderr]    Compiling itertools v0.14.0
[INFO] [stderr]     Checking cpufeatures v0.3.0
[INFO] [stderr]     Checking cpufeatures v0.2.17
[INFO] [stderr]     Checking mio v1.2.1
[INFO] [stderr]     Checking errno v0.3.14
[INFO] [stderr]     Checking socket2 v0.6.4
[INFO] [stderr]     Checking getrandom v0.2.17
[INFO] [stderr]     Checking socket2 v0.5.10
[INFO] [stderr]     Checking signal-hook-registry v1.4.8
[INFO] [stderr]    Compiling cc v1.2.65
[INFO] [stderr]    Compiling getrandom v0.3.4
[INFO] [stderr]    Compiling semver v1.0.28
[INFO] [stderr]     Checking rand_core v0.6.4
[INFO] [stderr]     Checking fastrand v2.4.1
[INFO] [stderr]     Checking cmov v0.5.4
[INFO] [stderr]     Checking const-oid v0.10.2
[INFO] [stderr]     Checking uuid v1.23.4
[INFO] [stderr]     Checking aho-corasick v1.1.4
[INFO] [stderr]    Compiling rustc_version v0.4.1
[INFO] [stderr]     Checking matchit v0.8.4
[INFO] [stderr]     Checking ctutils v0.4.2
[INFO] [stderr]    Compiling indexmap v1.9.3
[INFO] [stderr]     Checking regex-syntax v0.8.11
[INFO] [stderr]    Compiling icu_locale_data v2.2.0
[INFO] [stderr]    Compiling heck v0.5.0
[INFO] [stderr]    Compiling libm v0.2.16
[INFO] [stderr]     Checking hybrid-array v0.4.13
[INFO] [stderr]     Checking rapidhash v4.5.1
[INFO] [stderr]     Checking hashbrown v0.12.3
[INFO] [stderr]     Checking adler2 v2.0.1
[INFO] [stderr]    Compiling icu_segmenter_data v2.2.0
[INFO] [stderr]     Checking base64ct v1.8.3
[INFO] [stderr]     Checking simd-adler32 v0.3.9
[INFO] [stderr]     Checking unicase v2.9.0
[INFO] [stderr]    Compiling crossbeam-utils v0.8.23
[INFO] [stderr]     Checking deranged v0.5.8
[INFO] [stderr]     Checking serde_path_to_error v0.1.20
[INFO] [stderr]     Checking miniz_oxide v0.8.9
[INFO] [stderr]     Checking pem-rfc7468 v0.7.0
[INFO] [stderr]    Compiling cmake v0.1.58
[INFO] [stderr]     Checking crypto-common v0.2.2
[INFO] [stderr]     Checking block-buffer v0.12.1
[INFO] [stderr]     Checking metrics v0.24.6
[INFO] [stderr]     Checking rand_core v0.9.5
[INFO] [stderr]    Compiling aws-types v1.3.16
[INFO] [stderr]     Checking chacha20 v0.10.2
[INFO] [stderr]     Checking crypto-common v0.1.7
[INFO] [stderr]     Checking block-buffer v0.10.4
[INFO] [stderr]    Compiling portable-atomic v1.13.1
[INFO] [stderr]     Checking matchit v0.7.3
[INFO] [stderr]     Checking const-oid v0.9.6
[INFO] [stderr]    Compiling pulldown-cmark v0.13.4
[INFO] [stderr]     Checking flate2 v1.1.9
[INFO] [stderr]     Checking digest v0.10.7
[INFO] [stderr]     Checking rand v0.10.2
[INFO] [stderr]     Checking der v0.7.10
[INFO] [stderr]    Compiling aws-lc-sys v0.45.0
[INFO] [stderr]    Compiling ring v0.17.14
[INFO] [stderr]     Checking sha2 v0.10.9
[INFO] [stderr]     Checking signature v2.2.0
[INFO] [stderr]    Compiling thiserror v1.0.69
[INFO] [stderr]    Compiling ahash v0.8.12
[INFO] [stderr]    Compiling curve25519-dalek v4.1.3
[INFO] [stderr]     Checking num-bigint v0.4.8
[INFO] [stderr]     Checking time v0.3.53
[INFO] [stderr]     Checking rustls-pemfile v2.2.0
[INFO] [stderr]     Checking allocator-api2 v0.2.21
[INFO] [stderr]     Checking foldhash v0.2.0
[INFO] [stderr]     Checking iana-time-zone v0.1.65
[INFO] [stderr]    Compiling qdrant-client v1.15.0
[INFO] [stderr]     Checking hashbrown v0.16.1
[INFO] [stderr]     Checking digest v0.11.3
[INFO] [stderr]     Checking unsafe-libyaml v0.2.11
[INFO] [stderr]     Checking sha2 v0.11.0
[INFO] [stderr]     Checking regex-automata v0.4.14
[INFO] [stderr]     Checking hmac v0.13.0
[INFO] [stderr]     Checking core_maths v0.1.1
[INFO] [stderr]     Checking spki v0.7.3
[INFO] [stderr]     Checking xmlparser v0.13.6
[INFO] [stderr]     Checking tempfile v3.27.0
[INFO] [stderr]     Checking dyn-clone v1.0.20
[INFO] [stderr]    Compiling ref-cast v1.0.25
[INFO] [stderr]    Compiling inotify-sys v0.1.8
[INFO] [stderr]     Checking pkcs8 v0.10.2
[INFO] [stderr]    Compiling mime_guess v2.0.5
[INFO] [stderr]     Checking ed25519 v2.2.3
[INFO] [stderr]     Checking arc-swap v1.9.2
[INFO] [stderr]     Checking lazy_static v1.5.0
[INFO] [stderr]     Checking xml v1.3.0
[INFO] [stderr]     Checking utf8-zero v0.8.1
[INFO] [stderr]     Checking urlencoding v2.1.3
[INFO] [stderr]     Checking regex-lite v0.1.9
[INFO] [stderr]    Compiling bollard-buildkit-proto v0.7.0
[INFO] [stderr]     Checking aws-smithy-xml v0.60.15
[INFO] [stderr]    Compiling crossbeam-epoch v0.9.21
[INFO] [stderr]     Checking spin v0.10.1
[INFO] [stderr]     Checking utf8parse v0.2.2
[INFO] [stderr]     Checking signatory v0.27.1
[INFO] [stderr]     Checking md-5 v0.11.0
[INFO] [stderr]     Checking anstyle-parse v1.0.0
[INFO] [stderr]     Checking sha1 v0.11.0
[INFO] [stderr]     Checking sha1 v0.10.6
[INFO] [stderr]     Checking webpki-roots v0.26.11
[INFO] [stderr]     Checking raw-cpuid v11.6.0
[INFO] [stderr]     Checking crc-fast v1.10.0
[INFO] [stderr]     Checking nibble_vec v0.1.0
[INFO] [stderr]     Checking same-file v1.0.6
[INFO] [stderr]     Checking is_terminal_polyfill v1.70.2
[INFO] [stderr]    Compiling rustix v0.38.44
[INFO] [stderr]     Checking anstyle v1.0.14
[INFO] [stderr]     Checking anstyle-query v1.1.5
[INFO] [stderr]     Checking colorchoice v1.0.5
[INFO] [stderr]     Checking data-encoding v2.11.1
[INFO] [stderr]    Compiling rmcp v2.1.0
[INFO] [stderr]     Checking endian-type v0.1.2
[INFO] [stderr]     Checking anstream v1.0.0
[INFO] [stderr]     Checking radix_trie v0.2.1
[INFO] [stderr]     Checking walkdir v2.5.0
[INFO] [stderr]    Compiling parking_lot_core v0.9.12
[INFO] [stderr]     Checking inotify v0.11.5
[INFO] [stderr]     Checking xml-rs v1.0.0
[INFO] [stderr]     Checking xmltree v0.12.0
[INFO] [stderr]     Checking num-rational v0.4.2
[INFO] [stderr]     Checking terminal_size v0.4.4
[INFO] [stderr]     Checking lru v0.16.4
[INFO] [stderr]     Checking left-right v0.11.8
[INFO] [stderr]     Checking rand_xoshiro v0.7.0
[INFO] [stderr]     Checking num-iter v0.1.45
[INFO] [stderr]     Checking num-complex v0.4.6
[INFO] [stderr]     Checking ordered-float v5.5.0
[INFO] [stderr]    Compiling syn v3.0.5
[INFO] [stderr]     Checking notify-types v2.1.0
[INFO] [stderr]     Checking clap_lex v1.1.0
[INFO] [stderr]     Checking strsim v0.11.1
[INFO] [stderr]     Checking scopeguard v1.2.0
[INFO] [stderr]    Compiling synstructure v0.13.2
[INFO] [stderr]    Compiling darling_core v0.20.11
[INFO] [stderr]    Compiling darling_core v0.23.0
[INFO] [stderr]    Compiling derive_utils v0.15.1
[INFO] [stderr]    Compiling serde_derive_internals v0.29.1
[INFO] [stderr]    Compiling metrics-exporter-prometheus v0.18.3
[INFO] [stderr]     Checking sketches-ddsketch v0.3.1
[INFO] [stderr]     Checking hashbag v0.1.13
[INFO] [stderr]     Checking linux-raw-sys v0.4.15
[INFO] [stderr]     Checking htmlescape v0.3.1
[INFO] [stderr]     Checking ppv-lite86 v0.2.21
[INFO] [stderr]    Compiling pastey v0.2.3
[INFO] [stderr]     Checking regex v1.12.4
[INFO] [stderr]     Checking matchers v0.2.0
[INFO] [stderr]     Checking evmap v11.0.0
[INFO] [stderr]     Checking num v0.4.3
[INFO] [stderr]     Checking clap_builder v4.6.6
[INFO] [stderr]     Checking rand_chacha v0.3.1
[INFO] [stderr]     Checking rand_chacha v0.9.0
[INFO] [stderr]     Checking quanta v0.12.6
[INFO] [stderr]     Checking lock_api v0.4.14
[INFO] [stderr]     Checking notify v8.2.0
[INFO] [stderr]     Checking rand v0.8.6
[INFO] [stderr]     Checking rand v0.9.4
[INFO] [stderr]     Checking sharded-slab v0.1.7
[INFO] [stderr]     Checking xattr v1.6.1
[INFO] [stderr]     Checking num_cpus v1.17.0
[INFO] [stderr]     Checking pem v3.0.6
[INFO] [stderr]     Checking thread_local v1.1.9
[INFO] [stderr]     Checking nu-ansi-term v0.50.3
[INFO] [stderr]     Checking rustc-hash v2.1.3
[INFO] [stderr]     Checking deadpool-runtime v0.1.4
[INFO] [stderr]     Checking home v0.5.12
[INFO] [stderr]     Checking parking_lot v0.12.5
[INFO] [stderr]     Checking ferroid v2.0.0
[INFO] [stderr]     Checking etcetera v0.11.0
[INFO] [stderr]     Checking metrics-util v0.20.4
[INFO] [stderr]     Checking temp-env v0.3.6
[INFO] [stderr]    Compiling serde_derive v1.0.228
[INFO] [stderr]    Compiling tokio-macros v2.7.0
[INFO] [stderr]    Compiling futures-macro v0.3.32
[INFO] [stderr]    Compiling tracing-attributes v0.1.31
[INFO] [stderr]    Compiling zerofrom-derive v0.1.7
[INFO] [stderr]    Compiling yoke-derive v0.8.2
[INFO] [stderr]    Compiling zerovec-derive v0.11.3
[INFO] [stderr]    Compiling displaydoc v0.2.6
[INFO] [stderr]    Compiling async-trait v0.1.89
[INFO] [stderr]     Checking futures-util v0.3.32
[INFO] [stderr]    Compiling thiserror-impl v2.0.18
[INFO] [stderr]    Compiling aws-smithy-runtime-api-macros v1.0.0
[INFO] [stderr]    Compiling pin-project-internal v1.1.13
[INFO] [stderr]    Compiling darling_macro v0.20.11
[INFO] [stderr]    Compiling async-stream-impl v0.3.6
[INFO] [stderr]    Compiling prost-derive v0.13.5
[INFO] [stderr]    Compiling darling v0.20.11
[INFO] [stderr]     Checking tracing v0.1.44
[INFO] [stderr]    Compiling derive_builder_core v0.20.2
[INFO] [stderr]     Checking zerofrom v0.1.8
[INFO] [stderr]    Compiling thiserror-impl v1.0.69
[INFO] [stderr]    Compiling strum_macros v0.28.0
[INFO] [stderr]    Compiling prost-derive v0.14.4
[INFO] [stderr]    Compiling curve25519-dalek-derive v0.1.1
[INFO] [stderr]     Checking async-stream v0.3.6
[INFO] [stderr]     Checking yoke v0.8.3
[INFO] [stderr]    Compiling serde_repr v0.1.20
[INFO] [stderr]    Compiling darling_macro v0.23.0
[INFO] [stderr]     Checking zerovec v0.11.6
[INFO] [stderr]     Checking zerotrie v0.2.4
[INFO] [stderr]     Checking pin-project v1.1.13
[INFO] [stderr]    Compiling darling v0.23.0
[INFO] [stderr]    Compiling auto_enums v0.8.9
[INFO] [stderr]    Compiling ref-cast-impl v1.0.25
[INFO] [stderr]    Compiling structmeta-derive v0.3.0
[INFO] [stderr]    Compiling schemars_derive v1.2.1
[INFO] [stderr]    Compiling rmcp-macros v2.1.0
[INFO] [stderr]    Compiling derive_builder_macro v0.20.2
[INFO] [stderr]     Checking nuid v0.5.0
[INFO] [stderr]     Checking derive_builder v0.20.2
[INFO] [stderr]    Compiling derive-where v1.6.1
[INFO] [stderr]     Checking simple_asn1 v0.6.4
[INFO] [stderr]     Checking ed25519-dalek v2.2.0
[INFO] [stderr]    Compiling serde_with_macros v3.21.0
[INFO] [stderr]     Checking tinystr v0.8.3
[INFO] [stderr]     Checking potential_utf v0.1.5
[INFO] [stderr]     Checking icu_locale_core v2.2.0
[INFO] [stderr]     Checking icu_collections v2.2.0
[INFO] [stderr]     Checking nkeys v0.4.5
[INFO] [stderr]    Compiling structmeta v0.3.0
[INFO] [stderr]    Compiling clap_derive v4.6.4
[INFO] [stderr]    Compiling parse-display-derive v0.9.1
[INFO] [stderr]     Checking strum v0.28.0
[INFO] [stderr]     Checking futures-executor v0.3.32
[INFO] [stderr]     Checking serde_with v3.21.0
[INFO] [stderr]     Checking futures v0.3.32
[INFO] [stderr]     Checking bytes v1.12.0
[INFO] [stderr]     Checking serde_urlencoded v0.7.1
[INFO] [stderr]     Checking chrono v0.4.45
[INFO] [stderr]     Checking serde_yaml_ng v0.10.0
[INFO] [stderr]     Checking icu_provider v2.2.0
[INFO] [stderr]     Checking serde_nanos v0.1.4
[INFO] [stderr]     Checking tracing-serde v0.2.0
[INFO] [stderr]     Checking jsonwebtoken v9.3.1
[INFO] [stderr]     Checking tracing-subscriber v0.3.23
[INFO] [stderr]     Checking docker_credential v1.4.0
[INFO] [stderr]     Checking icu_properties v2.2.0
[INFO] [stderr]     Checking icu_normalizer v2.2.0
[INFO] [stderr]     Checking icu_locale v2.2.0
[INFO] [stderr]     Checking http v1.4.2
[INFO] [stderr]     Checking tokio v1.52.3
[INFO] [stderr]     Checking http v0.2.12
[INFO] [stderr]     Checking bytes-utils v0.1.4
[INFO] [stderr]     Checking prost v0.13.5
[INFO] [stderr]     Checking prost v0.14.4
[INFO] [stderr]     Checking clap v4.6.6
[INFO] [stderr]     Checking parse-display v0.9.1
[INFO] [stderr]     Checking assert-json-diff v2.0.2
[INFO] [stderr]     Checking prost-types v0.13.5
[INFO] [stderr]     Checking http-body v0.4.6
[INFO] [stderr]     Checking idna_adapter v1.2.2
[INFO] [stderr]     Checking idna v1.1.0
[INFO] [stderr]     Checking prost-types v0.14.4
[INFO] [stderr]     Checking icu_segmenter v2.2.0
[INFO] [stderr]     Checking url v2.5.8
[INFO] [stderr]     Checking http-body v1.0.1
[INFO] [stderr]     Checking ureq-proto v0.6.0
[INFO] [stderr]     Checking http-body-util v0.1.3
[INFO] [stderr]     Checking headers-core v0.3.0
[INFO] [stderr]     Checking headers v0.4.1
[INFO] [stderr]     Checking schemars v1.2.1
[INFO] [stderr]     Checking axum-core v0.5.6
[INFO] [stderr]     Checking axum-core v0.4.5
[INFO] [stderr]     Checking tower-http v0.5.2
[INFO] [stderr]     Checking sse-stream v0.2.3
[INFO] [stderr]     Checking text-splitter v0.32.0
[INFO] [stderr]     Checking tokio-util v0.7.18
[INFO] [stderr]     Checking tokio-stream v0.1.18
[INFO] [stderr]     Checking aws-smithy-async v1.2.14
[INFO] [stderr]     Checking tryhard v0.5.2
[INFO] [stderr]     Checking dav-server v0.11.0
[INFO] [stderr]     Checking deadpool v0.12.3
[INFO] [stderr]     Checking astral-tokio-tar v0.6.3
[INFO] [stderr]     Checking h2 v0.4.19
[INFO] [stderr]     Checking tower v0.5.3
[INFO] [stderr]     Checking aws-smithy-types v1.5.0
[INFO] [stderr]     Checking notedthat-core v0.12.3
[INFO] [stderr]     Checking tower v0.4.13
[INFO] [stderr]     Checking aws-smithy-runtime-api v1.12.3
[INFO] [stderr]     Checking aws-smithy-eventstream v0.60.21
[INFO] [stderr]     Checking aws-smithy-query v0.60.15
[INFO] [stderr]     Checking axum v0.7.9
[INFO] [stderr]     Checking tower-http v0.6.11
[INFO] [stderr]     Checking notedthat-storage-fs v0.12.3
[INFO] [stderr]     Checking aws-smithy-schema v0.1.0
[INFO] [stderr]     Checking aws-smithy-http v0.63.6
[INFO] [stderr]     Checking aws-credential-types v1.2.14
[INFO] [stderr]     Checking aws-smithy-observability v0.2.6
[INFO] [stderr]     Checking aws-sigv4 v1.4.5
[INFO] [stderr]     Checking aws-smithy-checksums v0.64.8
[INFO] [stderr]     Checking aws-smithy-json v0.62.7
[INFO] [stderr]     Checking hyper v1.10.1
[INFO] [stderr]     Checking rustls-webpki v0.103.15
[INFO] [stderr]     Checking hyper-util v0.1.20
[INFO] [stderr]     Checking hyper-timeout v0.5.2
[INFO] [stderr]     Checking axum v0.8.9
[INFO] [stderr]     Checking hyperlocal v0.9.1
[INFO] [stderr]     Checking wiremock v0.6.5
[INFO] [stderr]     Checking tokio-rustls v0.26.4
[INFO] [stderr]     Checking ureq v3.3.0
[INFO] [stderr]     Checking hyper-rustls v0.27.9
[INFO] [stderr]     Checking tonic v0.12.3
[INFO] [stderr]     Checking tokio-websockets v0.10.1
[INFO] [stderr]     Checking aws-smithy-http-client v1.1.13
[INFO] [stderr]     Checking reqwest v0.12.28
[INFO] [stderr]     Checking async-nats v0.50.0
[INFO] [stderr]     Checking aws-smithy-runtime v1.11.3
[INFO] [stderr]     Checking tonic v0.14.6
[INFO] [stderr]     Checking notedthat-mcp v0.12.3
[INFO] [stderr]     Checking aws-runtime v1.7.5
[INFO] [stderr]     Checking aws-sdk-sts v1.107.0
[INFO] [stderr]     Checking aws-sdk-s3 v1.137.0
[INFO] [stderr]     Checking tonic-prost v0.14.6
[INFO] [stderr]     Checking aws-config v1.8.18
[INFO] [stderr]     Checking notedthat-events v0.12.3
[INFO] [stderr]     Checking bollard-stubs v1.52.1-rc.29.1.3
[INFO] [stderr]     Checking notedthat-indexer v0.12.3
[INFO] [stderr]     Checking notedthat-write v0.12.3
[INFO] [stderr]     Checking notedthat-api-http v0.12.3
[INFO] [stderr]     Checking notedthat-webdav v0.12.3
[INFO] [stderr]     Checking bollard v0.20.2
[INFO] [stderr]     Checking testcontainers v0.27.3
[INFO] [stderr]     Checking notedthat-storage-s3 v0.12.3
[INFO] [stderr]     Checking notedthat-server v0.12.3 (/opt/rustwide/workdir)
[INFO] [stdout] error[E0432]: unresolved import `notedthat_api_http::testing`
[INFO] [stdout]    --> src/provision.rs:158:29
[INFO] [stdout]     |
[INFO] [stdout] 158 |     use notedthat_api_http::testing::InMemoryStorage;
[INFO] [stdout]     |                             ^^^^^^^ could not find `testing` in `notedthat_api_http`
[INFO] [stdout]     |
[INFO] [stdout] note: found an item that was configured out
[INFO] [stdout]    --> /opt/rustwide/cargo-home/registry/src/index.crates.io-1949cf8c6b5b557f/notedthat-api-http-0.12.3/src/lib.rs:18:9
[INFO] [stdout]     |
[INFO] [stdout]  17 | #[cfg(any(test, feature = "test-support"))]
[INFO] [stdout]     |          -------------------------------- the item is gated here
[INFO] [stdout]  18 | pub mod testing;
[INFO] [stdout]     |         ^^^^^^^
[INFO] [stdout] 
[INFO] [stdout] 
[INFO] [stdout] error[E0432]: unresolved import `notedthat_indexer::testing`
[INFO] [stdout]    --> src/provision.rs:159:28
[INFO] [stdout]     |
[INFO] [stdout] 159 |     use notedthat_indexer::testing::InMemoryVectorStore;
[INFO] [stdout]     |                            ^^^^^^^ could not find `testing` in `notedthat_indexer`
[INFO] [stdout]     |
[INFO] [stdout] note: found an item that was configured out
[INFO] [stdout]    --> /opt/rustwide/cargo-home/registry/src/index.crates.io-1949cf8c6b5b557f/notedthat-indexer-0.12.3/src/lib.rs:15:9
[INFO] [stdout]     |
[INFO] [stdout]  14 | #[cfg(feature = "test-support")]
[INFO] [stdout]     |       ------------------------ the item is gated behind the `test-support` feature
[INFO] [stdout]  15 | pub mod testing;
[INFO] [stdout]     |         ^^^^^^^
[INFO] [stdout] 
[INFO] [stdout] 
[INFO] [stdout] error[E0432]: unresolved import `notedthat_core::testing`
[INFO] [stdout]    --> src/run/readiness.rs:245:25
[INFO] [stdout]     |
[INFO] [stdout] 245 |     use notedthat_core::testing::InMemoryStorage;
[INFO] [stdout]     |                         ^^^^^^^ could not find `testing` in `notedthat_core`
[INFO] [stdout]     |
[INFO] [stdout] note: found an item that was configured out
[INFO] [stdout]    --> /opt/rustwide/cargo-home/registry/src/index.crates.io-1949cf8c6b5b557f/notedthat-core-0.12.3/src/lib.rs:26:9
[INFO] [stdout]     |
[INFO] [stdout]  25 | #[cfg(any(test, feature = "test-support"))]
[INFO] [stdout]     |          -------------------------------- the item is gated here
[INFO] [stdout]  26 | pub mod testing;
[INFO] [stdout]     |         ^^^^^^^
[INFO] [stdout] help: a module with a similar name exists
[INFO] [stdout]     |
[INFO] [stdout] 245 -     use notedthat_core::testing::InMemoryStorage;
[INFO] [stdout] 245 +     use notedthat_core::listing::InMemoryStorage;
[INFO] [stdout]     |
[INFO] [stdout] 
[INFO] [stdout] 
[INFO] [stdout] error[E0432]: unresolved import `notedthat_indexer::testing`
[INFO] [stdout]    --> src/run/readiness.rs:246:28
[INFO] [stdout]     |
[INFO] [stdout] 246 |     use notedthat_indexer::testing::InMemoryVectorStore;
[INFO] [stdout]     |                            ^^^^^^^ could not find `testing` in `notedthat_indexer`
[INFO] [stdout]     |
[INFO] [stdout] note: found an item that was configured out
[INFO] [stdout]    --> /opt/rustwide/cargo-home/registry/src/index.crates.io-1949cf8c6b5b557f/notedthat-indexer-0.12.3/src/lib.rs:15:9
[INFO] [stdout]     |
[INFO] [stdout]  14 | #[cfg(feature = "test-support")]
[INFO] [stdout]     |       ------------------------ the item is gated behind the `test-support` feature
[INFO] [stdout]  15 | pub mod testing;
[INFO] [stdout]     |         ^^^^^^^
[INFO] [stdout] 
[INFO] [stdout] 
[INFO] [stdout] error[E0432]: unresolved import `notedthat_core::testing`
[INFO] [stdout]    --> src/run/reconcile.rs:290:25
[INFO] [stdout]     |
[INFO] [stdout] 290 |     use notedthat_core::testing::InMemoryStorage;
[INFO] [stdout]     |                         ^^^^^^^ could not find `testing` in `notedthat_core`
[INFO] [stdout]     |
[INFO] [stdout] note: found an item that was configured out
[INFO] [stdout]    --> /opt/rustwide/cargo-home/registry/src/index.crates.io-1949cf8c6b5b557f/notedthat-core-0.12.3/src/lib.rs:26:9
[INFO] [stdout]     |
[INFO] [stdout]  25 | #[cfg(any(test, feature = "test-support"))]
[INFO] [stdout]     |          -------------------------------- the item is gated here
[INFO] [stdout]  26 | pub mod testing;
[INFO] [stdout]     |         ^^^^^^^
[INFO] [stdout] help: a module with a similar name exists
[INFO] [stdout]     |
[INFO] [stdout] 290 -     use notedthat_core::testing::InMemoryStorage;
[INFO] [stdout] 290 +     use notedthat_core::listing::InMemoryStorage;
[INFO] [stdout]     |
[INFO] [stdout] 
[INFO] [stdout] 
[INFO] [stdout] error[E0432]: unresolved import `notedthat_indexer::testing`
[INFO] [stdout]    --> src/run/reconcile.rs:292:28
[INFO] [stdout]     |
[INFO] [stdout] 292 |     use notedthat_indexer::testing::InMemoryVectorStore;
[INFO] [stdout]     |                            ^^^^^^^ could not find `testing` in `notedthat_indexer`
[INFO] [stdout]     |
[INFO] [stdout] note: found an item that was configured out
[INFO] [stdout]    --> /opt/rustwide/cargo-home/registry/src/index.crates.io-1949cf8c6b5b557f/notedthat-indexer-0.12.3/src/lib.rs:15:9
[INFO] [stdout]     |
[INFO] [stdout]  14 | #[cfg(feature = "test-support")]
[INFO] [stdout]     |       ------------------------ the item is gated behind the `test-support` feature
[INFO] [stdout]  15 | pub mod testing;
[INFO] [stdout]     |         ^^^^^^^
[INFO] [stdout] 
[INFO] [stdout] 
[INFO] [stdout] error[E0432]: unresolved import `notedthat_api_http::testing`
[INFO] [stdout]   --> tests/provision_policy.rs:3:25
[INFO] [stdout]    |
[INFO] [stdout]  3 | use notedthat_api_http::testing::InMemoryStorage;
[INFO] [stdout]    |                         ^^^^^^^ could not find `testing` in `notedthat_api_http`
[INFO] [stdout]    |
[INFO] [stdout] note: found an item that was configured out
[INFO] [stdout]   --> /opt/rustwide/cargo-home/registry/src/index.crates.io-1949cf8c6b5b557f/notedthat-api-http-0.12.3/src/lib.rs:18:9
[INFO] [stdout]    |
[INFO] [stdout] 17 | #[cfg(any(test, feature = "test-support"))]
[INFO] [stdout]    |          -------------------------------- the item is gated here
[INFO] [stdout] 18 | pub mod testing;
[INFO] [stdout]    |         ^^^^^^^
[INFO] [stdout] 
[INFO] [stdout] 
[INFO] [stdout] error[E0432]: unresolved import `notedthat_indexer::testing`
[INFO] [stdout]   --> tests/provision_policy.rs:6:24
[INFO] [stdout]    |
[INFO] [stdout]  6 | use notedthat_indexer::testing::InMemoryVectorStore;
[INFO] [stdout]    |                        ^^^^^^^ could not find `testing` in `notedthat_indexer`
[INFO] [stdout]    |
[INFO] [stdout] note: found an item that was configured out
[INFO] [stdout]   --> /opt/rustwide/cargo-home/registry/src/index.crates.io-1949cf8c6b5b557f/notedthat-indexer-0.12.3/src/lib.rs:15:9
[INFO] [stdout]    |
[INFO] [stdout] 14 | #[cfg(feature = "test-support")]
[INFO] [stdout]    |       ------------------------ the item is gated behind the `test-support` feature
[INFO] [stdout] 15 | pub mod testing;
[INFO] [stdout]    |         ^^^^^^^
[INFO] [stdout] 
[INFO] [stdout] 
[INFO] [stdout] For more information about this error, try `rustc --explain E0432`.
[INFO] [stdout] 
[INFO] [stderr] error: could not compile `notedthat-server` (test "provision_policy") due to 2 previous errors
[INFO] [stderr] warning: build failed, waiting for other jobs to finish...
[INFO] [stdout] error[E0432]: unresolved import `notedthat_api_http::testing`
[INFO] [stdout]   --> tests/support/patch_backends.rs:11:25
[INFO] [stdout]    |
[INFO] [stdout] 11 | use notedthat_api_http::testing::InMemoryStorage;
[INFO] [stdout]    |                         ^^^^^^^ could not find `testing` in `notedthat_api_http`
[INFO] [stdout]    |
[INFO] [stdout] note: found an item that was configured out
[INFO] [stdout]   --> /opt/rustwide/cargo-home/registry/src/index.crates.io-1949cf8c6b5b557f/notedthat-api-http-0.12.3/src/lib.rs:18:9
[INFO] [stdout]    |
[INFO] [stdout] 17 | #[cfg(any(test, feature = "test-support"))]
[INFO] [stdout]    |          -------------------------------- the item is gated here
[INFO] [stdout] 18 | pub mod testing;
[INFO] [stdout]    |         ^^^^^^^
[INFO] [stdout] 
[INFO] [stdout] 
[INFO] [stdout] error[E0432]: unresolved import `notedthat_api_http::testing`
[INFO] [stdout]   --> tests/support/line_range_env.rs:1:25
[INFO] [stdout]    |
[INFO] [stdout]  1 | use notedthat_api_http::testing::InMemoryStorage;
[INFO] [stdout]    |                         ^^^^^^^ could not find `testing` in `notedthat_api_http`
[INFO] [stdout]    |
[INFO] [stdout] note: found an item that was configured out
[INFO] [stdout]   --> /opt/rustwide/cargo-home/registry/src/index.crates.io-1949cf8c6b5b557f/notedthat-api-http-0.12.3/src/lib.rs:18:9
[INFO] [stdout]    |
[INFO] [stdout] 17 | #[cfg(any(test, feature = "test-support"))]
[INFO] [stdout]    |          -------------------------------- the item is gated here
[INFO] [stdout] 18 | pub mod testing;
[INFO] [stdout]    |         ^^^^^^^
[INFO] [stdout] 
[INFO] [stdout] 
[INFO] [stdout] error[E0432]: unresolved import `notedthat_api_http::testing`
[INFO] [stdout]   --> tests/support/patch_backends.rs:11:25
[INFO] [stdout]    |
[INFO] [stdout] 11 | use notedthat_api_http::testing::InMemoryStorage;
[INFO] [stdout]    |                         ^^^^^^^ could not find `testing` in `notedthat_api_http`
[INFO] [stdout]    |
[INFO] [stdout] note: found an item that was configured out
[INFO] [stdout]   --> /opt/rustwide/cargo-home/registry/src/index.crates.io-1949cf8c6b5b557f/notedthat-api-http-0.12.3/src/lib.rs:18:9
[INFO] [stdout]    |
[INFO] [stdout] 17 | #[cfg(any(test, feature = "test-support"))]
[INFO] [stdout]    |          -------------------------------- the item is gated here
[INFO] [stdout] 18 | pub mod testing;
[INFO] [stdout]    |         ^^^^^^^
[INFO] [stdout] 
[INFO] [stdout] 
[INFO] [stdout] error[E0432]: unresolved import `notedthat_api_http::testing`
[INFO] [stdout]   --> tests/support/patch_backends.rs:11:25
[INFO] [stdout]    |
[INFO] [stdout] 11 | use notedthat_api_http::testing::InMemoryStorage;
[INFO] [stdout]    |                         ^^^^^^^ could not find `testing` in `notedthat_api_http`
[INFO] [stdout]    |
[INFO] [stdout] note: found an item that was configured out
[INFO] [stdout]   --> /opt/rustwide/cargo-home/registry/src/index.crates.io-1949cf8c6b5b557f/notedthat-api-http-0.12.3/src/lib.rs:18:9
[INFO] [stdout]    |
[INFO] [stdout] 17 | #[cfg(any(test, feature = "test-support"))]
[INFO] [stdout]    |          -------------------------------- the item is gated here
[INFO] [stdout] 18 | pub mod testing;
[INFO] [stdout]    |         ^^^^^^^
[INFO] [stdout] 
[INFO] [stdout] 
[INFO] [stdout] error[E0432]: unresolved import `notedthat_api_http::testing`
[INFO] [stdout]   --> tests/oidc_authelia_e2e.rs:19:25
[INFO] [stdout]    |
[INFO] [stdout] 19 | use notedthat_api_http::testing::InMemoryStorage;
[INFO] [stdout]    |                         ^^^^^^^ could not find `testing` in `notedthat_api_http`
[INFO] [stdout]    |
[INFO] [stdout] note: found an item that was configured out
[INFO] [stdout]   --> /opt/rustwide/cargo-home/registry/src/index.crates.io-1949cf8c6b5b557f/notedthat-api-http-0.12.3/src/lib.rs:18:9
[INFO] [stdout]    |
[INFO] [stdout] 17 | #[cfg(any(test, feature = "test-support"))]
[INFO] [stdout]    |          -------------------------------- the item is gated here
[INFO] [stdout] 18 | pub mod testing;
[INFO] [stdout]    |         ^^^^^^^
[INFO] [stdout] 
[INFO] [stdout] 
[INFO] [stdout] error[E0432]: unresolved import `notedthat_indexer::testing`
[INFO] [stdout]   --> tests/support/patch_backends.rs:13:24
[INFO] [stdout]    |
[INFO] [stdout] 13 | use notedthat_indexer::testing::{InMemoryVectorStore, StubEmbedder};
[INFO] [stdout]    |                        ^^^^^^^ could not find `testing` in `notedthat_indexer`
[INFO] [stdout]    |
[INFO] [stdout] note: found an item that was configured out
[INFO] [stdout]   --> /opt/rustwide/cargo-home/registry/src/index.crates.io-1949cf8c6b5b557f/notedthat-indexer-0.12.3/src/lib.rs:15:9
[INFO] [stdout]    |
[INFO] [stdout] 14 | #[cfg(feature = "test-support")]
[INFO] [stdout]    |       ------------------------ the item is gated behind the `test-support` feature
[INFO] [stdout] 15 | pub mod testing;
[INFO] [stdout]    |         ^^^^^^^
[INFO] [stdout] 
[INFO] [stdout] 
[INFO] [stdout] error[E0432]: unresolved import `notedthat_server::run::Backends`
[INFO] [stdout]   --> tests/support/patch_backends.rs:15:5
[INFO] [stdout]    |
[INFO] [stdout] 15 | use notedthat_server::run::Backends;
[INFO] [stdout]    |     ^^^^^^^^^^^^^^^^^^^^^^^--------
[INFO] [stdout]    |                            |
[INFO] [stdout]    |                            no `Backends` in `run`
[INFO] [stdout]    |
[INFO] [stdout] note: found an item that was configured out
[INFO] [stdout]   --> src/run.rs:71:19
[INFO] [stdout]    |
[INFO] [stdout] 70 | #[cfg(feature = "test-support")]
[INFO] [stdout]    |       ------------------------ the item is gated behind the `test-support` feature
[INFO] [stdout] 71 | pub use backends::Backends;
[INFO] [stdout]    |                   ^^^^^^^^
[INFO] [stdout] help: a similar name exists in the module
[INFO] [stdout]    |
[INFO] [stdout] 15 - use notedthat_server::run::Backends;
[INFO] [stdout] 15 + use notedthat_server::run::backends;
[INFO] [stdout]    |
[INFO] [stdout] 
[INFO] [stdout] 
[INFO] [stdout] error[E0432]: unresolved import `notedthat_mcp::testing`
[INFO] [stdout]   --> tests/mcp_subscribe_e2e.rs:18:20
[INFO] [stdout]    |
[INFO] [stdout] 18 | use notedthat_mcp::testing::{McpSession, NotificationStream};
[INFO] [stdout]    |                    ^^^^^^^ could not find `testing` in `notedthat_mcp`
[INFO] [stdout]    |
[INFO] [stdout] note: found an item that was configured out
[INFO] [stdout]   --> /opt/rustwide/cargo-home/registry/src/index.crates.io-1949cf8c6b5b557f/notedthat-mcp-0.12.3/src/lib.rs:20:9
[INFO] [stdout]    |
[INFO] [stdout] 19 | #[cfg(any(test, feature = "test-support"))]
[INFO] [stdout]    |          -------------------------------- the item is gated here
[INFO] [stdout] 20 | pub mod testing;
[INFO] [stdout]    |         ^^^^^^^
[INFO] [stdout] 
[INFO] [stdout] 
[INFO] [stdout] error[E0432]: unresolved import `notedthat_indexer::testing`
[INFO] [stdout]   --> tests/support/line_range_env.rs:3:24
[INFO] [stdout]    |
[INFO] [stdout]  3 | use notedthat_indexer::testing::{InMemoryVectorStore, StubEmbedder};
[INFO] [stdout]    |                        ^^^^^^^ could not find `testing` in `notedthat_indexer`
[INFO] [stdout]    |
[INFO] [stdout] note: found an item that was configured out
[INFO] [stdout]   --> /opt/rustwide/cargo-home/registry/src/index.crates.io-1949cf8c6b5b557f/notedthat-indexer-0.12.3/src/lib.rs:15:9
[INFO] [stdout]    |
[INFO] [stdout] 14 | #[cfg(feature = "test-support")]
[INFO] [stdout]    |       ------------------------ the item is gated behind the `test-support` feature
[INFO] [stdout] 15 | pub mod testing;
[INFO] [stdout]    |         ^^^^^^^
[INFO] [stdout] 
[INFO] [stdout] 
[INFO] [stdout] error[E0432]: unresolved import `notedthat_server::run::Backends`
[INFO] [stdout]   --> tests/support/line_range_env.rs:5:5
[INFO] [stdout]    |
[INFO] [stdout]  5 | use notedthat_server::run::Backends;
[INFO] [stdout]    |     ^^^^^^^^^^^^^^^^^^^^^^^--------
[INFO] [stdout]    |                            |
[INFO] [stdout]    |                            no `Backends` in `run`
[INFO] [stdout]    |
[INFO] [stdout] note: found an item that was configured out
[INFO] [stdout]   --> src/run.rs:71:19
[INFO] [stdout]    |
[INFO] [stdout] 70 | #[cfg(feature = "test-support")]
[INFO] [stdout]    |       ------------------------ the item is gated behind the `test-support` feature
[INFO] [stdout] 71 | pub use backends::Backends;
[INFO] [stdout]    |                   ^^^^^^^^
[INFO] [stdout] help: a similar name exists in the module
[INFO] [stdout]    |
[INFO] [stdout]  5 - use notedthat_server::run::Backends;
[INFO] [stdout]  5 + use notedthat_server::run::backends;
[INFO] [stdout]    |
[INFO] [stdout] 
[INFO] [stdout] 
[INFO] [stdout] error[E0432]: unresolved import `notedthat_api_http::testing`
[INFO] [stdout]   --> tests/s3_reconcile_e2e.rs:28:25
[INFO] [stdout]    |
[INFO] [stdout] 28 | use notedthat_api_http::testing::InMemoryStorage;
[INFO] [stdout]    |                         ^^^^^^^ could not find `testing` in `notedthat_api_http`
[INFO] [stdout]    |
[INFO] [stdout] note: found an item that was configured out
[INFO] [stdout]   --> /opt/rustwide/cargo-home/registry/src/index.crates.io-1949cf8c6b5b557f/notedthat-api-http-0.12.3/src/lib.rs:18:9
[INFO] [stdout]    |
[INFO] [stdout] 17 | #[cfg(any(test, feature = "test-support"))]
[INFO] [stdout]    |          -------------------------------- the item is gated here
[INFO] [stdout] 18 | pub mod testing;
[INFO] [stdout]    |         ^^^^^^^
[INFO] [stdout] 
[INFO] [stdout] 
[INFO] [stdout] error[E0432]: unresolved import `notedthat_api_http::testing`
[INFO] [stdout]   --> tests/support/patch_backends.rs:11:25
[INFO] [stdout]    |
[INFO] [stdout] 11 | use notedthat_api_http::testing::InMemoryStorage;
[INFO] [stdout]    |                         ^^^^^^^ could not find `testing` in `notedthat_api_http`
[INFO] [stdout]    |
[INFO] [stdout] note: found an item that was configured out
[INFO] [stdout]   --> /opt/rustwide/cargo-home/registry/src/index.crates.io-1949cf8c6b5b557f/notedthat-api-http-0.12.3/src/lib.rs:18:9
[INFO] [stdout]    |
[INFO] [stdout] 17 | #[cfg(any(test, feature = "test-support"))]
[INFO] [stdout]    |          -------------------------------- the item is gated here
[INFO] [stdout] 18 | pub mod testing;
[INFO] [stdout]    |         ^^^^^^^
[INFO] [stdout] 
[INFO] [stdout] 
[INFO] [stdout] error[E0432]: unresolved import `notedthat_api_http::testing`
[INFO] [stdout]   --> tests/support/patch_backends.rs:11:25
[INFO] [stdout]    |
[INFO] [stdout] 11 | use notedthat_api_http::testing::InMemoryStorage;
[INFO] [stdout]    |                         ^^^^^^^ could not find `testing` in `notedthat_api_http`
[INFO] [stdout]    |
[INFO] [stdout] note: found an item that was configured out
[INFO] [stdout]   --> /opt/rustwide/cargo-home/registry/src/index.crates.io-1949cf8c6b5b557f/notedthat-api-http-0.12.3/src/lib.rs:18:9
[INFO] [stdout]    |
[INFO] [stdout] 17 | #[cfg(any(test, feature = "test-support"))]
[INFO] [stdout]    |          -------------------------------- the item is gated here
[INFO] [stdout] 18 | pub mod testing;
[INFO] [stdout]    |         ^^^^^^^
[INFO] [stdout] 
[INFO] [stdout] 
[INFO] [stdout] error[E0433]: cannot find `testing` in `notedthat_api_http`
[INFO] [stdout]   --> tests/support/patch_backends.rs:59:35
[INFO] [stdout]    |
[INFO] [stdout] 59 |         http: notedthat_api_http::testing::reserve_addr(),
[INFO] [stdout]    |                                   ^^^^^^^ could not find `testing` in `notedthat_api_http`
[INFO] [stdout]    |
[INFO] [stdout] note: found an item that was configured out
[INFO] [stdout]   --> /opt/rustwide/cargo-home/registry/src/index.crates.io-1949cf8c6b5b557f/notedthat-api-http-0.12.3/src/lib.rs:18:9
[INFO] [stdout]    |
[INFO] [stdout] 17 | #[cfg(any(test, feature = "test-support"))]
[INFO] [stdout]    |          -------------------------------- the item is gated here
[INFO] [stdout] 18 | pub mod testing;
[INFO] [stdout]    |         ^^^^^^^
[INFO] [stdout] 
[INFO] [stdout] 
[INFO] [stdout] error[E0432]: unresolved import `notedthat_api_http::testing`
[INFO] [stdout]   --> tests/e2e.rs:11:25
[INFO] [stdout]    |
[INFO] [stdout] 11 | use notedthat_api_http::testing::InMemoryStorage;
[INFO] [stdout]    |                         ^^^^^^^ could not find `testing` in `notedthat_api_http`
[INFO] [stdout]    |
[INFO] [stdout] note: found an item that was configured out
[INFO] [stdout]   --> /opt/rustwide/cargo-home/registry/src/index.crates.io-1949cf8c6b5b557f/notedthat-api-http-0.12.3/src/lib.rs:18:9
[INFO] [stdout]    |
[INFO] [stdout] 17 | #[cfg(any(test, feature = "test-support"))]
[INFO] [stdout]    |          -------------------------------- the item is gated here
[INFO] [stdout] 18 | pub mod testing;
[INFO] [stdout]    |         ^^^^^^^
[INFO] [stdout] 
[INFO] [stdout] 
[INFO] [stdout] error[E0432]: unresolved import `notedthat_api_http::testing`
[INFO] [stdout]   --> tests/support/patch_backends.rs:11:25
[INFO] [stdout]    |
[INFO] [stdout] 11 | use notedthat_api_http::testing::InMemoryStorage;
[INFO] [stdout]    |                         ^^^^^^^ could not find `testing` in `notedthat_api_http`
[INFO] [stdout]    |
[INFO] [stdout] note: found an item that was configured out
[INFO] [stdout]   --> /opt/rustwide/cargo-home/registry/src/index.crates.io-1949cf8c6b5b557f/notedthat-api-http-0.12.3/src/lib.rs:18:9
[INFO] [stdout]    |
[INFO] [stdout] 17 | #[cfg(any(test, feature = "test-support"))]
[INFO] [stdout]    |          -------------------------------- the item is gated here
[INFO] [stdout] 18 | pub mod testing;
[INFO] [stdout]    |         ^^^^^^^
[INFO] [stdout] 
[INFO] [stdout] 
[INFO] [stdout] error[E0432]: unresolved import `notedthat_indexer::testing`
[INFO] [stdout]   --> tests/support/patch_backends.rs:13:24
[INFO] [stdout]    |
[INFO] [stdout] 13 | use notedthat_indexer::testing::{InMemoryVectorStore, StubEmbedder};
[INFO] [stdout]    |                        ^^^^^^^ could not find `testing` in `notedthat_indexer`
[INFO] [stdout]    |
[INFO] [stdout] note: found an item that was configured out
[INFO] [stdout]   --> /opt/rustwide/cargo-home/registry/src/index.crates.io-1949cf8c6b5b557f/notedthat-indexer-0.12.3/src/lib.rs:15:9
[INFO] [stdout]    |
[INFO] [stdout] 14 | #[cfg(feature = "test-support")]
[INFO] [stdout]    |       ------------------------ the item is gated behind the `test-support` feature
[INFO] [stdout] 15 | pub mod testing;
[INFO] [stdout]    |         ^^^^^^^
[INFO] [stdout] 
[INFO] [stdout] 
[INFO] [stdout] error[E0432]: unresolved import `notedthat_indexer::testing`
[INFO] [stdout]   --> tests/support/patch_backends.rs:13:24
[INFO] [stdout]    |
[INFO] [stdout] 13 | use notedthat_indexer::testing::{InMemoryVectorStore, StubEmbedder};
[INFO] [stdout]    |                        ^^^^^^^ could not find `testing` in `notedthat_indexer`
[INFO] [stdout]    |
[INFO] [stdout] note: found an item that was configured out
[INFO] [stdout]   --> /opt/rustwide/cargo-home/registry/src/index.crates.io-1949cf8c6b5b557f/notedthat-indexer-0.12.3/src/lib.rs:15:9
[INFO] [stdout]    |
[INFO] [stdout] 14 | #[cfg(feature = "test-support")]
[INFO] [stdout]    |       ------------------------ the item is gated behind the `test-support` feature
[INFO] [stdout] 15 | pub mod testing;
[INFO] [stdout]    |         ^^^^^^^
[INFO] [stdout] 
[INFO] [stdout] 
[INFO] [stdout] error[E0432]: unresolved import `notedthat_api_http::testing`
[INFO] [stdout]   --> tests/oidc_e2e.rs:12:25
[INFO] [stdout]    |
[INFO] [stdout] 12 | use notedthat_api_http::testing::InMemoryStorage;
[INFO] [stdout]    |                         ^^^^^^^ could not find `testing` in `notedthat_api_http`
[INFO] [stdout]    |
[INFO] [stdout] note: found an item that was configured out
[INFO] [stdout]   --> /opt/rustwide/cargo-home/registry/src/index.crates.io-1949cf8c6b5b557f/notedthat-api-http-0.12.3/src/lib.rs:18:9
[INFO] [stdout]    |
[INFO] [stdout] 17 | #[cfg(any(test, feature = "test-support"))]
[INFO] [stdout]    |          -------------------------------- the item is gated here
[INFO] [stdout] 18 | pub mod testing;
[INFO] [stdout]    |         ^^^^^^^
[INFO] [stdout] 
[INFO] [stdout] 
[INFO] [stdout] error[E0432]: unresolved import `notedthat_indexer::testing`
[INFO] [stdout]   --> tests/oidc_e2e.rs:17:24
[INFO] [stdout]    |
[INFO] [stdout] 17 | use notedthat_indexer::testing::{InMemoryVectorStore, StubEmbedder};
[INFO] [stdout]    |                        ^^^^^^^ could not find `testing` in `notedthat_indexer`
[INFO] [stdout]    |
[INFO] [stdout] note: found an item that was configured out
[INFO] [stdout]   --> /opt/rustwide/cargo-home/registry/src/index.crates.io-1949cf8c6b5b557f/notedthat-indexer-0.12.3/src/lib.rs:15:9
[INFO] [stdout]    |
[INFO] [stdout] 14 | #[cfg(feature = "test-support")]
[INFO] [stdout]    |       ------------------------ the item is gated behind the `test-support` feature
[INFO] [stdout] 15 | pub mod testing;
[INFO] [stdout]    |         ^^^^^^^
[INFO] [stdout] 
[INFO] [stdout] 
[INFO] [stdout] error[E0432]: unresolved import `notedthat_server::run::Backends`
[INFO] [stdout]   --> tests/support/patch_backends.rs:15:5
[INFO] [stdout]    |
[INFO] [stdout] 15 | use notedthat_server::run::Backends;
[INFO] [stdout]    |     ^^^^^^^^^^^^^^^^^^^^^^^--------
[INFO] [stdout]    |                            |
[INFO] [stdout]    |                            no `Backends` in `run`
[INFO] [stdout]    |
[INFO] [stdout] note: found an item that was configured out
[INFO] [stdout]   --> src/run.rs:71:19
[INFO] [stdout]    |
[INFO] [stdout] 70 | #[cfg(feature = "test-support")]
[INFO] [stdout]    |       ------------------------ the item is gated behind the `test-support` feature
[INFO] [stdout] 71 | pub use backends::Backends;
[INFO] [stdout]    |                   ^^^^^^^^
[INFO] [stdout] help: a similar name exists in the module
[INFO] [stdout]    |
[INFO] [stdout] 15 - use notedthat_server::run::Backends;
[INFO] [stdout] 15 + use notedthat_server::run::backends;
[INFO] [stdout]    |
[INFO] [stdout] 
[INFO] [stdout] 
[INFO] [stdout] error[E0432]: unresolved import `notedthat_indexer::testing`
[INFO] [stdout]   --> tests/metrics_labels_e2e.rs:20:24
[INFO] [stdout]    |
[INFO] [stdout] 20 | use notedthat_indexer::testing::StubEmbedder;
[INFO] [stdout]    |                        ^^^^^^^ could not find `testing` in `notedthat_indexer`
[INFO] [stdout]    |
[INFO] [stdout] note: found an item that was configured out
[INFO] [stdout]   --> /opt/rustwide/cargo-home/registry/src/index.crates.io-1949cf8c6b5b557f/notedthat-indexer-0.12.3/src/lib.rs:15:9
[INFO] [stdout]    |
[INFO] [stdout] 14 | #[cfg(feature = "test-support")]
[INFO] [stdout]    |       ------------------------ the item is gated behind the `test-support` feature
[INFO] [stdout] 15 | pub mod testing;
[INFO] [stdout]    |         ^^^^^^^
[INFO] [stdout] 
[INFO] [stdout] 
[INFO] [stdout] error[E0432]: unresolved import `notedthat_server::run::Backends`
[INFO] [stdout]   --> tests/support/patch_backends.rs:15:5
[INFO] [stdout]    |
[INFO] [stdout] 15 | use notedthat_server::run::Backends;
[INFO] [stdout]    |     ^^^^^^^^^^^^^^^^^^^^^^^--------
[INFO] [stdout]    |                            |
[INFO] [stdout]    |                            no `Backends` in `run`
[INFO] [stdout]    |
[INFO] [stdout] note: found an item that was configured out
[INFO] [stdout]   --> src/run.rs:71:19
[INFO] [stdout]    |
[INFO] [stdout] 70 | #[cfg(feature = "test-support")]
[INFO] [stdout]    |       ------------------------ the item is gated behind the `test-support` feature
[INFO] [stdout] 71 | pub use backends::Backends;
[INFO] [stdout]    |                   ^^^^^^^^
[INFO] [stdout] help: a similar name exists in the module
[INFO] [stdout]    |
[INFO] [stdout] 15 - use notedthat_server::run::Backends;
[INFO] [stdout] 15 + use notedthat_server::run::backends;
[INFO] [stdout]    |
[INFO] [stdout] 
[INFO] [stdout] 
[INFO] [stdout] error[E0432]: unresolved import `notedthat_indexer::testing`
[INFO] [stdout]   --> tests/oidc_authelia_e2e.rs:24:24
[INFO] [stdout]    |
[INFO] [stdout] 24 | use notedthat_indexer::testing::{InMemoryVectorStore, StubEmbedder};
[INFO] [stdout]    |                        ^^^^^^^ could not find `testing` in `notedthat_indexer`
[INFO] [stdout]    |
[INFO] [stdout] note: found an item that was configured out
[INFO] [stdout]   --> /opt/rustwide/cargo-home/registry/src/index.crates.io-1949cf8c6b5b557f/notedthat-indexer-0.12.3/src/lib.rs:15:9
[INFO] [stdout]    |
[INFO] [stdout] 14 | #[cfg(feature = "test-support")]
[INFO] [stdout]    |       ------------------------ the item is gated behind the `test-support` feature
[INFO] [stdout] 15 | pub mod testing;
[INFO] [stdout]    |         ^^^^^^^
[INFO] [stdout] 
[INFO] [stdout] 
[INFO] [stdout] error[E0432]: unresolved import `notedthat_server::run::Backends`
[INFO] [stdout]   --> tests/oidc_authelia_e2e.rs:27:5
[INFO] [stdout]    |
[INFO] [stdout] 27 | use notedthat_server::run::Backends;
[INFO] [stdout]    |     ^^^^^^^^^^^^^^^^^^^^^^^--------
[INFO] [stdout]    |                            |
[INFO] [stdout]    |                            no `Backends` in `run`
[INFO] [stdout]    |
[INFO] [stdout] note: found an item that was configured out
[INFO] [stdout]   --> src/run.rs:71:19
[INFO] [stdout]    |
[INFO] [stdout] 70 | #[cfg(feature = "test-support")]
[INFO] [stdout]    |       ------------------------ the item is gated behind the `test-support` feature
[INFO] [stdout] 71 | pub use backends::Backends;
[INFO] [stdout]    |                   ^^^^^^^^
[INFO] [stdout] help: a similar name exists in the module
[INFO] [stdout]    |
[INFO] [stdout] 27 - use notedthat_server::run::Backends;
[INFO] [stdout] 27 + use notedthat_server::run::backends;
[INFO] [stdout]    |
[INFO] [stdout] 
[INFO] [stdout] 
[INFO] [stdout] error[E0433]: cannot find `testing` in `notedthat_api_http`
[INFO] [stdout]   --> tests/support/line_range_env.rs:41:39
[INFO] [stdout]    |
[INFO] [stdout] 41 |             http: notedthat_api_http::testing::reserve_addr(),
[INFO] [stdout]    |                                       ^^^^^^^ could not find `testing` in `notedthat_api_http`
[INFO] [stdout]    |
[INFO] [stdout] note: found an item that was configured out
[INFO] [stdout]   --> /opt/rustwide/cargo-home/registry/src/index.crates.io-1949cf8c6b5b557f/notedthat-api-http-0.12.3/src/lib.rs:18:9
[INFO] [stdout]    |
[INFO] [stdout] 17 | #[cfg(any(test, feature = "test-support"))]
[INFO] [stdout]    |          -------------------------------- the item is gated here
[INFO] [stdout] 18 | pub mod testing;
[INFO] [stdout]    |         ^^^^^^^
[INFO] [stdout] 
[INFO] [stdout] 
[INFO] [stdout] error[E0433]: cannot find `testing` in `notedthat_api_http`
[INFO] [stdout]   --> tests/s3_conditional_writes_e2e.rs:58:42
[INFO] [stdout]    |
[INFO] [stdout] 58 |         listen_addr: notedthat_api_http::testing::reserve_addr(),
[INFO] [stdout]    |                                          ^^^^^^^ could not find `testing` in `notedthat_api_http`
[INFO] [stdout]    |
[INFO] [stdout] note: found an item that was configured out
[INFO] [stdout]   --> /opt/rustwide/cargo-home/registry/src/index.crates.io-1949cf8c6b5b557f/notedthat-api-http-0.12.3/src/lib.rs:18:9
[INFO] [stdout]    |
[INFO] [stdout] 17 | #[cfg(any(test, feature = "test-support"))]
[INFO] [stdout]    |          -------------------------------- the item is gated here
[INFO] [stdout] 18 | pub mod testing;
[INFO] [stdout]    |         ^^^^^^^
[INFO] [stdout] 
[INFO] [stdout] 
[INFO] [stdout] error[E0425]: cannot find function `unroutable_storage_placeholder` in module `notedthat_server::config`
[INFO] [stdout]    --> tests/s3_conditional_writes_e2e.rs:47:63
[INFO] [stdout]     |
[INFO] [stdout]  47 |     let StorageConfig::S3(mut s3) = notedthat_server::config::unroutable_storage_placeholder()
[INFO] [stdout]     |                                                               ^^^^^^^^^^^^^^^^^^^^^^^^^^^^^^ not found in `notedthat_server::config`
[INFO] [stdout]     |
[INFO] [stdout] note: found an item that was configured out
[INFO] [stdout]    --> src/config.rs:489:8
[INFO] [stdout]     |
[INFO] [stdout] 487 | #[cfg(any(test, feature = "test-support"))]
[INFO] [stdout]     |          -------------------------------- the item is gated here
[INFO] [stdout] 488 | #[must_use]
[INFO] [stdout] 489 | pub fn unroutable_storage_placeholder() -> StorageConfig {
[INFO] [stdout]     |        ^^^^^^^^^^^^^^^^^^^^^^^^^^^^^^
[INFO] [stdout] 
[INFO] [stdout] 
[INFO] [stdout] error[E0433]: cannot find `testing` in `notedthat_api_http`
[INFO] [stdout]   --> tests/support/patch_backends.rs:59:35
[INFO] [stdout]    |
[INFO] [stdout] 59 |         http: notedthat_api_http::testing::reserve_addr(),
[INFO] [stdout]    |                                   ^^^^^^^ could not find `testing` in `notedthat_api_http`
[INFO] [stdout]    |
[INFO] [stdout] note: found an item that was configured out
[INFO] [stdout]   --> /opt/rustwide/cargo-home/registry/src/index.crates.io-1949cf8c6b5b557f/notedthat-api-http-0.12.3/src/lib.rs:18:9
[INFO] [stdout]    |
[INFO] [stdout] 17 | #[cfg(any(test, feature = "test-support"))]
[INFO] [stdout]    |          -------------------------------- the item is gated here
[INFO] [stdout] 18 | pub mod testing;
[INFO] [stdout]    |         ^^^^^^^
[INFO] [stdout] 
[INFO] [stdout] 
[INFO] [stdout] error[E0433]: cannot find `testing` in `notedthat_api_http`
[INFO] [stdout]   --> tests/support/patch_backends.rs:59:35
[INFO] [stdout]    |
[INFO] [stdout] 59 |         http: notedthat_api_http::testing::reserve_addr(),
[INFO] [stdout]    |                                   ^^^^^^^ could not find `testing` in `notedthat_api_http`
[INFO] [stdout]    |
[INFO] [stdout] note: found an item that was configured out
[INFO] [stdout]   --> /opt/rustwide/cargo-home/registry/src/index.crates.io-1949cf8c6b5b557f/notedthat-api-http-0.12.3/src/lib.rs:18:9
[INFO] [stdout]    |
[INFO] [stdout] 17 | #[cfg(any(test, feature = "test-support"))]
[INFO] [stdout]    |          -------------------------------- the item is gated here
[INFO] [stdout] 18 | pub mod testing;
[INFO] [stdout]    |         ^^^^^^^
[INFO] [stdout] 
[INFO] [stdout] 
[INFO] [stdout] error[E0432]: unresolved import `notedthat_indexer::testing`
[INFO] [stdout]   --> tests/e2e.rs:13:24
[INFO] [stdout]    |
[INFO] [stdout] 13 | use notedthat_indexer::testing::{InMemoryVectorStore, StubEmbedder};
[INFO] [stdout]    |                        ^^^^^^^ could not find `testing` in `notedthat_indexer`
[INFO] [stdout]    |
[INFO] [stdout] note: found an item that was configured out
[INFO] [stdout]   --> /opt/rustwide/cargo-home/registry/src/index.crates.io-1949cf8c6b5b557f/notedthat-indexer-0.12.3/src/lib.rs:15:9
[INFO] [stdout]    |
[INFO] [stdout] 14 | #[cfg(feature = "test-support")]
[INFO] [stdout]    |       ------------------------ the item is gated behind the `test-support` feature
[INFO] [stdout] 15 | pub mod testing;
[INFO] [stdout]    |         ^^^^^^^
[INFO] [stdout] 
[INFO] [stdout] 
[INFO] [stdout] error[E0432]: unresolved import `notedthat_server::run::Backends`
[INFO] [stdout]   --> tests/e2e.rs:15:5
[INFO] [stdout]    |
[INFO] [stdout] 15 | use notedthat_server::run::Backends;
[INFO] [stdout]    |     ^^^^^^^^^^^^^^^^^^^^^^^--------
[INFO] [stdout]    |                            |
[INFO] [stdout]    |                            no `Backends` in `run`
[INFO] [stdout]    |
[INFO] [stdout] note: found an item that was configured out
[INFO] [stdout]   --> src/run.rs:71:19
[INFO] [stdout]    |
[INFO] [stdout] 70 | #[cfg(feature = "test-support")]
[INFO] [stdout]    |       ------------------------ the item is gated behind the `test-support` feature
[INFO] [stdout] 71 | pub use backends::Backends;
[INFO] [stdout]    |                   ^^^^^^^^
[INFO] [stdout] help: a similar name exists in the module
[INFO] [stdout]    |
[INFO] [stdout] 15 - use notedthat_server::run::Backends;
[INFO] [stdout] 15 + use notedthat_server::run::backends;
[INFO] [stdout]    |
[INFO] [stdout] 
[INFO] [stdout] 
[INFO] [stdout] error[E0432]: unresolved import `notedthat_indexer::testing`
[INFO] [stdout]   --> tests/support/patch_backends.rs:13:24
[INFO] [stdout]    |
[INFO] [stdout] 13 | use notedthat_indexer::testing::{InMemoryVectorStore, StubEmbedder};
[INFO] [stdout]    |                        ^^^^^^^ could not find `testing` in `notedthat_indexer`
[INFO] [stdout]    |
[INFO] [stdout] note: found an item that was configured out
[INFO] [stdout]   --> /opt/rustwide/cargo-home/registry/src/index.crates.io-1949cf8c6b5b557f/notedthat-indexer-0.12.3/src/lib.rs:15:9
[INFO] [stdout]    |
[INFO] [stdout] 14 | #[cfg(feature = "test-support")]
[INFO] [stdout]    |       ------------------------ the item is gated behind the `test-support` feature
[INFO] [stdout] 15 | pub mod testing;
[INFO] [stdout]    |         ^^^^^^^
[INFO] [stdout] 
[INFO] [stdout] 
[INFO] [stdout] error[E0432]: unresolved import `notedthat_server::run::Backends`
[INFO] [stdout]   --> tests/support/patch_backends.rs:15:5
[INFO] [stdout]    |
[INFO] [stdout] 15 | use notedthat_server::run::Backends;
[INFO] [stdout]    |     ^^^^^^^^^^^^^^^^^^^^^^^--------
[INFO] [stdout]    |                            |
[INFO] [stdout]    |                            no `Backends` in `run`
[INFO] [stdout]    |
[INFO] [stdout] note: found an item that was configured out
[INFO] [stdout]   --> src/run.rs:71:19
[INFO] [stdout]    |
[INFO] [stdout] 70 | #[cfg(feature = "test-support")]
[INFO] [stdout]    |       ------------------------ the item is gated behind the `test-support` feature
[INFO] [stdout] 71 | pub use backends::Backends;
[INFO] [stdout]    |                   ^^^^^^^^
[INFO] [stdout] help: a similar name exists in the module
[INFO] [stdout]    |
[INFO] [stdout] 15 - use notedthat_server::run::Backends;
[INFO] [stdout] 15 + use notedthat_server::run::backends;
[INFO] [stdout]    |
[INFO] [stdout] 
[INFO] [stdout] 
[INFO] [stdout] error[E0432]: unresolved import `notedthat_indexer::testing`
[INFO] [stdout]   --> tests/support/patch_backends.rs:13:24
[INFO] [stdout]    |
[INFO] [stdout] 13 | use notedthat_indexer::testing::{InMemoryVectorStore, StubEmbedder};
[INFO] [stdout]    |                        ^^^^^^^ could not find `testing` in `notedthat_indexer`
[INFO] [stdout]    |
[INFO] [stdout] note: found an item that was configured out
[INFO] [stdout]   --> /opt/rustwide/cargo-home/registry/src/index.crates.io-1949cf8c6b5b557f/notedthat-indexer-0.12.3/src/lib.rs:15:9
[INFO] [stdout]    |
[INFO] [stdout] 14 | #[cfg(feature = "test-support")]
[INFO] [stdout]    |       ------------------------ the item is gated behind the `test-support` feature
[INFO] [stdout] 15 | pub mod testing;
[INFO] [stdout]    |         ^^^^^^^
[INFO] [stdout] 
[INFO] [stdout] 
[INFO] [stdout] error[E0432]: unresolved import `notedthat_server::run::Backends`
[INFO] [stdout]   --> tests/support/patch_backends.rs:15:5
[INFO] [stdout]    |
[INFO] [stdout] 15 | use notedthat_server::run::Backends;
[INFO] [stdout]    |     ^^^^^^^^^^^^^^^^^^^^^^^--------
[INFO] [stdout]    |                            |
[INFO] [stdout]    |                            no `Backends` in `run`
[INFO] [stdout]    |
[INFO] [stdout] note: found an item that was configured out
[INFO] [stdout]   --> src/run.rs:71:19
[INFO] [stdout]    |
[INFO] [stdout] 70 | #[cfg(feature = "test-support")]
[INFO] [stdout]    |       ------------------------ the item is gated behind the `test-support` feature
[INFO] [stdout] 71 | pub use backends::Backends;
[INFO] [stdout]    |                   ^^^^^^^^
[INFO] [stdout] help: a similar name exists in the module
[INFO] [stdout]    |
[INFO] [stdout] 15 - use notedthat_server::run::Backends;
[INFO] [stdout] 15 + use notedthat_server::run::backends;
[INFO] [stdout]    |
[INFO] [stdout] 
[INFO] [stdout] 
[INFO] [stdout] error[E0432]: unresolved import `notedthat_indexer::testing`
[INFO] [stdout]   --> tests/events_e2e.rs:22:24
[INFO] [stdout]    |
[INFO] [stdout] 22 | use notedthat_indexer::testing::StubEmbedder;
[INFO] [stdout]    |                        ^^^^^^^ could not find `testing` in `notedthat_indexer`
[INFO] [stdout]    |
[INFO] [stdout] note: found an item that was configured out
[INFO] [stdout]   --> /opt/rustwide/cargo-home/registry/src/index.crates.io-1949cf8c6b5b557f/notedthat-indexer-0.12.3/src/lib.rs:15:9
[INFO] [stdout]    |
[INFO] [stdout] 14 | #[cfg(feature = "test-support")]
[INFO] [stdout]    |       ------------------------ the item is gated behind the `test-support` feature
[INFO] [stdout] 15 | pub mod testing;
[INFO] [stdout]    |         ^^^^^^^
[INFO] [stdout] 
[INFO] [stdout] 
[INFO] [stdout] error[E0433]: cannot find `testing` in `notedthat_api_http`
[INFO] [stdout]    --> tests/oidc_authelia_e2e.rs:257:42
[INFO] [stdout]     |
[INFO] [stdout] 257 |     let bound_addr = notedthat_api_http::testing::reserve_addr();
[INFO] [stdout]     |                                          ^^^^^^^ could not find `testing` in `notedthat_api_http`
[INFO] [stdout]     |
[INFO] [stdout] note: found an item that was configured out
[INFO] [stdout]    --> /opt/rustwide/cargo-home/registry/src/index.crates.io-1949cf8c6b5b557f/notedthat-api-http-0.12.3/src/lib.rs:18:9
[INFO] [stdout]     |
[INFO] [stdout]  17 | #[cfg(any(test, feature = "test-support"))]
[INFO] [stdout]     |          -------------------------------- the item is gated here
[INFO] [stdout]  18 | pub mod testing;
[INFO] [stdout]     |         ^^^^^^^
[INFO] [stdout] 
[INFO] [stdout] 
[INFO] [stdout] error[E0433]: cannot find `testing` in `notedthat_mcp`
[INFO] [stdout]   --> tests/it_line_range_read.rs:76:30
[INFO] [stdout]    |
[INFO] [stdout] 76 |     let mcp = notedthat_mcp::testing::McpSession::connect(&server.base_url, API_TOKEN);
[INFO] [stdout]    |                              ^^^^^^^ could not find `testing` in `notedthat_mcp`
[INFO] [stdout]    |
[INFO] [stdout] note: found an item that was configured out
[INFO] [stdout]   --> /opt/rustwide/cargo-home/registry/src/index.crates.io-1949cf8c6b5b557f/notedthat-mcp-0.12.3/src/lib.rs:20:9
[INFO] [stdout]    |
[INFO] [stdout] 19 | #[cfg(any(test, feature = "test-support"))]
[INFO] [stdout]    |          -------------------------------- the item is gated here
[INFO] [stdout] 20 | pub mod testing;
[INFO] [stdout]    |         ^^^^^^^
[INFO] [stdout] 
[INFO] [stdout] 
[INFO] [stdout] error[E0425]: cannot find function `run_with` in module `notedthat_server::run`
[INFO] [stdout]    --> tests/support/line_range_env.rs:52:36
[INFO] [stdout]     |
[INFO] [stdout]  52 |             notedthat_server::run::run_with(config, backends)
[INFO] [stdout]     |                                    ^^^^^^^^ not found in `notedthat_server::run`
[INFO] [stdout]     |
[INFO] [stdout] note: found an item that was configured out
[INFO] [stdout]    --> src/run.rs:522:14
[INFO] [stdout]     |
[INFO] [stdout] 521 | #[cfg(feature = "test-support")]
[INFO] [stdout]     |       ------------------------ the item is gated behind the `test-support` feature
[INFO] [stdout] 522 | pub async fn run_with(config: Config, backends: Backends) -> anyhow::Result<()> {
[INFO] [stdout]     |              ^^^^^^^^
[INFO] [stdout] 
[INFO] [stdout] 
[INFO] [stdout] error[E0425]: cannot find function `unroutable_storage_placeholder` in module `notedthat_server::config`
[INFO] [stdout]    --> tests/support/line_range_env.rs:138:44
[INFO] [stdout]     |
[INFO] [stdout] 138 |         storage: notedthat_server::config::unroutable_storage_placeholder(),
[INFO] [stdout]     |                                            ^^^^^^^^^^^^^^^^^^^^^^^^^^^^^^ not found in `notedthat_server::config`
[INFO] [stdout]     |
[INFO] [stdout] note: found an item that was configured out
[INFO] [stdout]    --> src/config.rs:489:8
[INFO] [stdout]     |
[INFO] [stdout] 487 | #[cfg(any(test, feature = "test-support"))]
[INFO] [stdout]     |          -------------------------------- the item is gated here
[INFO] [stdout] 488 | #[must_use]
[INFO] [stdout] 489 | pub fn unroutable_storage_placeholder() -> StorageConfig {
[INFO] [stdout]     |        ^^^^^^^^^^^^^^^^^^^^^^^^^^^^^^
[INFO] [stdout] 
[INFO] [stdout] 
[INFO] [stdout] error[E0432]: unresolved import `notedthat_indexer::testing`
[INFO] [stdout]   --> tests/s3_reconcile_e2e.rs:30:24
[INFO] [stdout]    |
[INFO] [stdout] 30 | use notedthat_indexer::testing::{InMemoryVectorStore, StubEmbedder};
[INFO] [stdout]    |                        ^^^^^^^ could not find `testing` in `notedthat_indexer`
[INFO] [stdout]    |
[INFO] [stdout] note: found an item that was configured out
[INFO] [stdout]   --> /opt/rustwide/cargo-home/registry/src/index.crates.io-1949cf8c6b5b557f/notedthat-indexer-0.12.3/src/lib.rs:15:9
[INFO] [stdout]    |
[INFO] [stdout] 14 | #[cfg(feature = "test-support")]
[INFO] [stdout]    |       ------------------------ the item is gated behind the `test-support` feature
[INFO] [stdout] 15 | pub mod testing;
[INFO] [stdout]    |         ^^^^^^^
[INFO] [stdout] 
[INFO] [stdout] 
[INFO] [stdout] error[E0432]: unresolved import `notedthat_server::run::Backends`
[INFO] [stdout]   --> tests/s3_reconcile_e2e.rs:34:5
[INFO] [stdout]    |
[INFO] [stdout] 34 | use notedthat_server::run::Backends;
[INFO] [stdout]    |     ^^^^^^^^^^^^^^^^^^^^^^^--------
[INFO] [stdout]    |                            |
[INFO] [stdout]    |                            no `Backends` in `run`
[INFO] [stdout]    |
[INFO] [stdout] note: found an item that was configured out
[INFO] [stdout]   --> src/run.rs:71:19
[INFO] [stdout]    |
[INFO] [stdout] 70 | #[cfg(feature = "test-support")]
[INFO] [stdout]    |       ------------------------ the item is gated behind the `test-support` feature
[INFO] [stdout] 71 | pub use backends::Backends;
[INFO] [stdout]    |                   ^^^^^^^^
[INFO] [stdout] help: a similar name exists in the module
[INFO] [stdout]    |
[INFO] [stdout] 34 - use notedthat_server::run::Backends;
[INFO] [stdout] 34 + use notedthat_server::run::backends;
[INFO] [stdout]    |
[INFO] [stdout] 
[INFO] [stdout] 
[INFO] [stdout] error[E0433]: cannot find `testing` in `notedthat_mcp`
[INFO] [stdout]   --> tests/support/patch_env.rs:34:29
[INFO] [stdout]    |
[INFO] [stdout] 34 |     pub mcp: notedthat_mcp::testing::McpSession,
[INFO] [stdout]    |                             ^^^^^^^ could not find `testing` in `notedthat_mcp`
[INFO] [stdout]    |
[INFO] [stdout] note: found an item that was configured out
[INFO] [stdout]   --> /opt/rustwide/cargo-home/registry/src/index.crates.io-1949cf8c6b5b557f/notedthat-mcp-0.12.3/src/lib.rs:20:9
[INFO] [stdout]    |
[INFO] [stdout] 19 | #[cfg(any(test, feature = "test-support"))]
[INFO] [stdout]    |          -------------------------------- the item is gated here
[INFO] [stdout] 20 | pub mod testing;
[INFO] [stdout]    |         ^^^^^^^
[INFO] [stdout] 
[INFO] [stdout] 
[INFO] [stdout] error[E0432]: unresolved import `notedthat_server::oidc::test_support`
[INFO] [stdout]    --> tests/oidc_e2e.rs:21:29
[INFO] [stdout]     |
[INFO] [stdout]  21 | use notedthat_server::oidc::test_support::{JWKS_JSON, claims, mint, settings};
[INFO] [stdout]     |                             ^^^^^^^^^^^^ could not find `test_support` in `oidc`
[INFO] [stdout]     |
[INFO] [stdout] note: found an item that was configured out
[INFO] [stdout]    --> src/oidc.rs:446:9
[INFO] [stdout]     |
[INFO] [stdout] 445 | #[cfg(any(test, feature = "test-support"))]
[INFO] [stdout]     |          -------------------------------- the item is gated here
[INFO] [stdout] 446 | pub mod test_support {
[INFO] [stdout]     |         ^^^^^^^^^^^^
[INFO] [stdout] 
[INFO] [stdout] 
[INFO] [stdout] error[E0432]: unresolved import `notedthat_server::run::Backends`
[INFO] [stdout]   --> tests/oidc_e2e.rs:22:5
[INFO] [stdout]    |
[INFO] [stdout] 22 | use notedthat_server::run::Backends;
[INFO] [stdout]    |     ^^^^^^^^^^^^^^^^^^^^^^^--------
[INFO] [stdout]    |                            |
[INFO] [stdout]    |                            no `Backends` in `run`
[INFO] [stdout]    |
[INFO] [stdout] note: found an item that was configured out
[INFO] [stdout]   --> src/run.rs:71:19
[INFO] [stdout]    |
[INFO] [stdout] 70 | #[cfg(feature = "test-support")]
[INFO] [stdout]    |       ------------------------ the item is gated behind the `test-support` feature
[INFO] [stdout] 71 | pub use backends::Backends;
[INFO] [stdout]    |                   ^^^^^^^^
[INFO] [stdout] help: a similar name exists in the module
[INFO] [stdout]    |
[INFO] [stdout] 22 - use notedthat_server::run::Backends;
[INFO] [stdout] 22 + use notedthat_server::run::backends;
[INFO] [stdout]    |
[INFO] [stdout] 
[INFO] [stdout] 
[INFO] [stdout] error[E0432]: unresolved import `notedthat_indexer::testing`
[INFO] [stdout]   --> tests/support/patch_backends.rs:13:24
[INFO] [stdout]    |
[INFO] [stdout] 13 | use notedthat_indexer::testing::{InMemoryVectorStore, StubEmbedder};
[INFO] [stdout]    |                        ^^^^^^^ could not find `testing` in `notedthat_indexer`
[INFO] [stdout]    |
[INFO] [stdout] note: found an item that was configured out
[INFO] [stdout]   --> /opt/rustwide/cargo-home/registry/src/index.crates.io-1949cf8c6b5b557f/notedthat-indexer-0.12.3/src/lib.rs:15:9
[INFO] [stdout]    |
[INFO] [stdout] 14 | #[cfg(feature = "test-support")]
[INFO] [stdout]    |       ------------------------ the item is gated behind the `test-support` feature
[INFO] [stdout] 15 | pub mod testing;
[INFO] [stdout]    |         ^^^^^^^
[INFO] [stdout] 
[INFO] [stdout] 
[INFO] [stdout] error[E0432]: unresolved import `notedthat_server::run::Backends`
[INFO] [stdout]   --> tests/support/patch_backends.rs:15:5
[INFO] [stdout]    |
[INFO] [stdout] 15 | use notedthat_server::run::Backends;
[INFO] [stdout]    |     ^^^^^^^^^^^^^^^^^^^^^^^--------
[INFO] [stdout]    |                            |
[INFO] [stdout]    |                            no `Backends` in `run`
[INFO] [stdout]    |
[INFO] [stdout] note: found an item that was configured out
[INFO] [stdout]   --> src/run.rs:71:19
[INFO] [stdout]    |
[INFO] [stdout] 70 | #[cfg(feature = "test-support")]
[INFO] [stdout]    |       ------------------------ the item is gated behind the `test-support` feature
[INFO] [stdout] 71 | pub use backends::Backends;
[INFO] [stdout]    |                   ^^^^^^^^
[INFO] [stdout] help: a similar name exists in the module
[INFO] [stdout]    |
[INFO] [stdout] 15 - use notedthat_server::run::Backends;
[INFO] [stdout] 15 + use notedthat_server::run::backends;
[INFO] [stdout]    |
[INFO] [stdout] 
[INFO] [stdout] 
[INFO] [stdout] error[E0432]: unresolved import `notedthat_indexer::testing`
[INFO] [stdout]   --> tests/request_bounds_e2e.rs:26:24
[INFO] [stdout]    |
[INFO] [stdout] 26 | use notedthat_indexer::testing::StubEmbedder;
[INFO] [stdout]    |                        ^^^^^^^ could not find `testing` in `notedthat_indexer`
[INFO] [stdout]    |
[INFO] [stdout] note: found an item that was configured out
[INFO] [stdout]   --> /opt/rustwide/cargo-home/registry/src/index.crates.io-1949cf8c6b5b557f/notedthat-indexer-0.12.3/src/lib.rs:15:9
[INFO] [stdout]    |
[INFO] [stdout] 14 | #[cfg(feature = "test-support")]
[INFO] [stdout]    |       ------------------------ the item is gated behind the `test-support` feature
[INFO] [stdout] 15 | pub mod testing;
[INFO] [stdout]    |         ^^^^^^^
[INFO] [stdout] 
[INFO] [stdout] 
[INFO] [stdout] error[E0432]: unresolved import `notedthat_mcp::testing`
[INFO] [stdout]   --> tests/request_bounds_e2e.rs:28:20
[INFO] [stdout]    |
[INFO] [stdout] 28 | use notedthat_mcp::testing::McpSession;
[INFO] [stdout]    |                    ^^^^^^^ could not find `testing` in `notedthat_mcp`
[INFO] [stdout]    |
[INFO] [stdout] note: found an item that was configured out
[INFO] [stdout]   --> /opt/rustwide/cargo-home/registry/src/index.crates.io-1949cf8c6b5b557f/notedthat-mcp-0.12.3/src/lib.rs:20:9
[INFO] [stdout]    |
[INFO] [stdout] 19 | #[cfg(any(test, feature = "test-support"))]
[INFO] [stdout]    |          -------------------------------- the item is gated here
[INFO] [stdout] 20 | pub mod testing;
[INFO] [stdout]    |         ^^^^^^^
[INFO] [stdout] 
[INFO] [stdout] 
[INFO] [stdout] error[E0433]: cannot find `testing` in `notedthat_api_http`
[INFO] [stdout]   --> tests/support/patch_backends.rs:59:35
[INFO] [stdout]    |
[INFO] [stdout] 59 |         http: notedthat_api_http::testing::reserve_addr(),
[INFO] [stdout]    |                                   ^^^^^^^ could not find `testing` in `notedthat_api_http`
[INFO] [stdout]    |
[INFO] [stdout] note: found an item that was configured out
[INFO] [stdout]   --> /opt/rustwide/cargo-home/registry/src/index.crates.io-1949cf8c6b5b557f/notedthat-api-http-0.12.3/src/lib.rs:18:9
[INFO] [stdout]    |
[INFO] [stdout] 17 | #[cfg(any(test, feature = "test-support"))]
[INFO] [stdout]    |          -------------------------------- the item is gated here
[INFO] [stdout] 18 | pub mod testing;
[INFO] [stdout]    |         ^^^^^^^
[INFO] [stdout] 
[INFO] [stdout] 
[INFO] [stdout] error[E0433]: cannot find `testing` in `notedthat_api_http`
[INFO] [stdout]   --> tests/webdav_cross_surface_e2e.rs:37:58
[INFO] [stdout]    |
[INFO] [stdout] 37 |         storage: std::sync::Arc::new(notedthat_api_http::testing::InMemoryStorage::default()),
[INFO] [stdout]    |                                                          ^^^^^^^ could not find `testing` in `notedthat_api_http`
[INFO] [stdout]    |
[INFO] [stdout] note: found an item that was configured out
[INFO] [stdout]   --> /opt/rustwide/cargo-home/registry/src/index.crates.io-1949cf8c6b5b557f/notedthat-api-http-0.12.3/src/lib.rs:18:9
[INFO] [stdout]    |
[INFO] [stdout] 17 | #[cfg(any(test, feature = "test-support"))]
[INFO] [stdout]    |          -------------------------------- the item is gated here
[INFO] [stdout] 18 | pub mod testing;
[INFO] [stdout]    |         ^^^^^^^
[INFO] [stdout] 
[INFO] [stdout] 
[INFO] [stdout] error[E0433]: cannot find `testing` in `notedthat_mcp`
[INFO] [stdout]    --> tests/oidc_authelia_e2e.rs:342:30
[INFO] [stdout]     |
[INFO] [stdout] 342 |     let mcp = notedthat_mcp::testing::McpSession::connect(&base, &ivan)
[INFO] [stdout]     |                              ^^^^^^^ could not find `testing` in `notedthat_mcp`
[INFO] [stdout]     |
[INFO] [stdout] note: found an item that was configured out
[INFO] [stdout]    --> /opt/rustwide/cargo-home/registry/src/index.crates.io-1949cf8c6b5b557f/notedthat-mcp-0.12.3/src/lib.rs:20:9
[INFO] [stdout]     |
[INFO] [stdout]  19 | #[cfg(any(test, feature = "test-support"))]
[INFO] [stdout]     |          -------------------------------- the item is gated here
[INFO] [stdout]  20 | pub mod testing;
[INFO] [stdout]     |         ^^^^^^^
[INFO] [stdout] 
[INFO] [stdout] 
[INFO] [stdout] error[E0433]: cannot find `testing` in `notedthat_api_http`
[INFO] [stdout]   --> tests/support/patch_backends.rs:59:35
[INFO] [stdout]    |
[INFO] [stdout] 59 |         http: notedthat_api_http::testing::reserve_addr(),
[INFO] [stdout]    |                                   ^^^^^^^ could not find `testing` in `notedthat_api_http`
[INFO] [stdout]    |
[INFO] [stdout] note: found an item that was configured out
[INFO] [stdout]   --> /opt/rustwide/cargo-home/registry/src/index.crates.io-1949cf8c6b5b557f/notedthat-api-http-0.12.3/src/lib.rs:18:9
[INFO] [stdout]    |
[INFO] [stdout] 17 | #[cfg(any(test, feature = "test-support"))]
[INFO] [stdout]    |          -------------------------------- the item is gated here
[INFO] [stdout] 18 | pub mod testing;
[INFO] [stdout]    |         ^^^^^^^
[INFO] [stdout] 
[INFO] [stdout] 
[INFO] [stdout] error[E0425]: cannot find function `unroutable_storage_placeholder` in module `notedthat_server::config`
[INFO] [stdout]    --> tests/oidc_authelia_e2e.rs:86:44
[INFO] [stdout]     |
[INFO] [stdout]  86 |         storage: notedthat_server::config::unroutable_storage_placeholder(),
[INFO] [stdout]     |                                            ^^^^^^^^^^^^^^^^^^^^^^^^^^^^^^ not found in `notedthat_server::config`
[INFO] [stdout]     |
[INFO] [stdout] note: found an item that was configured out
[INFO] [stdout]    --> src/config.rs:489:8
[INFO] [stdout]     |
[INFO] [stdout] 487 | #[cfg(any(test, feature = "test-support"))]
[INFO] [stdout]     |          -------------------------------- the item is gated here
[INFO] [stdout] 488 | #[must_use]
[INFO] [stdout] 489 | pub fn unroutable_storage_placeholder() -> StorageConfig {
[INFO] [stdout]     |        ^^^^^^^^^^^^^^^^^^^^^^^^^^^^^^
[INFO] [stdout] 
[INFO] [stdout] 
[INFO] [stdout] error[E0425]: cannot find function `run_with` in module `notedthat_server::run`
[INFO] [stdout]    --> tests/oidc_authelia_e2e.rs:266:32
[INFO] [stdout]     |
[INFO] [stdout] 266 |         notedthat_server::run::run_with(config, backends)
[INFO] [stdout]     |                                ^^^^^^^^ not found in `notedthat_server::run`
[INFO] [stdout]     |
[INFO] [stdout] note: found an item that was configured out
[INFO] [stdout]    --> src/run.rs:522:14
[INFO] [stdout]     |
[INFO] [stdout] 521 | #[cfg(feature = "test-support")]
[INFO] [stdout]     |       ------------------------ the item is gated behind the `test-support` feature
[INFO] [stdout] 522 | pub async fn run_with(config: Config, backends: Backends) -> anyhow::Result<()> {
[INFO] [stdout]     |              ^^^^^^^^
[INFO] [stdout] 
[INFO] [stdout] 
[INFO] [stdout] error[E0433]: cannot find `testing` in `notedthat_mcp`
[INFO] [stdout]   --> tests/support/patch_env.rs:34:29
[INFO] [stdout]    |
[INFO] [stdout] 34 |     pub mcp: notedthat_mcp::testing::McpSession,
[INFO] [stdout]    |                             ^^^^^^^ could not find `testing` in `notedthat_mcp`
[INFO] [stdout]    |
[INFO] [stdout] note: found an item that was configured out
[INFO] [stdout]   --> /opt/rustwide/cargo-home/registry/src/index.crates.io-1949cf8c6b5b557f/notedthat-mcp-0.12.3/src/lib.rs:20:9
[INFO] [stdout]    |
[INFO] [stdout] 19 | #[cfg(any(test, feature = "test-support"))]
[INFO] [stdout]    |          -------------------------------- the item is gated here
[INFO] [stdout] 20 | pub mod testing;
[INFO] [stdout]    |         ^^^^^^^
[INFO] [stdout] 
[INFO] [stdout] 
[INFO] [stdout] error[E0433]: cannot find `testing` in `notedthat_api_http`
[INFO] [stdout]   --> tests/support/metrics_env.rs:64:48
[INFO] [stdout]    |
[INFO] [stdout] 64 |         let metrics_addr = notedthat_api_http::testing::reserve_addr();
[INFO] [stdout]    |                                                ^^^^^^^ could not find `testing` in `notedthat_api_http`
[INFO] [stdout]    |
[INFO] [stdout] note: found an item that was configured out
[INFO] [stdout]   --> /opt/rustwide/cargo-home/registry/src/index.crates.io-1949cf8c6b5b557f/notedthat-api-http-0.12.3/src/lib.rs:18:9
[INFO] [stdout]    |
[INFO] [stdout] 17 | #[cfg(any(test, feature = "test-support"))]
[INFO] [stdout]    |          -------------------------------- the item is gated here
[INFO] [stdout] 18 | pub mod testing;
[INFO] [stdout]    |         ^^^^^^^
[INFO] [stdout] 
[INFO] [stdout] 
[INFO] [stdout] error[E0433]: cannot find `testing` in `notedthat_api_http`
[INFO] [stdout]    --> tests/e2e.rs:111:42
[INFO] [stdout]     |
[INFO] [stdout] 111 |     let bound_addr = notedthat_api_http::testing::reserve_addr();
[INFO] [stdout]     |                                          ^^^^^^^ could not find `testing` in `notedthat_api_http`
[INFO] [stdout]     |
[INFO] [stdout] note: found an item that was configured out
[INFO] [stdout]    --> /opt/rustwide/cargo-home/registry/src/index.crates.io-1949cf8c6b5b557f/notedthat-api-http-0.12.3/src/lib.rs:18:9
[INFO] [stdout]     |
[INFO] [stdout]  17 | #[cfg(any(test, feature = "test-support"))]
[INFO] [stdout]     |          -------------------------------- the item is gated here
[INFO] [stdout]  18 | pub mod testing;
[INFO] [stdout]     |         ^^^^^^^
[INFO] [stdout] 
[INFO] [stdout] 
[INFO] [stdout] error[E0433]: cannot find `testing` in `notedthat_api_http`
[INFO] [stdout]    --> tests/s3_reconcile_e2e.rs:222:36
[INFO] [stdout]     |
[INFO] [stdout] 222 |     let addr = notedthat_api_http::testing::reserve_addr();
[INFO] [stdout]     |                                    ^^^^^^^ could not find `testing` in `notedthat_api_http`
[INFO] [stdout]     |
[INFO] [stdout] note: found an item that was configured out
[INFO] [stdout]    --> /opt/rustwide/cargo-home/registry/src/index.crates.io-1949cf8c6b5b557f/notedthat-api-http-0.12.3/src/lib.rs:18:9
[INFO] [stdout]     |
[INFO] [stdout]  17 | #[cfg(any(test, feature = "test-support"))]
[INFO] [stdout]     |          -------------------------------- the item is gated here
[INFO] [stdout]  18 | pub mod testing;
[INFO] [stdout]     |         ^^^^^^^
[INFO] [stdout] 
[INFO] [stdout] 
[INFO] [stdout] error[E0433]: cannot find `testing` in `notedthat_api_http`
[INFO] [stdout]   --> tests/support/patch_backends.rs:59:35
[INFO] [stdout]    |
[INFO] [stdout] 59 |         http: notedthat_api_http::testing::reserve_addr(),
[INFO] [stdout]    |                                   ^^^^^^^ could not find `testing` in `notedthat_api_http`
[INFO] [stdout]    |
[INFO] [stdout] note: found an item that was configured out
[INFO] [stdout]   --> /opt/rustwide/cargo-home/registry/src/index.crates.io-1949cf8c6b5b557f/notedthat-api-http-0.12.3/src/lib.rs:18:9
[INFO] [stdout]    |
[INFO] [stdout] 17 | #[cfg(any(test, feature = "test-support"))]
[INFO] [stdout]    |          -------------------------------- the item is gated here
[INFO] [stdout] 18 | pub mod testing;
[INFO] [stdout]    |         ^^^^^^^
[INFO] [stdout] 
[INFO] [stdout] 
[INFO] [stdout] error[E0433]: cannot find `testing` in `notedthat_indexer`
[INFO] [stdout]   --> tests/webdav_cross_surface_e2e.rs:38:55
[INFO] [stdout]    |
[INFO] [stdout] 38 |         store: std::sync::Arc::new(notedthat_indexer::testing::InMemoryVectorStore::new()),
[INFO] [stdout]    |                                                       ^^^^^^^ could not find `testing` in `notedthat_indexer`
[INFO] [stdout]    |
[INFO] [stdout] note: found an item that was configured out
[INFO] [stdout]   --> /opt/rustwide/cargo-home/registry/src/index.crates.io-1949cf8c6b5b557f/notedthat-indexer-0.12.3/src/lib.rs:15:9
[INFO] [stdout]    |
[INFO] [stdout] 14 | #[cfg(feature = "test-support")]
[INFO] [stdout]    |       ------------------------ the item is gated behind the `test-support` feature
[INFO] [stdout] 15 | pub mod testing;
[INFO] [stdout]    |         ^^^^^^^
[INFO] [stdout] 
[INFO] [stdout] 
[INFO] [stdout] error[E0425]: cannot find function `unroutable_storage_placeholder` in module `notedthat_server::config`
[INFO] [stdout]    --> tests/support/patch_backends.rs:101:44
[INFO] [stdout]     |
[INFO] [stdout] 101 |         storage: notedthat_server::config::unroutable_storage_placeholder(),
[INFO] [stdout]     |                                            ^^^^^^^^^^^^^^^^^^^^^^^^^^^^^^ not found in `notedthat_server::config`
[INFO] [stdout]     |
[INFO] [stdout] note: found an item that was configured out
[INFO] [stdout]    --> src/config.rs:489:8
[INFO] [stdout]     |
[INFO] [stdout] 487 | #[cfg(any(test, feature = "test-support"))]
[INFO] [stdout]     |          -------------------------------- the item is gated here
[INFO] [stdout] 488 | #[must_use]
[INFO] [stdout] 489 | pub fn unroutable_storage_placeholder() -> StorageConfig {
[INFO] [stdout]     |        ^^^^^^^^^^^^^^^^^^^^^^^^^^^^^^
[INFO] [stdout] 
[INFO] [stdout] 
[INFO] [stdout] error[E0425]: cannot find type `Backends` in module `notedthat_server::run`
[INFO] [stdout]   --> tests/support/metrics_env.rs:36:55
[INFO] [stdout]    |
[INFO] [stdout] 36 | pub fn in_memory_backends() -> notedthat_server::run::Backends {
[INFO] [stdout]    |                                                       ^^^^^^^^ not found in `notedthat_server::run`
[INFO] [stdout]    |
[INFO] [stdout] note: found an item that was configured out
[INFO] [stdout]   --> src/run.rs:71:19
[INFO] [stdout]    |
[INFO] [stdout] 70 | #[cfg(feature = "test-support")]
[INFO] [stdout]    |       ------------------------ the item is gated behind the `test-support` feature
[INFO] [stdout] 71 | pub use backends::Backends;
[INFO] [stdout]    |                   ^^^^^^^^
[INFO] [stdout] 
[INFO] [stdout] 
[INFO] [stdout] error[E0425]: cannot find type `Backends` in module `notedthat_server::run`
[INFO] [stdout]   --> tests/support/metrics_env.rs:56:62
[INFO] [stdout]    |
[INFO] [stdout] 56 |     pub async fn start_with(backends: notedthat_server::run::Backends, metrics: bool) -> Self {
[INFO] [stdout]    |                                                              ^^^^^^^^ not found in `notedthat_server::run`
[INFO] [stdout]    |
[INFO] [stdout] note: found an item that was configured out
[INFO] [stdout]   --> src/run.rs:71:19
[INFO] [stdout]    |
[INFO] [stdout] 70 | #[cfg(feature = "test-support")]
[INFO] [stdout]    |       ------------------------ the item is gated behind the `test-support` feature
[INFO] [stdout] 71 | pub use backends::Backends;
[INFO] [stdout]    |                   ^^^^^^^^
[INFO] [stdout] 
[INFO] [stdout] 
[INFO] [stdout] error[E0425]: cannot find function `run_with` in module `notedthat_server::run`
[INFO] [stdout]    --> tests/support/metrics_env.rs:71:36
[INFO] [stdout]     |
[INFO] [stdout]  71 |             notedthat_server::run::run_with(config, backends)
[INFO] [stdout]     |                                    ^^^^^^^^ not found in `notedthat_server::run`
[INFO] [stdout]     |
[INFO] [stdout] note: found an item that was configured out
[INFO] [stdout]    --> src/run.rs:522:14
[INFO] [stdout]     |
[INFO] [stdout] 521 | #[cfg(feature = "test-support")]
[INFO] [stdout]     |       ------------------------ the item is gated behind the `test-support` feature
[INFO] [stdout] 522 | pub async fn run_with(config: Config, backends: Backends) -> anyhow::Result<()> {
[INFO] [stdout]     |              ^^^^^^^^
[INFO] [stdout] 
[INFO] [stdout] 
[INFO] [stdout] error[E0422]: cannot find struct, variant or union type `Backends` in module `notedthat_server::run`
[INFO] [stdout]    --> tests/metrics_labels_e2e.rs:117:43
[INFO] [stdout]     |
[INFO] [stdout] 117 |     let backends = notedthat_server::run::Backends {
[INFO] [stdout]     |                                           ^^^^^^^^ not found in `notedthat_server::run`
[INFO] [stdout]     |
[INFO] [stdout] note: found an item that was configured out
[INFO] [stdout]    --> src/run.rs:71:19
[INFO] [stdout]     |
[INFO] [stdout]  70 | #[cfg(feature = "test-support")]
[INFO] [stdout]     |       ------------------------ the item is gated behind the `test-support` feature
[INFO] [stdout]  71 | pub use backends::Backends;
[INFO] [stdout]     |                   ^^^^^^^^
[INFO] [stdout] 
[INFO] [stdout] 
[INFO] [stdout] error[E0425]: cannot find function `unroutable_storage_placeholder` in module `notedthat_server::config`
[INFO] [stdout]    --> tests/s3_reconcile_e2e.rs:158:63
[INFO] [stdout]     |
[INFO] [stdout] 158 |     let StorageConfig::S3(mut s3) = notedthat_server::config::unroutable_storage_placeholder()
[INFO] [stdout]     |                                                               ^^^^^^^^^^^^^^^^^^^^^^^^^^^^^^ not found in `notedthat_server::config`
[INFO] [stdout]     |
[INFO] [stdout] note: found an item that was configured out
[INFO] [stdout]    --> src/config.rs:489:8
[INFO] [stdout]     |
[INFO] [stdout] 487 | #[cfg(any(test, feature = "test-support"))]
[INFO] [stdout]     |          -------------------------------- the item is gated here
[INFO] [stdout] 488 | #[must_use]
[INFO] [stdout] 489 | pub fn unroutable_storage_placeholder() -> StorageConfig {
[INFO] [stdout]     |        ^^^^^^^^^^^^^^^^^^^^^^^^^^^^^^
[INFO] [stdout] 
[INFO] [stdout] 
[INFO] [stdout] error[E0425]: cannot find function `run_with` in module `notedthat_server::run`
[INFO] [stdout]    --> tests/s3_reconcile_e2e.rs:231:32
[INFO] [stdout]     |
[INFO] [stdout] 231 |         notedthat_server::run::run_with(config, backends)
[INFO] [stdout]     |                                ^^^^^^^^ not found in `notedthat_server::run`
[INFO] [stdout]     |
[INFO] [stdout] note: found an item that was configured out
[INFO] [stdout]    --> src/run.rs:522:14
[INFO] [stdout]     |
[INFO] [stdout] 521 | #[cfg(feature = "test-support")]
[INFO] [stdout]     |       ------------------------ the item is gated behind the `test-support` feature
[INFO] [stdout] 522 | pub async fn run_with(config: Config, backends: Backends) -> anyhow::Result<()> {
[INFO] [stdout]     |              ^^^^^^^^
[INFO] [stdout] 
[INFO] [stdout] 
[INFO] [stdout] error[E0433]: cannot find `testing` in `notedthat_api_http`
[INFO] [stdout]    --> tests/oidc_e2e.rs:213:46
[INFO] [stdout]     |
[INFO] [stdout] 213 |         let bound_addr = notedthat_api_http::testing::reserve_addr();
[INFO] [stdout]     |                                              ^^^^^^^ could not find `testing` in `notedthat_api_http`
[INFO] [stdout]     |
[INFO] [stdout] note: found an item that was configured out
[INFO] [stdout]    --> /opt/rustwide/cargo-home/registry/src/index.crates.io-1949cf8c6b5b557f/notedthat-api-http-0.12.3/src/lib.rs:18:9
[INFO] [stdout]     |
[INFO] [stdout]  17 | #[cfg(any(test, feature = "test-support"))]
[INFO] [stdout]     |          -------------------------------- the item is gated here
[INFO] [stdout]  18 | pub mod testing;
[INFO] [stdout]     |         ^^^^^^^
[INFO] [stdout] 
[INFO] [stdout] 
[INFO] [stdout] error[E0433]: cannot find `testing` in `notedthat_mcp`
[INFO] [stdout]   --> tests/support/patch_env.rs:34:29
[INFO] [stdout]    |
[INFO] [stdout] 34 |     pub mcp: notedthat_mcp::testing::McpSession,
[INFO] [stdout]    |                             ^^^^^^^ could not find `testing` in `notedthat_mcp`
[INFO] [stdout]    |
[INFO] [stdout] note: found an item that was configured out
[INFO] [stdout]   --> /opt/rustwide/cargo-home/registry/src/index.crates.io-1949cf8c6b5b557f/notedthat-mcp-0.12.3/src/lib.rs:20:9
[INFO] [stdout]    |
[INFO] [stdout] 19 | #[cfg(any(test, feature = "test-support"))]
[INFO] [stdout]    |          -------------------------------- the item is gated here
[INFO] [stdout] 20 | pub mod testing;
[INFO] [stdout]    |         ^^^^^^^
[INFO] [stdout] 
[INFO] [stdout] 
[INFO] [stdout] error[E0433]: cannot find `testing` in `notedthat_indexer`
[INFO] [stdout]   --> tests/webdav_cross_surface_e2e.rs:39:58
[INFO] [stdout]    |
[INFO] [stdout] 39 |         embedder: std::sync::Arc::new(notedthat_indexer::testing::StubEmbedder::new(
[INFO] [stdout]    |                                                          ^^^^^^^ could not find `testing` in `notedthat_indexer`
[INFO] [stdout]    |
[INFO] [stdout] note: found an item that was configured out
[INFO] [stdout]   --> /opt/rustwide/cargo-home/registry/src/index.crates.io-1949cf8c6b5b557f/notedthat-indexer-0.12.3/src/lib.rs:15:9
[INFO] [stdout]    |
[INFO] [stdout] 14 | #[cfg(feature = "test-support")]
[INFO] [stdout]    |       ------------------------ the item is gated behind the `test-support` feature
[INFO] [stdout] 15 | pub mod testing;
[INFO] [stdout]    |         ^^^^^^^
[INFO] [stdout] 
[INFO] [stdout] 
[INFO] [stdout] error[E0433]: cannot find `testing` in `notedthat_api_http`
[INFO] [stdout]    --> tests/e2e.rs:174:42
[INFO] [stdout]     |
[INFO] [stdout] 174 |     let bound_addr = notedthat_api_http::testing::reserve_addr();
[INFO] [stdout]     |                                          ^^^^^^^ could not find `testing` in `notedthat_api_http`
[INFO] [stdout]     |
[INFO] [stdout] note: found an item that was configured out
[INFO] [stdout]    --> /opt/rustwide/cargo-home/registry/src/index.crates.io-1949cf8c6b5b557f/notedthat-api-http-0.12.3/src/lib.rs:18:9
[INFO] [stdout]     |
[INFO] [stdout]  17 | #[cfg(any(test, feature = "test-support"))]
[INFO] [stdout]     |          -------------------------------- the item is gated here
[INFO] [stdout]  18 | pub mod testing;
[INFO] [stdout]     |         ^^^^^^^
[INFO] [stdout] 
[INFO] [stdout] 
[INFO] [stdout] error[E0433]: cannot find `testing` in `notedthat_mcp`
[INFO] [stdout]   --> tests/support/patch_env.rs:34:29
[INFO] [stdout]    |
[INFO] [stdout] 34 |     pub mcp: notedthat_mcp::testing::McpSession,
[INFO] [stdout]    |                             ^^^^^^^ could not find `testing` in `notedthat_mcp`
[INFO] [stdout]    |
[INFO] [stdout] note: found an item that was configured out
[INFO] [stdout]   --> /opt/rustwide/cargo-home/registry/src/index.crates.io-1949cf8c6b5b557f/notedthat-mcp-0.12.3/src/lib.rs:20:9
[INFO] [stdout]    |
[INFO] [stdout] 19 | #[cfg(any(test, feature = "test-support"))]
[INFO] [stdout]    |          -------------------------------- the item is gated here
[INFO] [stdout] 20 | pub mod testing;
[INFO] [stdout]    |         ^^^^^^^
[INFO] [stdout] 
[INFO] [stdout] 
[INFO] [stdout] error[E0433]: cannot find `testing` in `notedthat_mcp`
[INFO] [stdout]    --> tests/oidc_e2e.rs:507:36
[INFO] [stdout]     |
[INFO] [stdout] 507 |     let anonymous = notedthat_mcp::testing::McpSession::anonymous(&server.base)
[INFO] [stdout]     |                                    ^^^^^^^ could not find `testing` in `notedthat_mcp`
[INFO] [stdout]     |
[INFO] [stdout] note: found an item that was configured out
[INFO] [stdout]    --> /opt/rustwide/cargo-home/registry/src/index.crates.io-1949cf8c6b5b557f/notedthat-mcp-0.12.3/src/lib.rs:20:9
[INFO] [stdout]     |
[INFO] [stdout]  19 | #[cfg(any(test, feature = "test-support"))]
[INFO] [stdout]     |          -------------------------------- the item is gated here
[INFO] [stdout]  20 | pub mod testing;
[INFO] [stdout]     |         ^^^^^^^
[INFO] [stdout] 
[INFO] [stdout] 
[INFO] [stdout] error[E0433]: cannot find `testing` in `notedthat_mcp`
[INFO] [stdout]   --> tests/support/patch_env.rs:86:34
[INFO] [stdout]    |
[INFO] [stdout] 86 |         let mcp = notedthat_mcp::testing::McpSession::connect(&base_url, API_TOKEN);
[INFO] [stdout]    |                                  ^^^^^^^ could not find `testing` in `notedthat_mcp`
[INFO] [stdout]    |
[INFO] [stdout] note: found an item that was configured out
[INFO] [stdout]   --> /opt/rustwide/cargo-home/registry/src/index.crates.io-1949cf8c6b5b557f/notedthat-mcp-0.12.3/src/lib.rs:20:9
[INFO] [stdout]    |
[INFO] [stdout] 19 | #[cfg(any(test, feature = "test-support"))]
[INFO] [stdout]    |          -------------------------------- the item is gated here
[INFO] [stdout] 20 | pub mod testing;
[INFO] [stdout]    |         ^^^^^^^
[INFO] [stdout] 
[INFO] [stdout] 
[INFO] [stdout] error[E0433]: cannot find `testing` in `notedthat_mcp`
[INFO] [stdout]   --> tests/support/patch_env.rs:34:29
[INFO] [stdout]    |
[INFO] [stdout] 34 |     pub mcp: notedthat_mcp::testing::McpSession,
[INFO] [stdout]    |                             ^^^^^^^ could not find `testing` in `notedthat_mcp`
[INFO] [stdout]    |
[INFO] [stdout] note: found an item that was configured out
[INFO] [stdout]   --> /opt/rustwide/cargo-home/registry/src/index.crates.io-1949cf8c6b5b557f/notedthat-mcp-0.12.3/src/lib.rs:20:9
[INFO] [stdout]    |
[INFO] [stdout] 19 | #[cfg(any(test, feature = "test-support"))]
[INFO] [stdout]    |          -------------------------------- the item is gated here
[INFO] [stdout] 20 | pub mod testing;
[INFO] [stdout]    |         ^^^^^^^
[INFO] [stdout] 
[INFO] [stdout] 
[INFO] [stdout] error[E0433]: cannot find `testing` in `notedthat_api_http`
[INFO] [stdout]    --> tests/webdav_cross_surface_e2e.rs:201:43
[INFO] [stdout]     |
[INFO] [stdout] 201 |     let listen_addr = notedthat_api_http::testing::reserve_addr();
[INFO] [stdout]     |                                           ^^^^^^^ could not find `testing` in `notedthat_api_http`
[INFO] [stdout]     |
[INFO] [stdout] note: found an item that was configured out
[INFO] [stdout]    --> /opt/rustwide/cargo-home/registry/src/index.crates.io-1949cf8c6b5b557f/notedthat-api-http-0.12.3/src/lib.rs:18:9
[INFO] [stdout]     |
[INFO] [stdout]  17 | #[cfg(any(test, feature = "test-support"))]
[INFO] [stdout]     |          -------------------------------- the item is gated here
[INFO] [stdout]  18 | pub mod testing;
[INFO] [stdout]     |         ^^^^^^^
[INFO] [stdout] 
[INFO] [stdout] 
[INFO] [stdout] Some errors have detailed explanations: E0425, E0433.
[INFO] [stdout] 
[INFO] [stdout] For more information about an error, try `rustc --explain E0425`.
[INFO] [stdout] 
[INFO] [stdout] error[E0425]: cannot find type `Backends` in module `notedthat_server::run`
[INFO] [stdout]   --> tests/webdav_cross_surface_e2e.rs:35:51
[INFO] [stdout]    |
[INFO] [stdout] 35 | fn in_memory_backends() -> notedthat_server::run::Backends {
[INFO] [stdout]    |                                                   ^^^^^^^^ not found in `notedthat_server::run`
[INFO] [stdout]    |
[INFO] [stdout] note: found an item that was configured out
[INFO] [stdout]   --> src/run.rs:71:19
[INFO] [stdout]    |
[INFO] [stdout] 70 | #[cfg(feature = "test-support")]
[INFO] [stdout]    |       ------------------------ the item is gated behind the `test-support` feature
[INFO] [stdout] 71 | pub use backends::Backends;
[INFO] [stdout]    |                   ^^^^^^^^
[INFO] [stdout] 
[INFO] [stdout] 
[INFO] [stdout] error[E0422]: cannot find struct, variant or union type `Backends` in module `notedthat_server::run`
[INFO] [stdout]   --> tests/webdav_cross_surface_e2e.rs:36:28
[INFO] [stdout]    |
[INFO] [stdout] 36 |     notedthat_server::run::Backends {
[INFO] [stdout]    |                            ^^^^^^^^ not found in `notedthat_server::run`
[INFO] [stdout]    |
[INFO] [stdout] note: found an item that was configured out
[INFO] [stdout]   --> src/run.rs:71:19
[INFO] [stdout]    |
[INFO] [stdout] 70 | #[cfg(feature = "test-support")]
[INFO] [stdout]    |       ------------------------ the item is gated behind the `test-support` feature
[INFO] [stdout] 71 | pub use backends::Backends;
[INFO] [stdout]    |                   ^^^^^^^^
[INFO] [stdout] 
[INFO] [stdout] 
[INFO] [stdout] error[E0425]: cannot find function `unroutable_storage_placeholder` in module `notedthat_server::config`
[INFO] [stdout]    --> tests/webdav_cross_surface_e2e.rs:60:44
[INFO] [stdout]     |
[INFO] [stdout]  60 |         storage: notedthat_server::config::unroutable_storage_placeholder(),
[INFO] [stdout]     |                                            ^^^^^^^^^^^^^^^^^^^^^^^^^^^^^^ not found in `notedthat_server::config`
[INFO] [stdout]     |
[INFO] [stdout] note: found an item that was configured out
[INFO] [stdout]    --> src/config.rs:489:8
[INFO] [stdout]     |
[INFO] [stdout] 487 | #[cfg(any(test, feature = "test-support"))]
[INFO] [stdout]     |          -------------------------------- the item is gated here
[INFO] [stdout] 488 | #[must_use]
[INFO] [stdout] 489 | pub fn unroutable_storage_placeholder() -> StorageConfig {
[INFO] [stdout]     |        ^^^^^^^^^^^^^^^^^^^^^^^^^^^^^^
[INFO] [stdout] 
[INFO] [stdout] 
[INFO] [stdout] error[E0425]: cannot find function `run_with` in module `notedthat_server::run`
[INFO] [stdout]    --> tests/webdav_cross_surface_e2e.rs:206:32
[INFO] [stdout]     |
[INFO] [stdout] 206 |         notedthat_server::run::run_with(config, backends)
[INFO] [stdout]     |                                ^^^^^^^^ not found in `notedthat_server::run`
[INFO] [stdout]     |
[INFO] [stdout] note: found an item that was configured out
[INFO] [stdout]    --> src/run.rs:522:14
[INFO] [stdout]     |
[INFO] [stdout] 521 | #[cfg(feature = "test-support")]
[INFO] [stdout]     |       ------------------------ the item is gated behind the `test-support` feature
[INFO] [stdout] 522 | pub async fn run_with(config: Config, backends: Backends) -> anyhow::Result<()> {
[INFO] [stdout]     |              ^^^^^^^^
[INFO] [stdout] 
[INFO] [stdout] 
[INFO] [stdout] error[E0433]: cannot find `testing` in `notedthat_api_http`
[INFO] [stdout]    --> tests/e2e.rs:249:42
[INFO] [stdout]     |
[INFO] [stdout] 249 |     let bound_addr = notedthat_api_http::testing::reserve_addr();
[INFO] [stdout]     |                                          ^^^^^^^ could not find `testing` in `notedthat_api_http`
[INFO] [stdout]     |
[INFO] [stdout] note: found an item that was configured out
[INFO] [stdout]    --> /opt/rustwide/cargo-home/registry/src/index.crates.io-1949cf8c6b5b557f/notedthat-api-http-0.12.3/src/lib.rs:18:9
[INFO] [stdout]     |
[INFO] [stdout]  17 | #[cfg(any(test, feature = "test-support"))]
[INFO] [stdout]     |          -------------------------------- the item is gated here
[INFO] [stdout]  18 | pub mod testing;
[INFO] [stdout]     |         ^^^^^^^
[INFO] [stdout] 
[INFO] [stdout] 
[INFO] [stdout] error[E0425]: cannot find function `unroutable_storage_placeholder` in module `notedthat_server::config`
[INFO] [stdout]    --> tests/e2e.rs:48:44
[INFO] [stdout]     |
[INFO] [stdout]  48 |         storage: notedthat_server::config::unroutable_storage_placeholder(),
[INFO] [stdout]     |                                            ^^^^^^^^^^^^^^^^^^^^^^^^^^^^^^ not found in `notedthat_server::config`
[INFO] [stdout]     |
[INFO] [stdout] note: found an item that was configured out
[INFO] [stdout]    --> src/config.rs:489:8
[INFO] [stdout]     |
[INFO] [stdout] 487 | #[cfg(any(test, feature = "test-support"))]
[INFO] [stdout]     |          -------------------------------- the item is gated here
[INFO] [stdout] 488 | #[must_use]
[INFO] [stdout] 489 | pub fn unroutable_storage_placeholder() -> StorageConfig {
[INFO] [stdout]     |        ^^^^^^^^^^^^^^^^^^^^^^^^^^^^^^
[INFO] [stdout] 
[INFO] [stdout] 
[INFO] [stdout] error[E0425]: cannot find function `run_with` in module `notedthat_server::run`
[INFO] [stdout]    --> tests/e2e.rs:115:32
[INFO] [stdout]     |
[INFO] [stdout] 115 |         notedthat_server::run::run_with(config, backends)
[INFO] [stdout]     |                                ^^^^^^^^ not found in `notedthat_server::run`
[INFO] [stdout]     |
[INFO] [stdout] note: found an item that was configured out
[INFO] [stdout]    --> src/run.rs:522:14
[INFO] [stdout]     |
[INFO] [stdout] 521 | #[cfg(feature = "test-support")]
[INFO] [stdout]     |       ------------------------ the item is gated behind the `test-support` feature
[INFO] [stdout] 522 | pub async fn run_with(config: Config, backends: Backends) -> anyhow::Result<()> {
[INFO] [stdout]     |              ^^^^^^^^
[INFO] [stdout] 
[INFO] [stdout] 
[INFO] [stdout] error[E0425]: cannot find function `run_with` in module `notedthat_server::run`
[INFO] [stdout]    --> tests/e2e.rs:178:32
[INFO] [stdout]     |
[INFO] [stdout] 178 |         notedthat_server::run::run_with(config, backends)
[INFO] [stdout]     |                                ^^^^^^^^ not found in `notedthat_server::run`
[INFO] [stdout]     |
[INFO] [stdout] note: found an item that was configured out
[INFO] [stdout]    --> src/run.rs:522:14
[INFO] [stdout]     |
[INFO] [stdout] 521 | #[cfg(feature = "test-support")]
[INFO] [stdout]     |       ------------------------ the item is gated behind the `test-support` feature
[INFO] [stdout] 522 | pub async fn run_with(config: Config, backends: Backends) -> anyhow::Result<()> {
[INFO] [stdout]     |              ^^^^^^^^
[INFO] [stdout] 
[INFO] [stdout] 
[INFO] [stdout] error[E0425]: cannot find function `run_with` in module `notedthat_server::run`
[INFO] [stdout]    --> tests/e2e.rs:261:32
[INFO] [stdout]     |
[INFO] [stdout] 261 |         notedthat_server::run::run_with(config, backends)
[INFO] [stdout]     |                                ^^^^^^^^ not found in `notedthat_server::run`
[INFO] [stdout]     |
[INFO] [stdout] note: found an item that was configured out
[INFO] [stdout]    --> src/run.rs:522:14
[INFO] [stdout]     |
[INFO] [stdout] 521 | #[cfg(feature = "test-support")]
[INFO] [stdout]     |       ------------------------ the item is gated behind the `test-support` feature
[INFO] [stdout] 522 | pub async fn run_with(config: Config, backends: Backends) -> anyhow::Result<()> {
[INFO] [stdout]     |              ^^^^^^^^
[INFO] [stdout] 
[INFO] [stdout] 
[INFO] [stdout] Some errors have detailed explanations: E0425, E0432, E0433.
[INFO] [stdout] 
[INFO] [stdout] For more information about an error, try `rustc --explain E0425`.
[INFO] [stdout] 
[INFO] [stdout] error[E0433]: cannot find `testing` in `notedthat_mcp`
[INFO] [stdout]    --> tests/oidc_e2e.rs:514:34
[INFO] [stdout]     |
[INFO] [stdout] 514 |     let refused = notedthat_mcp::testing::McpSession::connect(&server.base, "not.a.jwt")
[INFO] [stdout]     |                                  ^^^^^^^ could not find `testing` in `notedthat_mcp`
[INFO] [stdout]     |
[INFO] [stdout] note: found an item that was configured out
[INFO] [stdout]    --> /opt/rustwide/cargo-home/registry/src/index.crates.io-1949cf8c6b5b557f/notedthat-mcp-0.12.3/src/lib.rs:20:9
[INFO] [stdout]     |
[INFO] [stdout]  19 | #[cfg(any(test, feature = "test-support"))]
[INFO] [stdout]     |          -------------------------------- the item is gated here
[INFO] [stdout]  20 | pub mod testing;
[INFO] [stdout]     |         ^^^^^^^
[INFO] [stdout] 
[INFO] [stdout] 
[INFO] [stdout] error[E0433]: cannot find `testing` in `notedthat_mcp`
[INFO] [stdout]    --> tests/support/patch_env.rs:261:26
[INFO] [stdout]     |
[INFO] [stdout] 261 |     mcp: &notedthat_mcp::testing::McpSession,
[INFO] [stdout]     |                          ^^^^^^^ could not find `testing` in `notedthat_mcp`
[INFO] [stdout]     |
[INFO] [stdout] note: found an item that was configured out
[INFO] [stdout]    --> /opt/rustwide/cargo-home/registry/src/index.crates.io-1949cf8c6b5b557f/notedthat-mcp-0.12.3/src/lib.rs:20:9
[INFO] [stdout]     |
[INFO] [stdout]  19 | #[cfg(any(test, feature = "test-support"))]
[INFO] [stdout]     |          -------------------------------- the item is gated here
[INFO] [stdout]  20 | pub mod testing;
[INFO] [stdout]     |         ^^^^^^^
[INFO] [stdout] 
[INFO] [stdout] 
[INFO] [stderr] error: could not compile `notedthat-server` (test "s3_conditional_writes_e2e") due to 2 previous errors
[INFO] [stderr] error: could not compile `notedthat-server` (test "it_line_range_read") due to 7 previous errors
[INFO] [stdout] error[E0433]: cannot find `testing` in `notedthat_mcp`
[INFO] [stdout]   --> tests/support/patch_env.rs:86:34
[INFO] [stdout]    |
[INFO] [stdout] 86 |         let mcp = notedthat_mcp::testing::McpSession::connect(&base_url, API_TOKEN);
[INFO] [stdout]    |                                  ^^^^^^^ could not find `testing` in `notedthat_mcp`
[INFO] [stdout]    |
[INFO] [stdout] note: found an item that was configured out
[INFO] [stdout]   --> /opt/rustwide/cargo-home/registry/src/index.crates.io-1949cf8c6b5b557f/notedthat-mcp-0.12.3/src/lib.rs:20:9
[INFO] [stdout]    |
[INFO] [stdout] 19 | #[cfg(any(test, feature = "test-support"))]
[INFO] [stdout]    |          -------------------------------- the item is gated here
[INFO] [stdout] 20 | pub mod testing;
[INFO] [stdout]    |         ^^^^^^^
[INFO] [stdout] 
[INFO] [stdout] 
[INFO] [stdout] error[E0433]: cannot find `testing` in `notedthat_api_http`
[INFO] [stdout]    --> tests/oidc_e2e.rs:545:29
[INFO] [stdout]     |
[INFO] [stdout] 545 |         notedthat_api_http::testing::reserve_addr(),
[INFO] [stdout]     |                             ^^^^^^^ could not find `testing` in `notedthat_api_http`
[INFO] [stdout]     |
[INFO] [stdout] note: found an item that was configured out
[INFO] [stdout]    --> /opt/rustwide/cargo-home/registry/src/index.crates.io-1949cf8c6b5b557f/notedthat-api-http-0.12.3/src/lib.rs:18:9
[INFO] [stdout]     |
[INFO] [stdout]  17 | #[cfg(any(test, feature = "test-support"))]
[INFO] [stdout]     |          -------------------------------- the item is gated here
[INFO] [stdout]  18 | pub mod testing;
[INFO] [stdout]     |         ^^^^^^^
[INFO] [stdout] 
[INFO] [stdout] 
[INFO] [stdout] error[E0433]: cannot find `testing` in `notedthat_mcp`
[INFO] [stdout]   --> tests/support/patch_env.rs:86:34
[INFO] [stdout]    |
[INFO] [stdout] 86 |         let mcp = notedthat_mcp::testing::McpSession::connect(&base_url, API_TOKEN);
[INFO] [stdout]    |                                  ^^^^^^^ could not find `testing` in `notedthat_mcp`
[INFO] [stdout]    |
[INFO] [stdout] note: found an item that was configured out
[INFO] [stdout]   --> /opt/rustwide/cargo-home/registry/src/index.crates.io-1949cf8c6b5b557f/notedthat-mcp-0.12.3/src/lib.rs:20:9
[INFO] [stdout]    |
[INFO] [stdout] 19 | #[cfg(any(test, feature = "test-support"))]
[INFO] [stdout]    |          -------------------------------- the item is gated here
[INFO] [stdout] 20 | pub mod testing;
[INFO] [stdout]    |         ^^^^^^^
[INFO] [stdout] 
[INFO] [stdout] 
[INFO] [stdout] Some errors have detailed explanations: E0422, E0425, E0433.
[INFO] [stdout] 
[INFO] [stdout] For more information about an error, try `rustc --explain E0422`.
[INFO] [stdout] 
[INFO] [stdout] Some errors have detailed explanations: E0425, E0432, E0433.
[INFO] [stdout] 
[INFO] [stdout] For more information about an error, try `rustc --explain E0425`.
[INFO] [stdout] 
[INFO] [stderr] error: could not compile `notedthat-server` (test "webdav_cross_surface_e2e") due to 8 previous errors
[INFO] [stderr] error: could not compile `notedthat-server` (test "oidc_authelia_e2e") due to 7 previous errors
[INFO] [stdout] error[E0433]: cannot find `testing` in `notedthat_mcp`
[INFO] [stdout]    --> tests/support/patch_env.rs:261:26
[INFO] [stdout]     |
[INFO] [stdout] 261 |     mcp: &notedthat_mcp::testing::McpSession,
[INFO] [stdout]     |                          ^^^^^^^ could not find `testing` in `notedthat_mcp`
[INFO] [stdout]     |
[INFO] [stdout] note: found an item that was configured out
[INFO] [stdout]    --> /opt/rustwide/cargo-home/registry/src/index.crates.io-1949cf8c6b5b557f/notedthat-mcp-0.12.3/src/lib.rs:20:9
[INFO] [stdout]     |
[INFO] [stdout]  19 | #[cfg(any(test, feature = "test-support"))]
[INFO] [stdout]     |          -------------------------------- the item is gated here
[INFO] [stdout]  20 | pub mod testing;
[INFO] [stdout]     |         ^^^^^^^
[INFO] [stdout] 
[INFO] [stdout] 
[INFO] [stdout] error[E0433]: cannot find `testing` in `notedthat_mcp`
[INFO] [stdout]    --> tests/support/patch_env.rs:270:26
[INFO] [stdout]     |
[INFO] [stdout] 270 |     mcp: &notedthat_mcp::testing::McpSession,
[INFO] [stdout]     |                          ^^^^^^^ could not find `testing` in `notedthat_mcp`
[INFO] [stdout]     |
[INFO] [stdout] note: found an item that was configured out
[INFO] [stdout]    --> /opt/rustwide/cargo-home/registry/src/index.crates.io-1949cf8c6b5b557f/notedthat-mcp-0.12.3/src/lib.rs:20:9
[INFO] [stdout]     |
[INFO] [stdout]  19 | #[cfg(any(test, feature = "test-support"))]
[INFO] [stdout]     |          -------------------------------- the item is gated here
[INFO] [stdout]  20 | pub mod testing;
[INFO] [stdout]     |         ^^^^^^^
[INFO] [stdout] 
[INFO] [stdout] 
[INFO] [stdout] error[E0425]: cannot find function `unroutable_storage_placeholder` in module `notedthat_server::config`
[INFO] [stdout]    --> tests/support/patch_backends.rs:101:44
[INFO] [stdout]     |
[INFO] [stdout] 101 |         storage: notedthat_server::config::unroutable_storage_placeholder(),
[INFO] [stdout]     |                                            ^^^^^^^^^^^^^^^^^^^^^^^^^^^^^^ not found in `notedthat_server::config`
[INFO] [stdout]     |
[INFO] [stdout] note: found an item that was configured out
[INFO] [stdout]    --> src/config.rs:489:8
[INFO] [stdout]     |
[INFO] [stdout] 487 | #[cfg(any(test, feature = "test-support"))]
[INFO] [stdout]     |          -------------------------------- the item is gated here
[INFO] [stdout] 488 | #[must_use]
[INFO] [stdout] 489 | pub fn unroutable_storage_placeholder() -> StorageConfig {
[INFO] [stdout]     |        ^^^^^^^^^^^^^^^^^^^^^^^^^^^^^^
[INFO] [stdout] 
[INFO] [stdout] 
[INFO] [stdout] error[E0425]: cannot find type `Backends` in module `notedthat_server::run`
[INFO] [stdout]   --> tests/support/patch_env.rs:23:55
[INFO] [stdout]    |
[INFO] [stdout] 23 | pub fn in_memory_backends() -> notedthat_server::run::Backends {
[INFO] [stdout]    |                                                       ^^^^^^^^ not found in `notedthat_server::run`
[INFO] [stdout]    |
[INFO] [stdout] note: found an item that was configured out
[INFO] [stdout]   --> src/run.rs:71:19
[INFO] [stdout]    |
[INFO] [stdout] 70 | #[cfg(feature = "test-support")]
[INFO] [stdout]    |       ------------------------ the item is gated behind the `test-support` feature
[INFO] [stdout] 71 | pub use backends::Backends;
[INFO] [stdout]    |                   ^^^^^^^^
[INFO] [stdout] 
[INFO] [stdout] 
[INFO] [stdout] error[E0422]: cannot find struct, variant or union type `Backends` in module `notedthat_server::run`
[INFO] [stdout]   --> tests/support/patch_env.rs:49:47
[INFO] [stdout]    |
[INFO] [stdout] 49 |         let backends = notedthat_server::run::Backends {
[INFO] [stdout]    |                                               ^^^^^^^^ not found in `notedthat_server::run`
[INFO] [stdout]    |
[INFO] [stdout] note: found an item that was configured out
[INFO] [stdout]   --> src/run.rs:71:19
[INFO] [stdout]    |
[INFO] [stdout] 70 | #[cfg(feature = "test-support")]
[INFO] [stdout]    |       ------------------------ the item is gated behind the `test-support` feature
[INFO] [stdout] 71 | pub use backends::Backends;
[INFO] [stdout]    |                   ^^^^^^^^
[INFO] [stdout] 
[INFO] [stdout] 
[INFO] [stdout] error[E0425]: cannot find type `Backends` in module `notedthat_server::run`
[INFO] [stdout]   --> tests/support/patch_env.rs:60:42
[INFO] [stdout]    |
[INFO] [stdout] 60 |         backends: notedthat_server::run::Backends,
[INFO] [stdout]    |                                          ^^^^^^^^ not found in `notedthat_server::run`
[INFO] [stdout]    |
[INFO] [stdout] note: found an item that was configured out
[INFO] [stdout]   --> src/run.rs:71:19
[INFO] [stdout]    |
[INFO] [stdout] 70 | #[cfg(feature = "test-support")]
[INFO] [stdout]    |       ------------------------ the item is gated behind the `test-support` feature
[INFO] [stdout] 71 | pub use backends::Backends;
[INFO] [stdout]    |                   ^^^^^^^^
[INFO] [stdout] 
[INFO] [stdout] 
[INFO] [stdout] error[E0425]: cannot find type `Backends` in module `notedthat_server::run`
[INFO] [stdout]   --> tests/support/patch_env.rs:69:42
[INFO] [stdout]    |
[INFO] [stdout] 69 |         backends: notedthat_server::run::Backends,
[INFO] [stdout]    |                                          ^^^^^^^^ not found in `notedthat_server::run`
[INFO] [stdout]    |
[INFO] [stdout] note: found an item that was configured out
[INFO] [stdout]   --> src/run.rs:71:19
[INFO] [stdout]    |
[INFO] [stdout] 70 | #[cfg(feature = "test-support")]
[INFO] [stdout]    |       ------------------------ the item is gated behind the `test-support` feature
[INFO] [stdout] 71 | pub use backends::Backends;
[INFO] [stdout]    |                   ^^^^^^^^
[INFO] [stdout] 
[INFO] [stdout] 
[INFO] [stdout] error[E0425]: cannot find function `run_with` in module `notedthat_server::run`
[INFO] [stdout]    --> tests/support/patch_env.rs:79:36
[INFO] [stdout]     |
[INFO] [stdout]  79 |             notedthat_server::run::run_with(config, backends)
[INFO] [stdout]     |                                    ^^^^^^^^ not found in `notedthat_server::run`
[INFO] [stdout]     |
[INFO] [stdout] note: found an item that was configured out
[INFO] [stdout]    --> src/run.rs:522:14
[INFO] [stdout]     |
[INFO] [stdout] 521 | #[cfg(feature = "test-support")]
[INFO] [stdout]     |       ------------------------ the item is gated behind the `test-support` feature
[INFO] [stdout] 522 | pub async fn run_with(config: Config, backends: Backends) -> anyhow::Result<()> {
[INFO] [stdout]     |              ^^^^^^^^
[INFO] [stdout] 
[INFO] [stdout] 
[INFO] [stdout] error[E0433]: cannot find `testing` in `notedthat_mcp`
[INFO] [stdout]    --> tests/support/patch_env.rs:261:26
[INFO] [stdout]     |
[INFO] [stdout] 261 |     mcp: &notedthat_mcp::testing::McpSession,
[INFO] [stdout]     |                          ^^^^^^^ could not find `testing` in `notedthat_mcp`
[INFO] [stdout]     |
[INFO] [stdout] note: found an item that was configured out
[INFO] [stdout]    --> /opt/rustwide/cargo-home/registry/src/index.crates.io-1949cf8c6b5b557f/notedthat-mcp-0.12.3/src/lib.rs:20:9
[INFO] [stdout]     |
[INFO] [stdout]  19 | #[cfg(any(test, feature = "test-support"))]
[INFO] [stdout]     |          -------------------------------- the item is gated here
[INFO] [stdout]  20 | pub mod testing;
[INFO] [stdout]     |         ^^^^^^^
[INFO] [stdout] 
[INFO] [stdout] 
[INFO] [stdout] error[E0433]: cannot find `testing` in `notedthat_mcp`
[INFO] [stdout]   --> tests/support/patch_env.rs:86:34
[INFO] [stdout]    |
[INFO] [stdout] 86 |         let mcp = notedthat_mcp::testing::McpSession::connect(&base_url, API_TOKEN);
[INFO] [stdout]    |                                  ^^^^^^^ could not find `testing` in `notedthat_mcp`
[INFO] [stdout]    |
[INFO] [stdout] note: found an item that was configured out
[INFO] [stdout]   --> /opt/rustwide/cargo-home/registry/src/index.crates.io-1949cf8c6b5b557f/notedthat-mcp-0.12.3/src/lib.rs:20:9
[INFO] [stdout]    |
[INFO] [stdout] 19 | #[cfg(any(test, feature = "test-support"))]
[INFO] [stdout]    |          -------------------------------- the item is gated here
[INFO] [stdout] 20 | pub mod testing;
[INFO] [stdout]    |         ^^^^^^^
[INFO] [stdout] 
[INFO] [stdout] 
[INFO] [stdout] Some errors have detailed explanations: E0422, E0425, E0432, E0433.
[INFO] [stdout] 
[INFO] [stdout] For more information about an error, try `rustc --explain E0422`.
[INFO] [stdout] 
[INFO] [stdout] error[E0433]: cannot find `testing` in `notedthat_mcp`
[INFO] [stdout]   --> tests/support/patch_env.rs:86:34
[INFO] [stdout]    |
[INFO] [stdout] 86 |         let mcp = notedthat_mcp::testing::McpSession::connect(&base_url, API_TOKEN);
[INFO] [stdout]    |                                  ^^^^^^^ could not find `testing` in `notedthat_mcp`
[INFO] [stdout]    |
[INFO] [stdout] note: found an item that was configured out
[INFO] [stdout]   --> /opt/rustwide/cargo-home/registry/src/index.crates.io-1949cf8c6b5b557f/notedthat-mcp-0.12.3/src/lib.rs:20:9
[INFO] [stdout]    |
[INFO] [stdout] 19 | #[cfg(any(test, feature = "test-support"))]
[INFO] [stdout]    |          -------------------------------- the item is gated here
[INFO] [stdout] 20 | pub mod testing;
[INFO] [stdout]    |         ^^^^^^^
[INFO] [stdout] 
[INFO] [stdout] 
[INFO] [stdout] error[E0433]: cannot find `testing` in `notedthat_mcp`
[INFO] [stdout]    --> tests/oidc_e2e.rs:574:20
[INFO] [stdout]     |
[INFO] [stdout] 574 |     notedthat_mcp::testing::McpSession::connect(&server.base, token)
[INFO] [stdout]     |                    ^^^^^^^ could not find `testing` in `notedthat_mcp`
[INFO] [stdout]     |
[INFO] [stdout] note: found an item that was configured out
[INFO] [stdout]    --> /opt/rustwide/cargo-home/registry/src/index.crates.io-1949cf8c6b5b557f/notedthat-mcp-0.12.3/src/lib.rs:20:9
[INFO] [stdout]     |
[INFO] [stdout]  19 | #[cfg(any(test, feature = "test-support"))]
[INFO] [stdout]     |          -------------------------------- the item is gated here
[INFO] [stdout]  20 | pub mod testing;
[INFO] [stdout]     |         ^^^^^^^
[INFO] [stdout] 
[INFO] [stdout] 
[INFO] [stdout] error[E0433]: cannot find `testing` in `notedthat_mcp`
[INFO] [stdout]    --> tests/support/patch_env.rs:270:26
[INFO] [stdout]     |
[INFO] [stdout] 270 |     mcp: &notedthat_mcp::testing::McpSession,
[INFO] [stdout]     |                          ^^^^^^^ could not find `testing` in `notedthat_mcp`
[INFO] [stdout]     |
[INFO] [stdout] note: found an item that was configured out
[INFO] [stdout]    --> /opt/rustwide/cargo-home/registry/src/index.crates.io-1949cf8c6b5b557f/notedthat-mcp-0.12.3/src/lib.rs:20:9
[INFO] [stdout]     |
[INFO] [stdout]  19 | #[cfg(any(test, feature = "test-support"))]
[INFO] [stdout]     |          -------------------------------- the item is gated here
[INFO] [stdout]  20 | pub mod testing;
[INFO] [stdout]     |         ^^^^^^^
[INFO] [stdout] 
[INFO] [stdout] 
[INFO] [stderr] error: could not compile `notedthat-server` (test "metrics_labels_e2e") due to 11 previous errors
[INFO] [stdout] error[E0425]: cannot find function `unroutable_storage_placeholder` in module `notedthat_server::config`
[INFO] [stdout]    --> tests/support/patch_backends.rs:101:44
[INFO] [stdout]     |
[INFO] [stdout] 101 |         storage: notedthat_server::config::unroutable_storage_placeholder(),
[INFO] [stdout]     |                                            ^^^^^^^^^^^^^^^^^^^^^^^^^^^^^^ not found in `notedthat_server::config`
[INFO] [stdout]     |
[INFO] [stdout] note: found an item that was configured out
[INFO] [stdout]    --> src/config.rs:489:8
[INFO] [stdout]     |
[INFO] [stdout] 487 | #[cfg(any(test, feature = "test-support"))]
[INFO] [stdout]     |          -------------------------------- the item is gated here
[INFO] [stdout] 488 | #[must_use]
[INFO] [stdout] 489 | pub fn unroutable_storage_placeholder() -> StorageConfig {
[INFO] [stdout]     |        ^^^^^^^^^^^^^^^^^^^^^^^^^^^^^^
[INFO] [stdout] 
[INFO] [stdout] 
[INFO] [stdout] error[E0425]: cannot find type `Backends` in module `notedthat_server::run`
[INFO] [stdout]   --> tests/support/patch_env.rs:23:55
[INFO] [stdout]    |
[INFO] [stdout] 23 | pub fn in_memory_backends() -> notedthat_server::run::Backends {
[INFO] [stdout]    |                                                       ^^^^^^^^ not found in `notedthat_server::run`
[INFO] [stdout]    |
[INFO] [stdout] note: found an item that was configured out
[INFO] [stdout]   --> src/run.rs:71:19
[INFO] [stdout]    |
[INFO] [stdout] 70 | #[cfg(feature = "test-support")]
[INFO] [stdout]    |       ------------------------ the item is gated behind the `test-support` feature
[INFO] [stdout] 71 | pub use backends::Backends;
[INFO] [stdout]    |                   ^^^^^^^^
[INFO] [stdout] 
[INFO] [stdout] 
[INFO] [stdout] error[E0422]: cannot find struct, variant or union type `Backends` in module `notedthat_server::run`
[INFO] [stdout]   --> tests/support/patch_env.rs:49:47
[INFO] [stdout]    |
[INFO] [stdout] 49 |         let backends = notedthat_server::run::Backends {
[INFO] [stdout]    |                                               ^^^^^^^^ not found in `notedthat_server::run`
[INFO] [stdout]    |
[INFO] [stdout] note: found an item that was configured out
[INFO] [stdout]   --> src/run.rs:71:19
[INFO] [stdout]    |
[INFO] [stdout] 70 | #[cfg(feature = "test-support")]
[INFO] [stdout]    |       ------------------------ the item is gated behind the `test-support` feature
[INFO] [stdout] 71 | pub use backends::Backends;
[INFO] [stdout]    |                   ^^^^^^^^
[INFO] [stdout] 
[INFO] [stdout] 
[INFO] [stdout] error[E0425]: cannot find type `Backends` in module `notedthat_server::run`
[INFO] [stdout]   --> tests/support/patch_env.rs:60:42
[INFO] [stdout]    |
[INFO] [stdout] 60 |         backends: notedthat_server::run::Backends,
[INFO] [stdout]    |                                          ^^^^^^^^ not found in `notedthat_server::run`
[INFO] [stdout]    |
[INFO] [stdout] note: found an item that was configured out
[INFO] [stdout]   --> src/run.rs:71:19
[INFO] [stdout]    |
[INFO] [stdout] 70 | #[cfg(feature = "test-support")]
[INFO] [stdout]    |       ------------------------ the item is gated behind the `test-support` feature
[INFO] [stdout] 71 | pub use backends::Backends;
[INFO] [stdout]    |                   ^^^^^^^^
[INFO] [stdout] 
[INFO] [stdout] 
[INFO] [stdout] error[E0425]: cannot find type `Backends` in module `notedthat_server::run`
[INFO] [stdout]   --> tests/support/patch_env.rs:69:42
[INFO] [stdout]    |
[INFO] [stdout] 69 |         backends: notedthat_server::run::Backends,
[INFO] [stdout]    |                                          ^^^^^^^^ not found in `notedthat_server::run`
[INFO] [stdout]    |
[INFO] [stdout] note: found an item that was configured out
[INFO] [stdout]   --> src/run.rs:71:19
[INFO] [stdout]    |
[INFO] [stdout] 70 | #[cfg(feature = "test-support")]
[INFO] [stdout]    |       ------------------------ the item is gated behind the `test-support` feature
[INFO] [stdout] 71 | pub use backends::Backends;
[INFO] [stdout]    |                   ^^^^^^^^
[INFO] [stdout] 
[INFO] [stdout] 
[INFO] [stdout] error[E0425]: cannot find function `run_with` in module `notedthat_server::run`
[INFO] [stdout]    --> tests/support/patch_env.rs:79:36
[INFO] [stdout]     |
[INFO] [stdout]  79 |             notedthat_server::run::run_with(config, backends)
[INFO] [stdout]     |                                    ^^^^^^^^ not found in `notedthat_server::run`
[INFO] [stdout]     |
[INFO] [stdout] note: found an item that was configured out
[INFO] [stdout]    --> src/run.rs:522:14
[INFO] [stdout]     |
[INFO] [stdout] 521 | #[cfg(feature = "test-support")]
[INFO] [stdout]     |       ------------------------ the item is gated behind the `test-support` feature
[INFO] [stdout] 522 | pub async fn run_with(config: Config, backends: Backends) -> anyhow::Result<()> {
[INFO] [stdout]     |              ^^^^^^^^
[INFO] [stdout] 
[INFO] [stdout] 
[INFO] [stdout] error[E0433]: cannot find `testing` in `notedthat_mcp`
[INFO] [stdout]    --> tests/support/patch_env.rs:270:26
[INFO] [stdout]     |
[INFO] [stdout] 270 |     mcp: &notedthat_mcp::testing::McpSession,
[INFO] [stdout]     |                          ^^^^^^^ could not find `testing` in `notedthat_mcp`
[INFO] [stdout]     |
[INFO] [stdout] note: found an item that was configured out
[INFO] [stdout]    --> /opt/rustwide/cargo-home/registry/src/index.crates.io-1949cf8c6b5b557f/notedthat-mcp-0.12.3/src/lib.rs:20:9
[INFO] [stdout]     |
[INFO] [stdout]  19 | #[cfg(any(test, feature = "test-support"))]
[INFO] [stdout]     |          -------------------------------- the item is gated here
[INFO] [stdout]  20 | pub mod testing;
[INFO] [stdout]     |         ^^^^^^^
[INFO] [stdout] 
[INFO] [stdout] 
[INFO] [stdout] error[E0425]: cannot find function `unroutable_storage_placeholder` in module `notedthat_server::config`
[INFO] [stdout]    --> tests/support/patch_backends.rs:101:44
[INFO] [stdout]     |
[INFO] [stdout] 101 |         storage: notedthat_server::config::unroutable_storage_placeholder(),
[INFO] [stdout]     |                                            ^^^^^^^^^^^^^^^^^^^^^^^^^^^^^^ not found in `notedthat_server::config`
[INFO] [stdout]     |
[INFO] [stdout] note: found an item that was configured out
[INFO] [stdout]    --> src/config.rs:489:8
[INFO] [stdout]     |
[INFO] [stdout] 487 | #[cfg(any(test, feature = "test-support"))]
[INFO] [stdout]     |          -------------------------------- the item is gated here
[INFO] [stdout] 488 | #[must_use]
[INFO] [stdout] 489 | pub fn unroutable_storage_placeholder() -> StorageConfig {
[INFO] [stdout]     |        ^^^^^^^^^^^^^^^^^^^^^^^^^^^^^^
[INFO] [stdout] 
[INFO] [stdout] 
[INFO] [stdout] error[E0425]: cannot find type `Backends` in module `notedthat_server::run`
[INFO] [stdout]   --> tests/support/patch_env.rs:23:55
[INFO] [stdout]    |
[INFO] [stdout] 23 | pub fn in_memory_backends() -> notedthat_server::run::Backends {
[INFO] [stdout]    |                                                       ^^^^^^^^ not found in `notedthat_server::run`
[INFO] [stdout]    |
[INFO] [stdout] note: found an item that was configured out
[INFO] [stdout]   --> src/run.rs:71:19
[INFO] [stdout]    |
[INFO] [stdout] 70 | #[cfg(feature = "test-support")]
[INFO] [stdout]    |       ------------------------ the item is gated behind the `test-support` feature
[INFO] [stdout] 71 | pub use backends::Backends;
[INFO] [stdout]    |                   ^^^^^^^^
[INFO] [stdout] 
[INFO] [stdout] 
[INFO] [stdout] error[E0422]: cannot find struct, variant or union type `Backends` in module `notedthat_server::run`
[INFO] [stdout]   --> tests/support/patch_env.rs:49:47
[INFO] [stdout]    |
[INFO] [stdout] 49 |         let backends = notedthat_server::run::Backends {
[INFO] [stdout]    |                                               ^^^^^^^^ not found in `notedthat_server::run`
[INFO] [stdout]    |
[INFO] [stdout] note: found an item that was configured out
[INFO] [stdout]   --> src/run.rs:71:19
[INFO] [stdout]    |
[INFO] [stdout] 70 | #[cfg(feature = "test-support")]
[INFO] [stdout]    |       ------------------------ the item is gated behind the `test-support` feature
[INFO] [stdout] 71 | pub use backends::Backends;
[INFO] [stdout]    |                   ^^^^^^^^
[INFO] [stdout] 
[INFO] [stdout] 
[INFO] [stdout] error[E0425]: cannot find type `Backends` in module `notedthat_server::run`
[INFO] [stdout]   --> tests/support/patch_env.rs:60:42
[INFO] [stdout]    |
[INFO] [stdout] 60 |         backends: notedthat_server::run::Backends,
[INFO] [stdout]    |                                          ^^^^^^^^ not found in `notedthat_server::run`
[INFO] [stdout]    |
[INFO] [stdout] note: found an item that was configured out
[INFO] [stdout]   --> src/run.rs:71:19
[INFO] [stdout]    |
[INFO] [stdout] 70 | #[cfg(feature = "test-support")]
[INFO] [stdout]    |       ------------------------ the item is gated behind the `test-support` feature
[INFO] [stdout] 71 | pub use backends::Backends;
[INFO] [stdout]    |                   ^^^^^^^^
[INFO] [stdout] 
[INFO] [stdout] 
[INFO] [stdout] error[E0425]: cannot find type `Backends` in module `notedthat_server::run`
[INFO] [stdout]   --> tests/support/patch_env.rs:69:42
[INFO] [stdout]    |
[INFO] [stdout] 69 |         backends: notedthat_server::run::Backends,
[INFO] [stdout]    |                                          ^^^^^^^^ not found in `notedthat_server::run`
[INFO] [stdout]    |
[INFO] [stdout] note: found an item that was configured out
[INFO] [stdout]   --> src/run.rs:71:19
[INFO] [stdout]    |
[INFO] [stdout] 70 | #[cfg(feature = "test-support")]
[INFO] [stdout]    |       ------------------------ the item is gated behind the `test-support` feature
[INFO] [stdout] 71 | pub use backends::Backends;
[INFO] [stdout]    |                   ^^^^^^^^
[INFO] [stdout] 
[INFO] [stdout] 
[INFO] [stdout] error[E0425]: cannot find function `run_with` in module `notedthat_server::run`
[INFO] [stdout]    --> tests/support/patch_env.rs:79:36
[INFO] [stdout]     |
[INFO] [stdout]  79 |             notedthat_server::run::run_with(config, backends)
[INFO] [stdout]     |                                    ^^^^^^^^ not found in `notedthat_server::run`
[INFO] [stdout]     |
[INFO] [stdout] note: found an item that was configured out
[INFO] [stdout]    --> src/run.rs:522:14
[INFO] [stdout]     |
[INFO] [stdout] 521 | #[cfg(feature = "test-support")]
[INFO] [stdout]     |       ------------------------ the item is gated behind the `test-support` feature
[INFO] [stdout] 522 | pub async fn run_with(config: Config, backends: Backends) -> anyhow::Result<()> {
[INFO] [stdout]     |              ^^^^^^^^
[INFO] [stdout] 
[INFO] [stdout] 
[INFO] [stdout] error[E0433]: cannot find `testing` in `notedthat_mcp`
[INFO] [stdout]    --> tests/support/patch_env.rs:261:26
[INFO] [stdout]     |
[INFO] [stdout] 261 |     mcp: &notedthat_mcp::testing::McpSession,
[INFO] [stdout]     |                          ^^^^^^^ could not find `testing` in `notedthat_mcp`
[INFO] [stdout]     |
[INFO] [stdout] note: found an item that was configured out
[INFO] [stdout]    --> /opt/rustwide/cargo-home/registry/src/index.crates.io-1949cf8c6b5b557f/notedthat-mcp-0.12.3/src/lib.rs:20:9
[INFO] [stdout]     |
[INFO] [stdout]  19 | #[cfg(any(test, feature = "test-support"))]
[INFO] [stdout]     |          -------------------------------- the item is gated here
[INFO] [stdout]  20 | pub mod testing;
[INFO] [stdout]     |         ^^^^^^^
[INFO] [stdout] 
[INFO] [stdout] 
[INFO] [stdout] Some errors have detailed explanations: E0425, E0432, E0433.
[INFO] [stdout] 
[INFO] [stdout] For more information about an error, try `rustc --explain E0425`.
[INFO] [stdout] 
[INFO] [stdout] error[E0433]: cannot find `testing` in `notedthat_mcp`
[INFO] [stdout]    --> tests/support/patch_env.rs:261:26
[INFO] [stdout]     |
[INFO] [stdout] 261 |     mcp: &notedthat_mcp::testing::McpSession,
[INFO] [stdout]     |                          ^^^^^^^ could not find `testing` in `notedthat_mcp`
[INFO] [stdout]     |
[INFO] [stdout] note: found an item that was configured out
[INFO] [stdout]    --> /opt/rustwide/cargo-home/registry/src/index.crates.io-1949cf8c6b5b557f/notedthat-mcp-0.12.3/src/lib.rs:20:9
[INFO] [stdout]     |
[INFO] [stdout]  19 | #[cfg(any(test, feature = "test-support"))]
[INFO] [stdout]     |          -------------------------------- the item is gated here
[INFO] [stdout]  20 | pub mod testing;
[INFO] [stdout]     |         ^^^^^^^
[INFO] [stdout] 
[INFO] [stdout] 
[INFO] [stdout] error[E0433]: cannot find `testing` in `notedthat_mcp`
[INFO] [stdout]    --> tests/oidc_e2e.rs:652:31
[INFO] [stdout]     |
[INFO] [stdout] 652 |     let hers = notedthat_mcp::testing::McpSession::connect(&server.base, &alice);
[INFO] [stdout]     |                               ^^^^^^^ could not find `testing` in `notedthat_mcp`
[INFO] [stdout]     |
[INFO] [stdout] note: found an item that was configured out
[INFO] [stdout]    --> /opt/rustwide/cargo-home/registry/src/index.crates.io-1949cf8c6b5b557f/notedthat-mcp-0.12.3/src/lib.rs:20:9
[INFO] [stdout]     |
[INFO] [stdout]  19 | #[cfg(any(test, feature = "test-support"))]
[INFO] [stdout]     |          -------------------------------- the item is gated here
[INFO] [stdout]  20 | pub mod testing;
[INFO] [stdout]     |         ^^^^^^^
[INFO] [stdout] 
[INFO] [stdout] 
[INFO] [stderr] error: could not compile `notedthat-server` (test "e2e") due to 10 previous errors
[INFO] [stdout] error[E0433]: cannot find `testing` in `notedthat_mcp`
[INFO] [stdout]    --> tests/support/patch_env.rs:270:26
[INFO] [stdout]     |
[INFO] [stdout] 270 |     mcp: &notedthat_mcp::testing::McpSession,
[INFO] [stdout]     |                          ^^^^^^^ could not find `testing` in `notedthat_mcp`
[INFO] [stdout]     |
[INFO] [stdout] note: found an item that was configured out
[INFO] [stdout]    --> /opt/rustwide/cargo-home/registry/src/index.crates.io-1949cf8c6b5b557f/notedthat-mcp-0.12.3/src/lib.rs:20:9
[INFO] [stdout]     |
[INFO] [stdout]  19 | #[cfg(any(test, feature = "test-support"))]
[INFO] [stdout]     |          -------------------------------- the item is gated here
[INFO] [stdout]  20 | pub mod testing;
[INFO] [stdout]     |         ^^^^^^^
[INFO] [stdout] 
[INFO] [stdout] 
[INFO] [stdout] error[E0433]: cannot find `testing` in `notedthat_mcp`
[INFO] [stdout]    --> tests/oidc_e2e.rs:659:30
[INFO] [stdout]     |
[INFO] [stdout] 659 |     let his = notedthat_mcp::testing::McpSession::connect(&server.base, &intern);
[INFO] [stdout]     |                              ^^^^^^^ could not find `testing` in `notedthat_mcp`
[INFO] [stdout]     |
[INFO] [stdout] note: found an item that was configured out
[INFO] [stdout]    --> /opt/rustwide/cargo-home/registry/src/index.crates.io-1949cf8c6b5b557f/notedthat-mcp-0.12.3/src/lib.rs:20:9
[INFO] [stdout]     |
[INFO] [stdout]  19 | #[cfg(any(test, feature = "test-support"))]
[INFO] [stdout]     |          -------------------------------- the item is gated here
[INFO] [stdout]  20 | pub mod testing;
[INFO] [stdout]     |         ^^^^^^^
[INFO] [stdout] 
[INFO] [stdout] 
[INFO] [stdout] error[E0433]: cannot find `testing` in `notedthat_mcp`
[INFO] [stdout]    --> tests/support/patch_env.rs:270:26
[INFO] [stdout]     |
[INFO] [stdout] 270 |     mcp: &notedthat_mcp::testing::McpSession,
[INFO] [stdout]     |                          ^^^^^^^ could not find `testing` in `notedthat_mcp`
[INFO] [stdout]     |
[INFO] [stdout] note: found an item that was configured out
[INFO] [stdout]    --> /opt/rustwide/cargo-home/registry/src/index.crates.io-1949cf8c6b5b557f/notedthat-mcp-0.12.3/src/lib.rs:20:9
[INFO] [stdout]     |
[INFO] [stdout]  19 | #[cfg(any(test, feature = "test-support"))]
[INFO] [stdout]     |          -------------------------------- the item is gated here
[INFO] [stdout]  20 | pub mod testing;
[INFO] [stdout]     |         ^^^^^^^
[INFO] [stdout] 
[INFO] [stdout] 
[INFO] [stdout] error[E0425]: cannot find function `unroutable_storage_placeholder` in module `notedthat_server::config`
[INFO] [stdout]    --> tests/support/patch_backends.rs:101:44
[INFO] [stdout]     |
[INFO] [stdout] 101 |         storage: notedthat_server::config::unroutable_storage_placeholder(),
[INFO] [stdout]     |                                            ^^^^^^^^^^^^^^^^^^^^^^^^^^^^^^ not found in `notedthat_server::config`
[INFO] [stdout]     |
[INFO] [stdout] note: found an item that was configured out
[INFO] [stdout]    --> src/config.rs:489:8
[INFO] [stdout]     |
[INFO] [stdout] 487 | #[cfg(any(test, feature = "test-support"))]
[INFO] [stdout]     |          -------------------------------- the item is gated here
[INFO] [stdout] 488 | #[must_use]
[INFO] [stdout] 489 | pub fn unroutable_storage_placeholder() -> StorageConfig {
[INFO] [stdout]     |        ^^^^^^^^^^^^^^^^^^^^^^^^^^^^^^
[INFO] [stdout] 
[INFO] [stdout] 
[INFO] [stdout] error[E0425]: cannot find type `Backends` in module `notedthat_server::run`
[INFO] [stdout]   --> tests/support/patch_env.rs:23:55
[INFO] [stdout]    |
[INFO] [stdout] 23 | pub fn in_memory_backends() -> notedthat_server::run::Backends {
[INFO] [stdout]    |                                                       ^^^^^^^^ not found in `notedthat_server::run`
[INFO] [stdout]    |
[INFO] [stdout] note: found an item that was configured out
[INFO] [stdout]   --> src/run.rs:71:19
[INFO] [stdout]    |
[INFO] [stdout] 70 | #[cfg(feature = "test-support")]
[INFO] [stdout]    |       ------------------------ the item is gated behind the `test-support` feature
[INFO] [stdout] 71 | pub use backends::Backends;
[INFO] [stdout]    |                   ^^^^^^^^
[INFO] [stdout] 
[INFO] [stdout] 
[INFO] [stdout] error[E0422]: cannot find struct, variant or union type `Backends` in module `notedthat_server::run`
[INFO] [stdout]   --> tests/support/patch_env.rs:49:47
[INFO] [stdout]    |
[INFO] [stdout] 49 |         let backends = notedthat_server::run::Backends {
[INFO] [stdout]    |                                               ^^^^^^^^ not found in `notedthat_server::run`
[INFO] [stdout]    |
[INFO] [stdout] note: found an item that was configured out
[INFO] [stdout]   --> src/run.rs:71:19
[INFO] [stdout]    |
[INFO] [stdout] 70 | #[cfg(feature = "test-support")]
[INFO] [stdout]    |       ------------------------ the item is gated behind the `test-support` feature
[INFO] [stdout] 71 | pub use backends::Backends;
[INFO] [stdout]    |                   ^^^^^^^^
[INFO] [stdout] 
[INFO] [stdout] 
[INFO] [stdout] error[E0425]: cannot find type `Backends` in module `notedthat_server::run`
[INFO] [stdout]   --> tests/support/patch_env.rs:60:42
[INFO] [stdout]    |
[INFO] [stdout] 60 |         backends: notedthat_server::run::Backends,
[INFO] [stdout]    |                                          ^^^^^^^^ not found in `notedthat_server::run`
[INFO] [stdout]    |
[INFO] [stdout] note: found an item that was configured out
[INFO] [stdout]   --> src/run.rs:71:19
[INFO] [stdout]    |
[INFO] [stdout] 70 | #[cfg(feature = "test-support")]
[INFO] [stdout]    |       ------------------------ the item is gated behind the `test-support` feature
[INFO] [stdout] 71 | pub use backends::Backends;
[INFO] [stdout]    |                   ^^^^^^^^
[INFO] [stdout] 
[INFO] [stdout] 
[INFO] [stdout] error[E0425]: cannot find type `Backends` in module `notedthat_server::run`
[INFO] [stdout]   --> tests/support/patch_env.rs:69:42
[INFO] [stdout]    |
[INFO] [stdout] 69 |         backends: notedthat_server::run::Backends,
[INFO] [stdout]    |                                          ^^^^^^^^ not found in `notedthat_server::run`
[INFO] [stdout]    |
[INFO] [stdout] note: found an item that was configured out
[INFO] [stdout]   --> src/run.rs:71:19
[INFO] [stdout]    |
[INFO] [stdout] 70 | #[cfg(feature = "test-support")]
[INFO] [stdout]    |       ------------------------ the item is gated behind the `test-support` feature
[INFO] [stdout] 71 | pub use backends::Backends;
[INFO] [stdout]    |                   ^^^^^^^^
[INFO] [stdout] 
[INFO] [stdout] 
[INFO] [stdout] error[E0425]: cannot find function `run_with` in module `notedthat_server::run`
[INFO] [stdout]    --> tests/support/patch_env.rs:79:36
[INFO] [stdout]     |
[INFO] [stdout]  79 |             notedthat_server::run::run_with(config, backends)
[INFO] [stdout]     |                                    ^^^^^^^^ not found in `notedthat_server::run`
[INFO] [stdout]     |
[INFO] [stdout] note: found an item that was configured out
[INFO] [stdout]    --> src/run.rs:522:14
[INFO] [stdout]     |
[INFO] [stdout] 521 | #[cfg(feature = "test-support")]
[INFO] [stdout]     |       ------------------------ the item is gated behind the `test-support` feature
[INFO] [stdout] 522 | pub async fn run_with(config: Config, backends: Backends) -> anyhow::Result<()> {
[INFO] [stdout]     |              ^^^^^^^^
[INFO] [stdout] 
[INFO] [stdout] 
[INFO] [stdout] error[E0422]: cannot find struct, variant or union type `Backends` in module `notedthat_server::run`
[INFO] [stdout]    --> tests/events_e2e.rs:214:43
[INFO] [stdout]     |
[INFO] [stdout] 214 |     let backends = notedthat_server::run::Backends {
[INFO] [stdout]     |                                           ^^^^^^^^ not found in `notedthat_server::run`
[INFO] [stdout]     |
[INFO] [stdout] note: found an item that was configured out
[INFO] [stdout]    --> src/run.rs:71:19
[INFO] [stdout]     |
[INFO] [stdout]  70 | #[cfg(feature = "test-support")]
[INFO] [stdout]     |       ------------------------ the item is gated behind the `test-support` feature
[INFO] [stdout]  71 | pub use backends::Backends;
[INFO] [stdout]     |                   ^^^^^^^^
[INFO] [stdout] 
[INFO] [stdout] 
[INFO] [stdout] error[E0433]: cannot find `testing` in `notedthat_mcp`
[INFO] [stdout]    --> tests/oidc_e2e.rs:711:34
[INFO] [stdout]     |
[INFO] [stdout] 711 |     let session = notedthat_mcp::testing::McpSession::connect(&server.base, &alice);
[INFO] [stdout]     |                                  ^^^^^^^ could not find `testing` in `notedthat_mcp`
[INFO] [stdout]     |
[INFO] [stdout] note: found an item that was configured out
[INFO] [stdout]    --> /opt/rustwide/cargo-home/registry/src/index.crates.io-1949cf8c6b5b557f/notedthat-mcp-0.12.3/src/lib.rs:20:9
[INFO] [stdout]     |
[INFO] [stdout]  19 | #[cfg(any(test, feature = "test-support"))]
[INFO] [stdout]     |          -------------------------------- the item is gated here
[INFO] [stdout]  20 | pub mod testing;
[INFO] [stdout]     |         ^^^^^^^
[INFO] [stdout] 
[INFO] [stdout] 
[INFO] [stdout] error[E0433]: cannot find `testing` in `notedthat_mcp`
[INFO] [stdout]    --> tests/oidc_e2e.rs:720:24
[INFO] [stdout]     |
[INFO] [stdout] 720 |         notedthat_mcp::testing::McpSession::connect(&server.base, &refreshed(&server, "alice"));
[INFO] [stdout]     |                        ^^^^^^^ could not find `testing` in `notedthat_mcp`
[INFO] [stdout]     |
[INFO] [stdout] note: found an item that was configured out
[INFO] [stdout]    --> /opt/rustwide/cargo-home/registry/src/index.crates.io-1949cf8c6b5b557f/notedthat-mcp-0.12.3/src/lib.rs:20:9
[INFO] [stdout]     |
[INFO] [stdout]  19 | #[cfg(any(test, feature = "test-support"))]
[INFO] [stdout]     |          -------------------------------- the item is gated here
[INFO] [stdout]  20 | pub mod testing;
[INFO] [stdout]     |         ^^^^^^^
[INFO] [stdout] 
[INFO] [stdout] 
[INFO] [stdout] error[E0433]: cannot find `testing` in `notedthat_mcp`
[INFO] [stdout]    --> tests/oidc_e2e.rs:752:31
[INFO] [stdout]     |
[INFO] [stdout] 752 |     let hers = notedthat_mcp::testing::McpSession::connect(&server.base, &alice);
[INFO] [stdout]     |                               ^^^^^^^ could not find `testing` in `notedthat_mcp`
[INFO] [stdout]     |
[INFO] [stdout] note: found an item that was configured out
[INFO] [stdout]    --> /opt/rustwide/cargo-home/registry/src/index.crates.io-1949cf8c6b5b557f/notedthat-mcp-0.12.3/src/lib.rs:20:9
[INFO] [stdout]     |
[INFO] [stdout]  19 | #[cfg(any(test, feature = "test-support"))]
[INFO] [stdout]     |          -------------------------------- the item is gated here
[INFO] [stdout]  20 | pub mod testing;
[INFO] [stdout]     |         ^^^^^^^
[INFO] [stdout] 
[INFO] [stdout] 
[INFO] [stdout] error[E0433]: cannot find `testing` in `notedthat_mcp`
[INFO] [stdout]    --> tests/oidc_e2e.rs:765:30
[INFO] [stdout]     |
[INFO] [stdout] 765 |     let his = notedthat_mcp::testing::McpSession::connect(&server.base, &intern);
[INFO] [stdout]     |                              ^^^^^^^ could not find `testing` in `notedthat_mcp`
[INFO] [stdout]     |
[INFO] [stdout] note: found an item that was configured out
[INFO] [stdout]    --> /opt/rustwide/cargo-home/registry/src/index.crates.io-1949cf8c6b5b557f/notedthat-mcp-0.12.3/src/lib.rs:20:9
[INFO] [stdout]     |
[INFO] [stdout]  19 | #[cfg(any(test, feature = "test-support"))]
[INFO] [stdout]     |          -------------------------------- the item is gated here
[INFO] [stdout]  20 | pub mod testing;
[INFO] [stdout]     |         ^^^^^^^
[INFO] [stdout] 
[INFO] [stdout] 
[INFO] [stdout] error[E0433]: cannot find `testing` in `notedthat_api_http`
[INFO] [stdout]    --> tests/request_bounds_e2e.rs:177:44
[INFO] [stdout]     |
[INFO] [stdout] 177 |     let metrics_addr = notedthat_api_http::testing::reserve_addr();
[INFO] [stdout]     |                                            ^^^^^^^ could not find `testing` in `notedthat_api_http`
[INFO] [stdout]     |
[INFO] [stdout] note: found an item that was configured out
[INFO] [stdout]    --> /opt/rustwide/cargo-home/registry/src/index.crates.io-1949cf8c6b5b557f/notedthat-api-http-0.12.3/src/lib.rs:18:9
[INFO] [stdout]     |
[INFO] [stdout]  17 | #[cfg(any(test, feature = "test-support"))]
[INFO] [stdout]     |          -------------------------------- the item is gated here
[INFO] [stdout]  18 | pub mod testing;
[INFO] [stdout]     |         ^^^^^^^
[INFO] [stdout] 
[INFO] [stdout] 
[INFO] [stdout] error[E0425]: cannot find function `unroutable_storage_placeholder` in module `notedthat_server::config`
[INFO] [stdout]    --> tests/oidc_e2e.rs:93:44
[INFO] [stdout]     |
[INFO] [stdout]  93 |         storage: notedthat_server::config::unroutable_storage_placeholder(),
[INFO] [stdout]     |                                            ^^^^^^^^^^^^^^^^^^^^^^^^^^^^^^ not found in `notedthat_server::config`
[INFO] [stdout]     |
[INFO] [stdout] note: found an item that was configured out
[INFO] [stdout]    --> src/config.rs:489:8
[INFO] [stdout]     |
[INFO] [stdout] 487 | #[cfg(any(test, feature = "test-support"))]
[INFO] [stdout]     |          -------------------------------- the item is gated here
[INFO] [stdout] 488 | #[must_use]
[INFO] [stdout] 489 | pub fn unroutable_storage_placeholder() -> StorageConfig {
[INFO] [stdout]     |        ^^^^^^^^^^^^^^^^^^^^^^^^^^^^^^
[INFO] [stdout] 
[INFO] [stdout] 
[INFO] [stdout] error[E0425]: cannot find function `run_with` in module `notedthat_server::run`
[INFO] [stdout]    --> tests/oidc_e2e.rs:224:36
[INFO] [stdout]     |
[INFO] [stdout] 224 |             notedthat_server::run::run_with(config, backends)
[INFO] [stdout]     |                                    ^^^^^^^^ not found in `notedthat_server::run`
[INFO] [stdout]     |
[INFO] [stdout] note: found an item that was configured out
[INFO] [stdout]    --> src/run.rs:522:14
[INFO] [stdout]     |
[INFO] [stdout] 521 | #[cfg(feature = "test-support")]
[INFO] [stdout]     |       ------------------------ the item is gated behind the `test-support` feature
[INFO] [stdout] 522 | pub async fn run_with(config: Config, backends: Backends) -> anyhow::Result<()> {
[INFO] [stdout]     |              ^^^^^^^^
[INFO] [stdout] 
[INFO] [stdout] 
[INFO] [stdout] error[E0425]: cannot find function `run_with` in module `notedthat_server::run`
[INFO] [stdout]    --> tests/oidc_e2e.rs:557:40
[INFO] [stdout]     |
[INFO] [stdout] 557 |     let error = notedthat_server::run::run_with(config, backends)
[INFO] [stdout]     |                                        ^^^^^^^^ not found in `notedthat_server::run`
[INFO] [stdout]     |
[INFO] [stdout] note: found an item that was configured out
[INFO] [stdout]    --> src/run.rs:522:14
[INFO] [stdout]     |
[INFO] [stdout] 521 | #[cfg(feature = "test-support")]
[INFO] [stdout]     |       ------------------------ the item is gated behind the `test-support` feature
[INFO] [stdout] 522 | pub async fn run_with(config: Config, backends: Backends) -> anyhow::Result<()> {
[INFO] [stdout]     |              ^^^^^^^^
[INFO] [stdout] 
[INFO] [stdout] 
[INFO] [stdout] error[E0425]: cannot find function `unroutable_storage_placeholder` in module `notedthat_server::config`
[INFO] [stdout]    --> tests/support/patch_backends.rs:101:44
[INFO] [stdout]     |
[INFO] [stdout] 101 |         storage: notedthat_server::config::unroutable_storage_placeholder(),
[INFO] [stdout]     |                                            ^^^^^^^^^^^^^^^^^^^^^^^^^^^^^^ not found in `notedthat_server::config`
[INFO] [stdout]     |
[INFO] [stdout] note: found an item that was configured out
[INFO] [stdout]    --> src/config.rs:489:8
[INFO] [stdout]     |
[INFO] [stdout] 487 | #[cfg(any(test, feature = "test-support"))]
[INFO] [stdout]     |          -------------------------------- the item is gated here
[INFO] [stdout] 488 | #[must_use]
[INFO] [stdout] 489 | pub fn unroutable_storage_placeholder() -> StorageConfig {
[INFO] [stdout]     |        ^^^^^^^^^^^^^^^^^^^^^^^^^^^^^^
[INFO] [stdout] 
[INFO] [stdout] 
[INFO] [stdout] error[E0425]: cannot find type `Backends` in module `notedthat_server::run`
[INFO] [stdout]   --> tests/support/patch_env.rs:23:55
[INFO] [stdout]    |
[INFO] [stdout] 23 | pub fn in_memory_backends() -> notedthat_server::run::Backends {
[INFO] [stdout]    |                                                       ^^^^^^^^ not found in `notedthat_server::run`
[INFO] [stdout]    |
[INFO] [stdout] note: found an item that was configured out
[INFO] [stdout]   --> src/run.rs:71:19
[INFO] [stdout]    |
[INFO] [stdout] 70 | #[cfg(feature = "test-support")]
[INFO] [stdout]    |       ------------------------ the item is gated behind the `test-support` feature
[INFO] [stdout] 71 | pub use backends::Backends;
[INFO] [stdout]    |                   ^^^^^^^^
[INFO] [stdout] 
[INFO] [stdout] 
[INFO] [stdout] error[E0422]: cannot find struct, variant or union type `Backends` in module `notedthat_server::run`
[INFO] [stdout]   --> tests/support/patch_env.rs:49:47
[INFO] [stdout]    |
[INFO] [stdout] 49 |         let backends = notedthat_server::run::Backends {
[INFO] [stdout]    |                                               ^^^^^^^^ not found in `notedthat_server::run`
[INFO] [stdout]    |
[INFO] [stdout] note: found an item that was configured out
[INFO] [stdout]   --> src/run.rs:71:19
[INFO] [stdout]    |
[INFO] [stdout] 70 | #[cfg(feature = "test-support")]
[INFO] [stdout]    |       ------------------------ the item is gated behind the `test-support` feature
[INFO] [stdout] 71 | pub use backends::Backends;
[INFO] [stdout]    |                   ^^^^^^^^
[INFO] [stdout] 
[INFO] [stdout] 
[INFO] [stdout] error[E0425]: cannot find type `Backends` in module `notedthat_server::run`
[INFO] [stdout]   --> tests/support/patch_env.rs:60:42
[INFO] [stdout]    |
[INFO] [stdout] 60 |         backends: notedthat_server::run::Backends,
[INFO] [stdout]    |                                          ^^^^^^^^ not found in `notedthat_server::run`
[INFO] [stdout]    |
[INFO] [stdout] note: found an item that was configured out
[INFO] [stdout]   --> src/run.rs:71:19
[INFO] [stdout]    |
[INFO] [stdout] 70 | #[cfg(feature = "test-support")]
[INFO] [stdout]    |       ------------------------ the item is gated behind the `test-support` feature
[INFO] [stdout] 71 | pub use backends::Backends;
[INFO] [stdout]    |                   ^^^^^^^^
[INFO] [stdout] 
[INFO] [stdout] 
[INFO] [stdout] error[E0425]: cannot find type `Backends` in module `notedthat_server::run`
[INFO] [stdout]   --> tests/support/patch_env.rs:69:42
[INFO] [stdout]    |
[INFO] [stdout] 69 |         backends: notedthat_server::run::Backends,
[INFO] [stdout]    |                                          ^^^^^^^^ not found in `notedthat_server::run`
[INFO] [stdout]    |
[INFO] [stdout] note: found an item that was configured out
[INFO] [stdout]   --> src/run.rs:71:19
[INFO] [stdout]    |
[INFO] [stdout] 70 | #[cfg(feature = "test-support")]
[INFO] [stdout]    |       ------------------------ the item is gated behind the `test-support` feature
[INFO] [stdout] 71 | pub use backends::Backends;
[INFO] [stdout]    |                   ^^^^^^^^
[INFO] [stdout] 
[INFO] [stdout] 
[INFO] [stdout] error[E0425]: cannot find function `run_with` in module `notedthat_server::run`
[INFO] [stdout]    --> tests/support/patch_env.rs:79:36
[INFO] [stdout]     |
[INFO] [stdout]  79 |             notedthat_server::run::run_with(config, backends)
[INFO] [stdout]     |                                    ^^^^^^^^ not found in `notedthat_server::run`
[INFO] [stdout]     |
[INFO] [stdout] note: found an item that was configured out
[INFO] [stdout]    --> src/run.rs:522:14
[INFO] [stdout]     |
[INFO] [stdout] 521 | #[cfg(feature = "test-support")]
[INFO] [stdout]     |       ------------------------ the item is gated behind the `test-support` feature
[INFO] [stdout] 522 | pub async fn run_with(config: Config, backends: Backends) -> anyhow::Result<()> {
[INFO] [stdout]     |              ^^^^^^^^
[INFO] [stdout] 
[INFO] [stdout] 
[INFO] [stdout] error[E0422]: cannot find struct, variant or union type `Backends` in module `notedthat_server::run`
[INFO] [stdout]    --> tests/request_bounds_e2e.rs:117:43
[INFO] [stdout]     |
[INFO] [stdout] 117 |     let backends = notedthat_server::run::Backends {
[INFO] [stdout]     |                                           ^^^^^^^^ not found in `notedthat_server::run`
[INFO] [stdout]     |
[INFO] [stdout] note: found an item that was configured out
[INFO] [stdout]    --> src/run.rs:71:19
[INFO] [stdout]     |
[INFO] [stdout]  70 | #[cfg(feature = "test-support")]
[INFO] [stdout]     |       ------------------------ the item is gated behind the `test-support` feature
[INFO] [stdout]  71 | pub use backends::Backends;
[INFO] [stdout]     |                   ^^^^^^^^
[INFO] [stdout] 
[INFO] [stdout] 
[INFO] [stdout] error[E0422]: cannot find struct, variant or union type `Backends` in module `notedthat_server::run`
[INFO] [stdout]    --> tests/request_bounds_e2e.rs:169:43
[INFO] [stdout]     |
[INFO] [stdout] 169 |     let backends = notedthat_server::run::Backends {
[INFO] [stdout]     |                                           ^^^^^^^^ not found in `notedthat_server::run`
[INFO] [stdout]     |
[INFO] [stdout] note: found an item that was configured out
[INFO] [stdout]    --> src/run.rs:71:19
[INFO] [stdout]     |
[INFO] [stdout]  70 | #[cfg(feature = "test-support")]
[INFO] [stdout]     |       ------------------------ the item is gated behind the `test-support` feature
[INFO] [stdout]  71 | pub use backends::Backends;
[INFO] [stdout]     |                   ^^^^^^^^
[INFO] [stdout] 
[INFO] [stdout] 
[INFO] [stdout] error[E0422]: cannot find struct, variant or union type `Backends` in module `notedthat_server::run`
[INFO] [stdout]    --> tests/request_bounds_e2e.rs:501:43
[INFO] [stdout]     |
[INFO] [stdout] 501 |     let backends = notedthat_server::run::Backends {
[INFO] [stdout]     |                                           ^^^^^^^^ not found in `notedthat_server::run`
[INFO] [stdout]     |
[INFO] [stdout] note: found an item that was configured out
[INFO] [stdout]    --> src/run.rs:71:19
[INFO] [stdout]     |
[INFO] [stdout]  70 | #[cfg(feature = "test-support")]
[INFO] [stdout]     |       ------------------------ the item is gated behind the `test-support` feature
[INFO] [stdout]  71 | pub use backends::Backends;
[INFO] [stdout]     |                   ^^^^^^^^
[INFO] [stdout] 
[INFO] [stdout] 
[INFO] [stdout] error[E0422]: cannot find struct, variant or union type `Backends` in module `notedthat_server::run`
[INFO] [stdout]    --> tests/request_bounds_e2e.rs:670:43
[INFO] [stdout]     |
[INFO] [stdout] 670 |     let backends = notedthat_server::run::Backends {
[INFO] [stdout]     |                                           ^^^^^^^^ not found in `notedthat_server::run`
[INFO] [stdout]     |
[INFO] [stdout] note: found an item that was configured out
[INFO] [stdout]    --> src/run.rs:71:19
[INFO] [stdout]     |
[INFO] [stdout]  70 | #[cfg(feature = "test-support")]
[INFO] [stdout]     |       ------------------------ the item is gated behind the `test-support` feature
[INFO] [stdout]  71 | pub use backends::Backends;
[INFO] [stdout]     |                   ^^^^^^^^
[INFO] [stdout] 
[INFO] [stdout] 
[INFO] [stdout] Some errors have detailed explanations: E0425, E0432, E0433.
[INFO] [stdout] 
[INFO] [stdout] For more information about an error, try `rustc --explain E0425`.
[INFO] [stdout] 
[INFO] [stderr] error: could not compile `notedthat-server` (test "s3_reconcile_e2e") due to 6 previous errors
[INFO] [stderr] error: could not compile `notedthat-server` (test "mcp_subscribe_e2e") due to 15 previous errors
[INFO] [stdout] For more information about this error, try `rustc --explain E0432`.
[INFO] [stdout] 
[INFO] [stdout] Some errors have detailed explanations: E0422, E0425, E0432, E0433.
[INFO] [stdout] 
[INFO] [stdout] For more information about an error, try `rustc --explain E0422`.
[INFO] [stdout] 
[INFO] [stdout] Some errors have detailed explanations: E0422, E0425, E0432, E0433.
[INFO] [stdout] 
[INFO] [stdout] For more information about an error, try `rustc --explain E0422`.
[INFO] [stdout] 
[INFO] [stderr] error: could not compile `notedthat-server` (lib test) due to 6 previous errors
[INFO] [stderr] error: could not compile `notedthat-server` (test "it_replace") due to 14 previous errors
[INFO] [stdout] Some errors have detailed explanations: E0422, E0425, E0432, E0433.
[INFO] [stdout] 
[INFO] [stdout] For more information about an error, try `rustc --explain E0422`.
[INFO] [stdout] 
[INFO] [stderr] error: could not compile `notedthat-server` (test "it_patch") due to 14 previous errors
[INFO] [stdout] Some errors have detailed explanations: E0425, E0432, E0433.
[INFO] [stdout] 
[INFO] [stdout] For more information about an error, try `rustc --explain E0425`.
[INFO] [stdout] 
[INFO] [stderr] error: could not compile `notedthat-server` (test "oidc_e2e") due to 18 previous errors
[INFO] [stdout] Some errors have detailed explanations: E0422, E0425, E0432, E0433.
[INFO] [stdout] 
[INFO] [stdout] For more information about an error, try `rustc --explain E0422`.
[INFO] [stdout] 
[INFO] [stderr] error: could not compile `notedthat-server` (test "events_e2e") due to 16 previous errors
[INFO] [stdout] Some errors have detailed explanations: E0422, E0425, E0432, E0433.
[INFO] [stdout] 
[INFO] [stdout] For more information about an error, try `rustc --explain E0422`.
[INFO] [stdout] 
[INFO] [stderr] error: could not compile `notedthat-server` (test "request_bounds_e2e") due to 21 previous errors
[INFO] running `Command { std: "docker" "inspect" "9e0da72c0d775c957d311c140873158a524b157acb2124802669b6e12cf34ab2", kill_on_drop: false }`
[INFO] running `Command { std: "docker" "rm" "-f" "9e0da72c0d775c957d311c140873158a524b157acb2124802669b6e12cf34ab2", kill_on_drop: false }`
[INFO] [stdout] 9e0da72c0d775c957d311c140873158a524b157acb2124802669b6e12cf34ab2
