[INFO] fetching crate nornir-testmatrix 0.2.13...
[INFO] checking nornir-testmatrix-0.2.13 against 3154cc1a3e6424e44f438a95007d043ed5ceaaf6+rustflags=-Znext-solver=coherence for pr-133502-30
[INFO] extracting crate nornir-testmatrix 0.2.13 into /workspace/builds/worker-3-tc1/source
[INFO] started tweaking crates.io crate nornir-testmatrix 0.2.13
[INFO] removed 0 missing examples
[INFO] removed 0 missing tests
[INFO] finished tweaking crates.io crate nornir-testmatrix 0.2.13
[INFO] tweaked toml for crates.io crate nornir-testmatrix 0.2.13 written to /workspace/builds/worker-3-tc1/source/Cargo.toml
[INFO] validating manifest of crates.io crate nornir-testmatrix 0.2.13 on toolchain 3154cc1a3e6424e44f438a95007d043ed5ceaaf6
[INFO] running `Command { std: CARGO_HOME="/workspace/cargo-home" RUSTUP_HOME="/workspace/rustup-home" "/workspace/cargo-home/bin/cargo" "+3154cc1a3e6424e44f438a95007d043ed5ceaaf6" "metadata" "--manifest-path" "Cargo.toml" "--no-deps", kill_on_drop: false }`
[INFO] crate crates.io crate nornir-testmatrix 0.2.13 already has a lockfile, it will not be regenerated
[INFO] running `Command { std: CARGO_HOME="/workspace/cargo-home" RUSTUP_HOME="/workspace/rustup-home" "/workspace/cargo-home/bin/cargo" "+3154cc1a3e6424e44f438a95007d043ed5ceaaf6" "fetch" "--manifest-path" "Cargo.toml", kill_on_drop: false }`
[INFO] [stderr]     Blocking waiting for file lock on package cache
[INFO] [stderr]     Updating crates.io index
[INFO] [stderr]     Blocking waiting for file lock on package cache
[INFO] [stderr]  Downloading crates ...
[INFO] [stderr]   Downloaded bitflags v2.13.0
[INFO] [stderr]   Downloaded zstd-safe v7.2.4
[INFO] [stderr]   Downloaded proc-macro-crate v3.5.0
[INFO] [stderr]   Downloaded endi v1.1.1
[INFO] [stderr]   Downloaded memoffset v0.9.1
[INFO] [stderr]   Downloaded arrayref v0.3.9
[INFO] [stderr]   Downloaded serde_repr v0.1.20
[INFO] [stderr]   Downloaded async-recursion v1.1.1
[INFO] [stderr]   Downloaded nornir-escape v0.1.0
[INFO] [stderr]   Downloaded zvariant_derive v5.9.2
[INFO] [stderr]   Downloaded enumflags2_derive v0.7.12
[INFO] [stderr]   Downloaded uds_windows v1.2.1
[INFO] [stderr]   Downloaded ordered-stream v0.2.0
[INFO] [stderr]   Downloaded blocking v1.6.2
[INFO] [stderr]   Downloaded piper v0.2.5
[INFO] [stderr]   Downloaded async-channel v2.5.0
[INFO] [stderr]   Downloaded async-signal v0.2.14
[INFO] [stderr]   Downloaded async-executor v1.14.0
[INFO] [stderr]   Downloaded async-broadcast v0.7.2
[INFO] [stderr]   Downloaded zmij v1.0.21
[INFO] [stderr]   Downloaded zvariant_utils v3.3.0
[INFO] [stderr]   Downloaded async-process v2.5.0
[INFO] [stderr]   Downloaded enumflags2 v0.7.12
[INFO] [stderr]   Downloaded zbus_names v4.3.1
[INFO] [stderr]   Downloaded hermit-abi v0.5.2
[INFO] [stderr]   Downloaded toml_datetime v1.1.1+spec-1.1.0
[INFO] [stderr]   Downloaded zbus_macros v5.13.2
[INFO] [stderr]   Downloaded event-listener v5.4.1
[INFO] [stderr]   Downloaded concurrent-queue v2.5.0
[INFO] [stderr]   Downloaded async-task v4.7.1
[INFO] [stderr]   Downloaded toml_parser v1.1.2+spec-1.1.0
[INFO] [stderr]   Downloaded futures-lite v2.6.1
[INFO] [stderr]   Downloaded async-io v2.6.0
[INFO] [stderr]   Downloaded polling v3.11.0
[INFO] [stderr]   Downloaded uuid v1.23.4
[INFO] [stderr]   Downloaded rotaryengine v0.1.10
[INFO] [stderr]   Downloaded zvariant v5.9.2
[INFO] [stderr]   Downloaded toml_edit v0.25.12+spec-1.1.0
[INFO] [stderr]   Downloaded cc v1.2.66
[INFO] [stderr]   Downloaded ron v0.10.1
[INFO] [stderr]   Downloaded syn v2.0.118
[INFO] [stderr]   Downloaded zbus v5.13.2
[INFO] [stderr]   Downloaded winnow v1.0.3
[INFO] [stderr]   Downloaded blake3 v1.8.5
[INFO] [stderr]   Downloaded draupnir v0.1.10
[INFO] [stderr]   Downloaded zstd-sys v2.0.16+zstd.1.5.7
[INFO] [stderr]   Downloaded skidbladnir v0.1.15
[INFO] running `Command { std: "docker" "create" "-v" "/var/lib/crater-agent-workspace/builds/worker-3-tc1/source:/opt/rustwide/workdir:ro,Z" "-v" "/var/lib/crater-agent-workspace/builds/worker-3-tc1/target:/opt/rustwide/target:rw,Z" "-v" "/var/lib/crater-agent-workspace/cargo-home:/opt/rustwide/cargo-home:ro,Z" "-v" "/var/lib/crater-agent-workspace/rustup-home:/opt/rustwide/rustup-home:ro,Z" "-m" "1610612736" "--network" "none" "ghcr.io/rust-lang/crates-build-env/linux@sha256:77db811e55d90add9212f6832c23229e3de5f1c1f9905e8cb07319ea15df73ac" "sleep" "infinity", kill_on_drop: false }`
[INFO] [stdout] 546fe3a04e1bcd981fc5102d9a2cfdd4744e387cb249b6efc213bdc36a4738ce
[INFO] running `Command { std: "docker" "start" "546fe3a04e1bcd981fc5102d9a2cfdd4744e387cb249b6efc213bdc36a4738ce", kill_on_drop: false }`
[INFO] running `Command { std: "docker" "inspect" "546fe3a04e1bcd981fc5102d9a2cfdd4744e387cb249b6efc213bdc36a4738ce", kill_on_drop: false }`
[INFO] running `Command { std: "docker" "exec" "-e" "SOURCE_DIR=/opt/rustwide/workdir" "-e" "CARGO_HOME=/opt/rustwide/cargo-home" "-e" "RUSTUP_HOME=/opt/rustwide/rustup-home" "-e" "CARGO_TARGET_DIR=/opt/rustwide/target" "-w" "/opt/rustwide/workdir" "--user" "0:0" "546fe3a04e1bcd981fc5102d9a2cfdd4744e387cb249b6efc213bdc36a4738ce" "/opt/rustwide/cargo-home/bin/cargo" "+3154cc1a3e6424e44f438a95007d043ed5ceaaf6" "metadata" "--no-deps" "--format-version=1", kill_on_drop: false }`
[INFO] running `Command { std: "docker" "inspect" "546fe3a04e1bcd981fc5102d9a2cfdd4744e387cb249b6efc213bdc36a4738ce", kill_on_drop: false }`
[INFO] running `Command { std: "docker" "exec" "-e" "SOURCE_DIR=/opt/rustwide/workdir" "-e" "CARGO_HOME=/opt/rustwide/cargo-home" "-e" "RUSTUP_HOME=/opt/rustwide/rustup-home" "-e" "CARGO_TARGET_DIR=/opt/rustwide/target" "-e" "CARGO_INCREMENTAL=0" "-e" "RUST_BACKTRACE=full" "-e" "RUSTFLAGS=--cap-lints=forbid -Znext-solver=coherence" "-e" "RUSTDOCFLAGS=--cap-lints=forbid" "-w" "/opt/rustwide/workdir" "--user" "0:0" "546fe3a04e1bcd981fc5102d9a2cfdd4744e387cb249b6efc213bdc36a4738ce" "/opt/rustwide/cargo-home/bin/cargo" "+3154cc1a3e6424e44f438a95007d043ed5ceaaf6" "check" "--frozen" "--all" "--all-targets" "--message-format=json", kill_on_drop: false }`
[INFO] [stderr]    Compiling proc-macro2 v1.0.106
[INFO] [stderr]    Compiling quote v1.0.46
[INFO] [stderr]    Compiling unicode-ident v1.0.24
[INFO] [stderr]    Compiling serde_core v1.0.228
[INFO] [stderr]    Compiling libc v0.2.186
[INFO] [stderr]     Checking pin-project-lite v0.2.17
[INFO] [stderr]     Checking futures-core v0.3.32
[INFO] [stderr]    Compiling serde v1.0.228
[INFO] [stderr]    Compiling crossbeam-utils v0.8.22
[INFO] [stderr]     Checking futures-io v0.3.32
[INFO] [stderr]     Checking cfg-if v1.0.4
[INFO] [stderr]     Checking parking v2.2.1
[INFO] [stderr]    Compiling autocfg v1.5.1
[INFO] [stderr]     Checking slab v0.4.12
[INFO] [stderr]    Compiling equivalent v1.0.2
[INFO] [stderr]    Compiling hashbrown v0.17.1
[INFO] [stderr]    Compiling find-msvc-tools v0.1.9
[INFO] [stderr]    Compiling winnow v1.0.3
[INFO] [stderr]    Compiling rustix v1.1.4
[INFO] [stderr]    Compiling shlex v2.0.1
[INFO] [stderr]     Checking fastrand v2.4.1
[INFO] [stderr]    Compiling toml_datetime v1.1.1+spec-1.1.0
[INFO] [stderr]     Checking linux-raw-sys v0.12.1
[INFO] [stderr]    Compiling version_check v0.9.5
[INFO] [stderr]    Compiling winnow v0.7.15
[INFO] [stderr]     Checking memchr v2.8.3
[INFO] [stderr]     Checking typenum v1.20.1
[INFO] [stderr]    Compiling pkg-config v0.3.33
[INFO] [stderr]     Checking futures-lite v2.6.1
[INFO] [stderr]     Checking futures-sink v0.3.32
[INFO] [stderr]     Checking futures-channel v0.3.32
[INFO] [stderr]    Compiling indexmap v2.14.0
[INFO] [stderr]    Compiling generic-array v0.14.7
[INFO] [stderr]    Compiling async-io v2.6.0
[INFO] [stderr]     Checking concurrent-queue v2.5.0
[INFO] [stderr]    Compiling getrandom v0.4.3
[INFO] [stderr]    Compiling syn v2.0.118
[INFO] [stderr]     Checking event-listener v5.4.1
[INFO] [stderr]    Compiling jobserver v0.1.35
[INFO] [stderr]    Compiling anyhow v1.0.103
[INFO] [stderr]     Checking futures-task v0.3.32
[INFO] [stderr]     Checking event-listener-strategy v0.5.4
[INFO] [stderr]    Compiling endi v1.1.1
[INFO] [stderr]     Checking errno v0.3.14
[INFO] [stderr]     Checking async-task v4.7.1
[INFO] [stderr]    Compiling zmij v1.0.21
[INFO] [stderr]     Checking once_cell v1.21.4
[INFO] [stderr]    Compiling cc v1.2.66
[INFO] [stderr]     Checking signal-hook-registry v1.4.8
[INFO] [stderr]     Checking async-channel v2.5.0
[INFO] [stderr]    Compiling num-traits v0.2.19
[INFO] [stderr]     Checking block-buffer v0.10.4
[INFO] [stderr]     Checking crypto-common v0.1.7
[INFO] [stderr]    Compiling zstd-safe v7.2.4
[INFO] [stderr]    Compiling serde_json v1.0.150
[INFO] [stderr]     Checking atomic-waker v1.1.2
[INFO] [stderr]     Checking digest v0.10.7
[INFO] [stderr]     Checking piper v0.2.5
[INFO] [stderr]     Checking tracing-core v0.1.36
[INFO] [stderr]    Compiling toml_parser v1.1.2+spec-1.1.0
[INFO] [stderr]     Checking async-lock v3.4.2
[INFO] [stderr]     Checking itoa v1.0.18
[INFO] [stderr]     Checking bytes v1.12.1
[INFO] [stderr]     Checking cpufeatures v0.2.17
[INFO] [stderr]     Checking blocking v1.6.2
[INFO] [stderr]     Checking sha2 v0.10.9
[INFO] [stderr]     Checking async-executor v1.14.0
[INFO] [stderr]     Checking async-broadcast v0.7.2
[INFO] [stderr]    Compiling toml_edit v0.25.12+spec-1.1.0
[INFO] [stderr]     Checking filetime v0.2.29
[INFO] [stderr]     Checking ordered-stream v0.2.0
[INFO] [stderr]     Checking base64 v0.22.1
[INFO] [stderr]     Checking iana-time-zone v0.1.65
[INFO] [stderr]     Checking hex v0.4.3
[INFO] [stderr]    Compiling skidbladnir v0.1.15
[INFO] [stderr]     Checking cpufeatures v0.3.0
[INFO] [stderr]     Checking arrayref v0.3.9
[INFO] [stderr]     Checking arrayvec v0.7.8
[INFO] [stderr]     Checking constant_time_eq v0.4.2
[INFO] [stderr]     Checking nornir-hash v0.1.0
[INFO] [stderr]     Checking nornir-escape v0.1.0
[INFO] [stderr]    Compiling zstd-sys v2.0.16+zstd.1.5.7
[INFO] [stderr]    Compiling blake3 v1.8.5
[INFO] [stderr]    Compiling proc-macro-crate v3.5.0
[INFO] [stderr]     Checking chrono v0.4.45
[INFO] [stderr]     Checking bitflags v2.13.0
[INFO] [stderr]     Checking uuid v1.23.4
[INFO] [stderr]    Compiling serde_derive v1.0.228
[INFO] [stderr]    Compiling enumflags2_derive v0.7.12
[INFO] [stderr]    Compiling futures-macro v0.3.32
[INFO] [stderr]    Compiling tracing-attributes v0.1.31
[INFO] [stderr]    Compiling async-trait v0.1.89
[INFO] [stderr]    Compiling serde_repr v0.1.20
[INFO] [stderr]     Checking futures-util v0.3.32
[INFO] [stderr]     Checking tracing v0.1.44
[INFO] [stderr]     Checking zstd v0.13.3
[INFO] [stderr]     Checking polling v3.11.0
[INFO] [stderr]     Checking xattr v1.6.1
[INFO] [stderr]     Checking tempfile v3.27.0
[INFO] [stderr]     Checking tar v0.4.46
[INFO] [stderr]     Checking async-signal v0.2.14
[INFO] [stderr]     Checking async-process v2.5.0
[INFO] [stderr]     Checking zvariant_utils v3.3.0
[INFO] [stderr]     Checking enumflags2 v0.7.12
[INFO] [stderr]     Checking ron v0.10.1
[INFO] [stderr]     Checking nornir-testmatrix v0.2.13 (/opt/rustwide/workdir)
[INFO] [stderr]    Compiling zvariant_derive v5.9.2
[INFO] [stderr]     Checking futures-executor v0.3.32
[INFO] [stderr]     Checking futures v0.3.32
[INFO] [stderr]     Checking rotaryengine v0.1.10
[INFO] [stderr]    Compiling zvariant v5.9.2
[INFO] [stderr]     Checking draupnir v0.1.10
[INFO] [stderr]     Checking zbus_names v4.3.1
[INFO] [stderr]    Compiling zbus_macros v5.13.2
[INFO] [stderr]     Checking zbus v5.13.2
[INFO] [stdout] error[E0433]: cannot find module or crate `nornir_build_thing` in this scope
[INFO] [stdout]  --> tests/appliance_boot.rs:9:5
[INFO] [stdout]   |
[INFO] [stdout] 9 | use nornir_build_thing::target::presets::{Mimic, PresetStatus, PRESETS};
[INFO] [stdout]   |     ^^^^^^^^^^^^^^^^^^ use of unresolved module or unlinked crate `nornir_build_thing`
[INFO] [stdout]   |
[INFO] [stdout]   = help: if you wanted to use a crate named `nornir_build_thing`, use `cargo add nornir_build_thing` to add it to your `Cargo.toml`
[INFO] [stdout] 
[INFO] [stdout] 
[INFO] [stdout] error[E0433]: cannot find module or crate `nornir_build_thing` in this scope
[INFO] [stdout]   --> examples/target_compile.rs:47:5
[INFO] [stdout]    |
[INFO] [stdout] 47 | use nornir_build_thing::variant::BuildVariantSet;
[INFO] [stdout]    |     ^^^^^^^^^^^^^^^^^^ use of unresolved module or unlinked crate `nornir_build_thing`
[INFO] [stdout]    |
[INFO] [stdout]    = help: if you wanted to use a crate named `nornir_build_thing`, use `cargo add nornir_build_thing` to add it to your `Cargo.toml`
[INFO] [stdout] 
[INFO] [stdout] 
[INFO] [stdout] error[E0433]: cannot find module or crate `nornir_build_thing` in this scope
[INFO] [stdout]   --> tests/chain_matrix.rs:64:5
[INFO] [stdout]    |
[INFO] [stdout] 64 | use nornir_build_thing::variant::BuildVariantSet;
[INFO] [stdout]    |     ^^^^^^^^^^^^^^^^^^ use of unresolved module or unlinked crate `nornir_build_thing`
[INFO] [stdout]    |
[INFO] [stdout]    = help: if you wanted to use a crate named `nornir_build_thing`, use `cargo add nornir_build_thing` to add it to your `Cargo.toml`
[INFO] [stdout] 
[INFO] [stdout] 
[INFO] [stdout] error[E0433]: cannot find module or crate `nornir_build_thing` in this scope
[INFO] [stdout]   --> tests/dep_edge_surface_guard.rs:18:5
[INFO] [stdout]    |
[INFO] [stdout] 18 | use nornir_build_thing::variant::BuildVariantSet;
[INFO] [stdout]    |     ^^^^^^^^^^^^^^^^^^ use of unresolved module or unlinked crate `nornir_build_thing`
[INFO] [stdout]    |
[INFO] [stdout]    = help: if you wanted to use a crate named `nornir_build_thing`, use `cargo add nornir_build_thing` to add it to your `Cargo.toml`
[INFO] [stdout] 
[INFO] [stdout] 
[INFO] [stdout] For more information about this error, try `rustc --explain E0433`.
[INFO] [stdout] 
[INFO] [stderr] error: could not compile `nornir-testmatrix` (test "appliance_boot") due to 1 previous error
[INFO] [stderr] warning: build failed, waiting for other jobs to finish...
[INFO] [stdout] For more information about this error, try `rustc --explain E0433`.
[INFO] [stdout] 
[INFO] [stderr] error: could not compile `nornir-testmatrix` (example "target_compile") due to 1 previous error
[INFO] [stdout] error[E0433]: cannot find module or crate `nornir_build_thing` in this scope
[INFO] [stdout]    --> tests/chain_matrix.rs:276:15
[INFO] [stdout]     |
[INFO] [stdout] 276 |         match nornir_build_thing::provenance::build_variant(&set, &ctx.thing.variant, &ctx.repo_root) {
[INFO] [stdout]     |               ^^^^^^^^^^^^^^^^^^ use of unresolved module or unlinked crate `nornir_build_thing`
[INFO] [stdout]     |
[INFO] [stdout]     = help: if you wanted to use a crate named `nornir_build_thing`, use `cargo add nornir_build_thing` to add it to your `Cargo.toml`
[INFO] [stdout] 
[INFO] [stdout] 
[INFO] [stdout] For more information about this error, try `rustc --explain E0433`.
[INFO] [stdout] 
[INFO] [stderr] error: could not compile `nornir-testmatrix` (test "dep_edge_surface_guard") due to 1 previous error
[INFO] [stdout] For more information about this error, try `rustc --explain E0433`.
[INFO] [stdout] 
[INFO] [stderr] error: could not compile `nornir-testmatrix` (test "chain_matrix") due to 2 previous errors
[INFO] running `Command { std: "docker" "inspect" "546fe3a04e1bcd981fc5102d9a2cfdd4744e387cb249b6efc213bdc36a4738ce", kill_on_drop: false }`
[INFO] running `Command { std: "docker" "rm" "-f" "546fe3a04e1bcd981fc5102d9a2cfdd4744e387cb249b6efc213bdc36a4738ce", kill_on_drop: false }`
[INFO] [stdout] 546fe3a04e1bcd981fc5102d9a2cfdd4744e387cb249b6efc213bdc36a4738ce
