[INFO] fetching crate nornir-docbook 0.1.6...
[INFO] checking nornir-docbook-0.1.6 against 3154cc1a3e6424e44f438a95007d043ed5ceaaf6+rustflags=-Znext-solver=coherence for pr-133502-30
[INFO] extracting crate nornir-docbook 0.1.6 into /workspace/builds/worker-1-tc1/source
[INFO] started tweaking crates.io crate nornir-docbook 0.1.6
[INFO] removed 0 missing examples
[INFO] finished tweaking crates.io crate nornir-docbook 0.1.6
[INFO] tweaked toml for crates.io crate nornir-docbook 0.1.6 written to /workspace/builds/worker-1-tc1/source/Cargo.toml
[INFO] validating manifest of crates.io crate nornir-docbook 0.1.6 on toolchain 3154cc1a3e6424e44f438a95007d043ed5ceaaf6
[INFO] running `Command { std: CARGO_HOME="/workspace/cargo-home" RUSTUP_HOME="/workspace/rustup-home" "/workspace/cargo-home/bin/cargo" "+3154cc1a3e6424e44f438a95007d043ed5ceaaf6" "metadata" "--manifest-path" "Cargo.toml" "--no-deps", kill_on_drop: false }`
[INFO] crate crates.io crate nornir-docbook 0.1.6 already has a lockfile, it will not be regenerated
[INFO] running `Command { std: CARGO_HOME="/workspace/cargo-home" RUSTUP_HOME="/workspace/rustup-home" "/workspace/cargo-home/bin/cargo" "+3154cc1a3e6424e44f438a95007d043ed5ceaaf6" "fetch" "--manifest-path" "Cargo.toml", kill_on_drop: false }`
[INFO] [stderr]     Blocking waiting for file lock on package cache
[INFO] [stderr]     Updating crates.io index
[INFO] [stderr]     Blocking waiting for file lock on package cache
[INFO] [stderr]  Downloading crates ...
[INFO] [stderr]   Downloaded xmlwriter v0.1.0
[INFO] [stderr]   Downloaded unicode-vo v0.1.0
[INFO] [stderr]   Downloaded unicode-bidi v0.3.18
[INFO] [stderr]   Downloaded unicode-script v0.5.8
[INFO] [stderr]   Downloaded unicode-ccc v0.4.0
[INFO] [stderr]   Downloaded pico-args v0.5.0
[INFO] [stderr]   Downloaded enum-ordinalize v4.4.2
[INFO] [stderr]   Downloaded unicode-bidi-mirroring v0.4.0
[INFO] [stderr]   Downloaded unscanny v0.1.0
[INFO] [stderr]   Downloaded phf_shared v0.13.1
[INFO] [stderr]   Downloaded phf_generator v0.13.1
[INFO] [stderr]   Downloaded color_quant v1.1.0
[INFO] [stderr]   Downloaded chinese-number v0.7.8
[INFO] [stderr]   Downloaded enum-ordinalize-derive v4.4.2
[INFO] [stderr]   Downloaded arrayref v0.3.9
[INFO] [stderr]   Downloaded typst-timing v0.15.1
[INFO] [stderr]   Downloaded palette_math v0.7.7
[INFO] [stderr]   Downloaded mutate_once v0.1.2
[INFO] [stderr]   Downloaded quick-error v2.0.1
[INFO] [stderr]   Downloaded write16 v1.0.0
[INFO] [stderr]   Downloaded icu_locale_fallback_data v2.3.0
[INFO] [stderr]   Downloaded by_address v1.2.1
[INFO] [stderr]   Downloaded byteorder-lite v0.1.0
[INFO] [stderr]   Downloaded cobs v0.3.0
[INFO] [stderr]   Downloaded utf16_iter v1.0.5
[INFO] [stderr]   Downloaded unic-langid-macros v0.9.6
[INFO] [stderr]   Downloaded unic-langid-macros-impl v0.9.6
[INFO] [stderr]   Downloaded roman-numerals-rs v3.1.0
[INFO] [stderr]   Downloaded strict-num v0.1.1
[INFO] [stderr]   Downloaded linked-hash-map v0.5.6
[INFO] [stderr]   Downloaded unicode-math-class v0.1.0
[INFO] [stderr]   Downloaded wasmi_collections v1.1.0
[INFO] [stderr]   Downloaded fdeflate v0.3.7
[INFO] [stderr]   Downloaded phf v0.13.1
[INFO] [stderr]   Downloaded phf_macros v0.13.1
[INFO] [stderr]   Downloaded zune-core v0.5.3
[INFO] [stderr]   Downloaded hayro-ccitt v0.3.0
[INFO] [stderr]   Downloaded unic-langid v0.9.6
[INFO] [stderr]   Downloaded proc-macro-hack v0.5.20+deprecated
[INFO] [stderr]   Downloaded paste v1.0.15
[INFO] [stderr]   Downloaded icu_locale_fallback v2.3.0
[INFO] [stderr]   Downloaded serde_path_to_error v0.1.20
[INFO] [stderr]   Downloaded comemo-macros v0.5.1
[INFO] [stderr]   Downloaded codex v0.3.0
[INFO] [stderr]   Downloaded usvg v0.47.0
[INFO] [stderr]   Downloaded core_maths v0.1.1
[INFO] [stderr]   Downloaded float-cmp v0.9.0
[INFO] [stderr]   Downloaded bytemuck_derive v1.12.1
[INFO] [stderr]   Downloaded polycool v0.4.0
[INFO] [stderr]   Downloaded simplecss v0.2.2
[INFO] [stderr]   Downloaded unicode-properties v0.1.4
[INFO] [stderr]   Downloaded imagesize v0.14.0
[INFO] [stderr]   Downloaded data-url v0.3.2
[INFO] [stderr]   Downloaded typst-svg v0.15.1
[INFO] [stderr]   Downloaded typst-utils v0.15.1
[INFO] [stderr]   Downloaded typst-macros v0.15.1
[INFO] [stderr]   Downloaded wasmi_ir v1.1.0
[INFO] [stderr]   Downloaded ecow v0.2.6
[INFO] [stderr]   Downloaded yaml-rust v0.4.5
[INFO] [stderr]   Downloaded palette_derive v0.7.7
[INFO] [stderr]   Downloaded lipsum v0.9.1
[INFO] [stderr]   Downloaded gif v0.14.2
[INFO] [stderr]   Downloaded postcard v1.1.3
[INFO] [stderr]   Downloaded icu_locale v2.3.1
[INFO] [stderr]   Downloaded typst-pdf v0.15.1
[INFO] [stderr]   Downloaded krilla-svg v0.8.1
[INFO] [stderr]   Downloaded stacker v0.1.25
[INFO] [stderr]   Downloaded tiny-skia-path v0.12.0
[INFO] [stderr]   Downloaded svgtypes v0.16.1
[INFO] [stderr]   Downloaded roxmltree v0.21.1
[INFO] [stderr]   Downloaded slotmap v1.1.1
[INFO] [stderr]   Downloaded roxmltree v0.20.0
[INFO] [stderr]   Downloaded plist v1.10.1
[INFO] [stderr]   Downloaded unsafe-libyaml v0.2.11
[INFO] [stderr]   Downloaded kamadak-exif v0.6.1
[INFO] [stderr]   Downloaded image-webp v0.2.4
[INFO] [stderr]   Downloaded weezl v0.1.12
[INFO] [stderr]   Downloaded linebender_resource_handle v0.1.1
[INFO] [stderr]   Downloaded hayro-write v0.7.0
[INFO] [stderr]   Downloaded dirs-sys v0.5.0
[INFO] [stderr]   Downloaded pulldown-cmark-escape v0.11.0
[INFO] [stderr]   Downloaded fontconfig-parser v0.5.8
[INFO] [stderr]   Downloaded thin-vec v0.2.20
[INFO] [stderr]   Downloaded wasmi_core v1.1.0
[INFO] [stderr]   Downloaded serde_yaml v0.9.34+deprecated
[INFO] [stderr]   Downloaded hayro-jbig2 v0.3.0
[INFO] [stderr]   Downloaded unic-langid-impl v0.9.6
[INFO] [stderr]   Downloaded ciborium-ll v0.2.2
[INFO] [stderr]   Downloaded hayro-postscript v0.1.0
[INFO] [stderr]   Downloaded rust-embed-utils v8.12.0
[INFO] [stderr]   Downloaded rust-embed-impl v8.12.0
[INFO] [stderr]   Downloaded euclid v0.22.14
[INFO] [stderr]   Downloaded rayon-core v1.13.0
[INFO] [stderr]   Downloaded zune-jpeg v0.5.15
[INFO] [stderr]   Downloaded hayro-syntax v0.7.2
[INFO] [stderr]   Downloaded hayro-jpeg2000 v0.3.5
[INFO] [stderr]   Downloaded fontdb v0.23.0
[INFO] [stderr]   Downloaded typst-syntax v0.15.1
[INFO] [stderr]   Downloaded fancy-regex v0.16.2
[INFO] [stderr]   Downloaded ciborium-io v0.2.2
[INFO] [stderr]   Downloaded dirs v6.0.0
[INFO] [stderr]   Downloaded png v0.18.1
[INFO] [stderr]   Downloaded guillotiere v0.7.0
[INFO] [stderr]   Downloaded infer v0.19.0
[INFO] [stderr]   Downloaded redox_users v0.5.3
[INFO] [stderr]   Downloaded libredox v0.1.25
[INFO] [stderr]   Downloaded chinese-variant v1.1.6
[INFO] [stderr]   Downloaded az v1.3.0
[INFO] [stderr]   Downloaded peniko v0.6.1
[INFO] [stderr]   Downloaded hayro-svg v0.7.0
[INFO] [stderr]   Downloaded font-types v0.11.3
[INFO] [stderr]   Downloaded rgb v0.8.53
[INFO] [stderr]   Downloaded typst v0.15.1
[INFO] [stderr]   Downloaded typst-realize v0.15.1
[INFO] [stderr]   Downloaded psm v0.1.32
[INFO] [stderr]   Downloaded hybrid-array v0.4.15
[INFO] [stderr]   Downloaded mime_guess v2.0.5
[INFO] [stderr]   Downloaded unicase v2.9.0
[INFO] [stderr]   Downloaded kurbo v0.13.1
[INFO] [stderr]   Downloaded rust_decimal v1.43.0
[INFO] [stderr]   Downloaded glidesort v0.1.2
[INFO] [stderr]   Downloaded comemo v0.5.1
[INFO] [stderr]   Downloaded icu_provider_blob v2.3.0
[INFO] [stderr]   Downloaded hayro v0.7.1
[INFO] [stderr]   Downloaded xmp-writer v0.3.3
[INFO] [stderr]   Downloaded subsetter v0.2.6
[INFO] [stderr]   Downloaded typst-eval v0.15.1
[INFO] [stderr]   Downloaded moxcms v0.8.1
[INFO] [stderr]   Downloaded quick-xml v0.38.4
[INFO] [stderr]   Downloaded ciborium v0.2.2
[INFO] [stderr]   Downloaded glifo v0.1.1
[INFO] [stderr]   Downloaded typst-kit v0.15.1
[INFO] [stderr]   Downloaded ttf-parser v0.25.1
[INFO] [stderr]   Downloaded rayon v1.12.0
[INFO] [stderr]   Downloaded quick-xml v0.42.0
[INFO] [stderr]   Downloaded citationberg v0.7.0
[INFO] [stderr]   Downloaded color v0.3.3
[INFO] [stderr]   Downloaded resvg v0.47.0
[INFO] [stderr]   Downloaded ar_archive_writer v0.5.3
[INFO] [stderr]   Downloaded wasmi v1.1.0
[INFO] [stderr]   Downloaded fearless_simd v0.4.1
[INFO] [stderr]   Downloaded typst-html v0.15.1
[INFO] [stderr]   Downloaded biblatex v0.12.0
[INFO] [stderr]   Downloaded vello_cpu v0.0.8
[INFO] [stderr]   Downloaded pic-scale v0.7.12
[INFO] [stderr]   Downloaded rustybuzz v0.20.1
[INFO] [stderr]   Downloaded wasmparser v0.239.0
[INFO] [stderr]   Downloaded vello_common v0.0.9
[INFO] [stderr]   Downloaded typst-as-lib v0.16.0
[INFO] [stderr]   Downloaded palette v0.7.7
[INFO] [stderr]   Downloaded image v0.25.10
[INFO] [stderr]   Downloaded pulldown-cmark v0.13.4
[INFO] [stderr]   Downloaded vello_common v0.0.8
[INFO] [stderr]   Downloaded krilla v0.8.2
[INFO] [stderr]   Downloaded typst-layout v0.15.1
[INFO] [stderr]   Downloaded hayro-cmap v0.1.0
[INFO] [stderr]   Downloaded tiny-skia v0.12.0
[INFO] [stderr]   Downloaded write-fonts v0.48.1
[INFO] [stderr]   Downloaded skrifa v0.42.1
[INFO] [stderr]   Downloaded object v0.39.1
[INFO] [stderr]   Downloaded hayagriva v0.10.1
[INFO] [stderr]   Downloaded hayro-interpret v0.7.0
[INFO] [stderr]   Downloaded typst-library v0.15.1
[INFO] [stderr]   Downloaded icu_collator_data v2.3.0
[INFO] [stderr]   Downloaded read-fonts v0.39.2
[INFO] [stderr]   Downloaded syntect v5.3.0
[INFO] [stderr]   Downloaded pxfm v0.1.30
[INFO] [stderr]   Downloaded rust-embed v8.12.0
[INFO] [stderr]   Downloaded hypher v0.1.8
[INFO] [stderr]   Downloaded icu_collator v2.3.1
[INFO] [stderr]   Downloaded icu_locale_data v2.3.0
[INFO] [stderr]   Downloaded pdf-writer v0.15.0
[INFO] [stderr]   Downloaded two-face v0.4.5
[INFO] [stderr]   Downloaded icu_segmenter_data v2.3.0
[INFO] [stderr]   Downloaded icu_segmenter v2.3.0
[INFO] [stderr]   Downloaded typst-assets v0.15.1
[INFO] running `Command { std: "docker" "create" "-v" "/var/lib/crater-agent-workspace/builds/worker-1-tc1/source:/opt/rustwide/workdir:ro,Z" "-v" "/var/lib/crater-agent-workspace/builds/worker-1-tc1/target:/opt/rustwide/target:rw,Z" "-v" "/var/lib/crater-agent-workspace/cargo-home:/opt/rustwide/cargo-home:ro,Z" "-v" "/var/lib/crater-agent-workspace/rustup-home:/opt/rustwide/rustup-home:ro,Z" "-m" "1610612736" "--network" "none" "ghcr.io/rust-lang/crates-build-env/linux@sha256:77db811e55d90add9212f6832c23229e3de5f1c1f9905e8cb07319ea15df73ac" "sleep" "infinity", kill_on_drop: false }`
[INFO] [stdout] 382fb85dc9d22b731c814477b79462b75e8176a5058414d1e6d4a93453dbd980
[INFO] running `Command { std: "docker" "start" "382fb85dc9d22b731c814477b79462b75e8176a5058414d1e6d4a93453dbd980", kill_on_drop: false }`
[INFO] running `Command { std: "docker" "inspect" "382fb85dc9d22b731c814477b79462b75e8176a5058414d1e6d4a93453dbd980", kill_on_drop: false }`
[INFO] running `Command { std: "docker" "exec" "-e" "SOURCE_DIR=/opt/rustwide/workdir" "-e" "CARGO_HOME=/opt/rustwide/cargo-home" "-e" "RUSTUP_HOME=/opt/rustwide/rustup-home" "-e" "CARGO_TARGET_DIR=/opt/rustwide/target" "-w" "/opt/rustwide/workdir" "--user" "0:0" "382fb85dc9d22b731c814477b79462b75e8176a5058414d1e6d4a93453dbd980" "/opt/rustwide/cargo-home/bin/cargo" "+3154cc1a3e6424e44f438a95007d043ed5ceaaf6" "metadata" "--no-deps" "--format-version=1", kill_on_drop: false }`
[INFO] running `Command { std: "docker" "inspect" "382fb85dc9d22b731c814477b79462b75e8176a5058414d1e6d4a93453dbd980", kill_on_drop: false }`
[INFO] running `Command { std: "docker" "exec" "-e" "SOURCE_DIR=/opt/rustwide/workdir" "-e" "CARGO_HOME=/opt/rustwide/cargo-home" "-e" "RUSTUP_HOME=/opt/rustwide/rustup-home" "-e" "CARGO_TARGET_DIR=/opt/rustwide/target" "-e" "CARGO_INCREMENTAL=0" "-e" "RUST_BACKTRACE=full" "-e" "RUSTFLAGS=--cap-lints=forbid -Znext-solver=coherence" "-e" "RUSTDOCFLAGS=--cap-lints=forbid" "-w" "/opt/rustwide/workdir" "--user" "0:0" "382fb85dc9d22b731c814477b79462b75e8176a5058414d1e6d4a93453dbd980" "/opt/rustwide/cargo-home/bin/cargo" "+3154cc1a3e6424e44f438a95007d043ed5ceaaf6" "check" "--frozen" "--all" "--all-targets" "--message-format=json", kill_on_drop: false }`
[INFO] [stderr]    Compiling proc-macro2 v1.0.107
[INFO] [stderr]    Compiling quote v1.0.47
[INFO] [stderr]    Compiling unicode-ident v1.0.26
[INFO] [stderr]    Compiling serde_core v1.0.229
[INFO] [stderr]    Compiling serde v1.0.229
[INFO] [stderr]     Checking cfg-if v1.0.5
[INFO] [stderr]     Checking memchr v2.8.3
[INFO] [stderr]     Checking smallvec v1.16.2
[INFO] [stderr]    Compiling autocfg v1.5.1
[INFO] [stderr]     Checking stable_deref_trait v1.2.1
[INFO] [stderr]    Compiling libc v0.2.190
[INFO] [stderr]    Compiling thiserror v2.0.21
[INFO] [stderr]    Compiling crossbeam-utils v0.8.23
[INFO] [stderr]     Checking simd-adler32 v0.3.10
[INFO] [stderr]    Compiling crossbeam-epoch v0.9.21
[INFO] [stderr]     Checking adler2 v2.0.1
[INFO] [stderr]    Compiling crc32fast v1.5.2
[INFO] [stderr]    Compiling crossbeam-deque v0.8.8
[INFO] [stderr]    Compiling libm v0.2.16
[INFO] [stderr]     Checking miniz_oxide v0.9.1
[INFO] [stderr]     Checking arrayvec v0.7.8
[INFO] [stderr]     Checking zlib-rs v0.6.8
[INFO] [stderr]     Checking itoa v1.0.18
[INFO] [stderr]    Compiling rayon-core v1.13.0
[INFO] [stderr]     Checking foldhash v0.2.0
[INFO] [stderr]     Checking log v0.4.34
[INFO] [stderr]     Checking writeable v0.6.4
[INFO] [stderr]     Checking either v1.18.0
[INFO] [stderr]     Checking hashbrown v0.17.1
[INFO] [stderr]    Compiling num-traits v0.2.19
[INFO] [stderr]     Checking equivalent v1.0.2
[INFO] [stderr]     Checking polycool v0.4.0
[INFO] [stderr]     Checking siphasher v1.0.4
[INFO] [stderr]     Checking fearless_simd v0.4.1
[INFO] [stderr]     Checking rustc-hash v2.1.3
[INFO] [stderr]     Checking fdeflate v0.3.7
[INFO] [stderr]     Checking miniz_oxide v0.8.9
[INFO] [stderr]     Checking kurbo v0.13.1
[INFO] [stderr]     Checking utf8_iter v1.0.4
[INFO] [stderr]     Checking zune-core v0.5.3
[INFO] [stderr]    Compiling zerocopy v0.8.59
[INFO] [stderr]    Compiling icu_properties_data v2.3.0
[INFO] [stderr]     Checking hayro-ccitt v0.3.0
[INFO] [stderr]    Compiling icu_normalizer_data v2.3.0
[INFO] [stderr]    Compiling parking_lot_core v0.9.12
[INFO] [stderr]     Checking quick-error v2.0.1
[INFO] [stderr]    Compiling proc-macro-hack v0.5.20+deprecated
[INFO] [stderr]     Checking once_cell v1.21.4
[INFO] [stderr]     Checking weezl v0.1.12
[INFO] [stderr]     Checking zune-jpeg v0.5.15
[INFO] [stderr]    Compiling version_check v0.9.5
[INFO] [stderr]     Checking slab v0.4.12
[INFO] [stderr]    Compiling syn v3.0.6
[INFO] [stderr]    Compiling syn v2.0.119
[INFO] [stderr]     Checking byteorder-lite v0.1.0
[INFO] [stderr]     Checking color_quant v1.1.0
[INFO] [stderr]     Checking tinyvec v1.13.3
[INFO] [stderr]    Compiling shlex v2.0.1
[INFO] [stderr]    Compiling zmij v1.0.23
[INFO] [stderr]     Checking ryu v1.0.23
[INFO] [stderr]    Compiling find-msvc-tools v0.1.14
[INFO] [stderr]     Checking scopeguard v1.2.0
[INFO] [stderr]    Compiling icu_locale_fallback_data v2.3.0
[INFO] [stderr]     Checking lock_api v0.4.14
[INFO] [stderr]     Checking image-webp v0.2.4
[INFO] [stderr]    Compiling cc v1.6.0
[INFO] [stderr]     Checking core_maths v0.1.1
[INFO] [stderr]     Checking gif v0.14.2
[INFO] [stderr]     Checking ttf-parser v0.25.1
[INFO] [stderr]    Compiling slotmap v1.1.1
[INFO] [stderr]     Checking float-cmp v0.9.0
[INFO] [stderr]    Compiling phf_shared v0.13.1
[INFO] [stderr]     Checking rayon v1.12.0
[INFO] [stderr]     Checking strict-num v0.1.1
[INFO] [stderr]     Checking write16 v1.0.0
[INFO] [stderr]    Compiling fastrand v2.5.0
[INFO] [stderr]     Checking arrayref v0.3.9
[INFO] [stderr]    Compiling serde_json v1.0.151
[INFO] [stderr]     Checking pxfm v0.1.30
[INFO] [stderr]     Checking unicode-script v0.5.8
[INFO] [stderr]     Checking utf16_iter v1.0.5
[INFO] [stderr]     Checking flate2 v1.1.10
[INFO] [stderr]    Compiling phf_generator v0.13.1
[INFO] [stderr]     Checking parking_lot v0.12.5
[INFO] [stderr]     Checking aho-corasick v1.1.5
[INFO] [stderr]     Checking roxmltree v0.20.0
[INFO] [stderr]    Compiling heck v0.5.0
[INFO] [stderr]     Checking unicode-properties v0.1.4
[INFO] [stderr]     Checking base64 v0.22.1
[INFO] [stderr]     Checking unicode-bidi-mirroring v0.4.0
[INFO] [stderr]     Checking unicode-ccc v0.4.0
[INFO] [stderr]     Checking base64 v0.23.1
[INFO] [stderr]    Compiling time-core v0.1.9
[INFO] [stderr]     Checking same-file v1.0.6
[INFO] [stderr]    Compiling num-conv v0.2.2
[INFO] [stderr]     Checking regex-syntax v0.8.11
[INFO] [stderr]     Checking walkdir v2.5.0
[INFO] [stderr]    Compiling time-macros v0.2.32
[INFO] [stderr]     Checking fontconfig-parser v0.5.8
[INFO] [stderr]     Checking memmap2 v0.9.11
[INFO] [stderr]     Checking deranged v0.5.8
[INFO] [stderr]    Compiling paste v1.0.15
[INFO] [stderr]     Checking imagesize v0.14.0
[INFO] [stderr]    Compiling portable-atomic v1.15.0
[INFO] [stderr]     Checking percent-encoding v2.3.2
[INFO] [stderr]    Compiling icu_locale_data v2.3.0
[INFO] [stderr]    Compiling icu_collator_data v2.3.0
[INFO] [stderr]     Checking powerfmt v0.2.0
[INFO] [stderr]     Checking xmlwriter v0.1.0
[INFO] [stderr]     Checking bit-vec v0.8.0
[INFO] [stderr]     Checking svgtypes v0.16.1
[INFO] [stderr]     Checking num-integer v0.1.47
[INFO] [stderr]     Checking quick-xml v0.42.0
[INFO] [stderr]     Checking roxmltree v0.21.1
[INFO] [stderr]     Checking bit-set v0.8.0
[INFO] [stderr]     Checking bitflags v2.13.2
[INFO] [stderr]     Checking litemap v0.8.3
[INFO] [stderr]     Checking png v0.18.1
[INFO] [stderr]     Checking simplecss v0.2.2
[INFO] [stderr]     Checking pico-args v0.5.0
[INFO] [stderr]     Checking data-url v0.3.2
[INFO] [stderr]     Checking toml_write v0.1.2
[INFO] [stderr]     Checking linked-hash-map v0.5.6
[INFO] [stderr]    Compiling wasmparser v0.239.0
[INFO] [stderr]     Checking fontdb v0.23.0
[INFO] [stderr]     Checking unicode-bidi v0.3.18
[INFO] [stderr]    Compiling typst-utils v0.15.1
[INFO] [stderr]     Checking ciborium-io v0.2.2
[INFO] [stderr]     Checking rand_core v0.6.4
[INFO] [stderr]     Checking regex-automata v0.4.18
[INFO] [stderr]     Checking indexmap v2.14.2
[INFO] [stderr]     Checking unscanny v0.1.0
[INFO] [stderr]     Checking winnow v0.7.15
[INFO] [stderr]     Checking unicode-vo v0.1.0
[INFO] [stderr]     Checking yaml-rust v0.4.5
[INFO] [stderr]     Checking num-bigint v0.4.8
[INFO] [stderr]     Checking serde_path_to_error v0.1.20
[INFO] [stderr]     Checking moxcms v0.8.1
[INFO] [stderr]     Checking time v0.3.55
[INFO] [stderr]     Checking form_urlencoded v1.2.2
[INFO] [stderr]     Checking unicode-normalization v0.1.25
[INFO] [stderr]     Checking wasmi_core v1.1.0
[INFO] [stderr]     Checking unicode-segmentation v1.13.3
[INFO] [stderr]    Compiling rust_decimal v1.43.0
[INFO] [stderr]    Compiling codex v0.3.0
[INFO] [stderr]     Checking unsafe-libyaml v0.2.11
[INFO] [stderr]    Compiling by_address v1.2.1
[INFO] [stderr]     Checking thin-vec v0.2.20
[INFO] [stderr]     Checking hayro-jbig2 v0.3.0
[INFO] [stderr]     Checking hayro-jpeg2000 v0.3.5
[INFO] [stderr]     Checking bumpalo v3.20.3
[INFO] [stderr]     Checking unicode-math-class v0.1.0
[INFO] [stderr]     Checking chinese-variant v1.1.6
[INFO] [stderr]     Checking semver v1.0.28
[INFO] [stderr]     Checking fnv v1.0.7
[INFO] [stderr]     Checking roman-numerals-rs v3.1.0
[INFO] [stderr]     Checking rand v0.8.8
[INFO] [stderr]     Checking approx v0.5.1
[INFO] [stderr]     Checking palette_math v0.7.7
[INFO] [stderr]     Checking csv-core v0.1.13
[INFO] [stderr]     Checking wasmi_collections v1.1.0
[INFO] [stderr]     Checking wasmi_ir v1.1.0
[INFO] [stderr]     Checking mutate_once v0.1.2
[INFO] [stderr]     Checking spin v0.9.9
[INFO] [stderr]     Checking csv v1.4.0
[INFO] [stderr]     Checking kamadak-exif v0.6.1
[INFO] [stderr]     Checking typst-assets v0.15.1
[INFO] [stderr]     Checking typed-arena v2.0.2
[INFO] [stderr]    Compiling object v0.39.1
[INFO] [stderr]     Checking az v1.3.0
[INFO] [stderr]    Compiling icu_segmenter_data v2.3.0
[INFO] [stderr]     Checking glidesort v0.1.2
[INFO] [stderr]     Checking hayro-syntax v0.7.2
[INFO] [stderr]     Checking euclid v0.22.14
[INFO] [stderr]     Checking hayro-postscript v0.1.0
[INFO] [stderr]     Checking linebender_resource_handle v0.1.1
[INFO] [stderr]    Compiling typenum v1.20.1
[INFO] [stderr]    Compiling synstructure v0.14.0
[INFO] [stderr]     Checking hayro-cmap v0.1.0
[INFO] [stderr]    Compiling zerocopy-derive v0.8.59
[INFO] [stderr]    Compiling phf_macros v0.13.1
[INFO] [stderr]    Compiling comemo-macros v0.5.1
[INFO] [stderr]    Compiling strum_macros v0.27.2
[INFO] [stderr]    Compiling palette_derive v0.7.7
[INFO] [stderr]    Compiling typst-macros v0.15.1
[INFO] [stderr]     Checking phf v0.13.1
[INFO] [stderr]     Checking comemo v0.5.1
[INFO] [stderr]     Checking fancy-regex v0.16.2
[INFO] [stderr]     Checking regex v1.13.1
[INFO] [stderr]     Checking guillotiere v0.7.0
[INFO] [stderr]    Compiling hybrid-array v0.4.15
[INFO] [stderr]     Checking hypher v0.1.8
[INFO] [stderr]     Checking pic-scale v0.7.12
[INFO] [stderr]    Compiling ring v0.17.14
[INFO] [stderr]    Compiling stacker v0.1.25
[INFO] [stderr]    Compiling const-oid v0.10.2
[INFO] [stderr]     Checking zeroize v1.9.0
[INFO] [stderr]     Checking palette v0.7.7
[INFO] [stderr]    Compiling crypto-common v0.2.2
[INFO] [stderr]    Compiling block-buffer v0.12.1
[INFO] [stderr]    Compiling unicase v2.9.0
[INFO] [stderr]     Checking rustls-pki-types v1.15.1
[INFO] [stderr]     Checking pdf-writer v0.15.0
[INFO] [stderr]    Compiling mime_guess v2.0.5
[INFO] [stderr]    Compiling serde_derive v1.0.229
[INFO] [stderr]    Compiling zerofrom-derive v0.1.8
[INFO] [stderr]    Compiling yoke-derive v0.8.4
[INFO] [stderr]    Compiling displaydoc v0.2.7
[INFO] [stderr]    Compiling bytemuck_derive v1.12.1
[INFO] [stderr]    Compiling zerovec-derive v0.11.6
[INFO] [stderr]    Compiling thiserror-impl v2.0.21
[INFO] [stderr]    Compiling tinystr v0.8.4
[INFO] [stderr]    Compiling unic-langid-impl v0.9.6
[INFO] [stderr]    Compiling enum-ordinalize-derive v4.4.2
[INFO] [stderr]    Compiling unic-langid-macros-impl v0.9.6
[INFO] [stderr]     Checking strum v0.27.2
[INFO] [stderr]    Compiling digest v0.11.3
[INFO] [stderr]     Checking zerofrom v0.1.8
[INFO] [stderr]     Checking getrandom v0.2.17
[INFO] [stderr]     Checking yoke v0.8.3
[INFO] [stderr]     Checking bytes v1.12.1
[INFO] [stderr]    Compiling cpufeatures v0.3.1
[INFO] [stderr]     Checking futures-core v0.3.34
[INFO] [stderr]     Checking enum-ordinalize v4.4.2
[INFO] [stderr]     Checking futures-sink v0.3.34
[INFO] [stderr]     Checking untrusted v0.9.0
[INFO] [stderr]     Checking chinese-number v0.7.8
[INFO] [stderr]    Compiling httparse v1.10.1
[INFO] [stderr]     Checking option-ext v0.2.0
[INFO] [stderr]     Checking bytemuck v1.25.2
[INFO] [stderr]     Checking futures-channel v0.3.34
[INFO] [stderr]     Checking dirs-sys v0.5.0
[INFO] [stderr]     Checking cobs v0.3.0
[INFO] [stderr]    Compiling sha2 v0.11.0
[INFO] [stderr]     Checking hayro-write v0.7.0
[INFO] [stderr]    Compiling futures-macro v0.3.34
[INFO] [stderr]    Compiling anyhow v1.0.104
[INFO] [stderr]     Checking futures-task v0.3.34
[INFO] [stderr]     Checking xmp-writer v0.3.3
[INFO] [stderr]    Compiling mime v0.3.17
[INFO] [stderr]     Checking tiny-skia-path v0.12.0
[INFO] [stderr]     Checking font-types v0.11.3
[INFO] [stderr]     Checking rustybuzz v0.20.1
[INFO] [stderr]     Checking image v0.25.10
[INFO] [stderr]     Checking color v0.3.3
[INFO] [stderr]     Checking rgb v0.8.53
[INFO] [stderr]     Checking read-fonts v0.39.2
[INFO] [stderr]     Checking pin-project-lite v0.2.17
[INFO] [stderr]     Checking futures-io v0.3.34
[INFO] [stderr]    Compiling rustls v0.23.45
[INFO] [stderr]     Checking http v1.5.0
[INFO] [stderr]     Checking peniko v0.6.1
[INFO] [stderr]     Checking tiny-skia v0.12.0
[INFO] [stderr]     Checking vello_common v0.0.8
[INFO] [stderr]     Checking dirs v6.0.0
[INFO] [stderr]     Checking iana-time-zone v0.1.65
[INFO] [stderr]     Checking futures-util v0.3.34
[INFO] [stderr]     Checking winnow v1.0.4
[INFO] [stderr]    Compiling pulldown-cmark v0.13.4
[INFO] [stderr]     Checking subtle v2.6.1
[INFO] [stderr]    Compiling rustix v1.1.5
[INFO] [stderr]    Compiling getrandom v0.4.3
[INFO] [stderr]    Compiling rust-embed-utils v8.12.0
[INFO] [stderr]     Checking toml_parser v1.1.3+spec-1.1.0
[INFO] [stderr]    Compiling rust-embed-impl v8.12.0
[INFO] [stderr]     Checking ureq-proto v0.6.4
[INFO] [stderr]    Compiling ar_archive_writer v0.5.3
[INFO] [stderr]     Checking vello_cpu v0.0.8
[INFO] [stderr]     Checking webpki-roots v1.0.9
[INFO] [stderr]     Checking toml_datetime v1.1.1+spec-1.1.0
[INFO] [stderr]     Checking serde_spanned v1.1.1
[INFO] [stderr]     Checking utf8-zero v0.8.1
[INFO] [stderr]     Checking toml_writer v1.1.2+spec-1.1.0
[INFO] [stderr]     Checking infer v0.19.0
[INFO] [stderr]     Checking pulldown-cmark-escape v0.11.0
[INFO] [stderr]     Checking linux-raw-sys v0.12.1
[INFO] [stderr]     Checking rust-embed v8.12.0
[INFO] [stderr]     Checking toml v1.1.6+spec-1.1.0
[INFO] [stderr]     Checking wasmi v1.1.0
[INFO] [stderr]    Compiling psm v0.1.32
[INFO] [stderr]     Checking zerovec v0.11.8
[INFO] [stderr]     Checking postcard v1.1.3
[INFO] [stderr]     Checking serde_spanned v0.6.9
[INFO] [stderr]     Checking toml_datetime v0.6.11
[INFO] [stderr]     Checking quick-xml v0.38.4
[INFO] [stderr]     Checking plist v1.10.1
[INFO] [stderr]     Checking bincode v1.3.3
[INFO] [stderr]     Checking toml_edit v0.22.27
[INFO] [stderr]     Checking typst-timing v0.15.1
[INFO] [stderr]     Checking serde_yaml v0.9.34+deprecated
[INFO] [stderr]     Checking ecow v0.2.6
[INFO] [stderr]     Checking rustls-webpki v0.103.15
[INFO] [stderr]     Checking chrono v0.4.45
[INFO] [stderr]     Checking usvg v0.47.0
[INFO] [stderr]     Checking futures-executor v0.3.34
[INFO] [stderr]     Checking futures v0.3.34
[INFO] [stderr]     Checking rotaryengine v0.1.13
[INFO] [stderr]     Checking syntect v5.3.0
[INFO] [stderr]     Checking citationberg v0.7.0
[INFO] [stderr]     Checking toml v0.8.23
[INFO] [stderr]     Checking zerotrie v0.2.5
[INFO] [stderr]     Checking potential_utf v0.1.6
[INFO] [stderr]     Checking icu_collections v2.3.0
[INFO] [stderr]     Checking typst-syntax v0.15.1
[INFO] [stderr]     Checking icu_locale_core v2.3.0
[INFO] [stderr]     Checking unic-langid-macros v0.9.6
[INFO] [stderr]     Checking tempfile v3.27.0
[INFO] [stderr]     Checking unic-langid v0.9.6
[INFO] [stderr]     Checking biblatex v0.12.0
[INFO] [stderr]     Checking resvg v0.47.0
[INFO] [stderr]     Checking two-face v0.4.5
[INFO] [stderr]     Checking half v2.7.1
[INFO] [stderr]     Checking ppv-lite86 v0.2.21
[INFO] [stderr]     Checking icu_provider v2.3.1
[INFO] [stderr]     Checking icu_properties v2.3.0
[INFO] [stderr]     Checking icu_normalizer v2.3.0
[INFO] [stderr]     Checking icu_locale_fallback v2.3.0
[INFO] [stderr]     Checking icu_provider_blob v2.3.0
[INFO] [stderr]     Checking ciborium-ll v0.2.2
[INFO] [stderr]     Checking icu_locale v2.3.1
[INFO] [stderr]     Checking icu_segmenter v2.3.0
[INFO] [stderr]     Checking rand_chacha v0.3.1
[INFO] [stderr]     Checking ciborium v0.2.2
[INFO] [stderr]     Checking lipsum v0.9.1
[INFO] [stderr]     Checking idna_adapter v1.2.2
[INFO] [stderr]     Checking icu_collator v2.3.1
[INFO] [stderr]     Checking skrifa v0.42.1
[INFO] [stderr]     Checking write-fonts v0.48.1
[INFO] [stderr]     Checking idna v1.1.0
[INFO] [stderr]     Checking url v2.5.8
[INFO] [stderr]     Checking ureq v3.4.2
[INFO] [stderr]     Checking hayagriva v0.10.1
[INFO] [stderr]     Checking hayro-interpret v0.7.0
[INFO] [stderr]     Checking typst-library v0.15.1
[INFO] [stderr]     Checking hayro v0.7.1
[INFO] [stderr]     Checking hayro-svg v0.7.0
[INFO] [stderr]     Checking subsetter v0.2.6
[INFO] [stderr]     Checking krilla v0.8.2
[INFO] [stderr]     Checking krilla-svg v0.8.1
[INFO] [stderr]     Checking typst-layout v0.15.1
[INFO] [stderr]     Checking typst-eval v0.15.1
[INFO] [stderr]     Checking typst-kit v0.15.1
[INFO] [stderr]     Checking typst-svg v0.15.1
[INFO] [stderr]     Checking typst-pdf v0.15.1
[INFO] [stderr]     Checking typst-html v0.15.1
[INFO] [stderr]     Checking typst-realize v0.15.1
[INFO] [stderr]     Checking typst v0.15.1
[INFO] [stderr]     Checking typst-as-lib v0.16.0
[INFO] [stderr]     Checking nornir-docbook v0.1.6 (/opt/rustwide/workdir)
[INFO] [stdout] error[E0433]: cannot find module or crate `gunnar_stage` in this scope
[INFO] [stdout]   --> examples/mem.rs:92:9
[INFO] [stdout]    |
[INFO] [stdout] 92 |     if !gunnar_stage::enabled() {
[INFO] [stdout]    |         ^^^^^^^^^^^^ use of unresolved module or unlinked crate `gunnar_stage`
[INFO] [stdout]    |
[INFO] [stdout]    = help: if you wanted to use a crate named `gunnar_stage`, use `cargo add gunnar_stage` to add it to your `Cargo.toml`
[INFO] [stdout] 
[INFO] [stdout] 
[INFO] [stdout] error[E0433]: cannot find module or crate `gunnar_stage` in this scope
[INFO] [stdout]    --> examples/mem.rs:120:13
[INFO] [stdout]     |
[INFO] [stdout] 120 |             gunnar_stage::note_alloc(layout.size());
[INFO] [stdout]     |             ^^^^^^^^^^^^ use of unresolved module or unlinked crate `gunnar_stage`
[INFO] [stdout]     |
[INFO] [stdout]     = help: if you wanted to use a crate named `gunnar_stage`, use `cargo add gunnar_stage` to add it to your `Cargo.toml`
[INFO] [stdout] 
[INFO] [stdout] 
[INFO] [stdout] error[E0433]: cannot find module or crate `gunnar_stage` in this scope
[INFO] [stdout]    --> examples/mem.rs:126:9
[INFO] [stdout]     |
[INFO] [stdout] 126 |         gunnar_stage::note_dealloc(layout.size());
[INFO] [stdout]     |         ^^^^^^^^^^^^ use of unresolved module or unlinked crate `gunnar_stage`
[INFO] [stdout]     |
[INFO] [stdout]     = help: if you wanted to use a crate named `gunnar_stage`, use `cargo add gunnar_stage` to add it to your `Cargo.toml`
[INFO] [stdout] 
[INFO] [stdout] 
[INFO] [stdout] error[E0433]: cannot find module or crate `gunnar_stage` in this scope
[INFO] [stdout]    --> examples/mem.rs:133:13
[INFO] [stdout]     |
[INFO] [stdout] 133 |             gunnar_stage::note_dealloc(layout.size());
[INFO] [stdout]     |             ^^^^^^^^^^^^ use of unresolved module or unlinked crate `gunnar_stage`
[INFO] [stdout]     |
[INFO] [stdout]     = help: if you wanted to use a crate named `gunnar_stage`, use `cargo add gunnar_stage` to add it to your `Cargo.toml`
[INFO] [stdout] 
[INFO] [stdout] 
[INFO] [stdout] error[E0433]: cannot find module or crate `gunnar_stage` in this scope
[INFO] [stdout]    --> examples/mem.rs:134:13
[INFO] [stdout]     |
[INFO] [stdout] 134 |             gunnar_stage::note_alloc(new_size);
[INFO] [stdout]     |             ^^^^^^^^^^^^ use of unresolved module or unlinked crate `gunnar_stage`
[INFO] [stdout]     |
[INFO] [stdout]     = help: if you wanted to use a crate named `gunnar_stage`, use `cargo add gunnar_stage` to add it to your `Cargo.toml`
[INFO] [stdout] 
[INFO] [stdout] 
[INFO] [stdout] error[E0433]: cannot find module or crate `gunnar_stage` in this scope
[INFO] [stdout]    --> examples/mem.rs:142:13
[INFO] [stdout]     |
[INFO] [stdout] 142 |             gunnar_stage::note_alloc(layout.size());
[INFO] [stdout]     |             ^^^^^^^^^^^^ use of unresolved module or unlinked crate `gunnar_stage`
[INFO] [stdout]     |
[INFO] [stdout]     = help: if you wanted to use a crate named `gunnar_stage`, use `cargo add gunnar_stage` to add it to your `Cargo.toml`
[INFO] [stdout] 
[INFO] [stdout] 
[INFO] [stdout] error[E0433]: cannot find module or crate `gunnar_stage` in this scope
[INFO] [stdout]    --> examples/mem.rs:257:5
[INFO] [stdout]     |
[INFO] [stdout] 257 |     gunnar_stage::reset();
[INFO] [stdout]     |     ^^^^^^^^^^^^ use of unresolved module or unlinked crate `gunnar_stage`
[INFO] [stdout]     |
[INFO] [stdout]     = help: if you wanted to use a crate named `gunnar_stage`, use `cargo add gunnar_stage` to add it to your `Cargo.toml`
[INFO] [stdout] 
[INFO] [stdout] 
[INFO] [stdout] error[E0433]: cannot find module or crate `gunnar_stage` in this scope
[INFO] [stdout]    --> examples/mem.rs:259:5
[INFO] [stdout]     |
[INFO] [stdout] 259 |     gunnar_stage::enable();
[INFO] [stdout]     |     ^^^^^^^^^^^^ use of unresolved module or unlinked crate `gunnar_stage`
[INFO] [stdout]     |
[INFO] [stdout]     = help: if you wanted to use a crate named `gunnar_stage`, use `cargo add gunnar_stage` to add it to your `Cargo.toml`
[INFO] [stdout] 
[INFO] [stdout] 
[INFO] [stdout] error[E0433]: cannot find module or crate `gunnar_stage` in this scope
[INFO] [stdout]    --> examples/mem.rs:268:5
[INFO] [stdout]     |
[INFO] [stdout] 268 |     gunnar_stage::disable();
[INFO] [stdout]     |     ^^^^^^^^^^^^ use of unresolved module or unlinked crate `gunnar_stage`
[INFO] [stdout]     |
[INFO] [stdout]     = help: if you wanted to use a crate named `gunnar_stage`, use `cargo add gunnar_stage` to add it to your `Cargo.toml`
[INFO] [stdout] 
[INFO] [stdout] 
[INFO] [stdout] error[E0433]: cannot find module or crate `gunnar_stage` in this scope
[INFO] [stdout]    --> examples/mem.rs:293:5
[INFO] [stdout]     |
[INFO] [stdout] 293 |     gunnar_stage::reset();
[INFO] [stdout]     |     ^^^^^^^^^^^^ use of unresolved module or unlinked crate `gunnar_stage`
[INFO] [stdout]     |
[INFO] [stdout]     = help: if you wanted to use a crate named `gunnar_stage`, use `cargo add gunnar_stage` to add it to your `Cargo.toml`
[INFO] [stdout] 
[INFO] [stdout] 
[INFO] [stdout] error[E0433]: cannot find module or crate `gunnar_stage` in this scope
[INFO] [stdout]    --> examples/mem.rs:295:5
[INFO] [stdout]     |
[INFO] [stdout] 295 |     gunnar_stage::enable();
[INFO] [stdout]     |     ^^^^^^^^^^^^ use of unresolved module or unlinked crate `gunnar_stage`
[INFO] [stdout]     |
[INFO] [stdout]     = help: if you wanted to use a crate named `gunnar_stage`, use `cargo add gunnar_stage` to add it to your `Cargo.toml`
[INFO] [stdout] 
[INFO] [stdout] 
[INFO] [stdout] error[E0433]: cannot find module or crate `gunnar_stage` in this scope
[INFO] [stdout]    --> examples/mem.rs:317:5
[INFO] [stdout]     |
[INFO] [stdout] 317 |     gunnar_stage::disable();
[INFO] [stdout]     |     ^^^^^^^^^^^^ use of unresolved module or unlinked crate `gunnar_stage`
[INFO] [stdout]     |
[INFO] [stdout]     = help: if you wanted to use a crate named `gunnar_stage`, use `cargo add gunnar_stage` to add it to your `Cargo.toml`
[INFO] [stdout] 
[INFO] [stdout] 
[INFO] [stdout] error[E0433]: cannot find module or crate `gunnar_stage` in this scope
[INFO] [stdout]    --> examples/mem.rs:325:5
[INFO] [stdout]     |
[INFO] [stdout] 325 |     gunnar_stage::reset();
[INFO] [stdout]     |     ^^^^^^^^^^^^ use of unresolved module or unlinked crate `gunnar_stage`
[INFO] [stdout]     |
[INFO] [stdout]     = help: if you wanted to use a crate named `gunnar_stage`, use `cargo add gunnar_stage` to add it to your `Cargo.toml`
[INFO] [stdout] 
[INFO] [stdout] 
[INFO] [stdout] error[E0433]: cannot find module or crate `gunnar_stage` in this scope
[INFO] [stdout]    --> examples/mem.rs:326:5
[INFO] [stdout]     |
[INFO] [stdout] 326 |     gunnar_stage::enable();
[INFO] [stdout]     |     ^^^^^^^^^^^^ use of unresolved module or unlinked crate `gunnar_stage`
[INFO] [stdout]     |
[INFO] [stdout]     = help: if you wanted to use a crate named `gunnar_stage`, use `cargo add gunnar_stage` to add it to your `Cargo.toml`
[INFO] [stdout] 
[INFO] [stdout] 
[INFO] [stdout] error[E0433]: cannot find module or crate `gunnar_stage` in this scope
[INFO] [stdout]    --> examples/mem.rs:328:18
[INFO] [stdout]     |
[INFO] [stdout] 328 |         let _s = gunnar_stage::enter("probe");
[INFO] [stdout]     |                  ^^^^^^^^^^^^ use of unresolved module or unlinked crate `gunnar_stage`
[INFO] [stdout]     |
[INFO] [stdout]     = help: if you wanted to use a crate named `gunnar_stage`, use `cargo add gunnar_stage` to add it to your `Cargo.toml`
[INFO] [stdout] 
[INFO] [stdout] 
[INFO] [stdout] error[E0433]: cannot find module or crate `gunnar_stage` in this scope
[INFO] [stdout]    --> examples/mem.rs:332:13
[INFO] [stdout]     |
[INFO] [stdout] 332 |     let t = gunnar_stage::thread_report();
[INFO] [stdout]     |             ^^^^^^^^^^^^ use of unresolved module or unlinked crate `gunnar_stage`
[INFO] [stdout]     |
[INFO] [stdout]     = help: if you wanted to use a crate named `gunnar_stage`, use `cargo add gunnar_stage` to add it to your `Cargo.toml`
[INFO] [stdout] 
[INFO] [stdout] 
[INFO] [stdout] error[E0433]: cannot find module or crate `gunnar_stage` in this scope
[INFO] [stdout]    --> examples/mem.rs:334:5
[INFO] [stdout]     |
[INFO] [stdout] 334 |     gunnar_stage::disable();
[INFO] [stdout]     |     ^^^^^^^^^^^^ use of unresolved module or unlinked crate `gunnar_stage`
[INFO] [stdout]     |
[INFO] [stdout]     = help: if you wanted to use a crate named `gunnar_stage`, use `cargo add gunnar_stage` to add it to your `Cargo.toml`
[INFO] [stdout] 
[INFO] [stdout] 
[INFO] [stdout] error[E0433]: cannot find module or crate `gunnar_stage` in this scope
[INFO] [stdout]    --> examples/mem.rs:356:5
[INFO] [stdout]     |
[INFO] [stdout] 356 |     gunnar_stage::reset();
[INFO] [stdout]     |     ^^^^^^^^^^^^ use of unresolved module or unlinked crate `gunnar_stage`
[INFO] [stdout]     |
[INFO] [stdout]     = help: if you wanted to use a crate named `gunnar_stage`, use `cargo add gunnar_stage` to add it to your `Cargo.toml`
[INFO] [stdout] 
[INFO] [stdout] 
[INFO] [stdout] error[E0433]: cannot find module or crate `gunnar_stage` in this scope
[INFO] [stdout]    --> examples/mem.rs:358:5
[INFO] [stdout]     |
[INFO] [stdout] 358 |     gunnar_stage::enable();
[INFO] [stdout]     |     ^^^^^^^^^^^^ use of unresolved module or unlinked crate `gunnar_stage`
[INFO] [stdout]     |
[INFO] [stdout]     = help: if you wanted to use a crate named `gunnar_stage`, use `cargo add gunnar_stage` to add it to your `Cargo.toml`
[INFO] [stdout] 
[INFO] [stdout] 
[INFO] [stdout] error[E0433]: cannot find module or crate `gunnar_stage` in this scope
[INFO] [stdout]    --> examples/mem.rs:362:18
[INFO] [stdout]     |
[INFO] [stdout] 362 |         let _s = gunnar_stage::enter("corpus");
[INFO] [stdout]     |                  ^^^^^^^^^^^^ use of unresolved module or unlinked crate `gunnar_stage`
[INFO] [stdout]     |
[INFO] [stdout]     = help: if you wanted to use a crate named `gunnar_stage`, use `cargo add gunnar_stage` to add it to your `Cargo.toml`
[INFO] [stdout] 
[INFO] [stdout] 
[INFO] [stdout] error[E0433]: cannot find module or crate `gunnar_stage` in this scope
[INFO] [stdout]    --> examples/mem.rs:368:18
[INFO] [stdout]     |
[INFO] [stdout] 368 |         let _s = gunnar_stage::enter("md_to_typst");
[INFO] [stdout]     |                  ^^^^^^^^^^^^ use of unresolved module or unlinked crate `gunnar_stage`
[INFO] [stdout]     |
[INFO] [stdout]     = help: if you wanted to use a crate named `gunnar_stage`, use `cargo add gunnar_stage` to add it to your `Cargo.toml`
[INFO] [stdout] 
[INFO] [stdout] 
[INFO] [stdout] error[E0433]: cannot find module or crate `gunnar_stage` in this scope
[INFO] [stdout]    --> examples/mem.rs:375:18
[INFO] [stdout]     |
[INFO] [stdout] 375 |         let _s = gunnar_stage::enter("engine");
[INFO] [stdout]     |                  ^^^^^^^^^^^^ use of unresolved module or unlinked crate `gunnar_stage`
[INFO] [stdout]     |
[INFO] [stdout]     = help: if you wanted to use a crate named `gunnar_stage`, use `cargo add gunnar_stage` to add it to your `Cargo.toml`
[INFO] [stdout] 
[INFO] [stdout] 
[INFO] [stdout] error[E0433]: cannot find module or crate `gunnar_stage` in this scope
[INFO] [stdout]    --> examples/mem.rs:384:18
[INFO] [stdout]     |
[INFO] [stdout] 384 |         let _s = gunnar_stage::enter("compile");
[INFO] [stdout]     |                  ^^^^^^^^^^^^ use of unresolved module or unlinked crate `gunnar_stage`
[INFO] [stdout]     |
[INFO] [stdout]     = help: if you wanted to use a crate named `gunnar_stage`, use `cargo add gunnar_stage` to add it to your `Cargo.toml`
[INFO] [stdout] 
[INFO] [stdout] 
[INFO] [stdout] error[E0433]: cannot find module or crate `gunnar_stage` in this scope
[INFO] [stdout]    --> examples/mem.rs:393:18
[INFO] [stdout]     |
[INFO] [stdout] 393 |         let _s = gunnar_stage::enter("typst_svg");
[INFO] [stdout]     |                  ^^^^^^^^^^^^ use of unresolved module or unlinked crate `gunnar_stage`
[INFO] [stdout]     |
[INFO] [stdout]     = help: if you wanted to use a crate named `gunnar_stage`, use `cargo add gunnar_stage` to add it to your `Cargo.toml`
[INFO] [stdout] 
[INFO] [stdout] 
[INFO] [stdout] error[E0433]: cannot find module or crate `gunnar_stage` in this scope
[INFO] [stdout]    --> examples/mem.rs:400:18
[INFO] [stdout]     |
[INFO] [stdout] 400 |         let _s = gunnar_stage::enter("optimize_svg");
[INFO] [stdout]     |                  ^^^^^^^^^^^^ use of unresolved module or unlinked crate `gunnar_stage`
[INFO] [stdout]     |
[INFO] [stdout]     = help: if you wanted to use a crate named `gunnar_stage`, use `cargo add gunnar_stage` to add it to your `Cargo.toml`
[INFO] [stdout] 
[INFO] [stdout] 
[INFO] [stdout] error[E0433]: cannot find module or crate `gunnar_stage` in this scope
[INFO] [stdout]    --> examples/mem.rs:407:18
[INFO] [stdout]     |
[INFO] [stdout] 407 |         let _s = gunnar_stage::enter("drop raw");
[INFO] [stdout]     |                  ^^^^^^^^^^^^ use of unresolved module or unlinked crate `gunnar_stage`
[INFO] [stdout]     |
[INFO] [stdout]     = help: if you wanted to use a crate named `gunnar_stage`, use `cargo add gunnar_stage` to add it to your `Cargo.toml`
[INFO] [stdout] 
[INFO] [stdout] 
[INFO] [stdout] error[E0433]: cannot find module or crate `gunnar_stage` in this scope
[INFO] [stdout]    --> examples/mem.rs:413:18
[INFO] [stdout]     |
[INFO] [stdout] 413 |         let _s = gunnar_stage::enter("drop doc");
[INFO] [stdout]     |                  ^^^^^^^^^^^^ use of unresolved module or unlinked crate `gunnar_stage`
[INFO] [stdout]     |
[INFO] [stdout]     = help: if you wanted to use a crate named `gunnar_stage`, use `cargo add gunnar_stage` to add it to your `Cargo.toml`
[INFO] [stdout] 
[INFO] [stdout] 
[INFO] [stdout] error[E0433]: cannot find module or crate `gunnar_stage` in this scope
[INFO] [stdout]    --> examples/mem.rs:420:18
[INFO] [stdout]     |
[INFO] [stdout] 420 |         let _s = gunnar_stage::enter("drop opt");
[INFO] [stdout]     |                  ^^^^^^^^^^^^ use of unresolved module or unlinked crate `gunnar_stage`
[INFO] [stdout]     |
[INFO] [stdout]     = help: if you wanted to use a crate named `gunnar_stage`, use `cargo add gunnar_stage` to add it to your `Cargo.toml`
[INFO] [stdout] 
[INFO] [stdout] 
[INFO] [stdout] error[E0433]: cannot find module or crate `gunnar_stage` in this scope
[INFO] [stdout]    --> examples/mem.rs:429:18
[INFO] [stdout]     |
[INFO] [stdout] 429 |         let _s = gunnar_stage::enter("export_svg_column Off");
[INFO] [stdout]     |                  ^^^^^^^^^^^^ use of unresolved module or unlinked crate `gunnar_stage`
[INFO] [stdout]     |
[INFO] [stdout]     = help: if you wanted to use a crate named `gunnar_stage`, use `cargo add gunnar_stage` to add it to your `Cargo.toml`
[INFO] [stdout] 
[INFO] [stdout] 
[INFO] [stdout] error[E0433]: cannot find module or crate `gunnar_stage` in this scope
[INFO] [stdout]    --> examples/mem.rs:437:18
[INFO] [stdout]     |
[INFO] [stdout] 437 |         let _s = gunnar_stage::enter("export_svg_column On");
[INFO] [stdout]     |                  ^^^^^^^^^^^^ use of unresolved module or unlinked crate `gunnar_stage`
[INFO] [stdout]     |
[INFO] [stdout]     = help: if you wanted to use a crate named `gunnar_stage`, use `cargo add gunnar_stage` to add it to your `Cargo.toml`
[INFO] [stdout] 
[INFO] [stdout] 
[INFO] [stdout] error[E0433]: cannot find module or crate `gunnar_stage` in this scope
[INFO] [stdout]    --> examples/mem.rs:445:5
[INFO] [stdout]     |
[INFO] [stdout] 445 |     gunnar_stage::disable();
[INFO] [stdout]     |     ^^^^^^^^^^^^ use of unresolved module or unlinked crate `gunnar_stage`
[INFO] [stdout]     |
[INFO] [stdout]     = help: if you wanted to use a crate named `gunnar_stage`, use `cargo add gunnar_stage` to add it to your `Cargo.toml`
[INFO] [stdout] 
[INFO] [stdout] 
[INFO] [stdout] error[E0433]: cannot find module or crate `gunnar_stage` in this scope
[INFO] [stdout]    --> examples/mem.rs:446:18
[INFO] [stdout]     |
[INFO] [stdout] 446 |     let report = gunnar_stage::thread_report();
[INFO] [stdout]     |                  ^^^^^^^^^^^^ use of unresolved module or unlinked crate `gunnar_stage`
[INFO] [stdout]     |
[INFO] [stdout]     = help: if you wanted to use a crate named `gunnar_stage`, use `cargo add gunnar_stage` to add it to your `Cargo.toml`
[INFO] [stdout] 
[INFO] [stdout] 
[INFO] [stdout] error[E0433]: cannot find module or crate `gunnar_stage` in this scope
[INFO] [stdout]    --> examples/mem.rs:516:5
[INFO] [stdout]     |
[INFO] [stdout] 516 |     gunnar_stage::reset();
[INFO] [stdout]     |     ^^^^^^^^^^^^ use of unresolved module or unlinked crate `gunnar_stage`
[INFO] [stdout]     |
[INFO] [stdout]     = help: if you wanted to use a crate named `gunnar_stage`, use `cargo add gunnar_stage` to add it to your `Cargo.toml`
[INFO] [stdout] 
[INFO] [stdout] 
[INFO] [stdout] error[E0433]: cannot find module or crate `gunnar_stage` in this scope
[INFO] [stdout]    --> examples/mem.rs:518:5
[INFO] [stdout]     |
[INFO] [stdout] 518 |     gunnar_stage::enable();
[INFO] [stdout]     |     ^^^^^^^^^^^^ use of unresolved module or unlinked crate `gunnar_stage`
[INFO] [stdout]     |
[INFO] [stdout]     = help: if you wanted to use a crate named `gunnar_stage`, use `cargo add gunnar_stage` to add it to your `Cargo.toml`
[INFO] [stdout] 
[INFO] [stdout] 
[INFO] [stdout] error[E0433]: cannot find module or crate `gunnar_stage` in this scope
[INFO] [stdout]    --> examples/mem.rs:524:5
[INFO] [stdout]     |
[INFO] [stdout] 524 |     gunnar_stage::disable();
[INFO] [stdout]     |     ^^^^^^^^^^^^ use of unresolved module or unlinked crate `gunnar_stage`
[INFO] [stdout]     |
[INFO] [stdout]     = help: if you wanted to use a crate named `gunnar_stage`, use `cargo add gunnar_stage` to add it to your `Cargo.toml`
[INFO] [stdout] 
[INFO] [stdout] 
[INFO] [stdout] For more information about this error, try `rustc --explain E0433`.
[INFO] [stdout] 
[INFO] [stderr] error: could not compile `nornir-docbook` (example "mem") due to 35 previous errors
[INFO] running `Command { std: "docker" "inspect" "382fb85dc9d22b731c814477b79462b75e8176a5058414d1e6d4a93453dbd980", kill_on_drop: false }`
[INFO] running `Command { std: "docker" "rm" "-f" "382fb85dc9d22b731c814477b79462b75e8176a5058414d1e6d4a93453dbd980", kill_on_drop: false }`
[INFO] [stdout] 382fb85dc9d22b731c814477b79462b75e8176a5058414d1e6d4a93453dbd980
