[INFO] fetching crate nmbrs-runtime 0.4.0...
[INFO] checking nmbrs-runtime-0.4.0 against 3154cc1a3e6424e44f438a95007d043ed5ceaaf6+rustflags=-Znext-solver=coherence for pr-133502-30
[INFO] extracting crate nmbrs-runtime 0.4.0 into /workspace/builds/worker-4-tc1/source
[INFO] started tweaking crates.io crate nmbrs-runtime 0.4.0
[INFO] removed 0 missing tests
[INFO] finished tweaking crates.io crate nmbrs-runtime 0.4.0
[INFO] tweaked toml for crates.io crate nmbrs-runtime 0.4.0 written to /workspace/builds/worker-4-tc1/source/Cargo.toml
[INFO] validating manifest of crates.io crate nmbrs-runtime 0.4.0 on toolchain 3154cc1a3e6424e44f438a95007d043ed5ceaaf6
[INFO] running `Command { std: CARGO_HOME="/workspace/cargo-home" RUSTUP_HOME="/workspace/rustup-home" "/workspace/cargo-home/bin/cargo" "+3154cc1a3e6424e44f438a95007d043ed5ceaaf6" "metadata" "--manifest-path" "Cargo.toml" "--no-deps", kill_on_drop: false }`
[INFO] crate crates.io crate nmbrs-runtime 0.4.0 already has a lockfile, it will not be regenerated
[INFO] running `Command { std: CARGO_HOME="/workspace/cargo-home" RUSTUP_HOME="/workspace/rustup-home" "/workspace/cargo-home/bin/cargo" "+3154cc1a3e6424e44f438a95007d043ed5ceaaf6" "fetch" "--manifest-path" "Cargo.toml", kill_on_drop: false }`
[INFO] [stderr] warning: `package.homepage` is redundant with `package.repository`
[INFO] [stderr]   --> Cargo.toml:89:12
[INFO] [stderr]    |
[INFO] [stderr] 89 | homepage = "https://github.com/nosqlbench/nmbrs"
[INFO] [stderr]    |            ^^^^^^^^^^^^^^^^^^^^^^^^^^^^^^^^^^^^^
[INFO] [stderr] ...
[INFO] [stderr] 94 | repository = "https://github.com/nosqlbench/nmbrs"
[INFO] [stderr]    |              -------------------------------------
[INFO] [stderr]    |
[INFO] [stderr]    = note: `cargo::redundant_homepage` is set to `warn` by default
[INFO] [stderr] help: consider removing `package.homepage`
[INFO] [stderr] warning: `nmbrs-runtime` (manifest) generated 1 warning
[INFO] [stderr]     Updating crates.io index
[INFO] [stderr]  Downloading crates ...
[INFO] [stderr]   Downloaded tokio-macros v2.7.1
[INFO] [stderr]   Downloaded xxhash-rust v0.8.18
[INFO] [stderr]   Downloaded wasm-bindgen-shared v0.2.126
[INFO] [stderr]   Downloaded wasm-bindgen v0.2.126
[INFO] [stderr]   Downloaded wasm-bindgen-macro v0.2.126
[INFO] [stderr]   Downloaded futures-core v0.3.33
[INFO] [stderr]   Downloaded futures-io v0.3.33
[INFO] [stderr]   Downloaded futures-task v0.3.33
[INFO] [stderr]   Downloaded futures-sink v0.3.33
[INFO] [stderr]   Downloaded unarray v0.1.4
[INFO] [stderr]   Downloaded fallible-streaming-iterator v0.1.9
[INFO] [stderr]   Downloaded aligned-vec v0.6.4
[INFO] [stderr]   Downloaded quick-error v1.2.3
[INFO] [stderr]   Downloaded rand_xorshift v0.4.0
[INFO] [stderr]   Downloaded debugid v0.8.0
[INFO] [stderr]   Downloaded futures-macro v0.3.33
[INFO] [stderr]   Downloaded equator-macro v0.4.2
[INFO] [stderr]   Downloaded thiserror v2.0.19
[INFO] [stderr]   Downloaded equator v0.4.2
[INFO] [stderr]   Downloaded toml_write v0.1.2
[INFO] [stderr]   Downloaded toml_datetime v0.6.11
[INFO] [stderr]   Downloaded veks-completion-derive v1.6.1
[INFO] [stderr]   Downloaded wasm-bindgen-futures v0.4.76
[INFO] [stderr]   Downloaded rusty-fork v0.3.1
[INFO] [stderr]   Downloaded pkg-config v0.3.33
[INFO] [stderr]   Downloaded wait-timeout v0.2.1
[INFO] [stderr]   Downloaded thiserror-impl v2.0.19
[INFO] [stderr]   Downloaded rustc-demangle v0.1.28
[INFO] [stderr]   Downloaded hashlink v0.9.1
[INFO] [stderr]   Downloaded rand_core v0.9.5
[INFO] [stderr]   Downloaded rand_chacha v0.9.0
[INFO] [stderr]   Downloaded serde_spanned v0.6.9
[INFO] [stderr]   Downloaded displaydoc v0.2.6
[INFO] [stderr]   Downloaded csv-core v0.1.13
[INFO] [stderr]   Downloaded smallvec v1.15.2
[INFO] [stderr]   Downloaded fallible-iterator v0.3.0
[INFO] [stderr]   Downloaded pprof v0.15.0
[INFO] [stderr]   Downloaded symbolic-common v12.18.3
[INFO] [stderr]   Downloaded memmap2 v0.9.11
[INFO] [stderr]   Downloaded spin v0.10.1
[INFO] [stderr]   Downloaded findshlibs v0.10.2
[INFO] [stderr]   Downloaded toml v0.8.23
[INFO] [stderr]   Downloaded polydat-derive v0.6.0
[INFO] [stderr]   Downloaded cpufeatures v0.3.0
[INFO] [stderr]   Downloaded windows-registry v0.6.1
[INFO] [stderr]   Downloaded wasm-bindgen-macro-support v0.2.126
[INFO] [stderr]   Downloaded js-sys v0.3.103
[INFO] [stderr]   Downloaded futures-channel v0.3.33
[INFO] [stderr]   Downloaded serde_yaml v0.9.34+deprecated
[INFO] [stderr]   Downloaded unsafe-libyaml v0.2.11
[INFO] [stderr]   Downloaded cc v1.3.0
[INFO] [stderr]   Downloaded uuid v1.24.0
[INFO] [stderr]   Downloaded toml_edit v0.22.27
[INFO] [stderr]   Downloaded veks-anode v1.3.1
[INFO] [stderr]   Downloaded signal-hook v0.3.18
[INFO] [stderr]   Downloaded tokio-rustls v0.26.4
[INFO] [stderr]   Downloaded tinyvec v1.12.0
[INFO] [stderr]   Downloaded system-configuration v0.7.0
[INFO] [stderr]   Downloaded system-configuration-sys v0.6.0
[INFO] [stderr]   Downloaded ipnet v2.12.0
[INFO] [stderr]   Downloaded http-body-util v0.1.4
[INFO] [stderr]   Downloaded crossbeam-deque v0.8.7
[INFO] [stderr]   Downloaded either v1.16.0
[INFO] [stderr]   Downloaded unicode-truncate v1.1.0
[INFO] [stderr]   Downloaded time-core v0.1.9
[INFO] [stderr]   Downloaded powerfmt v0.2.0
[INFO] [stderr]   Downloaded num-conv v0.2.2
[INFO] [stderr]   Downloaded strum v0.26.3
[INFO] [stderr]   Downloaded darling_macro v0.23.0
[INFO] [stderr]   Downloaded ident_case v1.0.1
[INFO] [stderr]   Downloaded signal-hook-mio v0.2.5
[INFO] [stderr]   Downloaded zerocopy-derive v0.8.55
[INFO] [stderr]   Downloaded proptest v1.11.0
[INFO] [stderr]   Downloaded rand v0.9.5
[INFO] [stderr]   Downloaded cpp_demangle v0.4.5
[INFO] [stderr]   Downloaded veks-completion v1.6.1
[INFO] [stderr]   Downloaded simsimd v6.5.16
[INFO] [stderr]   Downloaded http v1.4.2
[INFO] [stderr]   Downloaded combine v4.6.7
[INFO] [stderr]   Downloaded crossbeam-utils v0.8.22
[INFO] [stderr]   Downloaded crossbeam-epoch v0.9.20
[INFO] [stderr]   Downloaded num_threads v0.1.7
[INFO] [stderr]   Downloaded deranged v0.5.8
[INFO] [stderr]   Downloaded strum_macros v0.26.4
[INFO] [stderr]   Downloaded paste v1.0.15
[INFO] [stderr]   Downloaded lru v0.12.5
[INFO] [stderr]   Downloaded instability v0.3.12
[INFO] [stderr]   Downloaded indoc v2.0.7
[INFO] [stderr]   Downloaded darling v0.23.0
[INFO] [stderr]   Downloaded crossterm_winapi v0.9.1
[INFO] [stderr]   Downloaded castaway v0.2.4
[INFO] [stderr]   Downloaded cranelift-native v0.116.1
[INFO] [stderr]   Downloaded futures-util v0.3.33
[INFO] [stderr]   Downloaded rusqlite v0.31.0
[INFO] [stderr]   Downloaded hashbrown v0.14.5
[INFO] [stderr]   Downloaded symbolic-demangle v12.18.3
[INFO] [stderr]   Downloaded winnow v0.7.15
[INFO] [stderr]   Downloaded slabtastic v1.3.1
[INFO] [stderr]   Downloaded reqwest v0.13.4
[INFO] [stderr]   Downloaded hyper v1.11.0
[INFO] [stderr]   Downloaded darling_core v0.23.0
[INFO] [stderr]   Downloaded crossterm v0.28.1
[INFO] [stderr]   Downloaded compact_str v0.8.2
[INFO] [stderr]   Downloaded cassowary v0.3.0
[INFO] [stderr]   Downloaded rand_xoshiro v0.7.0
[INFO] [stderr]   Downloaded inventory v0.3.24
[INFO] [stderr]   Downloaded data-encoding v2.11.0
[INFO] [stderr]   Downloaded cranelift-bitset v0.116.1
[INFO] [stderr]   Downloaded cranelift-control v0.116.1
[INFO] [stderr]   Downloaded zerocopy v0.8.55
[INFO] [stderr]   Downloaded nix v0.26.4
[INFO] [stderr]   Downloaded unicode-width v0.2.0
[INFO] [stderr]   Downloaded quinn-proto v0.11.16
[INFO] [stderr]   Downloaded layout-rs v0.1.3
[INFO] [stderr]   Downloaded cranelift-isle v0.116.1
[INFO] [stderr]   Downloaded cranelift-entity v0.116.1
[INFO] [stderr]   Downloaded time v0.3.54
[INFO] [stderr]   Downloaded polydat-grammar v0.6.1
[INFO] [stderr]   Downloaded target-lexicon v0.13.5
[INFO] [stderr]   Downloaded cranelift-codegen-shared v0.116.1
[INFO] [stderr]   Downloaded arbitrary v1.4.2
[INFO] [stderr]   Downloaded cranelift-codegen-meta v0.116.1
[INFO] [stderr]   Downloaded cranelift-bforest v0.116.1
[INFO] [stderr]   Downloaded polydat-nodes v0.6.0
[INFO] [stderr]   Downloaded regalloc2 v0.11.2
[INFO] [stderr]   Downloaded regex-automata v0.4.16
[INFO] [stderr]   Downloaded vectordata v1.7.1
[INFO] [stderr]   Downloaded web-sys v0.3.103
[INFO] [stderr]   Downloaded ratatui v0.29.0
[INFO] [stderr]   Downloaded gimli v0.31.1
[INFO] [stderr]   Downloaded polydat-core v0.6.1
[INFO] [stderr]   Downloaded csv v1.4.0
[INFO] [stderr]   Downloaded cranelift-codegen v0.116.1
[INFO] [stderr]   Downloaded cranelift-module v0.116.1
[INFO] [stderr]   Downloaded cranelift-jit v0.116.1
[INFO] [stderr]   Downloaded wasmtime-jit-icache-coherence v29.0.1
[INFO] [stderr]   Downloaded region v3.0.2
[INFO] [stderr]   Downloaded mach2 v0.4.3
[INFO] [stderr]   Downloaded cranelift-frontend v0.116.1
[INFO] [stderr]   Downloaded clap v4.6.4
[INFO] [stderr]   Downloaded tree-sitter-language v0.1.7
[INFO] [stderr]   Downloaded clap_builder v4.6.2
[INFO] [stderr]   Downloaded nmbrs-workload v0.4.0
[INFO] [stderr]   Downloaded tree-sitter-yaml v0.7.2
[INFO] [stderr]   Downloaded streaming-iterator v0.1.9
[INFO] [stderr]   Downloaded marked-yaml v0.8.0
[INFO] [stderr]   Downloaded yaml-rust2 v0.10.4
[INFO] [stderr]   Downloaded arraydeque v0.5.1
[INFO] [stderr]   Downloaded doc-comment v0.3.4
[INFO] [stderr]   Downloaded fs4 v0.13.1
[INFO] [stderr]   Downloaded tree-sitter v0.25.10
[INFO] [stderr]   Downloaded native-tls v0.2.18
[INFO] [stderr]   Downloaded reqwest v0.12.28
[INFO] [stderr]   Downloaded openssl-macros v0.1.1
[INFO] [stderr]   Downloaded foreign-types v0.3.2
[INFO] [stderr]   Downloaded foreign-types-shared v0.1.1
[INFO] [stderr]   Downloaded hyper-tls v0.6.0
[INFO] [stderr]   Downloaded nmbrs-rate v0.4.0
[INFO] [stderr]   Downloaded tokio-native-tls v0.3.1
[INFO] [stderr]   Downloaded futures-executor v0.3.33
[INFO] [stderr]   Downloaded crc32fast v1.5.0
[INFO] [stderr]   Downloaded futures v0.3.33
[INFO] [stderr]   Downloaded openssl-sys v0.9.117
[INFO] [stderr]   Downloaded flate2 v1.1.9
[INFO] [stderr]   Downloaded crossbeam-channel v0.5.16
[INFO] [stderr]   Downloaded nom v8.0.0
[INFO] [stderr]   Downloaded junction v1.4.2
[INFO] [stderr]   Downloaded nmbrs-metrics v0.4.0
[INFO] [stderr]   Downloaded nmbrs-errorhandler v0.4.0
[INFO] [stderr]   Downloaded arc-swap v1.9.2
[INFO] [stderr]   Downloaded openssl v0.10.81
[INFO] [stderr]   Downloaded hdrhistogram v7.6.0
[INFO] [stderr]   Downloaded encoding_rs v0.8.35
[INFO] [stderr]   Downloaded polydat v0.6.2
[INFO] [stderr]   Downloaded libsqlite3-sys v0.28.0
[INFO] running `Command { std: "docker" "create" "-v" "/var/lib/crater-agent-workspace/builds/worker-4-tc1/source:/opt/rustwide/workdir:ro,Z" "-v" "/var/lib/crater-agent-workspace/builds/worker-4-tc1/target:/opt/rustwide/target:rw,Z" "-v" "/var/lib/crater-agent-workspace/cargo-home:/opt/rustwide/cargo-home:ro,Z" "-v" "/var/lib/crater-agent-workspace/rustup-home:/opt/rustwide/rustup-home:ro,Z" "-m" "1610612736" "--network" "none" "ghcr.io/rust-lang/crates-build-env/linux@sha256:77db811e55d90add9212f6832c23229e3de5f1c1f9905e8cb07319ea15df73ac" "sleep" "infinity", kill_on_drop: false }`
[INFO] [stdout] 175bc5e1f8eda8bc58b2ccd44a6f38be21d83f138712b235c23d1b167212ca65
[INFO] running `Command { std: "docker" "start" "175bc5e1f8eda8bc58b2ccd44a6f38be21d83f138712b235c23d1b167212ca65", kill_on_drop: false }`
[INFO] running `Command { std: "docker" "inspect" "175bc5e1f8eda8bc58b2ccd44a6f38be21d83f138712b235c23d1b167212ca65", kill_on_drop: false }`
[INFO] running `Command { std: "docker" "exec" "-e" "SOURCE_DIR=/opt/rustwide/workdir" "-e" "CARGO_HOME=/opt/rustwide/cargo-home" "-e" "RUSTUP_HOME=/opt/rustwide/rustup-home" "-e" "CARGO_TARGET_DIR=/opt/rustwide/target" "-w" "/opt/rustwide/workdir" "--user" "0:0" "175bc5e1f8eda8bc58b2ccd44a6f38be21d83f138712b235c23d1b167212ca65" "/opt/rustwide/cargo-home/bin/cargo" "+3154cc1a3e6424e44f438a95007d043ed5ceaaf6" "metadata" "--no-deps" "--format-version=1", kill_on_drop: false }`
[INFO] running `Command { std: "docker" "inspect" "175bc5e1f8eda8bc58b2ccd44a6f38be21d83f138712b235c23d1b167212ca65", kill_on_drop: false }`
[INFO] running `Command { std: "docker" "exec" "-e" "SOURCE_DIR=/opt/rustwide/workdir" "-e" "CARGO_HOME=/opt/rustwide/cargo-home" "-e" "RUSTUP_HOME=/opt/rustwide/rustup-home" "-e" "CARGO_TARGET_DIR=/opt/rustwide/target" "-e" "CARGO_INCREMENTAL=0" "-e" "RUST_BACKTRACE=full" "-e" "RUSTFLAGS=--cap-lints=forbid -Znext-solver=coherence" "-e" "RUSTDOCFLAGS=--cap-lints=forbid" "-w" "/opt/rustwide/workdir" "--user" "0:0" "175bc5e1f8eda8bc58b2ccd44a6f38be21d83f138712b235c23d1b167212ca65" "/opt/rustwide/cargo-home/bin/cargo" "+3154cc1a3e6424e44f438a95007d043ed5ceaaf6" "check" "--frozen" "--all" "--all-targets" "--message-format=json", kill_on_drop: false }`
[INFO] [stderr] warning: `package.homepage` is redundant with `package.repository`
[INFO] [stderr]   --> Cargo.toml:89:12
[INFO] [stderr]    |
[INFO] [stderr] 89 | homepage = "https://github.com/nosqlbench/nmbrs"
[INFO] [stderr]    |            ^^^^^^^^^^^^^^^^^^^^^^^^^^^^^^^^^^^^^
[INFO] [stderr] ...
[INFO] [stderr] 94 | repository = "https://github.com/nosqlbench/nmbrs"
[INFO] [stderr]    |              -------------------------------------
[INFO] [stderr]    |
[INFO] [stderr]    = note: `cargo::redundant_homepage` is set to `warn` by default
[INFO] [stderr] help: consider removing `package.homepage`
[INFO] [stderr] warning: `nmbrs-runtime` (manifest) generated 1 warning
[INFO] [stderr]    Compiling find-msvc-tools v0.1.9
[INFO] [stderr]    Compiling serde_core v1.0.229
[INFO] [stderr]    Compiling pkg-config v0.3.33
[INFO] [stderr]     Checking log v0.4.33
[INFO] [stderr]     Checking smallvec v1.15.2
[INFO] [stderr]     Checking hashbrown v0.17.1
[INFO] [stderr]     Checking errno v0.3.14
[INFO] [stderr]     Checking futures-core v0.3.33
[INFO] [stderr]     Checking signal-hook-registry v1.4.8
[INFO] [stderr]     Checking mio v1.2.2
[INFO] [stderr]    Compiling zerocopy v0.8.55
[INFO] [stderr]    Compiling zerocopy-derive v0.8.55
[INFO] [stderr]    Compiling cc v1.3.0
[INFO] [stderr]    Compiling zerovec-derive v0.11.3
[INFO] [stderr]     Checking futures-sink v0.3.33
[INFO] [stderr]    Compiling tokio-macros v2.7.1
[INFO] [stderr]    Compiling displaydoc v0.2.6
[INFO] [stderr]    Compiling serde v1.0.229
[INFO] [stderr]     Checking foldhash v0.1.5
[INFO] [stderr]     Checking futures-channel v0.3.33
[INFO] [stderr]     Checking tokio v1.53.1
[INFO] [stderr]     Checking hashbrown v0.15.5
[INFO] [stderr]    Compiling serde_derive v1.0.229
[INFO] [stderr]     Checking zerovec v0.11.6
[INFO] [stderr]    Compiling cmake v0.1.58
[INFO] [stderr]     Checking tinystr v0.8.3
[INFO] [stderr]     Checking http v1.4.2
[INFO] [stderr]    Compiling futures-macro v0.3.33
[INFO] [stderr]     Checking litemap v0.8.2
[INFO] [stderr]     Checking writeable v0.6.3
[INFO] [stderr]    Compiling aws-lc-sys v0.45.0
[INFO] [stderr]    Compiling serde_json v1.0.151
[INFO] [stderr]     Checking futures-io v0.3.33
[INFO] [stderr]     Checking futures-task v0.3.33
[INFO] [stderr]     Checking icu_locale_core v2.2.0
[INFO] [stderr]     Checking potential_utf v0.1.5
[INFO] [stderr]     Checking zerotrie v0.2.4
[INFO] [stderr]     Checking futures-util v0.3.33
[INFO] [stderr]    Compiling ahash v0.8.12
[INFO] [stderr]    Compiling icu_normalizer_data v2.2.0
[INFO] [stderr]    Compiling icu_properties_data v2.2.0
[INFO] [stderr]    Compiling vcpkg v0.2.15
[INFO] [stderr]     Checking indexmap v2.14.0
[INFO] [stderr]     Checking icu_provider v2.2.0
[INFO] [stderr]     Checking icu_collections v2.2.0
[INFO] [stderr]     Checking http-body v1.1.0
[INFO] [stderr]    Compiling cranelift-isle v0.116.1
[INFO] [stderr]     Checking ryu v1.0.23
[INFO] [stderr]    Compiling crossbeam-utils v0.8.22
[INFO] [stderr]    Compiling getrandom v0.3.4
[INFO] [stderr]    Compiling rustversion v1.0.23
[INFO] [stderr]     Checking tracing v0.1.44
[INFO] [stderr]    Compiling generic-array v0.14.7
[INFO] [stderr]    Compiling cranelift-codegen-shared v0.116.1
[INFO] [stderr]    Compiling cranelift-codegen-meta v0.116.1
[INFO] [stderr]     Checking icu_properties v2.2.0
[INFO] [stderr]     Checking icu_normalizer v2.2.0
[INFO] [stderr]     Checking tokio-util v0.7.19
[INFO] [stderr]    Compiling target-lexicon v0.13.5
[INFO] [stderr]     Checking typenum v1.20.1
[INFO] [stderr]     Checking h2 v0.4.19
[INFO] [stderr]     Checking cranelift-bitset v0.116.1
[INFO] [stderr]     Checking idna_adapter v1.2.2
[INFO] [stderr]     Checking cranelift-entity v0.116.1
[INFO] [stderr]     Checking rand_core v0.9.5
[INFO] [stderr]     Checking form_urlencoded v1.2.2
[INFO] [stderr]     Checking bumpalo v3.20.3
[INFO] [stderr]     Checking rustc-hash v2.1.3
[INFO] [stderr]    Compiling crossbeam-epoch v0.9.20
[INFO] [stderr]    Compiling signal-hook v0.3.18
[INFO] [stderr]    Compiling strsim v0.11.1
[INFO] [stderr]    Compiling ident_case v1.0.1
[INFO] [stderr]     Checking ipnet v2.12.0
[INFO] [stderr]    Compiling anyhow v1.0.104
[INFO] [stderr]     Checking arbitrary v1.4.2
[INFO] [stderr]     Checking hashbrown v0.14.5
[INFO] [stderr]    Compiling darling_core v0.23.0
[INFO] [stderr]     Checking regalloc2 v0.11.2
[INFO] [stderr]     Checking cranelift-control v0.116.1
[INFO] [stderr]     Checking cranelift-bforest v0.116.1
[INFO] [stderr]     Checking idna v1.1.0
[INFO] [stderr]     Checking gimli v0.31.1
[INFO] [stderr]    Compiling openssl-sys v0.9.117
[INFO] [stderr]     Checking sync_wrapper v1.0.2
[INFO] [stderr]     Checking aho-corasick v1.1.4
[INFO] [stderr]    Compiling cranelift-codegen v0.116.1
[INFO] [stderr]    Compiling crossbeam-deque v0.8.7
[INFO] [stderr]     Checking either v1.16.0
[INFO] [stderr]    Compiling rustix v0.38.44
[INFO] [stderr]     Checking tower v0.5.3
[INFO] [stderr]     Checking regex-automata v0.4.16
[INFO] [stderr]     Checking hyper v1.11.0
[INFO] [stderr]     Checking url v2.5.8
[INFO] [stderr]     Checking parking_lot_core v0.9.12
[INFO] [stderr]     Checking crypto-common v0.1.7
[INFO] [stderr]     Checking block-buffer v0.10.4
[INFO] [stderr]     Checking ppv-lite86 v0.2.21
[INFO] [stderr]     Checking http-body-util v0.1.4
[INFO] [stderr]     Checking unsafe-libyaml v0.2.11
[INFO] [stderr]    Compiling darling_macro v0.23.0
[INFO] [stderr]    Compiling paste v1.0.15
[INFO] [stderr]     Checking hyper-util v0.1.20
[INFO] [stderr]     Checking linux-raw-sys v0.4.15
[INFO] [stderr]    Compiling instability v0.3.12
[INFO] [stderr]    Compiling rayon-core v1.13.0
[INFO] [stderr]    Compiling darling v0.23.0
[INFO] [stderr]     Checking rand_chacha v0.9.0
[INFO] [stderr]     Checking regex v1.13.1
[INFO] [stderr]     Checking signal-hook-mio v0.2.5
[INFO] [stderr]     Checking serde_yaml v0.9.34+deprecated
[INFO] [stderr]     Checking tower-http v0.6.11
[INFO] [stderr]     Checking digest v0.10.7
[INFO] [stderr]     Checking parking_lot v0.12.5
[INFO] [stderr]     Checking itertools v0.13.0
[INFO] [stderr]    Compiling strum_macros v0.26.4
[INFO] [stderr]     Checking toml_datetime v0.6.11
[INFO] [stderr]     Checking serde_spanned v0.6.9
[INFO] [stderr]     Checking castaway v0.2.4
[INFO] [stderr]    Compiling simsimd v6.5.16
[INFO] [stderr]     Checking csv-core v0.1.13
[INFO] [stderr]     Checking toml_write v0.1.2
[INFO] [stderr]     Checking static_assertions v1.1.0
[INFO] [stderr]     Checking deranged v0.5.8
[INFO] [stderr]     Checking byteorder v1.5.0
[INFO] [stderr]     Checking num-conv v0.2.2
[INFO] [stderr]     Checking num_threads v0.1.7
[INFO] [stderr]    Compiling indoc v2.0.7
[INFO] [stderr]     Checking powerfmt v0.2.0
[INFO] [stderr]    Compiling thiserror v2.0.19
[INFO] [stderr]     Checking winnow v0.7.15
[INFO] [stderr]     Checking unicode-width v0.1.14
[INFO] [stderr]     Checking time-core v0.1.9
[INFO] [stderr]     Checking csv v1.4.0
[INFO] [stderr]     Checking unicode-truncate v1.1.0
[INFO] [stderr]     Checking time v0.3.54
[INFO] [stderr]     Checking compact_str v0.8.2
[INFO] [stderr]     Checking crossterm v0.28.1
[INFO] [stderr]     Checking strum v0.26.3
[INFO] [stderr]     Checking rand v0.9.5
[INFO] [stderr]     Checking lru v0.12.5
[INFO] [stderr]    Compiling thiserror-impl v2.0.19
[INFO] [stderr]    Compiling veks-completion-derive v1.6.1
[INFO] [stderr]     Checking toml_edit v0.22.27
[INFO] [stderr]     Checking memmap2 v0.9.11
[INFO] [stderr]     Checking unicode-width v0.2.0
[INFO] [stderr]     Checking veks-completion v1.6.1
[INFO] [stderr]     Checking cpufeatures v0.2.17
[INFO] [stderr]     Checking cassowary v0.3.0
[INFO] [stderr]     Checking bitflags v1.3.2
[INFO] [stderr]    Compiling vectordata v1.7.1
[INFO] [stderr]     Checking foreign-types-shared v0.1.1
[INFO] [stderr]    Compiling openssl v0.10.81
[INFO] [stderr]     Checking foreign-types v0.3.2
[INFO] [stderr]     Checking region v3.0.2
[INFO] [stderr]     Checking ratatui v0.29.0
[INFO] [stderr]     Checking sha2 v0.10.9
[INFO] [stderr]     Checking slabtastic v1.3.1
[INFO] [stderr]     Checking rayon v1.12.0
[INFO] [stderr]     Checking veks-anode v1.3.1
[INFO] [stderr]     Checking toml v0.8.23
[INFO] [stderr]     Checking wasmtime-jit-icache-coherence v29.0.1
[INFO] [stderr]     Checking half v2.7.1
[INFO] [stderr]     Checking rand_xoshiro v0.7.0
[INFO] [stderr]    Compiling openssl-macros v0.1.1
[INFO] [stderr]     Checking filetime v0.2.29
[INFO] [stderr]    Compiling native-tls v0.2.18
[INFO] [stderr]    Compiling tree-sitter-language v0.1.7
[INFO] [stderr]     Checking layout-rs v0.1.3
[INFO] [stderr]     Checking anstream v1.0.0
[INFO] [stderr]    Compiling num-traits v0.2.19
[INFO] [stderr]    Compiling polydat-derive v0.6.0
[INFO] [stderr]     Checking encoding_rs v0.8.35
[INFO] [stderr]     Checking polydat-grammar v0.6.1
[INFO] [stderr]     Checking inventory v0.3.24
[INFO] [stderr]    Compiling equivalent v1.0.2
[INFO] [stderr]     Checking clap_lex v1.1.0
[INFO] [stderr]     Checking data-encoding v2.11.0
[INFO] [stderr]    Compiling crc32fast v1.5.0
[INFO] [stderr]     Checking xxhash-rust v0.8.18
[INFO] [stderr]     Checking clap_builder v4.6.2
[INFO] [stderr]     Checking rustix v1.1.4
[INFO] [stderr]     Checking md-5 v0.10.6
[INFO] [stderr]    Compiling clap_derive v4.6.4
[INFO] [stderr]    Compiling libsqlite3-sys v0.28.0
[INFO] [stderr]    Compiling zmij v1.0.23
[INFO] [stderr]    Compiling memchr v2.8.3
[INFO] [stderr]    Compiling itoa v1.0.18
[INFO] [stderr]     Checking adler2 v2.0.1
[INFO] [stderr]     Checking simd-adler32 v0.3.10
[INFO] [stderr]     Checking cranelift-module v0.116.1
[INFO] [stderr]     Checking cranelift-native v0.116.1
[INFO] [stderr]     Checking cranelift-frontend v0.116.1
[INFO] [stderr]     Checking miniz_oxide v0.8.9
[INFO] [stderr]     Checking cranelift-jit v0.116.1
[INFO] [stderr]     Checking tokio-native-tls v0.3.1
[INFO] [stderr]    Compiling getrandom v0.4.3
[INFO] [stderr]    Compiling doc-comment v0.3.4
[INFO] [stderr]     Checking hyper-tls v0.6.0
[INFO] [stderr]     Checking flate2 v1.1.9
[INFO] [stderr]     Checking hashlink v0.9.1
[INFO] [stderr]     Checking serde_urlencoded v0.7.1
[INFO] [stderr]     Checking crossbeam-channel v0.5.16
[INFO] [stderr]     Checking futures-executor v0.3.33
[INFO] [stderr]    Compiling tree-sitter-yaml v0.7.2
[INFO] [stderr]     Checking hashlink v0.10.0
[INFO] [stderr]     Checking nom v8.0.0
[INFO] [stderr]     Checking mime v0.3.17
[INFO] [stderr]     Checking fallible-iterator v0.3.0
[INFO] [stderr]     Checking arraydeque v0.5.1
[INFO] [stderr]     Checking fallible-streaming-iterator v0.1.9
[INFO] [stderr]     Checking clap v4.6.4
[INFO] [stderr]     Checking reqwest v0.12.28
[INFO] [stderr]     Checking yaml-rust2 v0.10.4
[INFO] [stderr]     Checking futures v0.3.33
[INFO] [stderr]     Checking arc-swap v1.9.2
[INFO] [stderr]     Checking streaming-iterator v0.1.9
[INFO] [stderr]     Checking tempfile v3.27.0
[INFO] [stderr]     Checking marked-yaml v0.8.0
[INFO] [stderr]     Checking fs4 v0.13.1
[INFO] [stderr]     Checking wait-timeout v0.2.1
[INFO] [stderr]     Checking bit-vec v0.8.0
[INFO] [stderr]     Checking quick-error v1.2.3
[INFO] [stderr]     Checking nmbrs-errorhandler v0.4.0
[INFO] [stderr]     Checking rusty-fork v0.3.1
[INFO] [stderr]     Checking bit-set v0.8.0
[INFO] [stderr]     Checking rand_xorshift v0.4.0
[INFO] [stderr]     Checking unarray v0.1.4
[INFO] [stderr]     Checking proptest v1.11.0
[INFO] [stderr]    Compiling tree-sitter v0.25.10
[INFO] [stderr]     Checking hdrhistogram v7.6.0
[INFO] [stderr]     Checking rusqlite v0.31.0
[INFO] [stderr]    Compiling aws-lc-rs v1.18.1
[INFO] [stderr]    Compiling rustls v0.23.45
[INFO] [stderr]     Checking rustls-webpki v0.103.15
[INFO] [stderr]     Checking tokio-rustls v0.26.4
[INFO] [stderr]     Checking rustls-platform-verifier v0.7.0
[INFO] [stderr]     Checking hyper-rustls v0.27.9
[INFO] [stderr]     Checking reqwest v0.13.4
[INFO] [stderr]     Checking polydat-core v0.6.1
[INFO] [stderr]     Checking polydat-nodes v0.6.0
[INFO] [stderr]     Checking polydat v0.6.2
[INFO] [stderr]     Checking nmbrs-metrics v0.4.0
[INFO] [stderr]     Checking nmbrs-workload v0.4.0
[INFO] [stderr]     Checking nmbrs-rate v0.4.0
[INFO] [stderr]     Checking nmbrs-runtime v0.4.0 (/opt/rustwide/workdir)
[INFO] [stdout] error[E0432]: unresolved import `nmbrs_adapter_stdout`
[INFO] [stdout]   --> tests/daemon_if_e2e.rs:27:5
[INFO] [stdout]    |
[INFO] [stdout] 27 | use nmbrs_adapter_stdout::StdoutAdapter as _PullInStdoutAdapter;
[INFO] [stdout]    |     ^^^^^^^^^^^^^^^^^^^^ use of unresolved module or unlinked crate `nmbrs_adapter_stdout`
[INFO] [stdout]    |
[INFO] [stdout]    = help: if you wanted to use a crate named `nmbrs_adapter_stdout`, use `cargo add nmbrs_adapter_stdout` to add it to your `Cargo.toml`
[INFO] [stdout] 
[INFO] [stdout] 
[INFO] [stdout] error[E0432]: unresolved import `nmbrs_adapter_stdout`
[INFO] [stdout]   --> tests/checkpoint_resume_e2e.rs:34:5
[INFO] [stdout]    |
[INFO] [stdout] 34 | use nmbrs_adapter_stdout::StdoutAdapter as _PullInStdoutAdapter;
[INFO] [stdout]    |     ^^^^^^^^^^^^^^^^^^^^ use of unresolved module or unlinked crate `nmbrs_adapter_stdout`
[INFO] [stdout]    |
[INFO] [stdout]    = help: if you wanted to use a crate named `nmbrs_adapter_stdout`, use `cargo add nmbrs_adapter_stdout` to add it to your `Cargo.toml`
[INFO] [stdout] 
[INFO] [stdout] 
[INFO] [stdout] For more information about this error, try `rustc --explain E0432`.
[INFO] [stdout] 
[INFO] [stderr] error: could not compile `nmbrs-runtime` (test "daemon_if_e2e") due to 1 previous error
[INFO] [stderr] warning: build failed, waiting for other jobs to finish...
[INFO] [stdout] error[E0432]: unresolved import `nmbrs_adapter_stdout`
[INFO] [stdout]   --> tests/stdout_e2e.rs:11:5
[INFO] [stdout]    |
[INFO] [stdout] 11 | use nmbrs_adapter_stdout::{StdoutAdapter, StdoutConfig, StdoutFormat};
[INFO] [stdout]    |     ^^^^^^^^^^^^^^^^^^^^ use of unresolved module or unlinked crate `nmbrs_adapter_stdout`
[INFO] [stdout]    |
[INFO] [stdout]    = help: if you wanted to use a crate named `nmbrs_adapter_stdout`, use `cargo add nmbrs_adapter_stdout` to add it to your `Cargo.toml`
[INFO] [stdout] 
[INFO] [stdout] 
[INFO] [stdout] For more information about this error, try `rustc --explain E0432`.
[INFO] [stdout] 
[INFO] [stderr] error: could not compile `nmbrs-runtime` (test "checkpoint_resume_e2e") due to 1 previous error
[INFO] [stdout] For more information about this error, try `rustc --explain E0432`.
[INFO] [stdout] 
[INFO] [stderr] error: could not compile `nmbrs-runtime` (test "stdout_e2e") due to 1 previous error
[INFO] running `Command { std: "docker" "inspect" "175bc5e1f8eda8bc58b2ccd44a6f38be21d83f138712b235c23d1b167212ca65", kill_on_drop: false }`
[INFO] running `Command { std: "docker" "rm" "-f" "175bc5e1f8eda8bc58b2ccd44a6f38be21d83f138712b235c23d1b167212ca65", kill_on_drop: false }`
[INFO] [stdout] 175bc5e1f8eda8bc58b2ccd44a6f38be21d83f138712b235c23d1b167212ca65
