[INFO] fetching crate nix-rs-eval-builtin-macros 0.0.1...
[INFO] checking nix-rs-eval-builtin-macros-0.0.1 against 3154cc1a3e6424e44f438a95007d043ed5ceaaf6 for pr-133502-30
[INFO] extracting crate nix-rs-eval-builtin-macros 0.0.1 into /workspace/builds/worker-2-tc2/source
[INFO] started tweaking crates.io crate nix-rs-eval-builtin-macros 0.0.1
[INFO] removed 0 missing tests
[INFO] finished tweaking crates.io crate nix-rs-eval-builtin-macros 0.0.1
[INFO] tweaked toml for crates.io crate nix-rs-eval-builtin-macros 0.0.1 written to /workspace/builds/worker-2-tc2/source/Cargo.toml
[INFO] validating manifest of crates.io crate nix-rs-eval-builtin-macros 0.0.1 on toolchain 3154cc1a3e6424e44f438a95007d043ed5ceaaf6
[INFO] running `Command { std: CARGO_HOME="/workspace/cargo-home" RUSTUP_HOME="/workspace/rustup-home" "/workspace/cargo-home/bin/cargo" "+3154cc1a3e6424e44f438a95007d043ed5ceaaf6" "metadata" "--manifest-path" "Cargo.toml" "--no-deps", kill_on_drop: false }`
[INFO] crate crates.io crate nix-rs-eval-builtin-macros 0.0.1 already has a lockfile, it will not be regenerated
[INFO] running `Command { std: CARGO_HOME="/workspace/cargo-home" RUSTUP_HOME="/workspace/rustup-home" "/workspace/cargo-home/bin/cargo" "+3154cc1a3e6424e44f438a95007d043ed5ceaaf6" "fetch" "--manifest-path" "Cargo.toml", kill_on_drop: false }`
[INFO] running `Command { std: "docker" "create" "-v" "/var/lib/crater-agent-workspace/builds/worker-2-tc2/source:/opt/rustwide/workdir:ro,Z" "-v" "/var/lib/crater-agent-workspace/builds/worker-2-tc2/target:/opt/rustwide/target:rw,Z" "-v" "/var/lib/crater-agent-workspace/cargo-home:/opt/rustwide/cargo-home:ro,Z" "-v" "/var/lib/crater-agent-workspace/rustup-home:/opt/rustwide/rustup-home:ro,Z" "-m" "1610612736" "--network" "none" "ghcr.io/rust-lang/crates-build-env/linux@sha256:77db811e55d90add9212f6832c23229e3de5f1c1f9905e8cb07319ea15df73ac" "sleep" "infinity", kill_on_drop: false }`
[INFO] [stdout] 5d5ad9d79edd6f5da2162b131aee3acef73b6c598372c0f6ea053a5f323b4cf1
[INFO] running `Command { std: "docker" "start" "5d5ad9d79edd6f5da2162b131aee3acef73b6c598372c0f6ea053a5f323b4cf1", kill_on_drop: false }`
[INFO] running `Command { std: "docker" "inspect" "5d5ad9d79edd6f5da2162b131aee3acef73b6c598372c0f6ea053a5f323b4cf1", kill_on_drop: false }`
[INFO] running `Command { std: "docker" "exec" "-e" "SOURCE_DIR=/opt/rustwide/workdir" "-e" "CARGO_HOME=/opt/rustwide/cargo-home" "-e" "RUSTUP_HOME=/opt/rustwide/rustup-home" "-e" "CARGO_TARGET_DIR=/opt/rustwide/target" "-w" "/opt/rustwide/workdir" "--user" "0:0" "5d5ad9d79edd6f5da2162b131aee3acef73b6c598372c0f6ea053a5f323b4cf1" "/opt/rustwide/cargo-home/bin/cargo" "+3154cc1a3e6424e44f438a95007d043ed5ceaaf6" "metadata" "--no-deps" "--format-version=1", kill_on_drop: false }`
[INFO] running `Command { std: "docker" "inspect" "5d5ad9d79edd6f5da2162b131aee3acef73b6c598372c0f6ea053a5f323b4cf1", kill_on_drop: false }`
[INFO] running `Command { std: "docker" "exec" "-e" "SOURCE_DIR=/opt/rustwide/workdir" "-e" "CARGO_HOME=/opt/rustwide/cargo-home" "-e" "RUSTUP_HOME=/opt/rustwide/rustup-home" "-e" "CARGO_TARGET_DIR=/opt/rustwide/target" "-e" "CARGO_INCREMENTAL=0" "-e" "RUST_BACKTRACE=full" "-e" "RUSTFLAGS=--cap-lints=forbid" "-e" "RUSTDOCFLAGS=--cap-lints=forbid" "-w" "/opt/rustwide/workdir" "--user" "0:0" "5d5ad9d79edd6f5da2162b131aee3acef73b6c598372c0f6ea053a5f323b4cf1" "/opt/rustwide/cargo-home/bin/cargo" "+3154cc1a3e6424e44f438a95007d043ed5ceaaf6" "check" "--frozen" "--all" "--all-targets" "--message-format=json", kill_on_drop: false }`
[INFO] [stderr]    Compiling proc-macro2 v1.0.107
[INFO] [stderr]    Compiling quote v1.0.47
[INFO] [stderr]    Compiling syn v1.0.109
[INFO] [stderr]     Checking unicode-ident v1.0.24
[INFO] [stderr]     Checking nix-rs-eval-builtin-macros v0.0.1 (/opt/rustwide/workdir)
[INFO] [stdout] error[E0433]: cannot find module or crate `nix_rs_eval` in this scope
[INFO] [stdout]  --> tests/tests.rs:6:6
[INFO] [stdout]   |
[INFO] [stdout] 6 |     use nix_rs_eval::generators::{Gen, GenCo};
[INFO] [stdout]   |         ^^^^^^^^^^^ use of unresolved module or unlinked crate `nix_rs_eval`
[INFO] [stdout]   |
[INFO] [stdout]   = help: if you wanted to use a crate named `nix_rs_eval`, use `cargo add nix_rs_eval` to add it to your `Cargo.toml`
[INFO] [stdout] 
[INFO] [stdout] 
[INFO] [stdout] error[E0432]: unresolved import `nix_rs_eval`
[INFO] [stdout]  --> tests/tests.rs:1:9
[INFO] [stdout]   |
[INFO] [stdout] 1 | pub use nix_rs_eval::{Builtin, Value};
[INFO] [stdout]   |         ^^^^^^^^^^^ use of unresolved module or unlinked crate `nix_rs_eval`
[INFO] [stdout]   |
[INFO] [stdout]   = help: if you wanted to use a crate named `nix_rs_eval`, use `cargo add nix_rs_eval` to add it to your `Cargo.toml`
[INFO] [stdout] 
[INFO] [stdout] 
[INFO] [stdout] error[E0432]: unresolved import `nix_rs_eval`
[INFO] [stdout]  --> tests/tests.rs:7:6
[INFO] [stdout]   |
[INFO] [stdout] 7 |     use nix_rs_eval::{ErrorKind, Value};
[INFO] [stdout]   |         ^^^^^^^^^^^ use of unresolved module or unlinked crate `nix_rs_eval`
[INFO] [stdout]   |
[INFO] [stdout]   = help: if you wanted to use a crate named `nix_rs_eval`, use `cargo add nix_rs_eval` to add it to your `Cargo.toml`
[INFO] [stdout] 
[INFO] [stdout] 
[INFO] [stdout] error[E0433]: cannot find module or crate `nix_rs_eval` in this scope
[INFO] [stdout]   --> tests/tests.rs:13:43
[INFO] [stdout]    |
[INFO] [stdout] 13 |     pub async fn builtin_identity(co: GenCo, x: Value) -> Result<Value, ErrorKind> {
[INFO] [stdout]    |                                              ^^^^^^^^ use of unresolved module or unlinked crate `nix_rs_eval`
[INFO] [stdout]    |
[INFO] [stdout]    = help: if you wanted to use a crate named `nix_rs_eval`, use `cargo add nix_rs_eval` to add it to your `Cargo.toml`
[INFO] [stdout] 
[INFO] [stdout] 
[INFO] [stdout] error[E0433]: cannot find module or crate `nix_rs_eval` in this scope
[INFO] [stdout]   --> tests/tests.rs:12:2
[INFO] [stdout]    |
[INFO] [stdout] 12 |     #[builtin("identity")]
[INFO] [stdout]    |     ^^^^^^^^^^^^^^^^^^^^^^ use of unresolved module or unlinked crate `nix_rs_eval`
[INFO] [stdout]    |
[INFO] [stdout]    = help: if you wanted to use a crate named `nix_rs_eval`, use `cargo add nix_rs_eval` to add it to your `Cargo.toml`
[INFO] [stdout] 
[INFO] [stdout] 
[INFO] [stdout] error[E0433]: cannot find module or crate `nix_rs_eval` in this scope
[INFO] [stdout]   --> tests/tests.rs:17:2
[INFO] [stdout]    |
[INFO] [stdout] 17 |     #[builtin("tryEval")]
[INFO] [stdout]    |     ^^^^^^^^^^^^^^^^^^^^^ use of unresolved module or unlinked crate `nix_rs_eval`
[INFO] [stdout]    |
[INFO] [stdout]    = help: if you wanted to use a crate named `nix_rs_eval`, use `cargo add nix_rs_eval` to add it to your `Cargo.toml`
[INFO] [stdout] 
[INFO] [stdout] 
[INFO] [stdout] Some errors have detailed explanations: E0432, E0433.
[INFO] [stdout] 
[INFO] [stdout] For more information about an error, try `rustc --explain E0432`.
[INFO] [stdout] 
[INFO] [stderr] error: could not compile `nix-rs-eval-builtin-macros` (test "tests") due to 6 previous errors
[INFO] running `Command { std: "docker" "inspect" "5d5ad9d79edd6f5da2162b131aee3acef73b6c598372c0f6ea053a5f323b4cf1", kill_on_drop: false }`
[INFO] running `Command { std: "docker" "rm" "-f" "5d5ad9d79edd6f5da2162b131aee3acef73b6c598372c0f6ea053a5f323b4cf1", kill_on_drop: false }`
[INFO] [stdout] 5d5ad9d79edd6f5da2162b131aee3acef73b6c598372c0f6ea053a5f323b4cf1
