[INFO] fetching crate nibli-render 0.1.0...
[INFO] checking nibli-render-0.1.0 against 3154cc1a3e6424e44f438a95007d043ed5ceaaf6+rustflags=-Znext-solver=coherence for pr-133502-30
[INFO] extracting crate nibli-render 0.1.0 into /workspace/builds/worker-7-tc1/source
[INFO] started tweaking crates.io crate nibli-render 0.1.0
[INFO] finished tweaking crates.io crate nibli-render 0.1.0
[INFO] tweaked toml for crates.io crate nibli-render 0.1.0 written to /workspace/builds/worker-7-tc1/source/Cargo.toml
[INFO] validating manifest of crates.io crate nibli-render 0.1.0 on toolchain 3154cc1a3e6424e44f438a95007d043ed5ceaaf6
[INFO] running `Command { std: CARGO_HOME="/workspace/cargo-home" RUSTUP_HOME="/workspace/rustup-home" "/workspace/cargo-home/bin/cargo" "+3154cc1a3e6424e44f438a95007d043ed5ceaaf6" "metadata" "--manifest-path" "Cargo.toml" "--no-deps", kill_on_drop: false }`
[INFO] crate crates.io crate nibli-render 0.1.0 already has a lockfile, it will not be regenerated
[INFO] running `Command { std: CARGO_HOME="/workspace/cargo-home" RUSTUP_HOME="/workspace/rustup-home" "/workspace/cargo-home/bin/cargo" "+3154cc1a3e6424e44f438a95007d043ed5ceaaf6" "fetch" "--manifest-path" "Cargo.toml", kill_on_drop: false }`
[INFO] [stderr]     Blocking waiting for file lock on package cache
[INFO] [stderr]     Blocking waiting for file lock on package cache
[INFO] running `Command { std: "docker" "create" "-v" "/var/lib/crater-agent-workspace/builds/worker-7-tc1/source:/opt/rustwide/workdir:ro,Z" "-v" "/var/lib/crater-agent-workspace/builds/worker-7-tc1/target:/opt/rustwide/target:rw,Z" "-v" "/var/lib/crater-agent-workspace/cargo-home:/opt/rustwide/cargo-home:ro,Z" "-v" "/var/lib/crater-agent-workspace/rustup-home:/opt/rustwide/rustup-home:ro,Z" "-m" "1610612736" "--network" "none" "ghcr.io/rust-lang/crates-build-env/linux@sha256:77db811e55d90add9212f6832c23229e3de5f1c1f9905e8cb07319ea15df73ac" "sleep" "infinity", kill_on_drop: false }`
[INFO] [stdout] 9a259ae2c5274d96363d65450cdf52eaafeb3b11c5eb83374f9d030e8ed30e4c
[INFO] running `Command { std: "docker" "start" "9a259ae2c5274d96363d65450cdf52eaafeb3b11c5eb83374f9d030e8ed30e4c", kill_on_drop: false }`
[INFO] running `Command { std: "docker" "inspect" "9a259ae2c5274d96363d65450cdf52eaafeb3b11c5eb83374f9d030e8ed30e4c", kill_on_drop: false }`
[INFO] running `Command { std: "docker" "exec" "-e" "SOURCE_DIR=/opt/rustwide/workdir" "-e" "CARGO_HOME=/opt/rustwide/cargo-home" "-e" "RUSTUP_HOME=/opt/rustwide/rustup-home" "-e" "CARGO_TARGET_DIR=/opt/rustwide/target" "-w" "/opt/rustwide/workdir" "--user" "0:0" "9a259ae2c5274d96363d65450cdf52eaafeb3b11c5eb83374f9d030e8ed30e4c" "/opt/rustwide/cargo-home/bin/cargo" "+3154cc1a3e6424e44f438a95007d043ed5ceaaf6" "metadata" "--no-deps" "--format-version=1", kill_on_drop: false }`
[INFO] running `Command { std: "docker" "inspect" "9a259ae2c5274d96363d65450cdf52eaafeb3b11c5eb83374f9d030e8ed30e4c", kill_on_drop: false }`
[INFO] running `Command { std: "docker" "exec" "-e" "SOURCE_DIR=/opt/rustwide/workdir" "-e" "CARGO_HOME=/opt/rustwide/cargo-home" "-e" "RUSTUP_HOME=/opt/rustwide/rustup-home" "-e" "CARGO_TARGET_DIR=/opt/rustwide/target" "-e" "CARGO_INCREMENTAL=0" "-e" "RUST_BACKTRACE=full" "-e" "RUSTFLAGS=--cap-lints=forbid -Znext-solver=coherence" "-e" "RUSTDOCFLAGS=--cap-lints=forbid" "-w" "/opt/rustwide/workdir" "--user" "0:0" "9a259ae2c5274d96363d65450cdf52eaafeb3b11c5eb83374f9d030e8ed30e4c" "/opt/rustwide/cargo-home/bin/cargo" "+3154cc1a3e6424e44f438a95007d043ed5ceaaf6" "check" "--frozen" "--all" "--all-targets" "--message-format=json", kill_on_drop: false }`
[INFO] [stderr]    Compiling proc-macro2 v1.0.106
[INFO] [stderr]    Compiling quote v1.0.44
[INFO] [stderr]    Compiling unicode-ident v1.0.24
[INFO] [stderr]    Compiling serde_core v1.0.228
[INFO] [stderr]    Compiling serde v1.0.228
[INFO] [stderr]    Compiling zmij v1.0.21
[INFO] [stderr]    Compiling serde_json v1.0.149
[INFO] [stderr]     Checking itoa v1.0.17
[INFO] [stderr]     Checking memchr v2.8.0
[INFO] [stderr]     Checking nibli-lexicon v0.1.0
[INFO] [stderr]    Compiling syn v2.0.116
[INFO] [stderr]    Compiling serde_derive v1.0.228
[INFO] [stderr]     Checking nibli-types v0.1.0
[INFO] [stderr]     Checking nibli-protocol v0.1.0
[INFO] [stderr]     Checking nibli-render v0.1.0 (/opt/rustwide/workdir)
[INFO] [stdout] error[E0433]: cannot find module or crate `nibli_kr` in this scope
[INFO] [stdout]   --> src/lib.rs:96:19
[INFO] [stdout]    |
[INFO] [stdout] 96 |         let ast = nibli_kr::parse_checked("obligated_by(every person, event { secure() }).")
[INFO] [stdout]    |                   ^^^^^^^^ use of unresolved module or unlinked crate `nibli_kr`
[INFO] [stdout]    |
[INFO] [stdout]    = help: if you wanted to use a crate named `nibli_kr`, use `cargo add nibli_kr` to add it to your `Cargo.toml`
[INFO] [stdout] 
[INFO] [stdout] 
[INFO] [stdout] error[E0433]: cannot find module or crate `nibli_semantics` in this scope
[INFO] [stdout]   --> src/lib.rs:98:19
[INFO] [stdout]    |
[INFO] [stdout] 98 |         let buf = nibli_semantics::compile_from_ast(ast).expect("compile");
[INFO] [stdout]    |                   ^^^^^^^^^^^^^^^ use of unresolved module or unlinked crate `nibli_semantics`
[INFO] [stdout]    |
[INFO] [stdout]    = help: if you wanted to use a crate named `nibli_semantics`, use `cargo add nibli_semantics` to add it to your `Cargo.toml`
[INFO] [stdout] 
[INFO] [stdout] 
[INFO] [stdout] error[E0433]: cannot find module or crate `nibli_kr` in this scope
[INFO] [stdout]    --> src/lib.rs:117:23
[INFO] [stdout]     |
[INFO] [stdout] 117 |             let ast = nibli_kr::parse_checked(t).expect("parse");
[INFO] [stdout]     |                       ^^^^^^^^ use of unresolved module or unlinked crate `nibli_kr`
[INFO] [stdout]     |
[INFO] [stdout]     = help: if you wanted to use a crate named `nibli_kr`, use `cargo add nibli_kr` to add it to your `Cargo.toml`
[INFO] [stdout] 
[INFO] [stdout] 
[INFO] [stdout] error[E0433]: cannot find module or crate `nibli_semantics` in this scope
[INFO] [stdout]    --> src/lib.rs:118:23
[INFO] [stdout]     |
[INFO] [stdout] 118 |             let buf = nibli_semantics::compile_from_ast(ast).expect("compile");
[INFO] [stdout]     |                       ^^^^^^^^^^^^^^^ use of unresolved module or unlinked crate `nibli_semantics`
[INFO] [stdout]     |
[INFO] [stdout]     = help: if you wanted to use a crate named `nibli_semantics`, use `cargo add nibli_semantics` to add it to your `Cargo.toml`
[INFO] [stdout] 
[INFO] [stdout] 
[INFO] [stdout] error[E0433]: cannot find module or crate `nibli_kr` in this scope
[INFO] [stdout]    --> src/lib.rs:162:23
[INFO] [stdout]     |
[INFO] [stdout] 162 |             let ast = nibli_kr::parse_checked("lose(Points, Bela).").unwrap();
[INFO] [stdout]     |                       ^^^^^^^^ use of unresolved module or unlinked crate `nibli_kr`
[INFO] [stdout]     |
[INFO] [stdout]     = help: if you wanted to use a crate named `nibli_kr`, use `cargo add nibli_kr` to add it to your `Cargo.toml`
[INFO] [stdout] 
[INFO] [stdout] 
[INFO] [stdout] error[E0433]: cannot find module or crate `nibli_semantics` in this scope
[INFO] [stdout]    --> src/lib.rs:163:23
[INFO] [stdout]     |
[INFO] [stdout] 163 |             let buf = nibli_semantics::compile_from_ast(ast).unwrap();
[INFO] [stdout]     |                       ^^^^^^^^^^^^^^^ use of unresolved module or unlinked crate `nibli_semantics`
[INFO] [stdout]     |
[INFO] [stdout]     = help: if you wanted to use a crate named `nibli_semantics`, use `cargo add nibli_semantics` to add it to your `Cargo.toml`
[INFO] [stdout] 
[INFO] [stdout] 
[INFO] [stdout] error[E0433]: cannot find module or crate `nibli_kr` in this scope
[INFO] [stdout]    --> src/lib.rs:171:23
[INFO] [stdout]     |
[INFO] [stdout] 171 |             let ast = nibli_kr::parse_checked("building(HighSec, Lalo).").unwrap();
[INFO] [stdout]     |                       ^^^^^^^^ use of unresolved module or unlinked crate `nibli_kr`
[INFO] [stdout]     |
[INFO] [stdout]     = help: if you wanted to use a crate named `nibli_kr`, use `cargo add nibli_kr` to add it to your `Cargo.toml`
[INFO] [stdout] 
[INFO] [stdout] 
[INFO] [stdout] error[E0433]: cannot find module or crate `nibli_semantics` in this scope
[INFO] [stdout]    --> src/lib.rs:172:23
[INFO] [stdout]     |
[INFO] [stdout] 172 |             let buf = nibli_semantics::compile_from_ast(ast).unwrap();
[INFO] [stdout]     |                       ^^^^^^^^^^^^^^^ use of unresolved module or unlinked crate `nibli_semantics`
[INFO] [stdout]     |
[INFO] [stdout]     = help: if you wanted to use a crate named `nibli_semantics`, use `cargo add nibli_semantics` to add it to your `Cargo.toml`
[INFO] [stdout] 
[INFO] [stdout] 
[INFO] [stdout] For more information about this error, try `rustc --explain E0433`.
[INFO] [stdout] 
[INFO] [stderr] error: could not compile `nibli-render` (lib test) due to 8 previous errors
[INFO] running `Command { std: "docker" "inspect" "9a259ae2c5274d96363d65450cdf52eaafeb3b11c5eb83374f9d030e8ed30e4c", kill_on_drop: false }`
[INFO] running `Command { std: "docker" "rm" "-f" "9a259ae2c5274d96363d65450cdf52eaafeb3b11c5eb83374f9d030e8ed30e4c", kill_on_drop: false }`
[INFO] [stdout] 9a259ae2c5274d96363d65450cdf52eaafeb3b11c5eb83374f9d030e8ed30e4c
