[INFO] fetching crate nibli-reason 0.1.0...
[INFO] checking nibli-reason-0.1.0 against 3154cc1a3e6424e44f438a95007d043ed5ceaaf6+rustflags=-Znext-solver=coherence for pr-133502-30
[INFO] extracting crate nibli-reason 0.1.0 into /workspace/builds/worker-4-tc1/source
[INFO] started tweaking crates.io crate nibli-reason 0.1.0
[INFO] removed 0 missing tests
[INFO] finished tweaking crates.io crate nibli-reason 0.1.0
[INFO] tweaked toml for crates.io crate nibli-reason 0.1.0 written to /workspace/builds/worker-4-tc1/source/Cargo.toml
[INFO] validating manifest of crates.io crate nibli-reason 0.1.0 on toolchain 3154cc1a3e6424e44f438a95007d043ed5ceaaf6
[INFO] running `Command { std: CARGO_HOME="/workspace/cargo-home" RUSTUP_HOME="/workspace/rustup-home" "/workspace/cargo-home/bin/cargo" "+3154cc1a3e6424e44f438a95007d043ed5ceaaf6" "metadata" "--manifest-path" "Cargo.toml" "--no-deps", kill_on_drop: false }`
[INFO] crate crates.io crate nibli-reason 0.1.0 already has a lockfile, it will not be regenerated
[INFO] running `Command { std: CARGO_HOME="/workspace/cargo-home" RUSTUP_HOME="/workspace/rustup-home" "/workspace/cargo-home/bin/cargo" "+3154cc1a3e6424e44f438a95007d043ed5ceaaf6" "fetch" "--manifest-path" "Cargo.toml", kill_on_drop: false }`
[INFO] [stderr]     Updating crates.io index
[INFO] [stderr]     Blocking waiting for file lock on package cache
[INFO] [stderr]  Downloading crates ...
[INFO] [stderr]   Downloaded serde v1.0.228
[INFO] [stderr]   Downloaded unicode-ident v1.0.24
[INFO] [stderr]   Downloaded quote v1.0.44
[INFO] [stderr]   Downloaded nibli-types v0.1.0
[INFO] [stderr]   Downloaded serde_derive v1.0.228
[INFO] [stderr]   Downloaded proc-macro2 v1.0.106
[INFO] [stderr]   Downloaded serde_core v1.0.228
[INFO] [stderr]   Downloaded nibli-lexicon v0.1.0
[INFO] [stderr]   Downloaded syn v2.0.116
[INFO] running `Command { std: "docker" "create" "-v" "/var/lib/crater-agent-workspace/builds/worker-4-tc1/source:/opt/rustwide/workdir:ro,Z" "-v" "/var/lib/crater-agent-workspace/builds/worker-4-tc1/target:/opt/rustwide/target:rw,Z" "-v" "/var/lib/crater-agent-workspace/cargo-home:/opt/rustwide/cargo-home:ro,Z" "-v" "/var/lib/crater-agent-workspace/rustup-home:/opt/rustwide/rustup-home:ro,Z" "-m" "1610612736" "--network" "none" "ghcr.io/rust-lang/crates-build-env/linux@sha256:77db811e55d90add9212f6832c23229e3de5f1c1f9905e8cb07319ea15df73ac" "sleep" "infinity", kill_on_drop: false }`
[INFO] [stdout] 97c6c143353950cbcd0382bede662f5bfc0b610c92433e011d75ee67b9678761
[INFO] running `Command { std: "docker" "start" "97c6c143353950cbcd0382bede662f5bfc0b610c92433e011d75ee67b9678761", kill_on_drop: false }`
[INFO] running `Command { std: "docker" "inspect" "97c6c143353950cbcd0382bede662f5bfc0b610c92433e011d75ee67b9678761", kill_on_drop: false }`
[INFO] running `Command { std: "docker" "exec" "-e" "SOURCE_DIR=/opt/rustwide/workdir" "-e" "CARGO_HOME=/opt/rustwide/cargo-home" "-e" "RUSTUP_HOME=/opt/rustwide/rustup-home" "-e" "CARGO_TARGET_DIR=/opt/rustwide/target" "-w" "/opt/rustwide/workdir" "--user" "0:0" "97c6c143353950cbcd0382bede662f5bfc0b610c92433e011d75ee67b9678761" "/opt/rustwide/cargo-home/bin/cargo" "+3154cc1a3e6424e44f438a95007d043ed5ceaaf6" "metadata" "--no-deps" "--format-version=1", kill_on_drop: false }`
[INFO] running `Command { std: "docker" "inspect" "97c6c143353950cbcd0382bede662f5bfc0b610c92433e011d75ee67b9678761", kill_on_drop: false }`
[INFO] running `Command { std: "docker" "exec" "-e" "SOURCE_DIR=/opt/rustwide/workdir" "-e" "CARGO_HOME=/opt/rustwide/cargo-home" "-e" "RUSTUP_HOME=/opt/rustwide/rustup-home" "-e" "CARGO_TARGET_DIR=/opt/rustwide/target" "-e" "CARGO_INCREMENTAL=0" "-e" "RUST_BACKTRACE=full" "-e" "RUSTFLAGS=--cap-lints=forbid -Znext-solver=coherence" "-e" "RUSTDOCFLAGS=--cap-lints=forbid" "-w" "/opt/rustwide/workdir" "--user" "0:0" "97c6c143353950cbcd0382bede662f5bfc0b610c92433e011d75ee67b9678761" "/opt/rustwide/cargo-home/bin/cargo" "+3154cc1a3e6424e44f438a95007d043ed5ceaaf6" "check" "--frozen" "--all" "--all-targets" "--message-format=json", kill_on_drop: false }`
[INFO] [stderr]     Checking nibli-lexicon v0.1.0
[INFO] [stderr]     Checking nibli-types v0.1.0
[INFO] [stderr]     Checking nibli-reason v0.1.0 (/opt/rustwide/workdir)
[INFO] [stdout] error: couldn't read `src/tests/../../../utopia.nibli`: No such file or directory (os error 2)
[INFO] [stdout]    --> src/tests/materialization.rs:628:20
[INFO] [stdout]     |
[INFO] [stdout] 628 |         ("utopia", include_str!("../../../utopia.nibli")),
[INFO] [stdout]     |                    ^^^^^^^^^^^^^^^^^^^^^^^^^^^^^^^^^^^^^
[INFO] [stdout] 
[INFO] [stdout] 
[INFO] [stdout] error: couldn't read `src/tests/../../../gdpr.nibli`: No such file or directory (os error 2)
[INFO] [stdout]    --> src/tests/materialization.rs:629:18
[INFO] [stdout]     |
[INFO] [stdout] 629 |         ("gdpr", include_str!("../../../gdpr.nibli")),
[INFO] [stdout]     |                  ^^^^^^^^^^^^^^^^^^^^^^^^^^^^^^^^^^^
[INFO] [stdout] 
[INFO] [stdout] 
[INFO] [stdout] error: couldn't read `src/tests/../../../drug-interactions.nibli`: No such file or directory (os error 2)
[INFO] [stdout]    --> src/tests/materialization.rs:632:13
[INFO] [stdout]     |
[INFO] [stdout] 632 |             include_str!("../../../drug-interactions.nibli"),
[INFO] [stdout]     |             ^^^^^^^^^^^^^^^^^^^^^^^^^^^^^^^^^^^^^^^^^^^^^^^^
[INFO] [stdout] 
[INFO] [stdout] 
[INFO] [stdout] error: couldn't read `src/tests/../../../determinism-corpus.nibli`: No such file or directory (os error 2)
[INFO] [stdout]    --> src/tests/materialization.rs:636:13
[INFO] [stdout]     |
[INFO] [stdout] 636 |             include_str!("../../../determinism-corpus.nibli"),
[INFO] [stdout]     |             ^^^^^^^^^^^^^^^^^^^^^^^^^^^^^^^^^^^^^^^^^^^^^^^^^
[INFO] [stdout] 
[INFO] [stdout] 
[INFO] [stdout] error: couldn't read `src/tests/../../../utopia.nibli`: No such file or directory (os error 2)
[INFO] [stdout]    --> src/tests/materialization.rs:663:29
[INFO] [stdout]     |
[INFO] [stdout] 663 |     let kb = kb_from_corpus(include_str!("../../../utopia.nibli"));
[INFO] [stdout]     |                             ^^^^^^^^^^^^^^^^^^^^^^^^^^^^^^^^^^^^^
[INFO] [stdout] 
[INFO] [stdout] 
[INFO] [stdout] error[E0433]: cannot find module or crate `nibli_kr` in this scope
[INFO] [stdout]    --> src/tests.rs:109:15
[INFO] [stdout]     |
[INFO] [stdout] 109 |     let ast = nibli_kr::parse_checked(text).unwrap_or_else(|e| panic!("parse '{text}': {e}"));
[INFO] [stdout]     |               ^^^^^^^^ use of unresolved module or unlinked crate `nibli_kr`
[INFO] [stdout]     |
[INFO] [stdout]     = help: if you wanted to use a crate named `nibli_kr`, use `cargo add nibli_kr` to add it to your `Cargo.toml`
[INFO] [stdout] 
[INFO] [stdout] 
[INFO] [stdout] error[E0433]: cannot find module or crate `nibli_semantics` in this scope
[INFO] [stdout]    --> src/tests.rs:111:9
[INFO] [stdout]     |
[INFO] [stdout] 111 |         nibli_semantics::compile_from_ast(ast).unwrap_or_else(|e| panic!("compile '{text}': {e}"));
[INFO] [stdout]     |         ^^^^^^^^^^^^^^^ use of unresolved module or unlinked crate `nibli_semantics`
[INFO] [stdout]     |
[INFO] [stdout]     = help: if you wanted to use a crate named `nibli_semantics`, use `cargo add nibli_semantics` to add it to your `Cargo.toml`
[INFO] [stdout] 
[INFO] [stdout] 
[INFO] [stdout] error[E0433]: cannot find module or crate `nibli_kr` in this scope
[INFO] [stdout]    --> src/tests/materialization.rs:609:26
[INFO] [stdout]     |
[INFO] [stdout] 609 |         if let Ok(ast) = nibli_kr::parse_checked(line)
[INFO] [stdout]     |                          ^^^^^^^^ use of unresolved module or unlinked crate `nibli_kr`
[INFO] [stdout]     |
[INFO] [stdout]     = help: if you wanted to use a crate named `nibli_kr`, use `cargo add nibli_kr` to add it to your `Cargo.toml`
[INFO] [stdout] 
[INFO] [stdout] 
[INFO] [stdout] error[E0433]: cannot find module or crate `nibli_semantics` in this scope
[INFO] [stdout]    --> src/tests/materialization.rs:610:34
[INFO] [stdout]     |
[INFO] [stdout] 610 |             && let Ok(mut buf) = nibli_semantics::compile_from_ast(ast)
[INFO] [stdout]     |                                  ^^^^^^^^^^^^^^^ use of unresolved module or unlinked crate `nibli_semantics`
[INFO] [stdout]     |
[INFO] [stdout]     = help: if you wanted to use a crate named `nibli_semantics`, use `cargo add nibli_semantics` to add it to your `Cargo.toml`
[INFO] [stdout] 
[INFO] [stdout] 
[INFO] [stdout] error[E0433]: cannot find module or crate `nibli_kr` in this scope
[INFO] [stdout]    --> src/tests/numeric_compute.rs:631:15
[INFO] [stdout]     |
[INFO] [stdout] 631 |     let ast = nibli_kr::parse_checked(text).unwrap_or_else(|e| panic!("parse '{text}': {e}"));
[INFO] [stdout]     |               ^^^^^^^^ use of unresolved module or unlinked crate `nibli_kr`
[INFO] [stdout]     |
[INFO] [stdout]     = help: if you wanted to use a crate named `nibli_kr`, use `cargo add nibli_kr` to add it to your `Cargo.toml`
[INFO] [stdout] 
[INFO] [stdout] 
[INFO] [stdout] error[E0433]: cannot find module or crate `nibli_semantics` in this scope
[INFO] [stdout]    --> src/tests/numeric_compute.rs:633:9
[INFO] [stdout]     |
[INFO] [stdout] 633 |         nibli_semantics::compile_from_ast(ast).unwrap_or_else(|e| panic!("compile '{text}': {e}"));
[INFO] [stdout]     |         ^^^^^^^^^^^^^^^ use of unresolved module or unlinked crate `nibli_semantics`
[INFO] [stdout]     |
[INFO] [stdout]     = help: if you wanted to use a crate named `nibli_semantics`, use `cargo add nibli_semantics` to add it to your `Cargo.toml`
[INFO] [stdout] 
[INFO] [stdout] 
[INFO] [stdout] For more information about this error, try `rustc --explain E0433`.
[INFO] [stdout] 
[INFO] [stderr] error: could not compile `nibli-reason` (lib test) due to 11 previous errors
[INFO] running `Command { std: "docker" "inspect" "97c6c143353950cbcd0382bede662f5bfc0b610c92433e011d75ee67b9678761", kill_on_drop: false }`
[INFO] running `Command { std: "docker" "rm" "-f" "97c6c143353950cbcd0382bede662f5bfc0b610c92433e011d75ee67b9678761", kill_on_drop: false }`
[INFO] [stdout] 97c6c143353950cbcd0382bede662f5bfc0b610c92433e011d75ee67b9678761
