[INFO] fetching crate nibli-kr 0.1.0...
[INFO] checking nibli-kr-0.1.0 against 3154cc1a3e6424e44f438a95007d043ed5ceaaf6 for pr-133502-30
[INFO] extracting crate nibli-kr 0.1.0 into /workspace/builds/worker-5-tc2/source
[INFO] started tweaking crates.io crate nibli-kr 0.1.0
[INFO] finished tweaking crates.io crate nibli-kr 0.1.0
[INFO] tweaked toml for crates.io crate nibli-kr 0.1.0 written to /workspace/builds/worker-5-tc2/source/Cargo.toml
[INFO] validating manifest of crates.io crate nibli-kr 0.1.0 on toolchain 3154cc1a3e6424e44f438a95007d043ed5ceaaf6
[INFO] running `Command { std: CARGO_HOME="/workspace/cargo-home" RUSTUP_HOME="/workspace/rustup-home" "/workspace/cargo-home/bin/cargo" "+3154cc1a3e6424e44f438a95007d043ed5ceaaf6" "metadata" "--manifest-path" "Cargo.toml" "--no-deps", kill_on_drop: false }`
[INFO] crate crates.io crate nibli-kr 0.1.0 already has a lockfile, it will not be regenerated
[INFO] running `Command { std: CARGO_HOME="/workspace/cargo-home" RUSTUP_HOME="/workspace/rustup-home" "/workspace/cargo-home/bin/cargo" "+3154cc1a3e6424e44f438a95007d043ed5ceaaf6" "fetch" "--manifest-path" "Cargo.toml", kill_on_drop: false }`
[INFO] running `Command { std: "docker" "create" "-v" "/var/lib/crater-agent-workspace/builds/worker-5-tc2/source:/opt/rustwide/workdir:ro,Z" "-v" "/var/lib/crater-agent-workspace/builds/worker-5-tc2/target:/opt/rustwide/target:rw,Z" "-v" "/var/lib/crater-agent-workspace/cargo-home:/opt/rustwide/cargo-home:ro,Z" "-v" "/var/lib/crater-agent-workspace/rustup-home:/opt/rustwide/rustup-home:ro,Z" "-m" "1610612736" "--network" "none" "ghcr.io/rust-lang/crates-build-env/linux@sha256:77db811e55d90add9212f6832c23229e3de5f1c1f9905e8cb07319ea15df73ac" "sleep" "infinity", kill_on_drop: false }`
[INFO] [stdout] e8b587f0755c8df2b1ffe0870576800347207fe5da86f04b72d728cad8649ef0
[INFO] running `Command { std: "docker" "start" "e8b587f0755c8df2b1ffe0870576800347207fe5da86f04b72d728cad8649ef0", kill_on_drop: false }`
[INFO] running `Command { std: "docker" "inspect" "e8b587f0755c8df2b1ffe0870576800347207fe5da86f04b72d728cad8649ef0", kill_on_drop: false }`
[INFO] running `Command { std: "docker" "exec" "-e" "SOURCE_DIR=/opt/rustwide/workdir" "-e" "CARGO_HOME=/opt/rustwide/cargo-home" "-e" "RUSTUP_HOME=/opt/rustwide/rustup-home" "-e" "CARGO_TARGET_DIR=/opt/rustwide/target" "-w" "/opt/rustwide/workdir" "--user" "0:0" "e8b587f0755c8df2b1ffe0870576800347207fe5da86f04b72d728cad8649ef0" "/opt/rustwide/cargo-home/bin/cargo" "+3154cc1a3e6424e44f438a95007d043ed5ceaaf6" "metadata" "--no-deps" "--format-version=1", kill_on_drop: false }`
[INFO] running `Command { std: "docker" "inspect" "e8b587f0755c8df2b1ffe0870576800347207fe5da86f04b72d728cad8649ef0", kill_on_drop: false }`
[INFO] running `Command { std: "docker" "exec" "-e" "SOURCE_DIR=/opt/rustwide/workdir" "-e" "CARGO_HOME=/opt/rustwide/cargo-home" "-e" "RUSTUP_HOME=/opt/rustwide/rustup-home" "-e" "CARGO_TARGET_DIR=/opt/rustwide/target" "-e" "CARGO_INCREMENTAL=0" "-e" "RUST_BACKTRACE=full" "-e" "RUSTFLAGS=--cap-lints=forbid" "-e" "RUSTDOCFLAGS=--cap-lints=forbid" "-w" "/opt/rustwide/workdir" "--user" "0:0" "e8b587f0755c8df2b1ffe0870576800347207fe5da86f04b72d728cad8649ef0" "/opt/rustwide/cargo-home/bin/cargo" "+3154cc1a3e6424e44f438a95007d043ed5ceaaf6" "check" "--frozen" "--all" "--all-targets" "--message-format=json", kill_on_drop: false }`
[INFO] [stderr]    Compiling proc-macro2 v1.0.106
[INFO] [stderr]    Compiling unicode-ident v1.0.24
[INFO] [stderr]    Compiling quote v1.0.44
[INFO] [stderr]    Compiling memchr v2.8.0
[INFO] [stderr]    Compiling ucd-trie v0.1.7
[INFO] [stderr]     Checking nibli-lexicon v0.1.0
[INFO] [stderr]     Checking nibli-types v0.1.0
[INFO] [stderr]     Checking pest v2.8.7
[INFO] [stderr]    Compiling syn v2.0.116
[INFO] [stderr]    Compiling pest_meta v2.8.7
[INFO] [stderr]    Compiling pest_generator v2.8.7
[INFO] [stderr]    Compiling pest_derive v2.8.7
[INFO] [stderr]     Checking nibli-kr v0.1.0 (/opt/rustwide/workdir)
[INFO] [stdout] error[E0433]: cannot find module or crate `nibli_semantics` in this scope
[INFO] [stdout]     --> src/emit.rs:1160:18
[INFO] [stdout]      |
[INFO] [stdout] 1160 |         let lb = nibli_semantics::compile_from_ast(buffer).unwrap_or_else(|e| {
[INFO] [stdout]      |                  ^^^^^^^^^^^^^^^ use of unresolved module or unlinked crate `nibli_semantics`
[INFO] [stdout]      |
[INFO] [stdout]      = help: if you wanted to use a crate named `nibli_semantics`, use `cargo add nibli_semantics` to add it to your `Cargo.toml`
[INFO] [stdout] 
[INFO] [stdout] 
[INFO] [stdout] error[E0433]: cannot find module or crate `nibli_semantics` in this scope
[INFO] [stdout]    --> src/render.rs:870:13
[INFO] [stdout]     |
[INFO] [stdout] 870 |             nibli_semantics::compile_from_ast(buffer)
[INFO] [stdout]     |             ^^^^^^^^^^^^^^^ use of unresolved module or unlinked crate `nibli_semantics`
[INFO] [stdout]     |
[INFO] [stdout]     = help: if you wanted to use a crate named `nibli_semantics`, use `cargo add nibli_semantics` to add it to your `Cargo.toml`
[INFO] [stdout] 
[INFO] [stdout] 
[INFO] [stdout] error[E0433]: cannot find module or crate `nibli_semantics` in this scope
[INFO] [stdout]   --> src/shape_tests.rs:54:5
[INFO] [stdout]    |
[INFO] [stdout] 54 |     nibli_semantics::compile_from_ast(ast)
[INFO] [stdout]    |     ^^^^^^^^^^^^^^^ use of unresolved module or unlinked crate `nibli_semantics`
[INFO] [stdout]    |
[INFO] [stdout]    = help: if you wanted to use a crate named `nibli_semantics`, use `cargo add nibli_semantics` to add it to your `Cargo.toml`
[INFO] [stdout] 
[INFO] [stdout] 
[INFO] [stdout] error[E0433]: cannot find module or crate `nibli_semantics` in this scope
[INFO] [stdout]    --> src/lib.rs:104:9
[INFO] [stdout]     |
[INFO] [stdout] 104 |         nibli_semantics::compile_from_ast(r.buffer).unwrap();
[INFO] [stdout]     |         ^^^^^^^^^^^^^^^ use of unresolved module or unlinked crate `nibli_semantics`
[INFO] [stdout]     |
[INFO] [stdout]     = help: if you wanted to use a crate named `nibli_semantics`, use `cargo add nibli_semantics` to add it to your `Cargo.toml`
[INFO] [stdout] 
[INFO] [stdout] 
[INFO] [stdout] For more information about this error, try `rustc --explain E0433`.
[INFO] [stdout] 
[INFO] [stderr] error: could not compile `nibli-kr` (lib test) due to 4 previous errors
[INFO] running `Command { std: "docker" "inspect" "e8b587f0755c8df2b1ffe0870576800347207fe5da86f04b72d728cad8649ef0", kill_on_drop: false }`
[INFO] running `Command { std: "docker" "rm" "-f" "e8b587f0755c8df2b1ffe0870576800347207fe5da86f04b72d728cad8649ef0", kill_on_drop: false }`
[INFO] [stdout] e8b587f0755c8df2b1ffe0870576800347207fe5da86f04b72d728cad8649ef0
