[INFO] fetching crate nexus-chat-core 0.1.38...
[INFO] checking nexus-chat-core-0.1.38 against 3154cc1a3e6424e44f438a95007d043ed5ceaaf6+rustflags=-Znext-solver=coherence for pr-133502-30
[INFO] extracting crate nexus-chat-core 0.1.38 into /workspace/builds/worker-4-tc1/source
[INFO] started tweaking crates.io crate nexus-chat-core 0.1.38
[INFO] finished tweaking crates.io crate nexus-chat-core 0.1.38
[INFO] tweaked toml for crates.io crate nexus-chat-core 0.1.38 written to /workspace/builds/worker-4-tc1/source/Cargo.toml
[INFO] validating manifest of crates.io crate nexus-chat-core 0.1.38 on toolchain 3154cc1a3e6424e44f438a95007d043ed5ceaaf6
[INFO] running `Command { std: CARGO_HOME="/workspace/cargo-home" RUSTUP_HOME="/workspace/rustup-home" "/workspace/cargo-home/bin/cargo" "+3154cc1a3e6424e44f438a95007d043ed5ceaaf6" "metadata" "--manifest-path" "Cargo.toml" "--no-deps", kill_on_drop: false }`
[INFO] crate crates.io crate nexus-chat-core 0.1.38 already has a lockfile, it will not be regenerated
[INFO] running `Command { std: CARGO_HOME="/workspace/cargo-home" RUSTUP_HOME="/workspace/rustup-home" "/workspace/cargo-home/bin/cargo" "+3154cc1a3e6424e44f438a95007d043ed5ceaaf6" "fetch" "--manifest-path" "Cargo.toml", kill_on_drop: false }`
[INFO] [stderr]     Updating crates.io index
[INFO] [stderr]  Downloading crates ...
[INFO] [stderr]   Downloaded sha1 v0.11.0
[INFO] [stderr]   Downloaded digest v0.11.3
[INFO] [stderr]   Downloaded cmov v0.5.4
[INFO] [stderr]   Downloaded ctutils v0.4.2
[INFO] [stderr]   Downloaded block-buffer v0.12.1
[INFO] [stderr]   Downloaded fallible-streaming-iterator v0.1.9
[INFO] [stderr]   Downloaded crypto-common v0.2.2
[INFO] [stderr]   Downloaded cpubits v0.1.1
[INFO] [stderr]   Downloaded inout v0.2.2
[INFO] [stderr]   Downloaded eventsource-stream v0.2.3
[INFO] [stderr]   Downloaded ecb v0.1.2
[INFO] [stderr]   Downloaded block-padding v0.3.3
[INFO] [stderr]   Downloaded type1-encoding-parser v0.1.1
[INFO] [stderr]   Downloaded reqwest-eventsource v0.6.0
[INFO] [stderr]   Downloaded deflate64 v0.1.12
[INFO] [stderr]   Downloaded fallible-iterator v0.3.0
[INFO] [stderr]   Downloaded pbkdf2 v0.13.0
[INFO] [stderr]   Downloaded rsqlite-vfs v0.1.1
[INFO] [stderr]   Downloaded is-docker v0.2.0
[INFO] [stderr]   Downloaded quick-error v2.0.1
[INFO] [stderr]   Downloaded futures-timer v3.0.4
[INFO] [stderr]   Downloaded is-wsl v0.4.0
[INFO] [stderr]   Downloaded postscript v0.14.1
[INFO] [stderr]   Downloaded adobe-cmap-parser v0.4.1
[INFO] [stderr]   Downloaded libredox v0.1.17
[INFO] [stderr]   Downloaded gethostname v1.1.0
[INFO] [stderr]   Downloaded downcast-rs v1.2.1
[INFO] [stderr]   Downloaded hybrid-array v0.4.13
[INFO] [stderr]   Downloaded sha2 v0.11.0
[INFO] [stderr]   Downloaded cipher v0.5.2
[INFO] [stderr]   Downloaded hashlink v0.12.0
[INFO] [stderr]   Downloaded wasm-streams v0.4.2
[INFO] [stderr]   Downloaded cff-parser v0.2.0
[INFO] [stderr]   Downloaded wayland-sys v0.31.11
[INFO] [stderr]   Downloaded tree_magic_mini v3.2.2
[INFO] [stderr]   Downloaded objc2-io-surface v0.3.2
[INFO] [stderr]   Downloaded ppmd-rust v1.4.0
[INFO] [stderr]   Downloaded fax v0.2.7
[INFO] [stderr]   Downloaded directories v6.0.0
[INFO] [stderr]   Downloaded cbc v0.1.2
[INFO] [stderr]   Downloaded error-code v3.3.2
[INFO] [stderr]   Downloaded const-oid v0.10.2
[INFO] [stderr]   Downloaded objc2-encode v4.1.0
[INFO] [stderr]   Downloaded hmac v0.13.0
[INFO] [stderr]   Downloaded weezl v0.1.12
[INFO] [stderr]   Downloaded rangemap v1.7.1
[INFO] [stderr]   Downloaded open v5.3.6
[INFO] [stderr]   Downloaded wayland-protocols-wlr v0.3.12
[INFO] [stderr]   Downloaded os_pipe v1.2.3
[INFO] [stderr]   Downloaded clipboard-win v5.4.1
[INFO] [stderr]   Downloaded arboard v3.6.1
[INFO] [stderr]   Downloaded wl-clipboard-rs v0.9.3
[INFO] [stderr]   Downloaded wayland-scanner v0.31.10
[INFO] [stderr]   Downloaded dispatch2 v0.3.1
[INFO] [stderr]   Downloaded euclid v0.20.14
[INFO] [stderr]   Downloaded image-webp v0.2.4
[INFO] [stderr]   Downloaded pdf-extract v0.12.0
[INFO] [stderr]   Downloaded wayland-client v0.31.14
[INFO] [stderr]   Downloaded objc2-core-graphics v0.3.2
[INFO] [stderr]   Downloaded tiff v0.11.3
[INFO] [stderr]   Downloaded wayland-backend v0.3.15
[INFO] [stderr]   Downloaded time v0.3.52
[INFO] [stderr]   Downloaded aes v0.9.1
[INFO] [stderr]   Downloaded aes v0.8.4
[INFO] [stderr]   Downloaded rusqlite v0.40.1
[INFO] [stderr]   Downloaded reqwest v0.12.28
[INFO] [stderr]   Downloaded pom v1.1.0
[INFO] [stderr]   Downloaded wayland-protocols v0.32.13
[INFO] [stderr]   Downloaded ttf-parser v0.25.1
[INFO] [stderr]   Downloaded objc2-core-foundation v0.3.2
[INFO] [stderr]   Downloaded lopdf v0.42.0
[INFO] [stderr]   Downloaded quick-xml v0.39.4
[INFO] [stderr]   Downloaded webpki-roots v1.0.7
[INFO] [stderr]   Downloaded x11rb v0.13.2
[INFO] [stderr]   Downloaded lzma-rust2 v0.16.4
[INFO] [stderr]   Downloaded objc2 v0.6.4
[INFO] [stderr]   Downloaded objc2-foundation v0.3.2
[INFO] [stderr]   Downloaded x11rb-protocol v0.13.2
[INFO] [stderr]   Downloaded objc2-app-kit v0.3.2
[INFO] [stderr]   Downloaded libsqlite3-sys v0.38.1
[INFO] [stderr]   Downloaded sqlite-wasm-rs v0.5.5
[INFO] running `Command { std: "docker" "create" "-v" "/var/lib/crater-agent-workspace/builds/worker-4-tc1/source:/opt/rustwide/workdir:ro,Z" "-v" "/var/lib/crater-agent-workspace/builds/worker-4-tc1/target:/opt/rustwide/target:rw,Z" "-v" "/var/lib/crater-agent-workspace/cargo-home:/opt/rustwide/cargo-home:ro,Z" "-v" "/var/lib/crater-agent-workspace/rustup-home:/opt/rustwide/rustup-home:ro,Z" "-m" "1610612736" "--network" "none" "ghcr.io/rust-lang/crates-build-env/linux@sha256:77db811e55d90add9212f6832c23229e3de5f1c1f9905e8cb07319ea15df73ac" "sleep" "infinity", kill_on_drop: false }`
[INFO] [stdout] 409d49da257215b0f40adcbfdc306231e57a829fdd5076f8b85a804af6076749
[INFO] running `Command { std: "docker" "start" "409d49da257215b0f40adcbfdc306231e57a829fdd5076f8b85a804af6076749", kill_on_drop: false }`
[INFO] running `Command { std: "docker" "inspect" "409d49da257215b0f40adcbfdc306231e57a829fdd5076f8b85a804af6076749", kill_on_drop: false }`
[INFO] running `Command { std: "docker" "exec" "-e" "SOURCE_DIR=/opt/rustwide/workdir" "-e" "CARGO_HOME=/opt/rustwide/cargo-home" "-e" "RUSTUP_HOME=/opt/rustwide/rustup-home" "-e" "CARGO_TARGET_DIR=/opt/rustwide/target" "-w" "/opt/rustwide/workdir" "--user" "0:0" "409d49da257215b0f40adcbfdc306231e57a829fdd5076f8b85a804af6076749" "/opt/rustwide/cargo-home/bin/cargo" "+3154cc1a3e6424e44f438a95007d043ed5ceaaf6" "metadata" "--no-deps" "--format-version=1", kill_on_drop: false }`
[INFO] running `Command { std: "docker" "inspect" "409d49da257215b0f40adcbfdc306231e57a829fdd5076f8b85a804af6076749", kill_on_drop: false }`
[INFO] running `Command { std: "docker" "exec" "-e" "SOURCE_DIR=/opt/rustwide/workdir" "-e" "CARGO_HOME=/opt/rustwide/cargo-home" "-e" "RUSTUP_HOME=/opt/rustwide/rustup-home" "-e" "CARGO_TARGET_DIR=/opt/rustwide/target" "-e" "CARGO_INCREMENTAL=0" "-e" "RUST_BACKTRACE=full" "-e" "RUSTFLAGS=--cap-lints=forbid -Znext-solver=coherence" "-e" "RUSTDOCFLAGS=--cap-lints=forbid" "-w" "/opt/rustwide/workdir" "--user" "0:0" "409d49da257215b0f40adcbfdc306231e57a829fdd5076f8b85a804af6076749" "/opt/rustwide/cargo-home/bin/cargo" "+3154cc1a3e6424e44f438a95007d043ed5ceaaf6" "check" "--frozen" "--all" "--all-targets" "--message-format=json", kill_on_drop: false }`
[INFO] [stderr]    Compiling libc v0.2.186
[INFO] [stderr]    Compiling proc-macro2 v1.0.106
[INFO] [stderr]    Compiling quote v1.0.46
[INFO] [stderr]    Compiling find-msvc-tools v0.1.9
[INFO] [stderr]    Compiling shlex v2.0.1
[INFO] [stderr]     Checking typenum v1.20.1
[INFO] [stderr]    Compiling pkg-config v0.3.33
[INFO] [stderr]     Checking smallvec v1.15.2
[INFO] [stderr]     Checking bitflags v2.13.0
[INFO] [stderr]     Checking zeroize v1.9.0
[INFO] [stderr]     Checking stable_deref_trait v1.2.1
[INFO] [stderr]     Checking pin-project-lite v0.2.17
[INFO] [stderr]     Checking futures-core v0.3.32
[INFO] [stderr]     Checking bytes v1.12.0
[INFO] [stderr]     Checking memchr v2.8.2
[INFO] [stderr]     Checking foldhash v0.2.0
[INFO] [stderr]    Compiling serde_core v1.0.228
[INFO] [stderr]     Checking once_cell v1.21.4
[INFO] [stderr]    Compiling rustix v1.1.4
[INFO] [stderr]     Checking litemap v0.8.2
[INFO] [stderr]     Checking writeable v0.6.3
[INFO] [stderr]     Checking hashbrown v0.17.1
[INFO] [stderr]    Compiling crc32fast v1.5.0
[INFO] [stderr]     Checking simd-adler32 v0.3.9
[INFO] [stderr]     Checking cpufeatures v0.3.0
[INFO] [stderr]     Checking linux-raw-sys v0.12.1
[INFO] [stderr]     Checking percent-encoding v2.3.2
[INFO] [stderr]    Compiling icu_normalizer_data v2.2.0
[INFO] [stderr]    Compiling icu_properties_data v2.2.0
[INFO] [stderr]     Checking utf8_iter v1.0.4
[INFO] [stderr]    Compiling num-traits v0.2.19
[INFO] [stderr]     Checking equivalent v1.0.2
[INFO] [stderr]     Checking adler2 v2.0.1
[INFO] [stderr]     Checking log v0.4.33
[INFO] [stderr]     Checking cmov v0.5.4
[INFO] [stderr]     Checking rustls-pki-types v1.15.0
[INFO] [stderr]     Checking miniz_oxide v0.8.9
[INFO] [stderr]     Checking ctutils v0.4.2
[INFO] [stderr]     Checking rand_core v0.10.1
[INFO] [stderr]    Compiling getrandom v0.4.3
[INFO] [stderr]     Checking zlib-rs v0.6.5
[INFO] [stderr]    Compiling wayland-sys v0.31.11
[INFO] [stderr]     Checking slab v0.4.12
[INFO] [stderr]     Checking untrusted v0.9.0
[INFO] [stderr]     Checking futures-task v0.3.32
[INFO] [stderr]    Compiling httparse v1.10.1
[INFO] [stderr]     Checking http v1.4.2
[INFO] [stderr]     Checking const-oid v0.10.2
[INFO] [stderr]    Compiling rustls v0.23.45
[INFO] [stderr]     Checking try-lock v0.2.5
[INFO] [stderr]    Compiling wayland-client v0.31.14
[INFO] [stderr]     Checking downcast-rs v1.2.1
[INFO] [stderr]    Compiling thiserror v2.0.18
[INFO] [stderr]    Compiling serde v1.0.228
[INFO] [stderr]     Checking tower-service v0.3.3
[INFO] [stderr]     Checking want v0.3.1
[INFO] [stderr]     Checking nom v8.0.0
[INFO] [stderr]     Checking form_urlencoded v1.2.2
[INFO] [stderr]     Checking indexmap v2.14.0
[INFO] [stderr]     Checking tracing-core v0.1.36
[INFO] [stderr]     Checking futures-channel v0.3.32
[INFO] [stderr]     Checking subtle v2.6.1
[INFO] [stderr]     Checking generic-array v0.14.7
[INFO] [stderr]     Checking hybrid-array v0.4.13
[INFO] [stderr]     Checking http-body v1.0.1
[INFO] [stderr]    Compiling syn v2.0.118
[INFO] [stderr]    Compiling zmij v1.0.21
[INFO] [stderr]    Compiling quick-xml v0.39.4
[INFO] [stderr]     Checking foldhash v0.1.5
[INFO] [stderr]    Compiling unicase v2.9.0
[INFO] [stderr]     Checking tinyvec_macros v0.1.1
[INFO] [stderr]     Checking atomic-waker v1.1.2
[INFO] [stderr]     Checking tinyvec v1.11.0
[INFO] [stderr]     Checking tracing v0.1.44
[INFO] [stderr]     Checking hashbrown v0.15.5
[INFO] [stderr]    Compiling mime_guess v2.0.5
[INFO] [stderr]     Checking crypto-common v0.2.2
[INFO] [stderr]    Compiling jobserver v0.1.34
[INFO] [stderr]     Checking errno v0.3.14
[INFO] [stderr]     Checking socket2 v0.6.4
[INFO] [stderr]     Checking mio v1.2.1
[INFO] [stderr]    Compiling cc v1.2.65
[INFO] [stderr]     Checking signal-hook-registry v1.4.8
[INFO] [stderr]     Checking crypto-common v0.1.7
[INFO] [stderr]     Checking block-padding v0.3.3
[INFO] [stderr]     Checking getrandom v0.2.17
[INFO] [stderr]     Checking block-buffer v0.12.1
[INFO] [stderr]     Checking block-buffer v0.10.4
[INFO] [stderr]     Checking inout v0.1.4
[INFO] [stderr]     Checking sync_wrapper v1.0.2
[INFO] [stderr]     Checking digest v0.10.7
[INFO] [stderr]     Checking tower-layer v0.3.3
[INFO] [stderr]     Checking ipnet v2.12.0
[INFO] [stderr]     Checking fixedbitset v0.5.7
[INFO] [stderr]     Checking base64 v0.22.1
[INFO] [stderr]     Checking cipher v0.4.4
[INFO] [stderr]    Compiling zstd-safe v7.2.4
[INFO] [stderr]    Compiling parking_lot_core v0.9.12
[INFO] [stderr]    Compiling vcpkg v0.2.15
[INFO] [stderr]    Compiling serde_json v1.0.150
[INFO] [stderr]     Checking unicode-normalization v0.1.25
[INFO] [stderr]     Checking inout v0.2.2
[INFO] [stderr]     Checking flate2 v1.1.9
[INFO] [stderr]     Checking webpki-roots v1.0.7
[INFO] [stderr]     Checking chacha20 v0.10.1
[INFO] [stderr]     Checking petgraph v0.8.3
[INFO] [stderr]     Checking fdeflate v0.3.7
[INFO] [stderr]     Checking byteorder-lite v0.1.0
[INFO] [stderr]     Checking minimal-lexical v0.2.1
[INFO] [stderr]    Compiling wayland-scanner v0.31.10
[INFO] [stderr]     Checking mime v0.3.17
[INFO] [stderr]     Checking quick-error v2.0.1
[INFO] [stderr]     Checking futures-sink v0.3.32
[INFO] [stderr]     Checking scopeguard v1.2.0
[INFO] [stderr]     Checking ryu v1.0.23
[INFO] [stderr]     Checking zune-core v0.5.1
[INFO] [stderr]     Checking unicode-bidi v0.3.18
[INFO] [stderr]     Checking pom v1.1.0
[INFO] [stderr]    Compiling thiserror v1.0.69
[INFO] [stderr]     Checking pxfm v0.1.29
[INFO] [stderr]     Checking digest v0.11.3
[INFO] [stderr]     Checking unicode-properties v0.1.4
[INFO] [stderr]     Checking zune-jpeg v0.5.15
[INFO] [stderr]     Checking cipher v0.5.2
[INFO] [stderr]     Checking png v0.18.1
[INFO] [stderr]     Checking hmac v0.13.0
[INFO] [stderr]     Checking sha2 v0.11.0
[INFO] [stderr]     Checking image-webp v0.2.4
[INFO] [stderr]     Checking stringprep v0.1.5
[INFO] [stderr]     Checking lock_api v0.4.14
[INFO] [stderr]     Checking nom v7.1.3
[INFO] [stderr]     Checking rand v0.10.2
[INFO] [stderr]     Checking ecb v0.1.2
[INFO] [stderr]     Checking cbc v0.1.2
[INFO] [stderr]     Checking aes v0.8.4
[INFO] [stderr]     Checking sha2 v0.10.9
[INFO] [stderr]     Checking md-5 v0.10.6
[INFO] [stderr]     Checking os_pipe v1.2.3
[INFO] [stderr]     Checking http-body-util v0.1.3
[INFO] [stderr]     Checking is-docker v0.2.0
[INFO] [stderr]     Checking encoding_rs v0.8.35
[INFO] [stderr]     Checking rangemap v1.7.1
[INFO] [stderr]     Checking weezl v0.1.12
[INFO] [stderr]     Checking num-conv v0.2.2
[INFO] [stderr]     Checking winnow v1.0.3
[INFO] [stderr]    Compiling ring v0.17.14
[INFO] [stderr]    Compiling wayland-backend v0.3.15
[INFO] [stderr]    Compiling zstd-sys v2.0.16+zstd.1.5.7
[INFO] [stderr]    Compiling libsqlite3-sys v0.38.1
[INFO] [stderr]     Checking powerfmt v0.2.0
[INFO] [stderr]     Checking time-core v0.1.9
[INFO] [stderr]     Checking cpubits v0.1.1
[INFO] [stderr]     Checking ttf-parser v0.25.1
[INFO] [stderr]     Checking bytemuck v1.25.0
[INFO] [stderr]     Checking x11rb-protocol v0.13.2
[INFO] [stderr]     Checking deranged v0.5.8
[INFO] [stderr]     Checking option-ext v0.2.0
[INFO] [stderr]     Checking libbz2-rs-sys v0.2.5
[INFO] [stderr]     Checking bumpalo v3.20.3
[INFO] [stderr]    Compiling anyhow v1.0.103
[INFO] [stderr]     Checking toml_parser v1.1.2+spec-1.1.0
[INFO] [stderr]     Checking zopfli v0.8.3
[INFO] [stderr]     Checking dirs-sys v0.5.0
[INFO] [stderr]     Checking aes v0.9.1
[INFO] [stderr]     Checking lzma-rust2 v0.16.4
[INFO] [stderr]     Checking eventsource-stream v0.2.3
[INFO] [stderr]     Checking bzip2 v0.6.1
[INFO] [stderr]     Checking tree_magic_mini v3.2.2
[INFO] [stderr]     Checking is-wsl v0.4.0
[INFO] [stderr]     Checking parking_lot v0.12.5
[INFO] [stderr]     Checking toml_datetime v1.1.1+spec-1.1.0
[INFO] [stderr]     Checking serde_spanned v1.1.1
[INFO] [stderr]     Checking pbkdf2 v0.13.0
[INFO] [stderr]     Checking moxcms v0.8.1
[INFO] [stderr]     Checking sha1 v0.11.0
[INFO] [stderr]     Checking adobe-cmap-parser v0.4.1
[INFO] [stderr]     Checking type1-encoding-parser v0.1.1
[INFO] [stderr]     Checking euclid v0.20.14
[INFO] [stderr]     Checking hashlink v0.12.0
[INFO] [stderr]     Checking constant_time_eq v0.4.2
[INFO] [stderr]     Checking iana-time-zone v0.1.65
[INFO] [stderr]     Checking deflate64 v0.1.12
[INFO] [stderr]     Checking fallible-iterator v0.3.0
[INFO] [stderr]     Checking toml_writer v1.1.1+spec-1.1.0
[INFO] [stderr]     Checking fallible-streaming-iterator v0.1.9
[INFO] [stderr]     Checking futures-timer v3.0.4
[INFO] [stderr]     Checking typed-path v0.12.3
[INFO] [stderr]     Checking ppmd-rust v1.4.0
[INFO] [stderr]     Checking cff-parser v0.2.0
[INFO] [stderr]     Checking postscript v0.14.1
[INFO] [stderr]     Checking toml v1.1.2+spec-1.1.0
[INFO] [stderr]     Checking open v5.3.6
[INFO] [stderr]     Checking time v0.3.52
[INFO] [stderr]     Checking directories v6.0.0
[INFO] [stderr]     Checking uuid v1.23.4
[INFO] [stderr]    Compiling synstructure v0.13.2
[INFO] [stderr]     Checking gethostname v1.1.0
[INFO] [stderr]    Compiling zerofrom-derive v0.1.7
[INFO] [stderr]    Compiling yoke-derive v0.8.2
[INFO] [stderr]    Compiling zerovec-derive v0.11.3
[INFO] [stderr]    Compiling displaydoc v0.2.6
[INFO] [stderr]    Compiling tokio-macros v2.7.0
[INFO] [stderr]    Compiling futures-macro v0.3.32
[INFO] [stderr]    Compiling thiserror-impl v2.0.18
[INFO] [stderr]    Compiling serde_derive v1.0.228
[INFO] [stderr]    Compiling thiserror-impl v1.0.69
[INFO] [stderr]     Checking tokio v1.52.3
[INFO] [stderr]     Checking futures-util v0.3.32
[INFO] [stderr]     Checking zerofrom v0.1.8
[INFO] [stderr]     Checking yoke v0.8.3
[INFO] [stderr]     Checking wayland-protocols v0.32.13
[INFO] [stderr]     Checking x11rb v0.13.2
[INFO] [stderr]     Checking zerovec v0.11.6
[INFO] [stderr]     Checking zerotrie v0.2.4
[INFO] [stderr]     Checking lopdf v0.42.0
[INFO] [stderr]     Checking rustls-webpki v0.103.15
[INFO] [stderr]     Checking tinystr v0.8.3
[INFO] [stderr]     Checking potential_utf v0.1.5
[INFO] [stderr]     Checking icu_collections v2.2.0
[INFO] [stderr]     Checking icu_locale_core v2.2.0
[INFO] [stderr]     Checking image v0.25.10
[INFO] [stderr]     Checking zstd v0.13.3
[INFO] [stderr]     Checking icu_provider v2.2.0
[INFO] [stderr]     Checking zip v8.6.0
[INFO] [stderr]     Checking icu_normalizer v2.2.0
[INFO] [stderr]     Checking icu_properties v2.2.0
[INFO] [stderr]     Checking serde_urlencoded v0.7.1
[INFO] [stderr]     Checking chrono v0.4.45
[INFO] [stderr]     Checking idna_adapter v1.2.2
[INFO] [stderr]     Checking idna v1.1.0
[INFO] [stderr]     Checking hyper v1.10.1
[INFO] [stderr]     Checking tower v0.5.3
[INFO] [stderr]     Checking tokio-util v0.7.18
[INFO] [stderr]     Checking tokio-rustls v0.26.4
[INFO] [stderr]     Checking url v2.5.8
[INFO] [stderr]     Checking wayland-protocols-wlr v0.3.12
[INFO] [stderr]     Checking pdf-extract v0.12.0
[INFO] [stderr]     Checking hyper-util v0.1.20
[INFO] [stderr]     Checking tower-http v0.6.11
[INFO] [stderr]     Checking wl-clipboard-rs v0.9.3
[INFO] [stderr]     Checking hyper-rustls v0.27.9
[INFO] [stderr]     Checking reqwest v0.12.28
[INFO] [stderr]     Checking arboard v3.6.1
[INFO] [stderr]     Checking reqwest-eventsource v0.6.0
[INFO] [stderr]     Checking rusqlite v0.40.1
[INFO] [stderr]     Checking nexus-chat-core v0.1.38 (/opt/rustwide/workdir)
[INFO] [stdout] error[E0599]: no method named `last_status` found for struct `app::App` in the current scope
[INFO] [stdout]     --> src/app/compaction.rs:522:19
[INFO] [stdout]      |
[INFO] [stdout]  522 |         assert!(a.last_status().contains("compacted"), "{}", a.last_status());
[INFO] [stdout]      |                   ^^^^^^^^^^^
[INFO] [stdout]      |
[INFO] [stdout]     ::: src/app/mod.rs:789:1
[INFO] [stdout]      |
[INFO] [stdout]  789 | pub struct App {
[INFO] [stdout]      | -------------- method `last_status` not found for this struct
[INFO] [stdout]      |
[INFO] [stdout] help: there is a method `push_status` with a similar name, but with different arguments
[INFO] [stdout]     --> src/app/mod.rs:1521:5
[INFO] [stdout]      |
[INFO] [stdout] 1521 |     pub fn push_status(&mut self, s: impl Into<String>) {
[INFO] [stdout]      |     ^^^^^^^^^^^^^^^^^^^^^^^^^^^^^^^^^^^^^^^^^^^^^^^^^^^
[INFO] [stdout] 
[INFO] [stdout] 
[INFO] [stdout] error[E0599]: no method named `last_status` found for struct `app::App` in the current scope
[INFO] [stdout]     --> src/app/compaction.rs:522:64
[INFO] [stdout]      |
[INFO] [stdout]  522 |         assert!(a.last_status().contains("compacted"), "{}", a.last_status());
[INFO] [stdout]      |                                                                ^^^^^^^^^^^
[INFO] [stdout]      |
[INFO] [stdout]     ::: src/app/mod.rs:789:1
[INFO] [stdout]      |
[INFO] [stdout]  789 | pub struct App {
[INFO] [stdout]      | -------------- method `last_status` not found for this struct
[INFO] [stdout]      |
[INFO] [stdout] help: there is a method `push_status` with a similar name, but with different arguments
[INFO] [stdout]     --> src/app/mod.rs:1521:5
[INFO] [stdout]      |
[INFO] [stdout] 1521 |     pub fn push_status(&mut self, s: impl Into<String>) {
[INFO] [stdout]      |     ^^^^^^^^^^^^^^^^^^^^^^^^^^^^^^^^^^^^^^^^^^^^^^^^^^^
[INFO] [stdout] 
[INFO] [stdout] 
[INFO] [stdout] error[E0599]: no method named `last_status` found for struct `app::App` in the current scope
[INFO] [stdout]     --> src/app/compaction.rs:586:19
[INFO] [stdout]      |
[INFO] [stdout]  586 |         assert!(a.last_status().contains("nothing new"));
[INFO] [stdout]      |                   ^^^^^^^^^^^
[INFO] [stdout]      |
[INFO] [stdout]     ::: src/app/mod.rs:789:1
[INFO] [stdout]      |
[INFO] [stdout]  789 | pub struct App {
[INFO] [stdout]      | -------------- method `last_status` not found for this struct
[INFO] [stdout]      |
[INFO] [stdout] help: there is a method `push_status` with a similar name, but with different arguments
[INFO] [stdout]     --> src/app/mod.rs:1521:5
[INFO] [stdout]      |
[INFO] [stdout] 1521 |     pub fn push_status(&mut self, s: impl Into<String>) {
[INFO] [stdout]      |     ^^^^^^^^^^^^^^^^^^^^^^^^^^^^^^^^^^^^^^^^^^^^^^^^^^^
[INFO] [stdout] 
[INFO] [stdout] 
[INFO] [stdout] error[E0599]: no method named `last_status` found for struct `app::App` in the current scope
[INFO] [stdout]     --> src/app/compaction.rs:604:19
[INFO] [stdout]      |
[INFO] [stdout]  604 |         assert!(a.last_status().contains("compaction failed"));
[INFO] [stdout]      |                   ^^^^^^^^^^^
[INFO] [stdout]      |
[INFO] [stdout]     ::: src/app/mod.rs:789:1
[INFO] [stdout]      |
[INFO] [stdout]  789 | pub struct App {
[INFO] [stdout]      | -------------- method `last_status` not found for this struct
[INFO] [stdout]      |
[INFO] [stdout] help: there is a method `push_status` with a similar name, but with different arguments
[INFO] [stdout]     --> src/app/mod.rs:1521:5
[INFO] [stdout]      |
[INFO] [stdout] 1521 |     pub fn push_status(&mut self, s: impl Into<String>) {
[INFO] [stdout]      |     ^^^^^^^^^^^^^^^^^^^^^^^^^^^^^^^^^^^^^^^^^^^^^^^^^^^
[INFO] [stdout] 
[INFO] [stdout] 
[INFO] [stdout] error[E0599]: no method named `drain_ui_events` found for struct `app::App` in the current scope
[INFO] [stdout]     --> src/app/files.rs:1149:29
[INFO] [stdout]      |
[INFO] [stdout] 1149 |         let (_, status) = a.drain_ui_events();
[INFO] [stdout]      |                             ^^^^^^^^^^^^^^^ method not found in `app::App`
[INFO] [stdout]      |
[INFO] [stdout]     ::: src/app/mod.rs:789:1
[INFO] [stdout]      |
[INFO] [stdout]  789 | pub struct App {
[INFO] [stdout]      | -------------- method `drain_ui_events` not found for this struct
[INFO] [stdout] 
[INFO] [stdout] 
[INFO] [stdout] error[E0599]: no method named `drain_ui_events` found for struct `app::App` in the current scope
[INFO] [stdout]     --> src/app/files.rs:1315:29
[INFO] [stdout]      |
[INFO] [stdout] 1315 |         let (_, status) = a.drain_ui_events();
[INFO] [stdout]      |                             ^^^^^^^^^^^^^^^ method not found in `app::App`
[INFO] [stdout]      |
[INFO] [stdout]     ::: src/app/mod.rs:789:1
[INFO] [stdout]      |
[INFO] [stdout]  789 | pub struct App {
[INFO] [stdout]      | -------------- method `drain_ui_events` not found for this struct
[INFO] [stdout] 
[INFO] [stdout] 
[INFO] [stdout] error[E0599]: no method named `drain_ui_events` found for struct `app::App` in the current scope
[INFO] [stdout]     --> src/app/files.rs:1319:29
[INFO] [stdout]      |
[INFO] [stdout] 1319 |         let (_, status) = a.drain_ui_events();
[INFO] [stdout]      |                             ^^^^^^^^^^^^^^^ method not found in `app::App`
[INFO] [stdout]      |
[INFO] [stdout]     ::: src/app/mod.rs:789:1
[INFO] [stdout]      |
[INFO] [stdout]  789 | pub struct App {
[INFO] [stdout]      | -------------- method `drain_ui_events` not found for this struct
[INFO] [stdout] 
[INFO] [stdout] 
[INFO] [stdout] error[E0599]: no method named `last_status` found for struct `app::App` in the current scope
[INFO] [stdout]     --> src/app/files.rs:1350:19
[INFO] [stdout]      |
[INFO] [stdout] 1350 |         assert!(a.last_status().contains("5/10 pages (2 failed)"));
[INFO] [stdout]      |                   ^^^^^^^^^^^
[INFO] [stdout]      |
[INFO] [stdout]     ::: src/app/mod.rs:789:1
[INFO] [stdout]      |
[INFO] [stdout]  789 | pub struct App {
[INFO] [stdout]      | -------------- method `last_status` not found for this struct
[INFO] [stdout]      |
[INFO] [stdout] help: there is a method `push_status` with a similar name, but with different arguments
[INFO] [stdout]     --> src/app/mod.rs:1521:5
[INFO] [stdout]      |
[INFO] [stdout] 1521 |     pub fn push_status(&mut self, s: impl Into<String>) {
[INFO] [stdout]      |     ^^^^^^^^^^^^^^^^^^^^^^^^^^^^^^^^^^^^^^^^^^^^^^^^^^^
[INFO] [stdout] 
[INFO] [stdout] 
[INFO] [stdout] error[E0599]: no method named `last_status` found for struct `app::App` in the current scope
[INFO] [stdout]     --> src/app/files.rs:1401:15
[INFO] [stdout]      |
[INFO] [stdout] 1401 |             a.last_status().contains("re-extracting"),
[INFO] [stdout]      |               ^^^^^^^^^^^
[INFO] [stdout]      |
[INFO] [stdout]     ::: src/app/mod.rs:789:1
[INFO] [stdout]      |
[INFO] [stdout]  789 | pub struct App {
[INFO] [stdout]      | -------------- method `last_status` not found for this struct
[INFO] [stdout]      |
[INFO] [stdout] help: there is a method `push_status` with a similar name, but with different arguments
[INFO] [stdout]     --> src/app/mod.rs:1521:5
[INFO] [stdout]      |
[INFO] [stdout] 1521 |     pub fn push_status(&mut self, s: impl Into<String>) {
[INFO] [stdout]      |     ^^^^^^^^^^^^^^^^^^^^^^^^^^^^^^^^^^^^^^^^^^^^^^^^^^^
[INFO] [stdout] 
[INFO] [stdout] 
[INFO] [stdout] error[E0599]: no method named `last_status` found for struct `app::App` in the current scope
[INFO] [stdout]     --> src/app/files.rs:1403:15
[INFO] [stdout]      |
[INFO] [stdout] 1403 |             a.last_status()
[INFO] [stdout]      |               ^^^^^^^^^^^
[INFO] [stdout]      |
[INFO] [stdout]     ::: src/app/mod.rs:789:1
[INFO] [stdout]      |
[INFO] [stdout]  789 | pub struct App {
[INFO] [stdout]      | -------------- method `last_status` not found for this struct
[INFO] [stdout]      |
[INFO] [stdout] help: there is a method `push_status` with a similar name, but with different arguments
[INFO] [stdout]     --> src/app/mod.rs:1521:5
[INFO] [stdout]      |
[INFO] [stdout] 1521 |     pub fn push_status(&mut self, s: impl Into<String>) {
[INFO] [stdout]      |     ^^^^^^^^^^^^^^^^^^^^^^^^^^^^^^^^^^^^^^^^^^^^^^^^^^^
[INFO] [stdout] 
[INFO] [stdout] 
[INFO] [stdout] error[E0599]: no method named `last_status` found for struct `app::App` in the current scope
[INFO] [stdout]     --> src/app/files.rs:1579:19
[INFO] [stdout]      |
[INFO] [stdout] 1579 |         assert!(a.last_status().contains("3/10"), "{}", a.last_status());
[INFO] [stdout]      |                   ^^^^^^^^^^^
[INFO] [stdout]      |
[INFO] [stdout]     ::: src/app/mod.rs:789:1
[INFO] [stdout]      |
[INFO] [stdout]  789 | pub struct App {
[INFO] [stdout]      | -------------- method `last_status` not found for this struct
[INFO] [stdout]      |
[INFO] [stdout] help: there is a method `push_status` with a similar name, but with different arguments
[INFO] [stdout]     --> src/app/mod.rs:1521:5
[INFO] [stdout]      |
[INFO] [stdout] 1521 |     pub fn push_status(&mut self, s: impl Into<String>) {
[INFO] [stdout]      |     ^^^^^^^^^^^^^^^^^^^^^^^^^^^^^^^^^^^^^^^^^^^^^^^^^^^
[INFO] [stdout] 
[INFO] [stdout] 
[INFO] [stdout] error[E0599]: no method named `last_status` found for struct `app::App` in the current scope
[INFO] [stdout]     --> src/app/files.rs:1579:59
[INFO] [stdout]      |
[INFO] [stdout] 1579 |         assert!(a.last_status().contains("3/10"), "{}", a.last_status());
[INFO] [stdout]      |                                                           ^^^^^^^^^^^
[INFO] [stdout]      |
[INFO] [stdout]     ::: src/app/mod.rs:789:1
[INFO] [stdout]      |
[INFO] [stdout]  789 | pub struct App {
[INFO] [stdout]      | -------------- method `last_status` not found for this struct
[INFO] [stdout]      |
[INFO] [stdout] help: there is a method `push_status` with a similar name, but with different arguments
[INFO] [stdout]     --> src/app/mod.rs:1521:5
[INFO] [stdout]      |
[INFO] [stdout] 1521 |     pub fn push_status(&mut self, s: impl Into<String>) {
[INFO] [stdout]      |     ^^^^^^^^^^^^^^^^^^^^^^^^^^^^^^^^^^^^^^^^^^^^^^^^^^^
[INFO] [stdout] 
[INFO] [stdout] 
[INFO] [stdout] error[E0599]: no method named `drain_ui_events` found for struct `app::App` in the current scope
[INFO] [stdout]     --> src/app/research.rs:3132:29
[INFO] [stdout]      |
[INFO] [stdout] 3132 |         let (_, status) = a.drain_ui_events();
[INFO] [stdout]      |                             ^^^^^^^^^^^^^^^ method not found in `app::App`
[INFO] [stdout]      |
[INFO] [stdout]     ::: src/app/mod.rs:789:1
[INFO] [stdout]      |
[INFO] [stdout]  789 | pub struct App {
[INFO] [stdout]      | -------------- method `drain_ui_events` not found for this struct
[INFO] [stdout] 
[INFO] [stdout] 
[INFO] [stdout] error[E0599]: no method named `drain_ui_events` found for struct `app::App` in the current scope
[INFO] [stdout]     --> src/app/research.rs:3204:29
[INFO] [stdout]      |
[INFO] [stdout] 3204 |         let (_, status) = a.drain_ui_events();
[INFO] [stdout]      |                             ^^^^^^^^^^^^^^^ method not found in `app::App`
[INFO] [stdout]      |
[INFO] [stdout]     ::: src/app/mod.rs:789:1
[INFO] [stdout]      |
[INFO] [stdout]  789 | pub struct App {
[INFO] [stdout]      | -------------- method `drain_ui_events` not found for this struct
[INFO] [stdout] 
[INFO] [stdout] 
[INFO] [stdout] error[E0599]: no method named `drain_ui_events` found for struct `app::App` in the current scope
[INFO] [stdout]     --> src/app/research.rs:3210:29
[INFO] [stdout]      |
[INFO] [stdout] 3210 |         let (_, status) = a.drain_ui_events();
[INFO] [stdout]      |                             ^^^^^^^^^^^^^^^ method not found in `app::App`
[INFO] [stdout]      |
[INFO] [stdout]     ::: src/app/mod.rs:789:1
[INFO] [stdout]      |
[INFO] [stdout]  789 | pub struct App {
[INFO] [stdout]      | -------------- method `drain_ui_events` not found for this struct
[INFO] [stdout] 
[INFO] [stdout] 
[INFO] [stdout] error[E0599]: no method named `drain_ui_events` found for struct `app::App` in the current scope
[INFO] [stdout]     --> src/app/research.rs:3239:29
[INFO] [stdout]      |
[INFO] [stdout] 3239 |         let (_, status) = a.drain_ui_events();
[INFO] [stdout]      |                             ^^^^^^^^^^^^^^^ method not found in `app::App`
[INFO] [stdout]      |
[INFO] [stdout]     ::: src/app/mod.rs:789:1
[INFO] [stdout]      |
[INFO] [stdout]  789 | pub struct App {
[INFO] [stdout]      | -------------- method `drain_ui_events` not found for this struct
[INFO] [stdout] 
[INFO] [stdout] 
[INFO] [stdout] error[E0599]: no method named `drain_ui_events` found for struct `app::App` in the current scope
[INFO] [stdout]     --> src/app/research.rs:3274:29
[INFO] [stdout]      |
[INFO] [stdout] 3274 |         let (_, status) = a.drain_ui_events();
[INFO] [stdout]      |                             ^^^^^^^^^^^^^^^ method not found in `app::App`
[INFO] [stdout]      |
[INFO] [stdout]     ::: src/app/mod.rs:789:1
[INFO] [stdout]      |
[INFO] [stdout]  789 | pub struct App {
[INFO] [stdout]      | -------------- method `drain_ui_events` not found for this struct
[INFO] [stdout] 
[INFO] [stdout] 
[INFO] [stdout] error[E0599]: no method named `drain_ui_events` found for struct `app::App` in the current scope
[INFO] [stdout]     --> src/app/research.rs:3303:29
[INFO] [stdout]      |
[INFO] [stdout] 3303 |         let (_, status) = a.drain_ui_events();
[INFO] [stdout]      |                             ^^^^^^^^^^^^^^^ method not found in `app::App`
[INFO] [stdout]      |
[INFO] [stdout]     ::: src/app/mod.rs:789:1
[INFO] [stdout]      |
[INFO] [stdout]  789 | pub struct App {
[INFO] [stdout]      | -------------- method `drain_ui_events` not found for this struct
[INFO] [stdout] 
[INFO] [stdout] 
[INFO] [stdout] error[E0599]: no method named `last_status` found for struct `app::App` in the current scope
[INFO] [stdout]     --> src/app/research.rs:3467:15
[INFO] [stdout]      |
[INFO] [stdout] 3467 |             a.last_status().contains("steer queue full"),
[INFO] [stdout]      |               ^^^^^^^^^^^
[INFO] [stdout]      |
[INFO] [stdout]     ::: src/app/mod.rs:789:1
[INFO] [stdout]      |
[INFO] [stdout]  789 | pub struct App {
[INFO] [stdout]      | -------------- method `last_status` not found for this struct
[INFO] [stdout]      |
[INFO] [stdout] help: there is a method `push_status` with a similar name, but with different arguments
[INFO] [stdout]     --> src/app/mod.rs:1521:5
[INFO] [stdout]      |
[INFO] [stdout] 1521 |     pub fn push_status(&mut self, s: impl Into<String>) {
[INFO] [stdout]      |     ^^^^^^^^^^^^^^^^^^^^^^^^^^^^^^^^^^^^^^^^^^^^^^^^^^^
[INFO] [stdout] 
[INFO] [stdout] 
[INFO] [stdout] error[E0599]: no method named `last_status` found for struct `app::App` in the current scope
[INFO] [stdout]     --> src/app/research.rs:3469:15
[INFO] [stdout]      |
[INFO] [stdout] 3469 |             a.last_status()
[INFO] [stdout]      |               ^^^^^^^^^^^
[INFO] [stdout]      |
[INFO] [stdout]     ::: src/app/mod.rs:789:1
[INFO] [stdout]      |
[INFO] [stdout]  789 | pub struct App {
[INFO] [stdout]      | -------------- method `last_status` not found for this struct
[INFO] [stdout]      |
[INFO] [stdout] help: there is a method `push_status` with a similar name, but with different arguments
[INFO] [stdout]     --> src/app/mod.rs:1521:5
[INFO] [stdout]      |
[INFO] [stdout] 1521 |     pub fn push_status(&mut self, s: impl Into<String>) {
[INFO] [stdout]      |     ^^^^^^^^^^^^^^^^^^^^^^^^^^^^^^^^^^^^^^^^^^^^^^^^^^^
[INFO] [stdout] 
[INFO] [stdout] 
[INFO] [stdout] error[E0599]: no method named `drain_ui_events` found for struct `app::App` in the current scope
[INFO] [stdout]     --> src/app/research.rs:3618:27
[INFO] [stdout]      |
[INFO] [stdout] 3618 |         let (sets, _) = a.drain_ui_events();
[INFO] [stdout]      |                           ^^^^^^^^^^^^^^^ method not found in `app::App`
[INFO] [stdout]      |
[INFO] [stdout]     ::: src/app/mod.rs:789:1
[INFO] [stdout]      |
[INFO] [stdout]  789 | pub struct App {
[INFO] [stdout]      | -------------- method `drain_ui_events` not found for this struct
[INFO] [stdout] 
[INFO] [stdout] 
[INFO] [stdout] error[E0599]: no method named `drain_ui_events` found for struct `app::App` in the current scope
[INFO] [stdout]     --> src/app/research.rs:3661:29
[INFO] [stdout]      |
[INFO] [stdout] 3661 |         let (_, status) = a.drain_ui_events();
[INFO] [stdout]      |                             ^^^^^^^^^^^^^^^ method not found in `app::App`
[INFO] [stdout]      |
[INFO] [stdout]     ::: src/app/mod.rs:789:1
[INFO] [stdout]      |
[INFO] [stdout]  789 | pub struct App {
[INFO] [stdout]      | -------------- method `drain_ui_events` not found for this struct
[INFO] [stdout] 
[INFO] [stdout] 
[INFO] [stdout] error[E0599]: no method named `drain_ui_events` found for struct `app::App` in the current scope
[INFO] [stdout]     --> src/app/research.rs:3783:29
[INFO] [stdout]      |
[INFO] [stdout] 3783 |         let (_, status) = a.drain_ui_events();
[INFO] [stdout]      |                             ^^^^^^^^^^^^^^^ method not found in `app::App`
[INFO] [stdout]      |
[INFO] [stdout]     ::: src/app/mod.rs:789:1
[INFO] [stdout]      |
[INFO] [stdout]  789 | pub struct App {
[INFO] [stdout]      | -------------- method `drain_ui_events` not found for this struct
[INFO] [stdout] 
[INFO] [stdout] 
[INFO] [stdout] error[E0599]: no method named `drain_ui_events` found for struct `app::App` in the current scope
[INFO] [stdout]    --> src/app/tests.rs:232:25
[INFO] [stdout]     |
[INFO] [stdout] 232 |     let (_, status) = a.drain_ui_events();
[INFO] [stdout]     |                         ^^^^^^^^^^^^^^^ method not found in `app::App`
[INFO] [stdout]     |
[INFO] [stdout]    ::: src/app/mod.rs:789:1
[INFO] [stdout]     |
[INFO] [stdout] 789 | pub struct App {
[INFO] [stdout]     | -------------- method `drain_ui_events` not found for this struct
[INFO] [stdout] 
[INFO] [stdout] 
[INFO] [stdout] error[E0599]: no method named `drain_ui_events` found for struct `app::App` in the current scope
[INFO] [stdout]    --> src/app/tests.rs:259:25
[INFO] [stdout]     |
[INFO] [stdout] 259 |     let (_, status) = a.drain_ui_events();
[INFO] [stdout]     |                         ^^^^^^^^^^^^^^^ method not found in `app::App`
[INFO] [stdout]     |
[INFO] [stdout]    ::: src/app/mod.rs:789:1
[INFO] [stdout]     |
[INFO] [stdout] 789 | pub struct App {
[INFO] [stdout]     | -------------- method `drain_ui_events` not found for this struct
[INFO] [stdout] 
[INFO] [stdout] 
[INFO] [stdout] error[E0599]: no method named `drain_ui_events` found for struct `app::App` in the current scope
[INFO] [stdout]    --> src/app/tests.rs:272:28
[INFO] [stdout]     |
[INFO] [stdout] 272 |     let (sets, status) = a.drain_ui_events();
[INFO] [stdout]     |                            ^^^^^^^^^^^^^^^ method not found in `app::App`
[INFO] [stdout]     |
[INFO] [stdout]    ::: src/app/mod.rs:789:1
[INFO] [stdout]     |
[INFO] [stdout] 789 | pub struct App {
[INFO] [stdout]     | -------------- method `drain_ui_events` not found for this struct
[INFO] [stdout] 
[INFO] [stdout] 
[INFO] [stdout] error[E0599]: no method named `drain_ui_events` found for struct `app::App` in the current scope
[INFO] [stdout]    --> src/app/tests.rs:356:25
[INFO] [stdout]     |
[INFO] [stdout] 356 |     let (_, status) = a.drain_ui_events();
[INFO] [stdout]     |                         ^^^^^^^^^^^^^^^ method not found in `app::App`
[INFO] [stdout]     |
[INFO] [stdout]    ::: src/app/mod.rs:789:1
[INFO] [stdout]     |
[INFO] [stdout] 789 | pub struct App {
[INFO] [stdout]     | -------------- method `drain_ui_events` not found for this struct
[INFO] [stdout] 
[INFO] [stdout] 
[INFO] [stdout] error[E0599]: no method named `drain_ui_events` found for struct `app::App` in the current scope
[INFO] [stdout]    --> src/app/tests.rs:417:28
[INFO] [stdout]     |
[INFO] [stdout] 417 |     let (sets, status) = a.drain_ui_events();
[INFO] [stdout]     |                            ^^^^^^^^^^^^^^^ method not found in `app::App`
[INFO] [stdout]     |
[INFO] [stdout]    ::: src/app/mod.rs:789:1
[INFO] [stdout]     |
[INFO] [stdout] 789 | pub struct App {
[INFO] [stdout]     | -------------- method `drain_ui_events` not found for this struct
[INFO] [stdout] 
[INFO] [stdout] 
[INFO] [stdout] error[E0599]: no method named `drain_ui_events` found for struct `app::App` in the current scope
[INFO] [stdout]    --> src/app/tests.rs:427:25
[INFO] [stdout]     |
[INFO] [stdout] 427 |     let (_, status) = a.drain_ui_events();
[INFO] [stdout]     |                         ^^^^^^^^^^^^^^^ method not found in `app::App`
[INFO] [stdout]     |
[INFO] [stdout]    ::: src/app/mod.rs:789:1
[INFO] [stdout]     |
[INFO] [stdout] 789 | pub struct App {
[INFO] [stdout]     | -------------- method `drain_ui_events` not found for this struct
[INFO] [stdout] 
[INFO] [stdout] 
[INFO] [stdout] error[E0599]: no method named `drain_ui_events` found for struct `app::App` in the current scope
[INFO] [stdout]    --> src/app/tests.rs:633:28
[INFO] [stdout]     |
[INFO] [stdout] 633 |     let (sets, status) = a.drain_ui_events();
[INFO] [stdout]     |                            ^^^^^^^^^^^^^^^ method not found in `app::App`
[INFO] [stdout]     |
[INFO] [stdout]    ::: src/app/mod.rs:789:1
[INFO] [stdout]     |
[INFO] [stdout] 789 | pub struct App {
[INFO] [stdout]     | -------------- method `drain_ui_events` not found for this struct
[INFO] [stdout] 
[INFO] [stdout] 
[INFO] [stdout] error[E0599]: no method named `last_status` found for struct `app::App` in the current scope
[INFO] [stdout]     --> src/app/tests.rs:712:18
[INFO] [stdout]      |
[INFO] [stdout]  712 |     assert_eq!(a.last_status(), "response stopped");
[INFO] [stdout]      |                  ^^^^^^^^^^^
[INFO] [stdout]      |
[INFO] [stdout]     ::: src/app/mod.rs:789:1
[INFO] [stdout]      |
[INFO] [stdout]  789 | pub struct App {
[INFO] [stdout]      | -------------- method `last_status` not found for this struct
[INFO] [stdout]      |
[INFO] [stdout] help: there is a method `push_status` with a similar name, but with different arguments
[INFO] [stdout]     --> src/app/mod.rs:1521:5
[INFO] [stdout]      |
[INFO] [stdout] 1521 |     pub fn push_status(&mut self, s: impl Into<String>) {
[INFO] [stdout]      |     ^^^^^^^^^^^^^^^^^^^^^^^^^^^^^^^^^^^^^^^^^^^^^^^^^^^
[INFO] [stdout] 
[INFO] [stdout] 
[INFO] [stdout] error[E0599]: no method named `drain_ui_events` found for struct `app::App` in the current scope
[INFO] [stdout]    --> src/app/tests.rs:770:25
[INFO] [stdout]     |
[INFO] [stdout] 770 |     let (_, status) = a.drain_ui_events();
[INFO] [stdout]     |                         ^^^^^^^^^^^^^^^ method not found in `app::App`
[INFO] [stdout]     |
[INFO] [stdout]    ::: src/app/mod.rs:789:1
[INFO] [stdout]     |
[INFO] [stdout] 789 | pub struct App {
[INFO] [stdout]     | -------------- method `drain_ui_events` not found for this struct
[INFO] [stdout] 
[INFO] [stdout] 
[INFO] [stdout] error[E0599]: no method named `drain_ui_events` found for struct `app::App` in the current scope
[INFO] [stdout]    --> src/app/tests.rs:936:25
[INFO] [stdout]     |
[INFO] [stdout] 936 |     let (_, status) = a.drain_ui_events();
[INFO] [stdout]     |                         ^^^^^^^^^^^^^^^ method not found in `app::App`
[INFO] [stdout]     |
[INFO] [stdout]    ::: src/app/mod.rs:789:1
[INFO] [stdout]     |
[INFO] [stdout] 789 | pub struct App {
[INFO] [stdout]     | -------------- method `drain_ui_events` not found for this struct
[INFO] [stdout] 
[INFO] [stdout] 
[INFO] [stdout] error[E0599]: no method named `drain_ui_events` found for struct `app::App` in the current scope
[INFO] [stdout]    --> src/app/tests.rs:966:25
[INFO] [stdout]     |
[INFO] [stdout] 966 |     let (_, status) = a.drain_ui_events();
[INFO] [stdout]     |                         ^^^^^^^^^^^^^^^ method not found in `app::App`
[INFO] [stdout]     |
[INFO] [stdout]    ::: src/app/mod.rs:789:1
[INFO] [stdout]     |
[INFO] [stdout] 789 | pub struct App {
[INFO] [stdout]     | -------------- method `drain_ui_events` not found for this struct
[INFO] [stdout] 
[INFO] [stdout] 
[INFO] [stdout] error[E0599]: no method named `drain_ui_events` found for struct `app::App` in the current scope
[INFO] [stdout]    --> src/app/tests.rs:976:25
[INFO] [stdout]     |
[INFO] [stdout] 976 |     let (_, status) = a.drain_ui_events();
[INFO] [stdout]     |                         ^^^^^^^^^^^^^^^ method not found in `app::App`
[INFO] [stdout]     |
[INFO] [stdout]    ::: src/app/mod.rs:789:1
[INFO] [stdout]     |
[INFO] [stdout] 789 | pub struct App {
[INFO] [stdout]     | -------------- method `drain_ui_events` not found for this struct
[INFO] [stdout] 
[INFO] [stdout] 
[INFO] [stdout] error[E0599]: no method named `drain_ui_events` found for struct `app::App` in the current scope
[INFO] [stdout]     --> src/app/tests.rs:1193:25
[INFO] [stdout]      |
[INFO] [stdout] 1193 |     let (_, status) = a.drain_ui_events();
[INFO] [stdout]      |                         ^^^^^^^^^^^^^^^ method not found in `app::App`
[INFO] [stdout]      |
[INFO] [stdout]     ::: src/app/mod.rs:789:1
[INFO] [stdout]      |
[INFO] [stdout]  789 | pub struct App {
[INFO] [stdout]      | -------------- method `drain_ui_events` not found for this struct
[INFO] [stdout] 
[INFO] [stdout] 
[INFO] [stdout] error[E0599]: no method named `drain_ui_events` found for struct `app::App` in the current scope
[INFO] [stdout]     --> src/app/tests.rs:1499:25
[INFO] [stdout]      |
[INFO] [stdout] 1499 |     let (_, status) = a.drain_ui_events();
[INFO] [stdout]      |                         ^^^^^^^^^^^^^^^ method not found in `app::App`
[INFO] [stdout]      |
[INFO] [stdout]     ::: src/app/mod.rs:789:1
[INFO] [stdout]      |
[INFO] [stdout]  789 | pub struct App {
[INFO] [stdout]      | -------------- method `drain_ui_events` not found for this struct
[INFO] [stdout] 
[INFO] [stdout] 
[INFO] [stdout] For more information about this error, try `rustc --explain E0599`.
[INFO] [stdout] 
[INFO] [stderr] error: could not compile `nexus-chat-core` (lib test) due to 37 previous errors
[INFO] running `Command { std: "docker" "inspect" "409d49da257215b0f40adcbfdc306231e57a829fdd5076f8b85a804af6076749", kill_on_drop: false }`
[INFO] running `Command { std: "docker" "rm" "-f" "409d49da257215b0f40adcbfdc306231e57a829fdd5076f8b85a804af6076749", kill_on_drop: false }`
[INFO] [stdout] 409d49da257215b0f40adcbfdc306231e57a829fdd5076f8b85a804af6076749
