[INFO] fetching crate molframe-surface 0.5.2...
[INFO] checking molframe-surface-0.5.2 against 3154cc1a3e6424e44f438a95007d043ed5ceaaf6 for pr-133502-30
[INFO] extracting crate molframe-surface 0.5.2 into /workspace/builds/worker-0-tc2/source
[INFO] started tweaking crates.io crate molframe-surface 0.5.2
[INFO] finished tweaking crates.io crate molframe-surface 0.5.2
[INFO] tweaked toml for crates.io crate molframe-surface 0.5.2 written to /workspace/builds/worker-0-tc2/source/Cargo.toml
[INFO] validating manifest of crates.io crate molframe-surface 0.5.2 on toolchain 3154cc1a3e6424e44f438a95007d043ed5ceaaf6
[INFO] running `Command { std: CARGO_HOME="/workspace/cargo-home" RUSTUP_HOME="/workspace/rustup-home" "/workspace/cargo-home/bin/cargo" "+3154cc1a3e6424e44f438a95007d043ed5ceaaf6" "metadata" "--manifest-path" "Cargo.toml" "--no-deps", kill_on_drop: false }`
[INFO] crate crates.io crate molframe-surface 0.5.2 already has a lockfile, it will not be regenerated
[INFO] running `Command { std: CARGO_HOME="/workspace/cargo-home" RUSTUP_HOME="/workspace/rustup-home" "/workspace/cargo-home/bin/cargo" "+3154cc1a3e6424e44f438a95007d043ed5ceaaf6" "fetch" "--manifest-path" "Cargo.toml", kill_on_drop: false }`
[INFO] running `Command { std: "docker" "create" "-v" "/var/lib/crater-agent-workspace/builds/worker-0-tc2/source:/opt/rustwide/workdir:ro,Z" "-v" "/var/lib/crater-agent-workspace/builds/worker-0-tc2/target:/opt/rustwide/target:rw,Z" "-v" "/var/lib/crater-agent-workspace/cargo-home:/opt/rustwide/cargo-home:ro,Z" "-v" "/var/lib/crater-agent-workspace/rustup-home:/opt/rustwide/rustup-home:ro,Z" "-m" "1610612736" "--network" "none" "ghcr.io/rust-lang/crates-build-env/linux@sha256:77db811e55d90add9212f6832c23229e3de5f1c1f9905e8cb07319ea15df73ac" "sleep" "infinity", kill_on_drop: false }`
[INFO] [stdout] 181a473d38e0955b687a208be61637514dc891eaad3272215ab0749716f76f86
[INFO] running `Command { std: "docker" "start" "181a473d38e0955b687a208be61637514dc891eaad3272215ab0749716f76f86", kill_on_drop: false }`
[INFO] running `Command { std: "docker" "inspect" "181a473d38e0955b687a208be61637514dc891eaad3272215ab0749716f76f86", kill_on_drop: false }`
[INFO] running `Command { std: "docker" "exec" "-e" "SOURCE_DIR=/opt/rustwide/workdir" "-e" "CARGO_HOME=/opt/rustwide/cargo-home" "-e" "RUSTUP_HOME=/opt/rustwide/rustup-home" "-e" "CARGO_TARGET_DIR=/opt/rustwide/target" "-w" "/opt/rustwide/workdir" "--user" "0:0" "181a473d38e0955b687a208be61637514dc891eaad3272215ab0749716f76f86" "/opt/rustwide/cargo-home/bin/cargo" "+3154cc1a3e6424e44f438a95007d043ed5ceaaf6" "metadata" "--no-deps" "--format-version=1", kill_on_drop: false }`
[INFO] running `Command { std: "docker" "inspect" "181a473d38e0955b687a208be61637514dc891eaad3272215ab0749716f76f86", kill_on_drop: false }`
[INFO] running `Command { std: "docker" "exec" "-e" "SOURCE_DIR=/opt/rustwide/workdir" "-e" "CARGO_HOME=/opt/rustwide/cargo-home" "-e" "RUSTUP_HOME=/opt/rustwide/rustup-home" "-e" "CARGO_TARGET_DIR=/opt/rustwide/target" "-e" "CARGO_INCREMENTAL=0" "-e" "RUST_BACKTRACE=full" "-e" "RUSTFLAGS=--cap-lints=forbid" "-e" "RUSTDOCFLAGS=--cap-lints=forbid" "-w" "/opt/rustwide/workdir" "--user" "0:0" "181a473d38e0955b687a208be61637514dc891eaad3272215ab0749716f76f86" "/opt/rustwide/cargo-home/bin/cargo" "+3154cc1a3e6424e44f438a95007d043ed5ceaaf6" "check" "--frozen" "--all" "--all-targets" "--message-format=json", kill_on_drop: false }`
[INFO] [stderr]    Compiling thiserror v2.0.21
[INFO] [stderr]     Checking smallvec v1.16.2
[INFO] [stderr]    Compiling zerocopy v0.8.59
[INFO] [stderr]     Checking hashbrown v0.17.1
[INFO] [stderr]     Checking quick-xml v0.41.0
[INFO] [stderr]     Checking num-traits v0.2.19
[INFO] [stderr]    Compiling thiserror-impl v2.0.21
[INFO] [stderr]    Compiling zerocopy-derive v0.8.59
[INFO] [stderr]    Compiling serde_derive v1.0.229
[INFO] [stderr]     Checking regex-syntax v0.8.11
[INFO] [stderr]     Checking clap_lex v1.1.1
[INFO] [stderr]     Checking bytemuck v1.25.2
[INFO] [stderr]    Compiling getrandom v0.4.3
[INFO] [stderr]    Compiling rustix v1.1.5
[INFO] [stderr]     Checking sha2 v0.10.9
[INFO] [stderr]     Checking serde_json v1.0.151
[INFO] [stderr]     Checking itertools v0.10.5
[INFO] [stderr]     Checking clap_builder v4.6.7
[INFO] [stderr]     Checking safe_arch v1.2.0
[INFO] [stderr]     Checking is-terminal v0.4.17
[INFO] [stderr]     Checking wide v1.7.1
[INFO] [stderr]     Checking indexmap v2.14.2
[INFO] [stderr]     Checking regex-automata v0.4.18
[INFO] [stderr]     Checking molframe-core v0.5.2
[INFO] [stderr]     Checking clap v4.6.7
[INFO] [stderr]     Checking serde v1.0.229
[INFO] [stderr]     Checking criterion-plot v0.5.0
[INFO] [stderr]     Checking tinytemplate v1.2.1
[INFO] [stderr]     Checking tempfile v3.27.0
[INFO] [stderr]     Checking regex v1.13.1
[INFO] [stderr]     Checking molframe-cif v0.5.2
[INFO] [stderr]     Checking molframe-chem v0.5.2
[INFO] [stderr]     Checking half v2.7.1
[INFO] [stderr]     Checking molframe-query v0.5.2
[INFO] [stderr]     Checking ciborium-ll v0.2.2
[INFO] [stderr]     Checking ciborium v0.2.2
[INFO] [stderr]     Checking molframe-spatial v0.5.2
[INFO] [stderr]     Checking criterion v0.5.1
[INFO] [stderr]     Checking molframe-surface v0.5.2 (/opt/rustwide/workdir)
[INFO] [stdout] error[E0432]: unresolved import `molframe_bench`
[INFO] [stdout]  --> benches/surface.rs:4:5
[INFO] [stdout]   |
[INFO] [stdout] 4 | use molframe_bench::{Sample, coordinates, structure, structure_with_atoms};
[INFO] [stdout]   |     ^^^^^^^^^^^^^^ use of unresolved module or unlinked crate `molframe_bench`
[INFO] [stdout]   |
[INFO] [stdout]   = help: if you wanted to use a crate named `molframe_bench`, use `cargo add molframe_bench` to add it to your `Cargo.toml`
[INFO] [stdout] 
[INFO] [stdout] 
[INFO] [stdout] For more information about this error, try `rustc --explain E0432`.
[INFO] [stdout] 
[INFO] [stderr] error: could not compile `molframe-surface` (bench "surface") due to 1 previous error
[INFO] [stderr] warning: build failed, waiting for other jobs to finish...
[INFO] [stdout] error[E0433]: cannot find module or crate `molframe_bench` in this scope
[INFO] [stdout]    --> src/lee_richards_tests.rs:112:47
[INFO] [stdout]     |
[INFO] [stdout] 112 |     let structure = molframe_bench::structure(molframe_bench::Sample::Medium);
[INFO] [stdout]     |                                               ^^^^^^^^^^^^^^ use of unresolved module or unlinked crate `molframe_bench`
[INFO] [stdout]     |
[INFO] [stdout]     = help: if you wanted to use a crate named `molframe_bench`, use `cargo add molframe_bench` to add it to your `Cargo.toml`
[INFO] [stdout] 
[INFO] [stdout] 
[INFO] [stdout] error[E0433]: cannot find module or crate `molframe_bench` in this scope
[INFO] [stdout]    --> src/lee_richards_tests.rs:112:21
[INFO] [stdout]     |
[INFO] [stdout] 112 |     let structure = molframe_bench::structure(molframe_bench::Sample::Medium);
[INFO] [stdout]     |                     ^^^^^^^^^^^^^^ use of unresolved module or unlinked crate `molframe_bench`
[INFO] [stdout]     |
[INFO] [stdout]     = help: if you wanted to use a crate named `molframe_bench`, use `cargo add molframe_bench` to add it to your `Cargo.toml`
[INFO] [stdout] 
[INFO] [stdout] 
[INFO] [stdout] error[E0433]: cannot find module or crate `molframe_bench` in this scope
[INFO] [stdout]    --> src/lee_richards_tests.rs:113:21
[INFO] [stdout]     |
[INFO] [stdout] 113 |     let positions = molframe_bench::coordinates(&structure);
[INFO] [stdout]     |                     ^^^^^^^^^^^^^^ use of unresolved module or unlinked crate `molframe_bench`
[INFO] [stdout]     |
[INFO] [stdout]     = help: if you wanted to use a crate named `molframe_bench`, use `cargo add molframe_bench` to add it to your `Cargo.toml`
[INFO] [stdout] 
[INFO] [stdout] 
[INFO] [stdout] For more information about this error, try `rustc --explain E0433`.
[INFO] [stdout] 
[INFO] [stderr] error: could not compile `molframe-surface` (lib test) due to 3 previous errors
[INFO] running `Command { std: "docker" "inspect" "181a473d38e0955b687a208be61637514dc891eaad3272215ab0749716f76f86", kill_on_drop: false }`
[INFO] running `Command { std: "docker" "rm" "-f" "181a473d38e0955b687a208be61637514dc891eaad3272215ab0749716f76f86", kill_on_drop: false }`
[INFO] [stdout] 181a473d38e0955b687a208be61637514dc891eaad3272215ab0749716f76f86
