[INFO] fetching crate molframe-query 0.5.2...
[INFO] checking molframe-query-0.5.2 against 3154cc1a3e6424e44f438a95007d043ed5ceaaf6+rustflags=-Znext-solver=coherence for pr-133502-30
[INFO] extracting crate molframe-query 0.5.2 into /workspace/builds/worker-4-tc1/source
[INFO] started tweaking crates.io crate molframe-query 0.5.2
[INFO] finished tweaking crates.io crate molframe-query 0.5.2
[INFO] tweaked toml for crates.io crate molframe-query 0.5.2 written to /workspace/builds/worker-4-tc1/source/Cargo.toml
[INFO] validating manifest of crates.io crate molframe-query 0.5.2 on toolchain 3154cc1a3e6424e44f438a95007d043ed5ceaaf6
[INFO] running `Command { std: CARGO_HOME="/workspace/cargo-home" RUSTUP_HOME="/workspace/rustup-home" "/workspace/cargo-home/bin/cargo" "+3154cc1a3e6424e44f438a95007d043ed5ceaaf6" "metadata" "--manifest-path" "Cargo.toml" "--no-deps", kill_on_drop: false }`
[INFO] crate crates.io crate molframe-query 0.5.2 already has a lockfile, it will not be regenerated
[INFO] running `Command { std: CARGO_HOME="/workspace/cargo-home" RUSTUP_HOME="/workspace/rustup-home" "/workspace/cargo-home/bin/cargo" "+3154cc1a3e6424e44f438a95007d043ed5ceaaf6" "fetch" "--manifest-path" "Cargo.toml", kill_on_drop: false }`
[INFO] [stderr]     Updating crates.io index
[INFO] [stderr]  Downloading crates ...
[INFO] [stderr]   Downloaded molframe-core v0.5.2
[INFO] [stderr]   Downloaded molframe-cif v0.5.2
[INFO] [stderr]   Downloaded molframe-chem v0.5.2
[INFO] running `Command { std: "docker" "create" "-v" "/var/lib/crater-agent-workspace/builds/worker-4-tc1/source:/opt/rustwide/workdir:ro,Z" "-v" "/var/lib/crater-agent-workspace/builds/worker-4-tc1/target:/opt/rustwide/target:rw,Z" "-v" "/var/lib/crater-agent-workspace/cargo-home:/opt/rustwide/cargo-home:ro,Z" "-v" "/var/lib/crater-agent-workspace/rustup-home:/opt/rustwide/rustup-home:ro,Z" "-m" "1610612736" "--network" "none" "ghcr.io/rust-lang/crates-build-env/linux@sha256:77db811e55d90add9212f6832c23229e3de5f1c1f9905e8cb07319ea15df73ac" "sleep" "infinity", kill_on_drop: false }`
[INFO] [stdout] fb1435aa551cb919689a46cff6c575b051275b450cf69ed78dceca589fc12c43
[INFO] running `Command { std: "docker" "start" "fb1435aa551cb919689a46cff6c575b051275b450cf69ed78dceca589fc12c43", kill_on_drop: false }`
[INFO] running `Command { std: "docker" "inspect" "fb1435aa551cb919689a46cff6c575b051275b450cf69ed78dceca589fc12c43", kill_on_drop: false }`
[INFO] running `Command { std: "docker" "exec" "-e" "SOURCE_DIR=/opt/rustwide/workdir" "-e" "CARGO_HOME=/opt/rustwide/cargo-home" "-e" "RUSTUP_HOME=/opt/rustwide/rustup-home" "-e" "CARGO_TARGET_DIR=/opt/rustwide/target" "-w" "/opt/rustwide/workdir" "--user" "0:0" "fb1435aa551cb919689a46cff6c575b051275b450cf69ed78dceca589fc12c43" "/opt/rustwide/cargo-home/bin/cargo" "+3154cc1a3e6424e44f438a95007d043ed5ceaaf6" "metadata" "--no-deps" "--format-version=1", kill_on_drop: false }`
[INFO] running `Command { std: "docker" "inspect" "fb1435aa551cb919689a46cff6c575b051275b450cf69ed78dceca589fc12c43", kill_on_drop: false }`
[INFO] running `Command { std: "docker" "exec" "-e" "SOURCE_DIR=/opt/rustwide/workdir" "-e" "CARGO_HOME=/opt/rustwide/cargo-home" "-e" "RUSTUP_HOME=/opt/rustwide/rustup-home" "-e" "CARGO_TARGET_DIR=/opt/rustwide/target" "-e" "CARGO_INCREMENTAL=0" "-e" "RUST_BACKTRACE=full" "-e" "RUSTFLAGS=--cap-lints=forbid -Znext-solver=coherence" "-e" "RUSTDOCFLAGS=--cap-lints=forbid" "-w" "/opt/rustwide/workdir" "--user" "0:0" "fb1435aa551cb919689a46cff6c575b051275b450cf69ed78dceca589fc12c43" "/opt/rustwide/cargo-home/bin/cargo" "+3154cc1a3e6424e44f438a95007d043ed5ceaaf6" "check" "--frozen" "--all" "--all-targets" "--message-format=json", kill_on_drop: false }`
[INFO] [stderr]    Compiling crossbeam-utils v0.8.23
[INFO] [stderr]    Compiling crossbeam-epoch v0.9.21
[INFO] [stderr]    Compiling crossbeam-deque v0.8.8
[INFO] [stderr]    Compiling zerocopy v0.8.59
[INFO] [stderr]     Checking smallvec v1.16.2
[INFO] [stderr]     Checking quick-xml v0.41.0
[INFO] [stderr]    Compiling syn v3.0.6
[INFO] [stderr]    Compiling syn v2.0.119
[INFO] [stderr]     Checking regex-syntax v0.8.11
[INFO] [stderr]     Checking crypto-common v0.1.7
[INFO] [stderr]     Checking block-buffer v0.10.4
[INFO] [stderr]     Checking ciborium-io v0.2.2
[INFO] [stderr]     Checking clap_builder v4.6.7
[INFO] [stderr]     Checking itertools v0.10.5
[INFO] [stderr]     Checking cast v0.3.0
[INFO] [stderr]     Checking is-terminal v0.4.17
[INFO] [stderr]     Checking anes v0.1.6
[INFO] [stderr]     Checking oorandom v11.1.5
[INFO] [stderr]     Checking digest v0.10.7
[INFO] [stderr]     Checking sha2 v0.10.9
[INFO] [stderr]     Checking regex-automata v0.4.18
[INFO] [stderr]     Checking rayon-core v1.13.0
[INFO] [stderr]     Checking rayon v1.12.0
[INFO] [stderr]     Checking criterion-plot v0.5.0
[INFO] [stderr]     Checking clap v4.6.7
[INFO] [stderr]    Compiling bytemuck_derive v1.12.1
[INFO] [stderr]    Compiling thiserror-impl v2.0.21
[INFO] [stderr]    Compiling serde_derive v1.0.229
[INFO] [stderr]     Checking regex v1.13.1
[INFO] [stderr]    Compiling zerocopy-derive v0.8.59
[INFO] [stderr]     Checking bytemuck v1.25.2
[INFO] [stderr]     Checking thiserror v2.0.21
[INFO] [stderr]     Checking molframe-core v0.5.2
[INFO] [stderr]     Checking serde v1.0.229
[INFO] [stderr]     Checking tinytemplate v1.2.1
[INFO] [stderr]     Checking molframe-cif v0.5.2
[INFO] [stderr]     Checking molframe-chem v0.5.2
[INFO] [stderr]     Checking molframe-query v0.5.2 (/opt/rustwide/workdir)
[INFO] [stderr]     Checking half v2.7.1
[INFO] [stderr]     Checking ciborium-ll v0.2.2
[INFO] [stderr]     Checking ciborium v0.2.2
[INFO] [stderr]     Checking criterion v0.5.1
[INFO] [stdout] error[E0432]: unresolved import `molframe_bench`
[INFO] [stdout]   --> benches/aliases.rs:10:5
[INFO] [stdout]    |
[INFO] [stdout] 10 | use molframe_bench::{Sample, Seed, SyntheticCifSource, Tile, input, structure};
[INFO] [stdout]    |     ^^^^^^^^^^^^^^ use of unresolved module or unlinked crate `molframe_bench`
[INFO] [stdout]    |
[INFO] [stdout]    = help: if you wanted to use a crate named `molframe_bench`, use `cargo add molframe_bench` to add it to your `Cargo.toml`
[INFO] [stdout] 
[INFO] [stdout] 
[INFO] [stdout] error[E0432]: unresolved import `molframe_bench`
[INFO] [stdout]  --> benches/query.rs:4:5
[INFO] [stdout]   |
[INFO] [stdout] 4 | use molframe_bench::{Sample, structure, structure_with_atoms};
[INFO] [stdout]   |     ^^^^^^^^^^^^^^ use of unresolved module or unlinked crate `molframe_bench`
[INFO] [stdout]   |
[INFO] [stdout]   = help: if you wanted to use a crate named `molframe_bench`, use `cargo add molframe_bench` to add it to your `Cargo.toml`
[INFO] [stdout] 
[INFO] [stdout] 
[INFO] [stdout] error[E0432]: unresolved import `molframe_spatial`
[INFO] [stdout]  --> benches/query.rs:8:5
[INFO] [stdout]   |
[INFO] [stdout] 8 | use molframe_spatial::{SpatialBackend, StructureSpatial};
[INFO] [stdout]   |     ^^^^^^^^^^^^^^^^ use of unresolved module or unlinked crate `molframe_spatial`
[INFO] [stdout]   |
[INFO] [stdout]   = help: if you wanted to use a crate named `molframe_spatial`, use `cargo add molframe_spatial` to add it to your `Cargo.toml`
[INFO] [stdout] 
[INFO] [stdout] 
[INFO] [stdout] error[E0432]: unresolved import `molframe_spatial`
[INFO] [stdout]   --> benches/aliases.rs:16:5
[INFO] [stdout]    |
[INFO] [stdout] 16 | use molframe_spatial::{SpatialBackend, StructureSpatial};
[INFO] [stdout]    |     ^^^^^^^^^^^^^^^^ use of unresolved module or unlinked crate `molframe_spatial`
[INFO] [stdout]    |
[INFO] [stdout]    = help: if you wanted to use a crate named `molframe_spatial`, use `cargo add molframe_spatial` to add it to your `Cargo.toml`
[INFO] [stdout] 
[INFO] [stdout] 
[INFO] [stdout] For more information about this error, try `rustc --explain E0432`.
[INFO] [stdout] 
[INFO] [stdout] error[E0432]: unresolved import `molframe_bench`
[INFO] [stdout]  --> src/language/predicate_scan_tests.rs:5:5
[INFO] [stdout]   |
[INFO] [stdout] 5 | use molframe_bench::{Sample, structure};
[INFO] [stdout]   |     ^^^^^^^^^^^^^^ use of unresolved module or unlinked crate `molframe_bench`
[INFO] [stdout]   |
[INFO] [stdout]   = help: if you wanted to use a crate named `molframe_bench`, use `cargo add molframe_bench` to add it to your `Cargo.toml`
[INFO] [stdout] 
[INFO] [stdout] 
[INFO] [stderr] error: could not compile `molframe-query` (bench "query") due to 2 previous errors
[INFO] [stdout] error[E0432]: unresolved import `molframe_bench`
[INFO] [stdout]  --> src/language/prune_tests.rs:2:5
[INFO] [stdout]   |
[INFO] [stdout] 2 | use molframe_bench::{Sample, structure, structure_with_atoms};
[INFO] [stdout]   |     ^^^^^^^^^^^^^^ use of unresolved module or unlinked crate `molframe_bench`
[INFO] [stdout]   |
[INFO] [stdout]   = help: if you wanted to use a crate named `molframe_bench`, use `cargo add molframe_bench` to add it to your `Cargo.toml`
[INFO] [stdout] 
[INFO] [stdout] 
[INFO] [stderr] warning: build failed, waiting for other jobs to finish...
[INFO] [stdout] For more information about this error, try `rustc --explain E0432`.
[INFO] [stdout] 
[INFO] [stderr] error: could not compile `molframe-query` (bench "aliases") due to 2 previous errors
[INFO] [stdout] For more information about this error, try `rustc --explain E0432`.
[INFO] [stdout] 
[INFO] [stderr] error: could not compile `molframe-query` (lib test) due to 2 previous errors
[INFO] running `Command { std: "docker" "inspect" "fb1435aa551cb919689a46cff6c575b051275b450cf69ed78dceca589fc12c43", kill_on_drop: false }`
[INFO] running `Command { std: "docker" "rm" "-f" "fb1435aa551cb919689a46cff6c575b051275b450cf69ed78dceca589fc12c43", kill_on_drop: false }`
[INFO] [stdout] fb1435aa551cb919689a46cff6c575b051275b450cf69ed78dceca589fc12c43
