[INFO] fetching crate moirai-tls 0.7.0...
[INFO] checking moirai-tls-0.7.0 against 3154cc1a3e6424e44f438a95007d043ed5ceaaf6 for pr-133502-30
[INFO] extracting crate moirai-tls 0.7.0 into /workspace/builds/worker-7-tc2/source
[INFO] started tweaking crates.io crate moirai-tls 0.7.0
[INFO] removed 0 missing tests
[INFO] finished tweaking crates.io crate moirai-tls 0.7.0
[INFO] tweaked toml for crates.io crate moirai-tls 0.7.0 written to /workspace/builds/worker-7-tc2/source/Cargo.toml
[INFO] validating manifest of crates.io crate moirai-tls 0.7.0 on toolchain 3154cc1a3e6424e44f438a95007d043ed5ceaaf6
[INFO] running `Command { std: CARGO_HOME="/workspace/cargo-home" RUSTUP_HOME="/workspace/rustup-home" "/workspace/cargo-home/bin/cargo" "+3154cc1a3e6424e44f438a95007d043ed5ceaaf6" "metadata" "--manifest-path" "Cargo.toml" "--no-deps", kill_on_drop: false }`
[INFO] crate crates.io crate moirai-tls 0.7.0 already has a lockfile, it will not be regenerated
[INFO] running `Command { std: CARGO_HOME="/workspace/cargo-home" RUSTUP_HOME="/workspace/rustup-home" "/workspace/cargo-home/bin/cargo" "+3154cc1a3e6424e44f438a95007d043ed5ceaaf6" "fetch" "--manifest-path" "Cargo.toml", kill_on_drop: false }`
[INFO] [stderr] warning: `package.homepage` is redundant with `package.repository`
[INFO] [stderr]   --> Cargo.toml:44:12
[INFO] [stderr]    |
[INFO] [stderr] 44 | homepage = "https://github.com/ryancinsight/Moirai"
[INFO] [stderr]    |            ^^^^^^^^^^^^^^^^^^^^^^^^^^^^^^^^^^^^^^^^
[INFO] [stderr] ...
[INFO] [stderr] 49 | repository = "https://github.com/ryancinsight/Moirai"
[INFO] [stderr]    |              ----------------------------------------
[INFO] [stderr]    |
[INFO] [stderr]    = note: `cargo::redundant_homepage` is set to `warn` by default
[INFO] [stderr] help: consider removing `package.homepage`
[INFO] [stderr] warning: `moirai-tls` (manifest) generated 1 warning
[INFO] running `Command { std: "docker" "create" "-v" "/var/lib/crater-agent-workspace/builds/worker-7-tc2/source:/opt/rustwide/workdir:ro,Z" "-v" "/var/lib/crater-agent-workspace/builds/worker-7-tc2/target:/opt/rustwide/target:rw,Z" "-v" "/var/lib/crater-agent-workspace/cargo-home:/opt/rustwide/cargo-home:ro,Z" "-v" "/var/lib/crater-agent-workspace/rustup-home:/opt/rustwide/rustup-home:ro,Z" "-m" "1610612736" "--network" "none" "ghcr.io/rust-lang/crates-build-env/linux@sha256:77db811e55d90add9212f6832c23229e3de5f1c1f9905e8cb07319ea15df73ac" "sleep" "infinity", kill_on_drop: false }`
[INFO] [stdout] 65cf3c7a94b55454c55cedc8cdff397ee194226f11d963cc34302b954688236c
[INFO] running `Command { std: "docker" "start" "65cf3c7a94b55454c55cedc8cdff397ee194226f11d963cc34302b954688236c", kill_on_drop: false }`
[INFO] running `Command { std: "docker" "inspect" "65cf3c7a94b55454c55cedc8cdff397ee194226f11d963cc34302b954688236c", kill_on_drop: false }`
[INFO] running `Command { std: "docker" "exec" "-e" "SOURCE_DIR=/opt/rustwide/workdir" "-e" "CARGO_HOME=/opt/rustwide/cargo-home" "-e" "RUSTUP_HOME=/opt/rustwide/rustup-home" "-e" "CARGO_TARGET_DIR=/opt/rustwide/target" "-w" "/opt/rustwide/workdir" "--user" "0:0" "65cf3c7a94b55454c55cedc8cdff397ee194226f11d963cc34302b954688236c" "/opt/rustwide/cargo-home/bin/cargo" "+3154cc1a3e6424e44f438a95007d043ed5ceaaf6" "metadata" "--no-deps" "--format-version=1", kill_on_drop: false }`
[INFO] running `Command { std: "docker" "inspect" "65cf3c7a94b55454c55cedc8cdff397ee194226f11d963cc34302b954688236c", kill_on_drop: false }`
[INFO] running `Command { std: "docker" "exec" "-e" "SOURCE_DIR=/opt/rustwide/workdir" "-e" "CARGO_HOME=/opt/rustwide/cargo-home" "-e" "RUSTUP_HOME=/opt/rustwide/rustup-home" "-e" "CARGO_TARGET_DIR=/opt/rustwide/target" "-e" "CARGO_INCREMENTAL=0" "-e" "RUST_BACKTRACE=full" "-e" "RUSTFLAGS=--cap-lints=forbid" "-e" "RUSTDOCFLAGS=--cap-lints=forbid" "-w" "/opt/rustwide/workdir" "--user" "0:0" "65cf3c7a94b55454c55cedc8cdff397ee194226f11d963cc34302b954688236c" "/opt/rustwide/cargo-home/bin/cargo" "+3154cc1a3e6424e44f438a95007d043ed5ceaaf6" "check" "--frozen" "--all" "--all-targets" "--message-format=json", kill_on_drop: false }`
[INFO] [stderr] warning: `package.homepage` is redundant with `package.repository`
[INFO] [stderr]   --> Cargo.toml:44:12
[INFO] [stderr]    |
[INFO] [stderr] 44 | homepage = "https://github.com/ryancinsight/Moirai"
[INFO] [stderr]    |            ^^^^^^^^^^^^^^^^^^^^^^^^^^^^^^^^^^^^^^^^
[INFO] [stderr] ...
[INFO] [stderr] 49 | repository = "https://github.com/ryancinsight/Moirai"
[INFO] [stderr]    |              ----------------------------------------
[INFO] [stderr]    |
[INFO] [stderr]    = note: `cargo::redundant_homepage` is set to `warn` by default
[INFO] [stderr] help: consider removing `package.homepage`
[INFO] [stderr] warning: `moirai-tls` (manifest) generated 1 warning
[INFO] [stderr]    Compiling libc v0.2.190
[INFO] [stderr]     Checking subtle v2.6.1
[INFO] [stderr]     Checking const-oid v0.9.6
[INFO] [stderr]    Compiling melinoe v0.10.0
[INFO] [stderr]    Compiling mnemosyne-build-util v0.2.1
[INFO] [stderr]    Compiling object v0.37.3
[INFO] [stderr]    Compiling themis-topology v0.11.1
[INFO] [stderr]    Compiling generic-array v0.14.7
[INFO] [stderr]     Checking mnemosyne-memory-core v0.3.0
[INFO] [stderr]     Checking gimli v0.32.3
[INFO] [stderr]     Checking rustc-demangle v0.1.28
[INFO] [stderr]    Compiling zerocopy v0.8.59
[INFO] [stderr]     Checking miniz_oxide v0.8.9
[INFO] [stderr]    Compiling num-traits v0.2.19
[INFO] [stderr]    Compiling syn v2.0.119
[INFO] [stderr]     Checking base16ct v0.2.0
[INFO] [stderr]     Checking bytemuck v1.25.2
[INFO] [stderr]     Checking opaque-debug v0.3.1
[INFO] [stderr]     Checking moirai-utils v0.7.0
[INFO] [stderr]    Compiling mnemosyne-prof v0.2.1
[INFO] [stderr]    Compiling mnemosyne-local v0.6.0
[INFO] [stderr]    Compiling curve25519-dalek v4.1.3
[INFO] [stderr]    Compiling syn v3.0.6
[INFO] [stderr]     Checking futures-core v0.3.34
[INFO] [stderr]     Checking mnemosyne-backend v0.6.0
[INFO] [stderr]     Checking futures-sink v0.3.34
[INFO] [stderr]    Compiling num-bigint-dig v0.8.6
[INFO] [stderr]    Compiling rustls v0.23.45
[INFO] [stderr]     Checking futures-channel v0.3.34
[INFO] [stderr]     Checking spin v0.9.9
[INFO] [stderr]    Compiling moirai-pal v0.7.0
[INFO] [stderr]     Checking slab v0.4.12
[INFO] [stderr]    Compiling moirai-executor v0.7.0
[INFO] [stderr]     Checking smallvec v1.16.2
[INFO] [stderr]     Checking log v0.4.34
[INFO] [stderr]     Checking once_cell v1.21.4
[INFO] [stderr]     Checking lazy_static v1.5.1
[INFO] [stderr]     Checking getrandom v0.2.17
[INFO] [stderr]     Checking num_cpus v1.17.0
[INFO] [stderr]     Checking socket2 v0.6.5
[INFO] [stderr]     Checking num-integer v0.1.47
[INFO] [stderr]     Checking rand_core v0.6.4
[INFO] [stderr]     Checking ff v0.13.1
[INFO] [stderr]     Checking num-iter v0.1.46
[INFO] [stderr]     Checking mnemosyne-arena v0.6.0
[INFO] [stderr]     Checking group v0.13.0
[INFO] [stderr]     Checking mnemosyne-decay v0.3.2
[INFO] [stderr]     Checking addr2line v0.25.1
[INFO] [stderr]    Compiling futures-macro v0.3.34
[INFO] [stderr]     Checking futures-util v0.3.34
[INFO] [stderr]    Compiling zeroize_derive v1.5.0
[INFO] [stderr]    Compiling curve25519-dalek-derive v0.1.1
[INFO] [stderr]    Compiling moirai-async-macros v0.7.0
[INFO] [stderr]     Checking backtrace v0.3.76
[INFO] [stderr]     Checking zeroize v1.9.0
[INFO] [stderr]     Checking der v0.7.10
[INFO] [stderr]     Checking rustls-pki-types v1.15.1
[INFO] [stderr]     Checking ppv-lite86 v0.2.21
[INFO] [stderr]     Checking rustls-webpki v0.103.15
[INFO] [stderr]     Checking webpki-roots v1.0.9
[INFO] [stderr]     Checking webpki-roots v0.26.11
[INFO] [stderr]     Checking rand_chacha v0.3.1
[INFO] [stderr]     Checking rand v0.8.8
[INFO] [stderr]     Checking mnemosyne-memory v0.9.0
[INFO] [stderr]     Checking moirai-core v0.7.0
[INFO] [stderr]     Checking crypto-common v0.1.7
[INFO] [stderr]     Checking block-buffer v0.10.4
[INFO] [stderr]     Checking inout v0.1.4
[INFO] [stderr]     Checking crypto-bigint v0.5.5
[INFO] [stderr]     Checking universal-hash v0.5.1
[INFO] [stderr]     Checking cipher v0.4.4
[INFO] [stderr]     Checking aead v0.5.2
[INFO] [stderr]     Checking polyval v0.6.2
[INFO] [stderr]     Checking poly1305 v0.8.0
[INFO] [stderr]     Checking digest v0.10.7
[INFO] [stderr]     Checking ghash v0.5.1
[INFO] [stderr]     Checking hmac v0.12.1
[INFO] [stderr]     Checking signature v2.2.0
[INFO] [stderr]     Checking sha2 v0.10.9
[INFO] [stderr]     Checking ctr v0.9.2
[INFO] [stderr]     Checking chacha20 v0.9.1
[INFO] [stderr]     Checking aes v0.8.4
[INFO] [stderr]     Checking ed25519 v2.2.3
[INFO] [stderr]     Checking hkdf v0.12.4
[INFO] [stderr]     Checking rfc6979 v0.4.0
[INFO] [stderr]     Checking chacha20poly1305 v0.10.1
[INFO] [stderr]     Checking moirai-scheduler v0.7.0
[INFO] [stderr]     Checking aes-gcm v0.10.3
[INFO] [stderr]     Checking moirai-transport v0.7.0
[INFO] [stderr]     Checking spki v0.7.3
[INFO] [stderr]     Checking sec1 v0.7.3
[INFO] [stderr]     Checking pkcs8 v0.10.2
[INFO] [stderr]     Checking ed25519-dalek v2.2.0
[INFO] [stderr]     Checking x25519-dalek v2.0.1
[INFO] [stderr]     Checking pkcs1 v0.7.5
[INFO] [stderr]     Checking futures-executor v0.3.34
[INFO] [stderr]     Checking futures v0.3.34
[INFO] [stderr]     Checking rsa v0.9.10
[INFO] [stderr]     Checking elliptic-curve v0.13.8
[INFO] [stderr]     Checking moirai-async v0.7.0
[INFO] [stderr]     Checking ecdsa v0.16.9
[INFO] [stderr]     Checking primeorder v0.13.6
[INFO] [stderr]     Checking p384 v0.13.1
[INFO] [stderr]     Checking p256 v0.13.2
[INFO] [stderr]     Checking futures-rustls v0.26.0
[INFO] [stderr]     Checking moirai-crypto v0.7.0
[INFO] [stderr]     Checking moirai-tls v0.7.0 (/opt/rustwide/workdir)
[INFO] [stdout] error: couldn't read `tests/../../tests/fixtures/localhost-cert.pem`: No such file or directory (os error 2)
[INFO] [stdout]   --> tests/handshake.rs:93:9
[INFO] [stdout]    |
[INFO] [stdout] 93 |         include_bytes!("../../tests/fixtures/localhost-cert.pem"),
[INFO] [stdout]    |         ^^^^^^^^^^^^^^^^^^^^^^^^^^^^^^^^^^^^^^^^^^^^^^^^^^^^^^^^^
[INFO] [stdout] 
[INFO] [stdout] 
[INFO] [stdout] error: couldn't read `tests/../../tests/fixtures/localhost-key.pem`: No such file or directory (os error 2)
[INFO] [stdout]   --> tests/handshake.rs:94:9
[INFO] [stdout]    |
[INFO] [stdout] 94 |         include_bytes!("../../tests/fixtures/localhost-key.pem"),
[INFO] [stdout]    |         ^^^^^^^^^^^^^^^^^^^^^^^^^^^^^^^^^^^^^^^^^^^^^^^^^^^^^^^^
[INFO] [stdout] 
[INFO] [stdout] 
[INFO] [stdout] error: couldn't read `tests/../../tests/fixtures/expired-cert.pem`: No such file or directory (os error 2)
[INFO] [stdout]    --> tests/handshake.rs:102:9
[INFO] [stdout]     |
[INFO] [stdout] 102 |         include_bytes!("../../tests/fixtures/expired-cert.pem"),
[INFO] [stdout]     |         ^^^^^^^^^^^^^^^^^^^^^^^^^^^^^^^^^^^^^^^^^^^^^^^^^^^^^^^
[INFO] [stdout] 
[INFO] [stdout] 
[INFO] [stdout] error: couldn't read `tests/../../tests/fixtures/expired-key.pem`: No such file or directory (os error 2)
[INFO] [stdout]    --> tests/handshake.rs:103:9
[INFO] [stdout]     |
[INFO] [stdout] 103 |         include_bytes!("../../tests/fixtures/expired-key.pem"),
[INFO] [stdout]     |         ^^^^^^^^^^^^^^^^^^^^^^^^^^^^^^^^^^^^^^^^^^^^^^^^^^^^^^
[INFO] [stdout] 
[INFO] [stdout] 
[INFO] [stdout] error[E0433]: cannot find module or crate `moirai` in this scope
[INFO] [stdout]   --> tests/handshake.rs:20:5
[INFO] [stdout]    |
[INFO] [stdout] 20 |     moirai::Moirai::new().expect("test runtime")
[INFO] [stdout]    |     ^^^^^^ use of unresolved module or unlinked crate `moirai`
[INFO] [stdout]    |
[INFO] [stdout]    = help: if you wanted to use a crate named `moirai`, use `cargo add moirai` to add it to your `Cargo.toml`
[INFO] [stdout] 
[INFO] [stdout] 
[INFO] [stdout] error[E0433]: cannot find module or crate `moirai` in this scope
[INFO] [stdout]   --> tests/handshake.rs:19:17
[INFO] [stdout]    |
[INFO] [stdout] 19 | fn runtime() -> moirai::Moirai {
[INFO] [stdout]    |                 ^^^^^^ use of unresolved module or unlinked crate `moirai`
[INFO] [stdout]    |
[INFO] [stdout]    = help: if you wanted to use a crate named `moirai`, use `cargo add moirai` to add it to your `Cargo.toml`
[INFO] [stdout] help: a tool attribute with a similar name exists
[INFO] [stdout]    |
[INFO] [stdout] 19 - fn runtime() -> moirai::Moirai {
[INFO] [stdout] 19 + fn runtime() -> miri::Moirai {
[INFO] [stdout]    |
[INFO] [stdout] 
[INFO] [stdout] 
[INFO] [stdout] error[E0433]: cannot find module or crate `moirai` in this scope
[INFO] [stdout]   --> tests/handshake.rs:34:46
[INFO] [stdout]    |
[INFO] [stdout] 34 | fn assert_rejected_server_terminated(server: moirai::TaskHandle<io::Result<()>>) {
[INFO] [stdout]    |                                              ^^^^^^ use of unresolved module or unlinked crate `moirai`
[INFO] [stdout]    |
[INFO] [stdout]    = help: if you wanted to use a crate named `moirai`, use `cargo add moirai` to add it to your `Cargo.toml`
[INFO] [stdout] help: a tool attribute with a similar name exists
[INFO] [stdout]    |
[INFO] [stdout] 34 - fn assert_rejected_server_terminated(server: moirai::TaskHandle<io::Result<()>>) {
[INFO] [stdout] 34 + fn assert_rejected_server_terminated(server: miri::TaskHandle<io::Result<()>>) {
[INFO] [stdout]    |
[INFO] [stdout] 
[INFO] [stdout] 
[INFO] [stdout] For more information about this error, try `rustc --explain E0433`.
[INFO] [stdout] 
[INFO] [stderr] error: could not compile `moirai-tls` (test "handshake") due to 7 previous errors
[INFO] running `Command { std: "docker" "inspect" "65cf3c7a94b55454c55cedc8cdff397ee194226f11d963cc34302b954688236c", kill_on_drop: false }`
[INFO] running `Command { std: "docker" "rm" "-f" "65cf3c7a94b55454c55cedc8cdff397ee194226f11d963cc34302b954688236c", kill_on_drop: false }`
[INFO] [stdout] 65cf3c7a94b55454c55cedc8cdff397ee194226f11d963cc34302b954688236c
