[INFO] fetching crate mirui 0.47.0...
[INFO] checking mirui-0.47.0 against 3154cc1a3e6424e44f438a95007d043ed5ceaaf6+rustflags=-Znext-solver=coherence for pr-133502-30
[INFO] extracting crate mirui 0.47.0 into /workspace/builds/worker-1-tc1/source
[INFO] removed /workspace/builds/worker-1-tc1/source/.cargo/config.toml
[INFO] removed /workspace/builds/worker-1-tc1/source/rust-toolchain.toml
[INFO] started tweaking crates.io crate mirui 0.47.0
[INFO] removed 0 missing tests
[INFO] finished tweaking crates.io crate mirui 0.47.0
[INFO] tweaked toml for crates.io crate mirui 0.47.0 written to /workspace/builds/worker-1-tc1/source/Cargo.toml
[INFO] validating manifest of crates.io crate mirui 0.47.0 on toolchain 3154cc1a3e6424e44f438a95007d043ed5ceaaf6
[INFO] running `Command { std: CARGO_HOME="/workspace/cargo-home" RUSTUP_HOME="/workspace/rustup-home" "/workspace/cargo-home/bin/cargo" "+3154cc1a3e6424e44f438a95007d043ed5ceaaf6" "metadata" "--manifest-path" "Cargo.toml" "--no-deps", kill_on_drop: false }`
[INFO] crate crates.io crate mirui 0.47.0 already has a lockfile, it will not be regenerated
[INFO] running `Command { std: CARGO_HOME="/workspace/cargo-home" RUSTUP_HOME="/workspace/rustup-home" "/workspace/cargo-home/bin/cargo" "+3154cc1a3e6424e44f438a95007d043ed5ceaaf6" "fetch" "--manifest-path" "Cargo.toml", kill_on_drop: false }`
[INFO] [stderr]     Updating crates.io index
[INFO] [stderr]  Downloading crates ...
[INFO] [stderr]   Downloaded wayland-protocols v0.32.12
[INFO] [stderr]   Downloaded find-msvc-tools v0.1.13
[INFO] [stderr]   Downloaded wgpu-naga-bridge v29.0.4
[INFO] [stderr]   Downloaded bit-set v0.9.1
[INFO] [stderr]   Downloaded gpu-descriptor v0.3.2
[INFO] [stderr]   Downloaded target-triple v1.0.1
[INFO] [stderr]   Downloaded wgpu-core-deps-apple v29.0.4
[INFO] [stderr]   Downloaded wgpu-core-deps-emscripten v29.0.4
[INFO] [stderr]   Downloaded wgpu-core-deps-windows-linux-android v29.0.4
[INFO] [stderr]   Downloaded xrune-incant v1.10.0
[INFO] [stderr]   Downloaded cc v1.4.7
[INFO] [stderr]   Downloaded xrune v1.10.0
[INFO] [stderr]   Downloaded xrune-nexus v1.10.0
[INFO] [stderr]   Downloaded xrune-sigil v1.10.0
[INFO] [stderr]   Downloaded ordered-float v5.4.0
[INFO] [stderr]   Downloaded trybuild v1.0.119
[INFO] [stderr]   Downloaded textflow-rs v0.3.3
[INFO] [stderr]   Downloaded wgpu-types v29.0.4
[INFO] [stderr]   Downloaded mirui-macros v0.47.0
[INFO] [stderr]   Downloaded evdev v0.13.2
[INFO] [stderr]   Downloaded wgpu v29.0.4
[INFO] [stderr]   Downloaded sdl2 v0.37.0
[INFO] [stderr]   Downloaded lyon_tessellation v1.0.22
[INFO] [stderr]   Downloaded wgpu-core v29.0.4
[INFO] [stderr]   Downloaded wgpu-hal v29.0.4
[INFO] [stderr]   Downloaded mirx v0.47.0
[INFO] [stderr]   Downloaded naga v29.0.4
[INFO] [stderr]   Downloaded sdl2-sys v0.37.0
[INFO] running `Command { std: "docker" "create" "-v" "/var/lib/crater-agent-workspace/builds/worker-1-tc1/source:/opt/rustwide/workdir:ro,Z" "-v" "/var/lib/crater-agent-workspace/builds/worker-1-tc1/target:/opt/rustwide/target:rw,Z" "-v" "/var/lib/crater-agent-workspace/cargo-home:/opt/rustwide/cargo-home:ro,Z" "-v" "/var/lib/crater-agent-workspace/rustup-home:/opt/rustwide/rustup-home:ro,Z" "-m" "1610612736" "--network" "none" "ghcr.io/rust-lang/crates-build-env/linux@sha256:77db811e55d90add9212f6832c23229e3de5f1c1f9905e8cb07319ea15df73ac" "sleep" "infinity", kill_on_drop: false }`
[INFO] [stdout] 7c200eaab6ffe742b3d1ed0e2da68c16bbbbd7164422608a653e81c90da58b71
[INFO] running `Command { std: "docker" "start" "7c200eaab6ffe742b3d1ed0e2da68c16bbbbd7164422608a653e81c90da58b71", kill_on_drop: false }`
[INFO] running `Command { std: "docker" "inspect" "7c200eaab6ffe742b3d1ed0e2da68c16bbbbd7164422608a653e81c90da58b71", kill_on_drop: false }`
[INFO] running `Command { std: "docker" "exec" "-e" "SOURCE_DIR=/opt/rustwide/workdir" "-e" "CARGO_HOME=/opt/rustwide/cargo-home" "-e" "RUSTUP_HOME=/opt/rustwide/rustup-home" "-e" "CARGO_TARGET_DIR=/opt/rustwide/target" "-w" "/opt/rustwide/workdir" "--user" "0:0" "7c200eaab6ffe742b3d1ed0e2da68c16bbbbd7164422608a653e81c90da58b71" "/opt/rustwide/cargo-home/bin/cargo" "+3154cc1a3e6424e44f438a95007d043ed5ceaaf6" "metadata" "--no-deps" "--format-version=1", kill_on_drop: false }`
[INFO] running `Command { std: "docker" "inspect" "7c200eaab6ffe742b3d1ed0e2da68c16bbbbd7164422608a653e81c90da58b71", kill_on_drop: false }`
[INFO] running `Command { std: "docker" "exec" "-e" "SOURCE_DIR=/opt/rustwide/workdir" "-e" "CARGO_HOME=/opt/rustwide/cargo-home" "-e" "RUSTUP_HOME=/opt/rustwide/rustup-home" "-e" "CARGO_TARGET_DIR=/opt/rustwide/target" "-e" "CARGO_INCREMENTAL=0" "-e" "RUST_BACKTRACE=full" "-e" "RUSTFLAGS=--cap-lints=forbid -Znext-solver=coherence" "-e" "RUSTDOCFLAGS=--cap-lints=forbid" "-w" "/opt/rustwide/workdir" "--user" "0:0" "7c200eaab6ffe742b3d1ed0e2da68c16bbbbd7164422608a653e81c90da58b71" "/opt/rustwide/cargo-home/bin/cargo" "+3154cc1a3e6424e44f438a95007d043ed5ceaaf6" "check" "--frozen" "--all" "--all-targets" "--message-format=json", kill_on_drop: false }`
[INFO] [stderr]     Checking winnow v1.0.4
[INFO] [stderr]    Compiling target-triple v1.0.1
[INFO] [stderr]    Compiling serde v1.0.229
[INFO] [stderr]     Checking memchr v2.8.3
[INFO] [stderr]     Checking toml_writer v1.1.2+spec-1.1.0
[INFO] [stderr]     Checking textflow-rs v0.3.3
[INFO] [stderr]     Checking hashbrown v0.15.5
[INFO] [stderr]     Checking critical-section v1.2.0
[INFO] [stderr]     Checking wide v0.7.33
[INFO] [stderr]     Checking rustc-hash v2.1.3
[INFO] [stderr]    Compiling syn v2.0.119
[INFO] [stderr]     Checking core_maths v0.1.1
[INFO] [stderr]     Checking toml_datetime v1.1.1+spec-1.1.0
[INFO] [stderr]     Checking serde_spanned v1.1.1
[INFO] [stderr]    Compiling syn v3.0.6
[INFO] [stderr]     Checking glob v0.3.4
[INFO] [stderr]     Checking ttf-parser v0.25.1
[INFO] [stderr]     Checking serde_json v1.0.151
[INFO] [stderr]     Checking toml_parser v1.1.3+spec-1.1.0
[INFO] [stderr]     Checking toml v1.1.6+spec-1.1.0
[INFO] [stderr]    Compiling serde_derive v1.0.229
[INFO] [stderr]     Checking mirx v0.47.0
[INFO] [stderr]    Compiling xrune-sigil v1.10.0
[INFO] [stderr]    Compiling xrune-nexus v1.10.0
[INFO] [stderr]    Compiling xrune-incant v1.10.0
[INFO] [stderr]    Compiling xrune v1.10.0
[INFO] [stderr]    Compiling mirui-macros v0.47.0
[INFO] [stderr]     Checking trybuild v1.0.119
[INFO] [stderr]     Checking mirui v0.47.0 (/opt/rustwide/workdir)
[INFO] [stdout] error[E0433]: cannot find `gallery` in `mirui`
[INFO] [stdout]    --> tests/gallery_semantic_widgets.rs:184:20
[INFO] [stdout]     |
[INFO] [stdout] 184 |             mirui::gallery::demos::curve_text_compact::DEMO_SIZE,
[INFO] [stdout]     |                    ^^^^^^^ could not find `gallery` in `mirui`
[INFO] [stdout]     |
[INFO] [stdout] note: found an item that was configured out
[INFO] [stdout]    --> src/lib.rs:107:9
[INFO] [stdout]     |
[INFO] [stdout] 106 | #[cfg(feature = "gallery")]
[INFO] [stdout]     |       ------------------- the item is gated behind the `gallery` feature
[INFO] [stdout] 107 | pub mod gallery;
[INFO] [stdout]     |         ^^^^^^^
[INFO] [stdout] 
[INFO] [stdout] 
[INFO] [stdout] error[E0433]: cannot find `gallery` in `mirui`
[INFO] [stdout]    --> tests/gallery_semantic_widgets.rs:188:20
[INFO] [stdout]     |
[INFO] [stdout] 188 |             mirui::gallery::demos::kinetic_console::DEMO_SIZE,
[INFO] [stdout]     |                    ^^^^^^^ could not find `gallery` in `mirui`
[INFO] [stdout]     |
[INFO] [stdout] note: found an item that was configured out
[INFO] [stdout]    --> src/lib.rs:107:9
[INFO] [stdout]     |
[INFO] [stdout] 106 | #[cfg(feature = "gallery")]
[INFO] [stdout]     |       ------------------- the item is gated behind the `gallery` feature
[INFO] [stdout] 107 | pub mod gallery;
[INFO] [stdout]     |         ^^^^^^^
[INFO] [stdout] 
[INFO] [stdout] 
[INFO] [stdout] error[E0433]: cannot find `gallery` in `mirui`
[INFO] [stdout]    --> tests/gallery_semantic_widgets.rs:192:20
[INFO] [stdout]     |
[INFO] [stdout] 192 |             mirui::gallery::demos::effect_glass::DEMO_SIZE,
[INFO] [stdout]     |                    ^^^^^^^ could not find `gallery` in `mirui`
[INFO] [stdout]     |
[INFO] [stdout] note: found an item that was configured out
[INFO] [stdout]    --> src/lib.rs:107:9
[INFO] [stdout]     |
[INFO] [stdout] 106 | #[cfg(feature = "gallery")]
[INFO] [stdout]     |       ------------------- the item is gated behind the `gallery` feature
[INFO] [stdout] 107 | pub mod gallery;
[INFO] [stdout]     |         ^^^^^^^
[INFO] [stdout] 
[INFO] [stdout] 
[INFO] [stdout] error[E0433]: cannot find `gallery` in `mirui`
[INFO] [stdout]    --> tests/gallery_semantic_widgets.rs:196:20
[INFO] [stdout]     |
[INFO] [stdout] 196 |             mirui::gallery::demos::life_compact::DEMO_SIZE,
[INFO] [stdout]     |                    ^^^^^^^ could not find `gallery` in `mirui`
[INFO] [stdout]     |
[INFO] [stdout] note: found an item that was configured out
[INFO] [stdout]    --> src/lib.rs:107:9
[INFO] [stdout]     |
[INFO] [stdout] 106 | #[cfg(feature = "gallery")]
[INFO] [stdout]     |       ------------------- the item is gated behind the `gallery` feature
[INFO] [stdout] 107 | pub mod gallery;
[INFO] [stdout]     |         ^^^^^^^
[INFO] [stdout] 
[INFO] [stdout] 
[INFO] [stdout] error[E0433]: cannot find `gallery` in `mirui`
[INFO] [stdout]    --> tests/gallery_semantic_widgets.rs:200:20
[INFO] [stdout]     |
[INFO] [stdout] 200 |             mirui::gallery::demos::widgets_compact::DEMO_SIZE,
[INFO] [stdout]     |                    ^^^^^^^ could not find `gallery` in `mirui`
[INFO] [stdout]     |
[INFO] [stdout] note: found an item that was configured out
[INFO] [stdout]    --> src/lib.rs:107:9
[INFO] [stdout]     |
[INFO] [stdout] 106 | #[cfg(feature = "gallery")]
[INFO] [stdout]     |       ------------------- the item is gated behind the `gallery` feature
[INFO] [stdout] 107 | pub mod gallery;
[INFO] [stdout]     |         ^^^^^^^
[INFO] [stdout] 
[INFO] [stdout] 
[INFO] [stdout] For more information about this error, try `rustc --explain E0433`.
[INFO] [stdout] 
[INFO] [stderr] error: could not compile `mirui` (test "gallery_semantic_widgets") due to 5 previous errors
[INFO] [stderr] warning: build failed, waiting for other jobs to finish...
[INFO] running `Command { std: "docker" "inspect" "7c200eaab6ffe742b3d1ed0e2da68c16bbbbd7164422608a653e81c90da58b71", kill_on_drop: false }`
[INFO] running `Command { std: "docker" "rm" "-f" "7c200eaab6ffe742b3d1ed0e2da68c16bbbbd7164422608a653e81c90da58b71", kill_on_drop: false }`
[INFO] [stdout] 7c200eaab6ffe742b3d1ed0e2da68c16bbbbd7164422608a653e81c90da58b71
